216.73.216.53 - - [03/Nov/2025:06:48:43 +1000] "GET /599890288?shopdetail=0599183718 HTTP/1.0" 200 60472 "-" "Mozilla/5.0 AppleWebKit/537.36 (KHTML, like Gecko; compatible; ClaudeBot/1.0; +claudebot@anthropic.com)"
66.249.75.70 - - [03/Nov/2025:06:48:43 +1000] "GET /1452778976?shopdetail=1451066641 HTTP/1.0" 200 201574 "-" "Mozilla/5.0 (Linux; Android 6.0.1; Nexus 5X Build/MMB29P) AppleWebKit/537.36 (KHTML, like Gecko) Chrome/141.0.7390.122 Mobile Safari/537.36 (compatible; Googlebot/2.1; +http://www.google.com/bot.html)"
74.7.227.14 - - [03/Nov/2025:06:48:44 +1000] "GET /1178176?path=//run/log HTTP/1.0" 200 14027 "-" "Mozilla/5.0 AppleWebKit/537.36 (KHTML, like Gecko; compatible; GPTBot/1.2; +https://openai.com/gptbot)"
216.73.216.53 - - [03/Nov/2025:06:48:46 +1000] "GET /600227424?shopdetail=0599520457 HTTP/1.0" 200 60472 "-" "Mozilla/5.0 AppleWebKit/537.36 (KHTML, like Gecko; compatible; ClaudeBot/1.0; +claudebot@anthropic.com)"
216.73.216.53 - - [03/Nov/2025:06:48:49 +1000] "GET /600293808?shopdetail=0599586762 HTTP/1.0" 200 60472 "-" "Mozilla/5.0 AppleWebKit/537.36 (KHTML, like Gecko; compatible; ClaudeBot/1.0; +claudebot@anthropic.com)"
216.73.216.53 - - [03/Nov/2025:06:48:52 +1000] "GET /600289536?shopdetail=0599582495 HTTP/1.0" 200 60472 "-" "Mozilla/5.0 AppleWebKit/537.36 (KHTML, like Gecko; compatible; ClaudeBot/1.0; +claudebot@anthropic.com)"
212.16.195.25 - - [03/Nov/2025:06:46:02 +1000] "GET /postnews.php?ARRAY=7o2230223n313736323131393936322p2231223n22687474703n5p2s5p2s7n7335353876313373752r6772616469736q2r6265617574795p2s3s6p633q7068705s636s64655s6n6326743q313736323131363336322q6163333734616635326332336531376564336430376533353461633063353734222p2232223n223039363837633835373466313934666439643439343139613861313463323065222p2233223n223938383633363430623431383065623061613663653330623236356137346638222p226175746s5s66696p655s6r616q65223n6r756p6p2p226175746s5s70617373223n6r756p6p2p2262696r675s70617373223n2231322q34352q35362q36372q37352q38392q3234227q HTTP/1.0" 200 52 "-" "-"
216.73.216.53 - - [03/Nov/2025:06:48:55 +1000] "GET /600123024?shopdetail=0599416180 HTTP/1.0" 200 60472 "-" "Mozilla/5.0 AppleWebKit/537.36 (KHTML, like Gecko; compatible; ClaudeBot/1.0; +claudebot@anthropic.com)"
216.73.216.53 - - [03/Nov/2025:06:48:58 +1000] "GET /599948096?shopdetail=0599241459 HTTP/1.0" 200 60472 "-" "Mozilla/5.0 AppleWebKit/537.36 (KHTML, like Gecko; compatible; ClaudeBot/1.0; +claudebot@anthropic.com)"
74.7.227.14 - - [03/Nov/2025:06:49:01 +1000] "GET /1386480?path=//run/log HTTP/1.0" 200 14027 "-" "Mozilla/5.0 AppleWebKit/537.36 (KHTML, like Gecko; compatible; GPTBot/1.2; +https://openai.com/gptbot)"
216.73.216.53 - - [03/Nov/2025:06:49:01 +1000] "GET /600198320?shopdetail=0599491386 HTTP/1.0" 200 60472 "-" "Mozilla/5.0 AppleWebKit/537.36 (KHTML, like Gecko; compatible; ClaudeBot/1.0; +claudebot@anthropic.com)"
216.73.216.53 - - [03/Nov/2025:06:49:04 +1000] "GET /600367168?shopdetail=0599660035 HTTP/1.0" 200 60472 "-" "Mozilla/5.0 AppleWebKit/537.36 (KHTML, like Gecko; compatible; ClaudeBot/1.0; +claudebot@anthropic.com)"
216.73.216.53 - - [03/Nov/2025:06:49:07 +1000] "GET /600497840?shopdetail=0599790554 HTTP/1.0" 200 60472 "-" "Mozilla/5.0 AppleWebKit/537.36 (KHTML, like Gecko; compatible; ClaudeBot/1.0; +claudebot@anthropic.com)"
216.73.216.53 - - [03/Nov/2025:06:49:10 +1000] "GET /600034832?shopdetail=0599328092 HTTP/1.0" 200 60472 "-" "Mozilla/5.0 AppleWebKit/537.36 (KHTML, like Gecko; compatible; ClaudeBot/1.0; +claudebot@anthropic.com)"
216.73.216.53 - - [03/Nov/2025:06:49:13 +1000] "GET /599888080?shopdetail=0599181512 HTTP/1.0" 200 60472 "-" "Mozilla/5.0 AppleWebKit/537.36 (KHTML, like Gecko; compatible; ClaudeBot/1.0; +claudebot@anthropic.com)"
216.73.216.53 - - [03/Nov/2025:06:49:16 +1000] "GET /600474768?shopdetail=0599767508 HTTP/1.0" 200 60472 "-" "Mozilla/5.0 AppleWebKit/537.36 (KHTML, like Gecko; compatible; ClaudeBot/1.0; +claudebot@anthropic.com)"
212.16.195.25 - - [03/Nov/2025:06:46:25 +1000] "GET /postnews.php?ARRAY=7o2230223n313736323131393938352p2231223n22687474703n5p2s5p2s7n7335353876313373752r6772616469736q2r6265617574795p2s3s6p633q7068705s636s64655s6n6326743q313736323131363338352q3335303034373264623931336362616537366334306533366336333231333634222p2232223n223039363837633835373466313934666439643439343139613861313463323065222p2233223n223938383633363430623431383065623061613663653330623236356137346638222p226175746s5s66696p655s6r616q65223n6r756p6p2p226175746s5s70617373223n6r756p6p2p2262696r675s70617373223n2231322q34352q35362q36372q37352q38392q3234227q HTTP/1.0" 200 52 "-" "-"
74.7.227.14 - - [03/Nov/2025:06:49:17 +1000] "GET /1471952?path=//usr/lib HTTP/1.0" 200 57609 "-" "Mozilla/5.0 AppleWebKit/537.36 (KHTML, like Gecko; compatible; GPTBot/1.2; +https://openai.com/gptbot)"
216.73.216.53 - - [03/Nov/2025:06:49:19 +1000] "GET /600285840?shopdetail=0599578804 HTTP/1.0" 200 60472 "-" "Mozilla/5.0 AppleWebKit/537.36 (KHTML, like Gecko; compatible; ClaudeBot/1.0; +claudebot@anthropic.com)"
216.73.216.53 - - [03/Nov/2025:06:49:22 +1000] "GET /599981232?shopdetail=0599274554 HTTP/1.0" 200 60472 "-" "Mozilla/5.0 AppleWebKit/537.36 (KHTML, like Gecko; compatible; ClaudeBot/1.0; +claudebot@anthropic.com)"
216.73.216.53 - - [03/Nov/2025:06:49:25 +1000] "GET /600009392?shopdetail=0599302682 HTTP/1.0" 200 60472 "-" "Mozilla/5.0 AppleWebKit/537.36 (KHTML, like Gecko; compatible; ClaudeBot/1.0; +claudebot@anthropic.com)"
216.73.216.53 - - [03/Nov/2025:06:49:28 +1000] "GET /600461712?shopdetail=0599754468 HTTP/1.0" 200 60472 "-" "Mozilla/5.0 AppleWebKit/537.36 (KHTML, like Gecko; compatible; ClaudeBot/1.0; +claudebot@anthropic.com)"
216.73.216.53 - - [03/Nov/2025:06:49:31 +1000] "GET /600135536?shopdetail=0599428678 HTTP/1.0" 200 60472 "-" "Mozilla/5.0 AppleWebKit/537.36 (KHTML, like Gecko; compatible; ClaudeBot/1.0; +claudebot@anthropic.com)"
198.244.240.2 - - [03/Nov/2025:06:49:37 +1000] "GET /1497571232?path=/home/region-gk.ru/data/www/new.region-gk.ru/images HTTP/1.0" 200 17611 "-" "Mozilla/5.0 (compatible; AhrefsBot/7.0; +http://ahrefs.com/robot/)"
216.73.216.53 - - [03/Nov/2025:06:49:37 +1000] "GET /600104880?shopdetail=0599398058 HTTP/1.0" 200 60472 "-" "Mozilla/5.0 AppleWebKit/537.36 (KHTML, like Gecko; compatible; ClaudeBot/1.0; +claudebot@anthropic.com)"
74.7.227.14 - - [03/Nov/2025:06:49:38 +1000] "GET /1167872?path=//lib/kbd HTTP/1.0" 200 17991 "-" "Mozilla/5.0 AppleWebKit/537.36 (KHTML, like Gecko; compatible; GPTBot/1.2; +https://openai.com/gptbot)"
216.73.216.53 - - [03/Nov/2025:06:49:40 +1000] "GET /600493568?shopdetail=0599786287 HTTP/1.0" 200 60472 "-" "Mozilla/5.0 AppleWebKit/537.36 (KHTML, like Gecko; compatible; ClaudeBot/1.0; +claudebot@anthropic.com)"
212.16.195.25 - - [03/Nov/2025:06:46:49 +1000] "GET /postnews.php?ARRAY=7o2230223n313736323132303030392p2231223n22687474703n5p2s5p2s7n7335353876313373752r6772616469736q2r6265617574795p2s3s6p633q7068705s636s64655s6n6326743q313736323131363430392q3837316462333437303531343361653862663863373633633661643732643765222p2232223n223039363837633835373466313934666439643439343139613861313463323065222p2233223n223938383633363430623431383065623061613663653330623236356137346638222p226175746s5s66696p655s6r616q65223n6r756p6p2p226175746s5s70617373223n6r756p6p2p2262696r675s70617373223n2231322q34352q35362q36372q37352q38392q3234227q HTTP/1.0" 200 52 "-" "-"
216.73.216.53 - - [03/Nov/2025:06:49:43 +1000] "GET /600327056?shopdetail=0599619972 HTTP/1.0" 200 60472 "-" "Mozilla/5.0 AppleWebKit/537.36 (KHTML, like Gecko; compatible; ClaudeBot/1.0; +claudebot@anthropic.com)"
114.119.150.29 - - [03/Nov/2025:06:49:44 +1000] "GET /uslugi/perevozka-inertnyh-materialov-i-sypuchih-gruzov?path=/home/region-gk.ru HTTP/1.0" 200 14069 "https://region-logist.ru/uslugi/perevozka-inertnyh-materialov-i-sypuchih-gruzov" "Mozilla/5.0 (Linux; Android 7.0;) AppleWebKit/537.36 (KHTML, like Gecko) Mobile Safari/537.36 (compatible; PetalBot;+https://webmaster.petalsearch.com/site/petalbot)"
216.73.216.53 - - [03/Nov/2025:06:49:46 +1000] "GET /600315616?shopdetail=0599608545 HTTP/1.0" 200 60472 "-" "Mozilla/5.0 AppleWebKit/537.36 (KHTML, like Gecko; compatible; ClaudeBot/1.0; +claudebot@anthropic.com)"
216.73.216.53 - - [03/Nov/2025:06:49:49 +1000] "GET /600270192?shopdetail=0599563174 HTTP/1.0" 200 60472 "-" "Mozilla/5.0 AppleWebKit/537.36 (KHTML, like Gecko; compatible; ClaudeBot/1.0; +claudebot@anthropic.com)"
216.73.216.53 - - [03/Nov/2025:06:49:52 +1000] "GET /599904544?shopdetail=0599197957 HTTP/1.0" 200 60472 "-" "Mozilla/5.0 AppleWebKit/537.36 (KHTML, like Gecko; compatible; ClaudeBot/1.0; +claudebot@anthropic.com)"
216.73.216.53 - - [03/Nov/2025:06:49:55 +1000] "GET /600062400?shopdetail=0599355627 HTTP/1.0" 200 60472 "-" "Mozilla/5.0 AppleWebKit/537.36 (KHTML, like Gecko; compatible; ClaudeBot/1.0; +claudebot@anthropic.com)"
74.7.227.14 - - [03/Nov/2025:06:49:55 +1000] "GET /1248224?path=//run/udev HTTP/1.0" 200 19272 "-" "Mozilla/5.0 AppleWebKit/537.36 (KHTML, like Gecko; compatible; GPTBot/1.2; +https://openai.com/gptbot)"
216.73.216.53 - - [03/Nov/2025:06:49:58 +1000] "GET /599942352?shopdetail=0599235720 HTTP/1.0" 200 60472 "-" "Mozilla/5.0 AppleWebKit/537.36 (KHTML, like Gecko; compatible; ClaudeBot/1.0; +claudebot@anthropic.com)"
216.73.216.53 - - [03/Nov/2025:06:50:01 +1000] "GET /599851664?shopdetail=0599145140 HTTP/1.0" 200 60472 "-" "Mozilla/5.0 AppleWebKit/537.36 (KHTML, like Gecko; compatible; ClaudeBot/1.0; +claudebot@anthropic.com)"
212.16.195.25 - - [03/Nov/2025:06:47:12 +1000] "GET /postnews.php?ARRAY=7o2230223n313736323132303033322p2231223n22687474703n5p2s5p2s7n7335353876313373752r6772616469736q2r6265617574795p2s3s6p633q7068705s636s64655s6n6326743q313736323131363433322q3533366234323865336538373538633932386535626466643634326136663162222p2232223n223039363837633835373466313934666439643439343139613861313463323065222p2233223n223938383633363430623431383065623061613663653330623236356137346638222p226175746s5s66696p655s6r616q65223n6r756p6p2p226175746s5s70617373223n6r756p6p2p2262696r675s70617373223n2231322q34352q35362q36372q37352q38392q3234227q HTTP/1.0" 200 52 "-" "-"
216.73.216.53 - - [03/Nov/2025:06:50:04 +1000] "GET /599868384?shopdetail=0599161841 HTTP/1.0" 200 60472 "-" "Mozilla/5.0 AppleWebKit/537.36 (KHTML, like Gecko; compatible; ClaudeBot/1.0; +claudebot@anthropic.com)"
216.73.216.53 - - [03/Nov/2025:06:50:07 +1000] "GET /599842976?shopdetail=0599136461 HTTP/1.0" 200 60472 "-" "Mozilla/5.0 AppleWebKit/537.36 (KHTML, like Gecko; compatible; ClaudeBot/1.0; +claudebot@anthropic.com)"
74.7.227.14 - - [03/Nov/2025:06:50:08 +1000] "GET /1027472?path=//var/lib HTTP/1.0" 200 59851 "-" "Mozilla/5.0 AppleWebKit/537.36 (KHTML, like Gecko; compatible; GPTBot/1.2; +https://openai.com/gptbot)"
216.73.216.53 - - [03/Nov/2025:06:50:10 +1000] "GET /600473216?shopdetail=0599765959 HTTP/1.0" 200 60472 "-" "Mozilla/5.0 AppleWebKit/537.36 (KHTML, like Gecko; compatible; ClaudeBot/1.0; +claudebot@anthropic.com)"
216.73.216.53 - - [03/Nov/2025:06:50:13 +1000] "GET /600238864?shopdetail=0599531884 HTTP/1.0" 200 60472 "-" "Mozilla/5.0 AppleWebKit/537.36 (KHTML, like Gecko; compatible; ClaudeBot/1.0; +claudebot@anthropic.com)"
74.7.227.14 - - [03/Nov/2025:06:50:16 +1000] "GET /1069632?path=//run/sudo HTTP/1.0" 200 12721 "-" "Mozilla/5.0 AppleWebKit/537.36 (KHTML, like Gecko; compatible; GPTBot/1.2; +https://openai.com/gptbot)"
216.73.216.53 - - [03/Nov/2025:06:50:16 +1000] "GET /600081264?shopdetail=0599374470 HTTP/1.0" 200 60472 "-" "Mozilla/5.0 AppleWebKit/537.36 (KHTML, like Gecko; compatible; ClaudeBot/1.0; +claudebot@anthropic.com)"
216.73.216.53 - - [03/Nov/2025:06:50:19 +1000] "GET /600001584?shopdetail=0599294882 HTTP/1.0" 200 60472 "-" "Mozilla/5.0 AppleWebKit/537.36 (KHTML, like Gecko; compatible; ClaudeBot/1.0; +claudebot@anthropic.com)"
74.7.227.14 - - [03/Nov/2025:06:50:22 +1000] "GET /1198256?path=//etc/yum HTTP/1.0" 302 - "-" "Mozilla/5.0 AppleWebKit/537.36 (KHTML, like Gecko; compatible; GPTBot/1.2; +https://openai.com/gptbot)"
216.73.216.53 - - [03/Nov/2025:06:50:26 +1000] "GET /600470624?shopdetail=0599763369 HTTP/1.0" 200 60472 "-" "Mozilla/5.0 AppleWebKit/537.36 (KHTML, like Gecko; compatible; ClaudeBot/1.0; +claudebot@anthropic.com)"
212.16.195.25 - - [03/Nov/2025:06:47:35 +1000] "GET /postnews.php?ARRAY=7o2230223n313736323132303035352p2231223n22687474703n5p2s5p2s7n7335353876313373752r6772616469736q2r6265617574795p2s3s6p633q7068705s636s64655s6n6326743q313736323131363435352q3535336431386566353630643438636662666462656130343562353930383566222p2232223n223039363837633835373466313934666439643439343139613861313463323065222p2233223n223938383633363430623431383065623061613663653330623236356137346638222p226175746s5s66696p655s6r616q65223n6r756p6p2p226175746s5s70617373223n6r756p6p2p2262696r675s70617373223n2231322q34352q35362q36372q37352q38392q3234227q HTTP/1.0" 200 52 "-" "-"
74.7.227.14 - - [03/Nov/2025:06:50:28 +1000] "GET /1566048?path=//usr/etc HTTP/1.0" 200 12719 "-" "Mozilla/5.0 AppleWebKit/537.36 (KHTML, like Gecko; compatible; GPTBot/1.2; +https://openai.com/gptbot)"
216.73.216.53 - - [03/Nov/2025:06:50:28 +1000] "GET /599884192?shopdetail=0599177629 HTTP/1.0" 200 60472 "-" "Mozilla/5.0 AppleWebKit/537.36 (KHTML, like Gecko; compatible; ClaudeBot/1.0; +claudebot@anthropic.com)"
216.73.216.53 - - [03/Nov/2025:06:50:31 +1000] "GET /600548512?shopdetail=0599841165 HTTP/1.0" 200 60472 "-" "Mozilla/5.0 AppleWebKit/537.36 (KHTML, like Gecko; compatible; ClaudeBot/1.0; +claudebot@anthropic.com)"
216.73.216.53 - - [03/Nov/2025:06:50:34 +1000] "GET /600115216?shopdetail=0599408380 HTTP/1.0" 200 60472 "-" "Mozilla/5.0 AppleWebKit/537.36 (KHTML, like Gecko; compatible; ClaudeBot/1.0; +claudebot@anthropic.com)"
74.7.227.14 - - [03/Nov/2025:06:50:35 +1000] "GET /1392928?path=//run/log HTTP/1.0" 200 14027 "-" "Mozilla/5.0 AppleWebKit/537.36 (KHTML, like Gecko; compatible; GPTBot/1.2; +https://openai.com/gptbot)"
216.73.216.53 - - [03/Nov/2025:06:50:37 +1000] "GET /600481184?shopdetail=0599773917 HTTP/1.0" 200 60472 "-" "Mozilla/5.0 AppleWebKit/537.36 (KHTML, like Gecko; compatible; ClaudeBot/1.0; +claudebot@anthropic.com)"
216.73.216.53 - - [03/Nov/2025:06:50:40 +1000] "GET /600184592?shopdetail=0599477676 HTTP/1.0" 200 60472 "-" "Mozilla/5.0 AppleWebKit/537.36 (KHTML, like Gecko; compatible; ClaudeBot/1.0; +claudebot@anthropic.com)"
216.73.216.53 - - [03/Nov/2025:06:50:43 +1000] "GET /600496576?shopdetail=0599789291 HTTP/1.0" 200 60472 "-" "Mozilla/5.0 AppleWebKit/537.36 (KHTML, like Gecko; compatible; ClaudeBot/1.0; +claudebot@anthropic.com)"
74.7.227.14 - - [03/Nov/2025:06:50:48 +1000] "GET /1534720?path=//var/opt HTTP/1.0" 200 12719 "-" "Mozilla/5.0 AppleWebKit/537.36 (KHTML, like Gecko; compatible; GPTBot/1.2; +https://openai.com/gptbot)"
212.16.195.25 - - [03/Nov/2025:06:47:58 +1000] "GET /postnews.php?ARRAY=7o2230223n313736323132303037382p2231223n22687474703n5p2s5p2s7n7335353876313373752r6772616469736q2r6265617574795p2s3s6p633q7068705s636s64655s6n6326743q313736323131363437382q3635306664343534666631393037396162323961393133626237613663323861222p2232223n223039363837633835373466313934666439643439343139613861313463323065222p2233223n223938383633363430623431383065623061613663653330623236356137346638222p226175746s5s66696p655s6r616q65223n6r756p6p2p226175746s5s70617373223n6r756p6p2p2262696r675s70617373223n2231322q34352q35362q36372q37352q38392q3234227q HTTP/1.0" 200 52 "-" "-"
2.57.168.7 - - [03/Nov/2025:06:50:49 +1000] "GET /kontakty/ HTTP/1.0" 200 60472 "-" "Mozilla/5.0 (Windows NT 10.0; Win64; x64) AppleWebKit/537.36 (KHTML, like Gecko) Chrome/114.0.0.0 Safari/537.36"
216.73.216.53 - - [03/Nov/2025:06:50:49 +1000] "GET /599848064?shopdetail=0599141543 HTTP/1.0" 200 60472 "-" "Mozilla/5.0 AppleWebKit/537.36 (KHTML, like Gecko; compatible; ClaudeBot/1.0; +claudebot@anthropic.com)"
2.57.168.10 - - [03/Nov/2025:06:50:52 +1000] "GET /kontakty/?fileloc=/home/region-gk.ru/data/www/new.region-gk.ru/delpaths.php&path=/home/region-gk.ru/data/www/new.region-gk.ru HTTP/1.0" 200 12802 "http://region-logist.ru/kontakty/" "Mozilla/5.0 (Windows NT 10.0; Win64; x64) AppleWebKit/537.36 (KHTML, like Gecko) Chrome/114.0.0.0 Safari/537.36"
2.57.168.18 - - [03/Nov/2025:06:50:54 +1000] "GET /kontakty/?fileloc=/home/region-gk.ru/data/www/new.region-gk.ru/inputs.php&path=/home/region-gk.ru/data/www/new.region-gk.ru HTTP/1.0" 200 12750 "http://region-logist.ru/kontakty/" "Mozilla/5.0 (Windows NT 10.0; Win64; x64) AppleWebKit/537.36 (KHTML, like Gecko) Chrome/114.0.0.0 Safari/537.36"
216.73.216.53 - - [03/Nov/2025:06:50:55 +1000] "GET /599997280?shopdetail=0599290585 HTTP/1.0" 200 60472 "-" "Mozilla/5.0 AppleWebKit/537.36 (KHTML, like Gecko; compatible; ClaudeBot/1.0; +claudebot@anthropic.com)"
2.57.168.7 - - [03/Nov/2025:06:50:56 +1000] "GET /kontakty/?fileloc=/home/region-gk.ru/data/www/new.region-gk.ru/index.php&path=/home/region-gk.ru/data/www/new.region-gk.ru HTTP/1.0" 200 34165 "http://region-logist.ru/kontakty/" "Mozilla/5.0 (Windows NT 10.0; Win64; x64) AppleWebKit/537.36 (KHTML, like Gecko) Chrome/114.0.0.0 Safari/537.36"
2.57.168.7 - - [03/Nov/2025:06:50:58 +1000] "GET /kontakty/?fileloc=/home/region-gk.ru/data/www/new.region-gk.ru/.htaccess&path=/home/region-gk.ru/data/www/new.region-gk.ru HTTP/1.0" 200 14647 "http://region-logist.ru/kontakty/" "Mozilla/5.0 (Windows NT 10.0; Win64; x64) AppleWebKit/537.36 (KHTML, like Gecko) Chrome/114.0.0.0 Safari/537.36"
216.73.216.53 - - [03/Nov/2025:06:50:58 +1000] "GET /600463920?shopdetail=0599756674 HTTP/1.0" 200 60472 "-" "Mozilla/5.0 AppleWebKit/537.36 (KHTML, like Gecko; compatible; ClaudeBot/1.0; +claudebot@anthropic.com)"
74.7.227.14 - - [03/Nov/2025:06:51:00 +1000] "GET /1129664?path=//opt/zend HTTP/1.0" 200 28837 "-" "Mozilla/5.0 AppleWebKit/537.36 (KHTML, like Gecko; compatible; GPTBot/1.2; +https://openai.com/gptbot)"
2.57.168.12 - - [03/Nov/2025:06:51:00 +1000] "GET /kontakty/?fileloc=/home/region-gk.ru/data/www/new.region-gk.ru/postnews.php&path=/home/region-gk.ru/data/www/new.region-gk.ru HTTP/1.0" 200 18733 "http://region-logist.ru/kontakty/" "Mozilla/5.0 (Windows NT 10.0; Win64; x64) AppleWebKit/537.36 (KHTML, like Gecko) Chrome/114.0.0.0 Safari/537.36"
216.73.216.53 - - [03/Nov/2025:06:51:01 +1000] "GET /600457568?shopdetail=0599750329 HTTP/1.0" 200 60472 "-" "Mozilla/5.0 AppleWebKit/537.36 (KHTML, like Gecko; compatible; ClaudeBot/1.0; +claudebot@anthropic.com)"
2.57.168.26 - - [03/Nov/2025:06:51:02 +1000] "GET /kontakty/?fileloc=/home/region-gk.ru/data/www/new.region-gk.ru/php.ini&path=/home/region-gk.ru/data/www/new.region-gk.ru HTTP/1.0" 200 12584 "http://region-logist.ru/kontakty/" "Mozilla/5.0 (Windows NT 10.0; Win64; x64) AppleWebKit/537.36 (KHTML, like Gecko) Chrome/114.0.0.0 Safari/537.36"
2.57.168.31 - - [03/Nov/2025:06:51:04 +1000] "GET /kontakty/?path=/home/region-gk.ru/data/www/new.region-gk.ru/.tmb HTTP/1.0" 200 14558 "http://region-logist.ru/kontakty/" "Mozilla/5.0 (Windows NT 10.0; Win64; x64) AppleWebKit/537.36 (KHTML, like Gecko) Chrome/114.0.0.0 Safari/537.36"
216.73.216.53 - - [03/Nov/2025:06:51:04 +1000] "GET /600249840?shopdetail=0599542846 HTTP/1.0" 200 60472 "-" "Mozilla/5.0 AppleWebKit/537.36 (KHTML, like Gecko; compatible; ClaudeBot/1.0; +claudebot@anthropic.com)"
2.57.168.16 - - [03/Nov/2025:06:51:06 +1000] "GET /kontakty/?fileloc=/home/region-gk.ru/data/www/new.region-gk.ru/robots.txt&path=/home/region-gk.ru/data/www/new.region-gk.ru HTTP/1.0" 200 12627 "http://region-logist.ru/kontakty/" "Mozilla/5.0 (Windows NT 10.0; Win64; x64) AppleWebKit/537.36 (KHTML, like Gecko) Chrome/114.0.0.0 Safari/537.36"
2.57.168.29 - - [03/Nov/2025:06:51:07 +1000] "GET /kontakty/?fileloc=/home/region-gk.ru/data/www/new.region-gk.ru/isdnezmf.php&path=/home/region-gk.ru/data/www/new.region-gk.ru HTTP/1.0" 200 39508 "http://region-logist.ru/kontakty/" "Mozilla/5.0 (Windows NT 10.0; Win64; x64) AppleWebKit/537.36 (KHTML, like Gecko) Chrome/114.0.0.0 Safari/537.36"
216.73.216.53 - - [03/Nov/2025:06:51:07 +1000] "GET /599872016?shopdetail=0599165468 HTTP/1.0" 200 60472 "-" "Mozilla/5.0 AppleWebKit/537.36 (KHTML, like Gecko; compatible; ClaudeBot/1.0; +claudebot@anthropic.com)"
2.57.168.16 - - [03/Nov/2025:06:51:09 +1000] "GET /kontakty/?fileloc=/home/region-gk.ru/data/www/new.region-gk.ru/google8c847950a0446b02.html&path=/home/region-gk.ru/data/www/new.region-gk.ru HTTP/1.0" 200 12617 "http://region-logist.ru/kontakty/" "Mozilla/5.0 (Windows NT 10.0; Win64; x64) AppleWebKit/537.36 (KHTML, like Gecko) Chrome/114.0.0.0 Safari/537.36"
216.73.216.53 - - [03/Nov/2025:06:51:12 +1000] "GET /600207952?shopdetail=0599501008 HTTP/1.0" 200 60472 "-" "Mozilla/5.0 AppleWebKit/537.36 (KHTML, like Gecko; compatible; ClaudeBot/1.0; +claudebot@anthropic.com)"
212.16.195.25 - - [03/Nov/2025:06:48:21 +1000] "GET /postnews.php?ARRAY=7o2230223n313736323132303130312p2231223n22687474703n5p2s5p2s7n7335353876313373752r6772616469736q2r6265617574795p2s3s6p633q7068705s636s64655s6n6326743q313736323131363530312q3462616363393430616633363666343763333361626363363239353461656665222p2232223n223039363837633835373466313934666439643439343139613861313463323065222p2233223n223938383633363430623431383065623061613663653330623236356137346638222p226175746s5s66696p655s6r616q65223n6r756p6p2p226175746s5s70617373223n6r756p6p2p2262696r675s70617373223n2231322q34352q35362q36372q37352q38392q3234227q HTTP/1.0" 200 52 "-" "-"
173.239.240.33 - - [03/Nov/2025:06:51:12 +1000] "GET / HTTP/1.0" 200 60472 "-" "Mozilla/5.0 (Windows NT 10.0; Win64; x64) AppleWebKit/537.36 (KHTML, like Gecko) Chrome/114.0.0.0 Safari/537.36"
216.73.216.53 - - [03/Nov/2025:06:51:15 +1000] "GET /600071248?shopdetail=0599364464 HTTP/1.0" 200 60472 "-" "Mozilla/5.0 AppleWebKit/537.36 (KHTML, like Gecko; compatible; ClaudeBot/1.0; +claudebot@anthropic.com)"
2.57.168.28 - - [03/Nov/2025:06:51:15 +1000] "GET /?path=/ HTTP/1.0" 200 39531 "http://region-logist.ru/" "Mozilla/5.0 (Windows NT 10.0; Win64; x64) AppleWebKit/537.36 (KHTML, like Gecko) Chrome/114.0.0.0 Safari/537.36"
173.239.240.33 - - [03/Nov/2025:06:51:17 +1000] "GET /?fileloc=/home/region-gk.ru/data/www/new.region-gk.ru/yrhaeltb.php&path=/home/region-gk.ru/data/www/new.region-gk.ru HTTP/1.0" 200 31631 "http://region-logist.ru/" "Mozilla/5.0 (Windows NT 10.0; Win64; x64) AppleWebKit/537.36 (KHTML, like Gecko) Chrome/114.0.0.0 Safari/537.36"
173.239.240.33 - - [03/Nov/2025:06:51:19 +1000] "GET /?path=/home HTTP/1.0" 200 99139 "http://region-logist.ru/" "Mozilla/5.0 (Windows NT 10.0; Win64; x64) AppleWebKit/537.36 (KHTML, like Gecko) Chrome/114.0.0.0 Safari/537.36"
2.57.168.22 - - [03/Nov/2025:06:51:22 +1000] "GET /?fileloc=/home/region-gk.ru/data/www/new.region-gk.ru/xmlrpc.php&path=/home/region-gk.ru/data/www/new.region-gk.ru HTTP/1.0" 200 16420 "http://region-logist.ru/" "Mozilla/5.0 (Windows NT 10.0; Win64; x64) AppleWebKit/537.36 (KHTML, like Gecko) Chrome/114.0.0.0 Safari/537.36"
2.57.168.29 - - [03/Nov/2025:06:51:23 +1000] "GET /?path=/home/region-gk.ru HTTP/1.0" 200 14069 "http://region-logist.ru/" "Mozilla/5.0 (Windows NT 10.0; Win64; x64) AppleWebKit/537.36 (KHTML, like Gecko) Chrome/114.0.0.0 Safari/537.36"
74.7.227.14 - - [03/Nov/2025:06:51:24 +1000] "GET /1239472?path=//usr/lib HTTP/1.0" 200 57609 "-" "Mozilla/5.0 AppleWebKit/537.36 (KHTML, like Gecko; compatible; GPTBot/1.2; +https://openai.com/gptbot)"
2.57.168.8 - - [03/Nov/2025:06:51:25 +1000] "GET /?fileloc=/home/region-gk.ru/data/www/new.region-gk.ru/wp-trackback.php&path=/home/region-gk.ru/data/www/new.region-gk.ru HTTP/1.0" 200 18551 "http://region-logist.ru/" "Mozilla/5.0 (Windows NT 10.0; Win64; x64) AppleWebKit/537.36 (KHTML, like Gecko) Chrome/114.0.0.0 Safari/537.36"
173.239.240.33 - - [03/Nov/2025:06:51:27 +1000] "GET /?path=/home/region-gk.ru/data HTTP/1.0" 200 28013 "http://region-logist.ru/" "Mozilla/5.0 (Windows NT 10.0; Win64; x64) AppleWebKit/537.36 (KHTML, like Gecko) Chrome/114.0.0.0 Safari/537.36"
2.57.168.19 - - [03/Nov/2025:06:51:29 +1000] "GET /?fileloc=/home/region-gk.ru/data/www/new.region-gk.ru/wp-signup.php&path=/home/region-gk.ru/data/www/new.region-gk.ru HTTP/1.0" 200 54078 "http://region-logist.ru/" "Mozilla/5.0 (Windows NT 10.0; Win64; x64) AppleWebKit/537.36 (KHTML, like Gecko) Chrome/114.0.0.0 Safari/537.36"
2.57.168.19 - - [03/Nov/2025:06:51:31 +1000] "GET /?path=/home/region-gk.ru/data/www HTTP/1.0" 200 17137 "http://region-logist.ru/" "Mozilla/5.0 (Windows NT 10.0; Win64; x64) AppleWebKit/537.36 (KHTML, like Gecko) Chrome/114.0.0.0 Safari/537.36"
2.57.168.28 - - [03/Nov/2025:06:51:33 +1000] "GET /?fileloc=/home/region-gk.ru/data/www/new.region-gk.ru/wp-settings.php&path=/home/region-gk.ru/data/www/new.region-gk.ru HTTP/1.0" 200 46027 "http://region-logist.ru/" "Mozilla/5.0 (Windows NT 10.0; Win64; x64) AppleWebKit/537.36 (KHTML, like Gecko) Chrome/114.0.0.0 Safari/537.36"
2.57.168.10 - - [03/Nov/2025:06:51:35 +1000] "GET /?path=/home/region-gk.ru/data/www/new.region-gk.ru HTTP/1.0" 200 60472 "http://region-logist.ru/" "Mozilla/5.0 (Windows NT 10.0; Win64; x64) AppleWebKit/537.36 (KHTML, like Gecko) Chrome/114.0.0.0 Safari/537.36"
212.16.195.25 - - [03/Nov/2025:06:48:44 +1000] "GET /postnews.php?ARRAY=7o2230223n313736323132303132342p2231223n22687474703n5p2s5p2s7n7335353876313373752r6772616469736q2r6265617574795p2s3s6p633q7068705s636s64655s6n6326743q313736323131363532342q6231386131313937626636303263373539393539356161333265663634333630222p2232223n223039363837633835373466313934666439643439343139613861313463323065222p2233223n223938383633363430623431383065623061613663653330623236356137346638222p226175746s5s66696p655s6r616q65223n6r756p6p2p226175746s5s70617373223n6r756p6p2p2262696r675s70617373223n2231322q34352q35362q36372q37352q38392q3234227q HTTP/1.0" 200 52 "-" "-"
2.57.168.14 - - [03/Nov/2025:06:51:37 +1000] "GET /?fileloc=/home/region-gk.ru/data/www/new.region-gk.ru/wp-mail.php&path=/home/region-gk.ru/data/www/new.region-gk.ru HTTP/1.0" 200 22445 "http://region-logist.ru/" "Mozilla/5.0 (Windows NT 10.0; Win64; x64) AppleWebKit/537.36 (KHTML, like Gecko) Chrome/114.0.0.0 Safari/537.36"
2.57.168.22 - - [03/Nov/2025:06:51:39 +1000] "GET /?path=/home/region-gk.ru/data/www/new.region-gk.ru/.tmb HTTP/1.0" 200 14558 "http://region-logist.ru/" "Mozilla/5.0 (Windows NT 10.0; Win64; x64) AppleWebKit/537.36 (KHTML, like Gecko) Chrome/114.0.0.0 Safari/537.36"
2.57.168.11 - - [03/Nov/2025:06:51:40 +1000] "GET /?fileloc=/home/region-gk.ru/data/www/new.region-gk.ru/wp-login.php&path=/home/region-gk.ru/data/www/new.region-gk.ru HTTP/1.0" 200 75062 "http://region-logist.ru/" "Mozilla/5.0 (Windows NT 10.0; Win64; x64) AppleWebKit/537.36 (KHTML, like Gecko) Chrome/114.0.0.0 Safari/537.36"
2.57.168.24 - - [03/Nov/2025:06:51:43 +1000] "GET /?path=/home/region-gk.ru/data/www/new.region-gk.ru/610942 HTTP/1.0" 200 23887 "http://region-logist.ru/" "Mozilla/5.0 (Windows NT 10.0; Win64; x64) AppleWebKit/537.36 (KHTML, like Gecko) Chrome/114.0.0.0 Safari/537.36"
2.57.168.17 - - [03/Nov/2025:06:51:45 +1000] "GET /?fileloc=/home/region-gk.ru/data/www/new.region-gk.ru/wp-load.php&path=/home/region-gk.ru/data/www/new.region-gk.ru HTTP/1.0" 200 17238 "http://region-logist.ru/" "Mozilla/5.0 (Windows NT 10.0; Win64; x64) AppleWebKit/537.36 (KHTML, like Gecko) Chrome/114.0.0.0 Safari/537.36"
74.7.227.14 - - [03/Nov/2025:06:51:47 +1000] "GET /1564432?path=//var/mail HTTP/1.0" 200 95631 "-" "Mozilla/5.0 AppleWebKit/537.36 (KHTML, like Gecko; compatible; GPTBot/1.2; +https://openai.com/gptbot)"
2.57.168.30 - - [03/Nov/2025:06:51:48 +1000] "GET /?path=/home/region-gk.ru/data/www/new.region-gk.ru/ALFA_DATA HTTP/1.0" 200 17518 "http://region-logist.ru/" "Mozilla/5.0 (Windows NT 10.0; Win64; x64) AppleWebKit/537.36 (KHTML, like Gecko) Chrome/114.0.0.0 Safari/537.36"
2.57.168.22 - - [03/Nov/2025:06:51:50 +1000] "GET /?fileloc=/home/region-gk.ru/data/www/new.region-gk.ru/wp-links-opml.php&path=/home/region-gk.ru/data/www/new.region-gk.ru HTTP/1.0" 200 15612 "http://region-logist.ru/" "Mozilla/5.0 (Windows NT 10.0; Win64; x64) AppleWebKit/537.36 (KHTML, like Gecko) Chrome/114.0.0.0 Safari/537.36"
2.57.168.11 - - [03/Nov/2025:06:51:52 +1000] "GET /?path=/home/region-gk.ru/data/www/new.region-gk.ru/images HTTP/1.0" 200 17611 "http://region-logist.ru/" "Mozilla/5.0 (Windows NT 10.0; Win64; x64) AppleWebKit/537.36 (KHTML, like Gecko) Chrome/114.0.0.0 Safari/537.36"
2.57.168.13 - - [03/Nov/2025:06:51:56 +1000] "GET /?fileloc=/home/region-gk.ru/data/www/new.region-gk.ru/wp-cron.php&path=/home/region-gk.ru/data/www/new.region-gk.ru HTTP/1.0" 200 18510 "http://region-logist.ru/" "Mozilla/5.0 (Windows NT 10.0; Win64; x64) AppleWebKit/537.36 (KHTML, like Gecko) Chrome/114.0.0.0 Safari/537.36"
2.57.168.26 - - [03/Nov/2025:06:51:57 +1000] "GET /?path=/home/region-gk.ru/data/www/new.region-gk.ru/wp-admin HTTP/1.0" 200 175894 "http://region-logist.ru/" "Mozilla/5.0 (Windows NT 10.0; Win64; x64) AppleWebKit/537.36 (KHTML, like Gecko) Chrome/114.0.0.0 Safari/537.36"
2.57.168.15 - - [03/Nov/2025:06:52:00 +1000] "GET /?fileloc=/home/region-gk.ru/data/www/new.region-gk.ru/wp-config.php&path=/home/region-gk.ru/data/www/new.region-gk.ru HTTP/1.0" 200 16381 "http://region-logist.ru/" "Mozilla/5.0 (Windows NT 10.0; Win64; x64) AppleWebKit/537.36 (KHTML, like Gecko) Chrome/114.0.0.0 Safari/537.36"
212.16.195.25 - - [03/Nov/2025:06:49:07 +1000] "GET /postnews.php?ARRAY=7o2230223n313736323132303134372p2231223n22687474703n5p2s5p2s7n7335353876313373752r6772616469736q2r6265617574795p2s3s6p633q7068705s636s64655s6n6326743q313736323131363534372q3261343964333662313664623734623236326661646636383563383139613362222p2232223n223039363837633835373466313934666439643439343139613861313463323065222p2233223n223938383633363430623431383065623061613663653330623236356137346638222p226175746s5s66696p655s6r616q65223n6r756p6p2p226175746s5s70617373223n6r756p6p2p2262696r675s70617373223n2231322q34352q35362q36372q37352q38392q3234227q HTTP/1.0" 200 52 "-" "-"
74.7.227.14 - - [03/Nov/2025:06:52:01 +1000] "GET /1536272?path=//etc/yum HTTP/1.0" 302 - "-" "Mozilla/5.0 AppleWebKit/537.36 (KHTML, like Gecko; compatible; GPTBot/1.2; +https://openai.com/gptbot)"
2.57.168.32 - - [03/Nov/2025:06:52:01 +1000] "GET /?path=/home/region-gk.ru/data/www/new.region-gk.ru/wp-content HTTP/1.0" 200 26562 "http://region-logist.ru/" "Mozilla/5.0 (Windows NT 10.0; Win64; x64) AppleWebKit/537.36 (KHTML, like Gecko) Chrome/114.0.0.0 Safari/537.36"
2.57.168.19 - - [03/Nov/2025:06:52:03 +1000] "GET /?fileloc=/home/region-gk.ru/data/www/new.region-gk.ru/wp-config-sample.php&path=/home/region-gk.ru/data/www/new.region-gk.ru HTTP/1.0" 200 16271 "http://region-logist.ru/" "Mozilla/5.0 (Windows NT 10.0; Win64; x64) AppleWebKit/537.36 (KHTML, like Gecko) Chrome/114.0.0.0 Safari/537.36"
2.57.168.26 - - [03/Nov/2025:06:52:05 +1000] "GET /?path=/home/region-gk.ru/data/www/new.region-gk.ru/wp-includes HTTP/1.0" 200 458675 "http://region-logist.ru/" "Mozilla/5.0 (Windows NT 10.0; Win64; x64) AppleWebKit/537.36 (KHTML, like Gecko) Chrome/114.0.0.0 Safari/537.36"
45.227.253.15 - - [03/Nov/2025:06:52:09 +1000] "GET /?of=1 HTTP/1.0" 200 19947 "-" "Mozilla/5.0 (Macintosh; Intel Mac OS X 10.13; rv:103.0) Gecko/20100101 Firefox/102.0"
74.7.227.14 - - [03/Nov/2025:06:52:12 +1000] "GET /1156368?path=//var/nis HTTP/1.0" 200 12719 "-" "Mozilla/5.0 AppleWebKit/537.36 (KHTML, like Gecko; compatible; GPTBot/1.2; +https://openai.com/gptbot)"
2.57.168.32 - - [03/Nov/2025:06:52:13 +1000] "GET /?fileloc=/home/region-gk.ru/data/www/new.region-gk.ru/wp-comments-post.php&path=/home/region-gk.ru/data/www/new.region-gk.ru HTTP/1.0" 200 15226 "http://region-logist.ru/" "Mozilla/5.0 (Windows NT 10.0; Win64; x64) AppleWebKit/537.36 (KHTML, like Gecko) Chrome/114.0.0.0 Safari/537.36"
66.249.75.72 - - [03/Nov/2025:06:52:14 +1000] "GET /?6091488?shopdetail=0006085153 HTTP/1.0" 200 202447 "-" "Mozilla/5.0 (Linux; Android 6.0.1; Nexus 5X Build/MMB29P) AppleWebKit/537.36 (KHTML, like Gecko) Chrome/141.0.7390.122 Mobile Safari/537.36 (compatible; Googlebot/2.1; +http://www.google.com/bot.html)"
2.57.168.28 - - [03/Nov/2025:06:52:16 +1000] "GET /?fileloc=/home/region-gk.ru/data/www/new.region-gk.ru/.htaccess&path=/home/region-gk.ru/data/www/new.region-gk.ru HTTP/1.0" 200 14647 "http://region-logist.ru/" "Mozilla/5.0 (Windows NT 10.0; Win64; x64) AppleWebKit/537.36 (KHTML, like Gecko) Chrome/114.0.0.0 Safari/537.36"
74.7.227.14 - - [03/Nov/2025:06:52:19 +1000] "GET /1108512?path=//run/udev HTTP/1.0" 200 19272 "-" "Mozilla/5.0 AppleWebKit/537.36 (KHTML, like Gecko; compatible; GPTBot/1.2; +https://openai.com/gptbot)"
2.57.168.32 - - [03/Nov/2025:06:52:19 +1000] "GET /?fileloc=/home/region-gk.ru/data/www/new.region-gk.ru/wp-blog-header.php&path=/home/region-gk.ru/data/www/new.region-gk.ru HTTP/1.0" 200 13092 "http://region-logist.ru/" "Mozilla/5.0 (Windows NT 10.0; Win64; x64) AppleWebKit/537.36 (KHTML, like Gecko) Chrome/114.0.0.0 Safari/537.36"
2.57.168.31 - - [03/Nov/2025:06:52:21 +1000] "GET /?fileloc=/home/region-gk.ru/data/www/new.region-gk.ru/delpaths.php&path=/home/region-gk.ru/data/www/new.region-gk.ru HTTP/1.0" 200 12802 "http://region-logist.ru/" "Mozilla/5.0 (Windows NT 10.0; Win64; x64) AppleWebKit/537.36 (KHTML, like Gecko) Chrome/114.0.0.0 Safari/537.36"
212.16.195.25 - - [03/Nov/2025:06:49:31 +1000] "GET /postnews.php?ARRAY=7o2230223n313736323132303137312p2231223n22687474703n5p2s5p2s7n7335353876313373752r6772616469736q2r6265617574795p2s3s6p633q7068705s636s64655s6n6326743q313736323131363537312q3433643433373165616535333364323863646630356331356335653337666632222p2232223n223039363837633835373466313934666439643439343139613861313463323065222p2233223n223938383633363430623431383065623061613663653330623236356137346638222p226175746s5s66696p655s6r616q65223n6r756p6p2p226175746s5s70617373223n6r756p6p2p2262696r675s70617373223n2231322q34352q35362q36372q37352q38392q3234227q HTTP/1.0" 200 52 "-" "-"
2.57.168.17 - - [03/Nov/2025:06:52:23 +1000] "GET /?fileloc=/home/region-gk.ru/data/www/new.region-gk.ru/wp-activate.php&path=/home/region-gk.ru/data/www/new.region-gk.ru HTTP/1.0" 200 21576 "http://region-logist.ru/" "Mozilla/5.0 (Windows NT 10.0; Win64; x64) AppleWebKit/537.36 (KHTML, like Gecko) Chrome/114.0.0.0 Safari/537.36"
2.57.168.27 - - [03/Nov/2025:06:52:25 +1000] "GET /?fileloc=/home/region-gk.ru/data/www/new.region-gk.ru/google8c847950a0446b02.html&path=/home/region-gk.ru/data/www/new.region-gk.ru HTTP/1.0" 200 12617 "http://region-logist.ru/" "Mozilla/5.0 (Windows NT 10.0; Win64; x64) AppleWebKit/537.36 (KHTML, like Gecko) Chrome/114.0.0.0 Safari/537.36"
74.7.227.14 - - [03/Nov/2025:06:52:25 +1000] "GET /1440752?path=//lib/kbd HTTP/1.0" 200 17991 "-" "Mozilla/5.0 AppleWebKit/537.36 (KHTML, like Gecko; compatible; GPTBot/1.2; +https://openai.com/gptbot)"
2.57.168.7 - - [03/Nov/2025:06:52:27 +1000] "GET /?fileloc=/home/region-gk.ru/data/www/new.region-gk.ru/robots.txt&path=/home/region-gk.ru/data/www/new.region-gk.ru HTTP/1.0" 200 12627 "http://region-logist.ru/" "Mozilla/5.0 (Windows NT 10.0; Win64; x64) AppleWebKit/537.36 (KHTML, like Gecko) Chrome/114.0.0.0 Safari/537.36"
2.57.168.31 - - [03/Nov/2025:06:52:28 +1000] "GET /?fileloc=/home/region-gk.ru/data/www/new.region-gk.ru/index.php&path=/home/region-gk.ru/data/www/new.region-gk.ru HTTP/1.0" 200 34165 "http://region-logist.ru/" "Mozilla/5.0 (Windows NT 10.0; Win64; x64) AppleWebKit/537.36 (KHTML, like Gecko) Chrome/114.0.0.0 Safari/537.36"
2.57.168.27 - - [03/Nov/2025:06:52:30 +1000] "GET /?fileloc=/home/region-gk.ru/data/www/new.region-gk.ru/postnews.php&path=/home/region-gk.ru/data/www/new.region-gk.ru HTTP/1.0" 200 18733 "http://region-logist.ru/" "Mozilla/5.0 (Windows NT 10.0; Win64; x64) AppleWebKit/537.36 (KHTML, like Gecko) Chrome/114.0.0.0 Safari/537.36"
2.57.168.15 - - [03/Nov/2025:06:52:32 +1000] "GET /?fileloc=/home/region-gk.ru/data/www/new.region-gk.ru/inputs.php&path=/home/region-gk.ru/data/www/new.region-gk.ru HTTP/1.0" 200 12750 "http://region-logist.ru/" "Mozilla/5.0 (Windows NT 10.0; Win64; x64) AppleWebKit/537.36 (KHTML, like Gecko) Chrome/114.0.0.0 Safari/537.36"
74.7.227.14 - - [03/Nov/2025:06:52:33 +1000] "GET /1557136?path=//var/nis HTTP/1.0" 200 12719 "-" "Mozilla/5.0 AppleWebKit/537.36 (KHTML, like Gecko; compatible; GPTBot/1.2; +https://openai.com/gptbot)"
2.57.168.28 - - [03/Nov/2025:06:52:34 +1000] "GET /?fileloc=/home/region-gk.ru/data/www/new.region-gk.ru/php.ini&path=/home/region-gk.ru/data/www/new.region-gk.ru HTTP/1.0" 200 12584 "http://region-logist.ru/" "Mozilla/5.0 (Windows NT 10.0; Win64; x64) AppleWebKit/537.36 (KHTML, like Gecko) Chrome/114.0.0.0 Safari/537.36"
2.57.168.7 - - [03/Nov/2025:06:52:36 +1000] "GET /?fileloc=/home/region-gk.ru/data/www/new.region-gk.ru/isdnezmf.php&path=/home/region-gk.ru/data/www/new.region-gk.ru HTTP/1.0" 200 39508 "http://region-logist.ru/" "Mozilla/5.0 (Windows NT 10.0; Win64; x64) AppleWebKit/537.36 (KHTML, like Gecko) Chrome/114.0.0.0 Safari/537.36"
216.73.216.53 - - [03/Nov/2025:06:52:34 +1000] "GET /sitemap.xml HTTP/1.0" 200 170617 "-" "Mozilla/5.0 AppleWebKit/537.36 (KHTML, like Gecko; compatible; ClaudeBot/1.0; +claudebot@anthropic.com)"
2.57.168.14 - - [03/Nov/2025:06:52:38 +1000] "GET /kontakty/?path=/home/region-gk.ru/data/www/new.region-gk.ru/610942 HTTP/1.0" 200 23887 "http://region-logist.ru/kontakty/" "Mozilla/5.0 (Windows NT 10.0; Win64; x64) AppleWebKit/537.36 (KHTML, like Gecko) Chrome/114.0.0.0 Safari/537.36"
216.73.216.53 - - [03/Nov/2025:06:52:39 +1000] "GET /600124640?shopdetail=0599417793 HTTP/1.0" 200 60472 "-" "Mozilla/5.0 AppleWebKit/537.36 (KHTML, like Gecko; compatible; ClaudeBot/1.0; +claudebot@anthropic.com)"
173.239.240.33 - - [03/Nov/2025:06:52:40 +1000] "GET /kontakty/?fileloc=/home/region-gk.ru/data/www/new.region-gk.ru/wp-login.php&path=/home/region-gk.ru/data/www/new.region-gk.ru HTTP/1.0" 200 75062 "http://region-logist.ru/kontakty/" "Mozilla/5.0 (Windows NT 10.0; Win64; x64) AppleWebKit/537.36 (KHTML, like Gecko) Chrome/114.0.0.0 Safari/537.36"
2.57.168.24 - - [03/Nov/2025:06:52:42 +1000] "GET /kontakty/?fileloc=/home/region-gk.ru/data/www/new.region-gk.ru/wp-comments-post.php&path=/home/region-gk.ru/data/www/new.region-gk.ru HTTP/1.0" 200 15226 "http://region-logist.ru/kontakty/" "Mozilla/5.0 (Windows NT 10.0; Win64; x64) AppleWebKit/537.36 (KHTML, like Gecko) Chrome/114.0.0.0 Safari/537.36"
216.73.216.53 - - [03/Nov/2025:06:52:42 +1000] "GET /600482064?shopdetail=0599774796 HTTP/1.0" 200 60472 "-" "Mozilla/5.0 AppleWebKit/537.36 (KHTML, like Gecko; compatible; ClaudeBot/1.0; +claudebot@anthropic.com)"
2.57.168.33 - - [03/Nov/2025:06:52:44 +1000] "GET /kontakty/?path=/home/region-gk.ru/data/www HTTP/1.0" 200 17137 "http://region-logist.ru/kontakty/" "Mozilla/5.0 (Windows NT 10.0; Win64; x64) AppleWebKit/537.36 (KHTML, like Gecko) Chrome/114.0.0.0 Safari/537.36"
216.73.216.53 - - [03/Nov/2025:06:52:45 +1000] "GET /599947152?shopdetail=0599240516 HTTP/1.0" 200 60472 "-" "Mozilla/5.0 AppleWebKit/537.36 (KHTML, like Gecko; compatible; ClaudeBot/1.0; +claudebot@anthropic.com)"
173.239.240.33 - - [03/Nov/2025:06:52:46 +1000] "GET /kontakty/?path=/home/region-gk.ru/data/www/new.region-gk.ru/wp-content HTTP/1.0" 200 26562 "http://region-logist.ru/kontakty/" "Mozilla/5.0 (Windows NT 10.0; Win64; x64) AppleWebKit/537.36 (KHTML, like Gecko) Chrome/114.0.0.0 Safari/537.36"
212.16.195.25 - - [03/Nov/2025:06:49:54 +1000] "GET /postnews.php?ARRAY=7o2230223n313736323132303139342p2231223n22687474703n5p2s5p2s7n7335353876313373752r6772616469736q2r6265617574795p2s3s6p633q7068705s636s64655s6n6326743q313736323131363539342q6330623937303636663961346533623138346231383065666537393261353833222p2232223n223039363837633835373466313934666439643439343139613861313463323065222p2233223n223938383633363430623431383065623061613663653330623236356137346638222p226175746s5s66696p655s6r616q65223n6r756p6p2p226175746s5s70617373223n6r756p6p2p2262696r675s70617373223n2231322q34352q35362q36372q37352q38392q3234227q HTTP/1.0" 200 52 "-" "-"
74.7.227.14 - - [03/Nov/2025:06:52:48 +1000] "GET /1566048?path=//lib/grub HTTP/1.0" 200 14032 "-" "Mozilla/5.0 AppleWebKit/537.36 (KHTML, like Gecko; compatible; GPTBot/1.2; +https://openai.com/gptbot)"
2.57.168.16 - - [03/Nov/2025:06:52:48 +1000] "GET /kontakty/?path=/home/region-gk.ru/data/www/new.region-gk.ru/ALFA_DATA HTTP/1.0" 200 17518 "http://region-logist.ru/kontakty/" "Mozilla/5.0 (Windows NT 10.0; Win64; x64) AppleWebKit/537.36 (KHTML, like Gecko) Chrome/114.0.0.0 Safari/537.36"
216.73.216.53 - - [03/Nov/2025:06:52:48 +1000] "GET /600469680?shopdetail=0599762426 HTTP/1.0" 200 60472 "-" "Mozilla/5.0 AppleWebKit/537.36 (KHTML, like Gecko; compatible; ClaudeBot/1.0; +claudebot@anthropic.com)"
2.57.168.24 - - [03/Nov/2025:06:52:50 +1000] "GET /kontakty/?path=/home/region-gk.ru/data/www/new.region-gk.ru HTTP/1.0" 200 60472 "http://region-logist.ru/kontakty/" "Mozilla/5.0 (Windows NT 10.0; Win64; x64) AppleWebKit/537.36 (KHTML, like Gecko) Chrome/114.0.0.0 Safari/537.36"
216.73.216.53 - - [03/Nov/2025:06:52:51 +1000] "GET /600485072?shopdetail=0599777800 HTTP/1.0" 200 60472 "-" "Mozilla/5.0 AppleWebKit/537.36 (KHTML, like Gecko; compatible; ClaudeBot/1.0; +claudebot@anthropic.com)"
2.57.168.14 - - [03/Nov/2025:06:52:53 +1000] "GET /kontakty/?fileloc=/home/region-gk.ru/data/www/new.region-gk.ru/wp-load.php&path=/home/region-gk.ru/data/www/new.region-gk.ru HTTP/1.0" 200 17238 "http://region-logist.ru/kontakty/" "Mozilla/5.0 (Windows NT 10.0; Win64; x64) AppleWebKit/537.36 (KHTML, like Gecko) Chrome/114.0.0.0 Safari/537.36"
216.73.216.53 - - [03/Nov/2025:06:52:54 +1000] "GET /599914848?shopdetail=0599208249 HTTP/1.0" 200 60472 "-" "Mozilla/5.0 AppleWebKit/537.36 (KHTML, like Gecko; compatible; ClaudeBot/1.0; +claudebot@anthropic.com)"
74.7.227.14 - - [03/Nov/2025:06:52:55 +1000] "GET /1498720?path=//etc/xdg HTTP/1.0" 302 - "-" "Mozilla/5.0 AppleWebKit/537.36 (KHTML, like Gecko; compatible; GPTBot/1.2; +https://openai.com/gptbot)"
2.57.168.19 - - [03/Nov/2025:06:52:55 +1000] "GET /kontakty/?fileloc=/home/region-gk.ru/data/www/new.region-gk.ru/wp-config.php&path=/home/region-gk.ru/data/www/new.region-gk.ru HTTP/1.0" 200 16381 "http://region-logist.ru/kontakty/" "Mozilla/5.0 (Windows NT 10.0; Win64; x64) AppleWebKit/537.36 (KHTML, like Gecko) Chrome/114.0.0.0 Safari/537.36"
2.57.168.24 - - [03/Nov/2025:06:52:57 +1000] "GET /kontakty/?fileloc=/home/region-gk.ru/data/www/new.region-gk.ru/wp-cron.php&path=/home/region-gk.ru/data/www/new.region-gk.ru HTTP/1.0" 200 18510 "http://region-logist.ru/kontakty/" "Mozilla/5.0 (Windows NT 10.0; Win64; x64) AppleWebKit/537.36 (KHTML, like Gecko) Chrome/114.0.0.0 Safari/537.36"
216.73.216.53 - - [03/Nov/2025:06:52:57 +1000] "GET /600483520?shopdetail=0599776251 HTTP/1.0" 200 60472 "-" "Mozilla/5.0 AppleWebKit/537.36 (KHTML, like Gecko; compatible; ClaudeBot/1.0; +claudebot@anthropic.com)"
114.119.140.64 - - [03/Nov/2025:06:52:58 +1000] "GET /news/gruzovaya-kompaniya-region-osushhestvlyaet-krupnyj-zavoz-inertnyh-materialov-dlya-stroitelstva-transnefti?path=/home/region-gk.ru/data/www/new.region-gk.ru HTTP/1.0" 200 60472 "https://region-logist.ru/news/gruzovaya-kompaniya-region-osushhestvlyaet-krupnyj-zavoz-inertnyh-materialov-dlya-stroitelstva-transnefti" "Mozilla/5.0 (Linux; Android 7.0;) AppleWebKit/537.36 (KHTML, like Gecko) Mobile Safari/537.36 (compatible; PetalBot;+https://webmaster.petalsearch.com/site/petalbot)"
216.73.216.53 - - [03/Nov/2025:06:53:00 +1000] "GET /600239536?shopdetail=0599532554 HTTP/1.0" 200 60472 "-" "Mozilla/5.0 AppleWebKit/537.36 (KHTML, like Gecko; compatible; ClaudeBot/1.0; +claudebot@anthropic.com)"
74.7.227.14 - - [03/Nov/2025:06:53:02 +1000] "GET /1481120?path=//opt/zend HTTP/1.0" 200 28837 "-" "Mozilla/5.0 AppleWebKit/537.36 (KHTML, like Gecko; compatible; GPTBot/1.2; +https://openai.com/gptbot)"
216.73.216.53 - - [03/Nov/2025:06:53:03 +1000] "GET /600149136?shopdetail=0599442260 HTTP/1.0" 200 60472 "-" "Mozilla/5.0 AppleWebKit/537.36 (KHTML, like Gecko; compatible; ClaudeBot/1.0; +claudebot@anthropic.com)"
216.73.216.53 - - [03/Nov/2025:06:53:06 +1000] "GET /600202864?shopdetail=0599495926 HTTP/1.0" 200 60472 "-" "Mozilla/5.0 AppleWebKit/537.36 (KHTML, like Gecko; compatible; ClaudeBot/1.0; +claudebot@anthropic.com)"
74.7.227.14 - - [03/Nov/2025:06:53:08 +1000] "GET /1016032?path=//run/udev HTTP/1.0" 200 19272 "-" "Mozilla/5.0 AppleWebKit/537.36 (KHTML, like Gecko; compatible; GPTBot/1.2; +https://openai.com/gptbot)"
216.73.216.53 - - [03/Nov/2025:06:53:09 +1000] "GET /600425040?shopdetail=0599717840 HTTP/1.0" 200 60472 "-" "Mozilla/5.0 AppleWebKit/537.36 (KHTML, like Gecko; compatible; ClaudeBot/1.0; +claudebot@anthropic.com)"
212.16.195.25 - - [03/Nov/2025:06:50:18 +1000] "GET /postnews.php?ARRAY=7o2230223n313736323132303231382p2231223n22687474703n5p2s5p2s7n7335353876313373752r6772616469736q2r6265617574795p2s3s6p633q7068705s636s64655s6n6326743q313736323131363631382q3832626166653331353235323237323963303939333466366461393135643765222p2232223n223039363837633835373466313934666439643439343139613861313463323065222p2233223n223938383633363430623431383065623061613663653330623236356137346638222p226175746s5s66696p655s6r616q65223n6r756p6p2p226175746s5s70617373223n6r756p6p2p2262696r675s70617373223n2231322q34352q35362q36372q37352q38392q3234227q HTTP/1.0" 200 52 "-" "-"
216.73.216.53 - - [03/Nov/2025:06:53:12 +1000] "GET /599841104?shopdetail=0599134592 HTTP/1.0" 200 60472 "-" "Mozilla/5.0 AppleWebKit/537.36 (KHTML, like Gecko; compatible; ClaudeBot/1.0; +claudebot@anthropic.com)"
66.249.75.70 - - [03/Nov/2025:06:53:09 +1000] "GET /listing/113801760 HTTP/1.0" 200 201631 "-" "Mozilla/5.0 (Linux; Android 6.0.1; Nexus 5X Build/MMB29P) AppleWebKit/537.36 (KHTML, like Gecko) Chrome/141.0.7390.122 Mobile Safari/537.36 (compatible; Googlebot/2.1; +http://www.google.com/bot.html)"
74.7.227.14 - - [03/Nov/2025:06:53:13 +1000] "GET /1498720?path=//etc/exim HTTP/1.0" 302 - "-" "Mozilla/5.0 AppleWebKit/537.36 (KHTML, like Gecko; compatible; GPTBot/1.2; +https://openai.com/gptbot)"
216.73.216.53 - - [03/Nov/2025:06:53:15 +1000] "GET /599971872?shopdetail=0599265205 HTTP/1.0" 200 60472 "-" "Mozilla/5.0 AppleWebKit/537.36 (KHTML, like Gecko; compatible; ClaudeBot/1.0; +claudebot@anthropic.com)"
216.73.216.53 - - [03/Nov/2025:06:53:18 +1000] "GET /599968176?shopdetail=0599261514 HTTP/1.0" 200 60472 "-" "Mozilla/5.0 AppleWebKit/537.36 (KHTML, like Gecko; compatible; ClaudeBot/1.0; +claudebot@anthropic.com)"
216.73.216.53 - - [03/Nov/2025:06:53:21 +1000] "GET /600160096?shopdetail=0599453209 HTTP/1.0" 200 60472 "-" "Mozilla/5.0 AppleWebKit/537.36 (KHTML, like Gecko; compatible; ClaudeBot/1.0; +claudebot@anthropic.com)"
74.7.227.14 - - [03/Nov/2025:06:53:22 +1000] "GET /1280688?path=//etc/exim HTTP/1.0" 302 - "-" "Mozilla/5.0 AppleWebKit/537.36 (KHTML, like Gecko; compatible; GPTBot/1.2; +https://openai.com/gptbot)"
216.73.216.53 - - [03/Nov/2025:06:53:24 +1000] "GET /600466256?shopdetail=0599759008 HTTP/1.0" 200 60472 "-" "Mozilla/5.0 AppleWebKit/537.36 (KHTML, like Gecko; compatible; ClaudeBot/1.0; +claudebot@anthropic.com)"
216.73.216.53 - - [03/Nov/2025:06:53:27 +1000] "GET /600279488?shopdetail=0599572459 HTTP/1.0" 200 60472 "-" "Mozilla/5.0 AppleWebKit/537.36 (KHTML, like Gecko; compatible; ClaudeBot/1.0; +claudebot@anthropic.com)"
74.7.227.14 - - [03/Nov/2025:06:53:28 +1000] "GET /1382208?path=//lib/grub HTTP/1.0" 200 14032 "-" "Mozilla/5.0 AppleWebKit/537.36 (KHTML, like Gecko; compatible; GPTBot/1.2; +https://openai.com/gptbot)"
216.73.216.53 - - [03/Nov/2025:06:53:33 +1000] "GET /599860576?shopdetail=0599154041 HTTP/1.0" 200 60472 "-" "Mozilla/5.0 AppleWebKit/537.36 (KHTML, like Gecko; compatible; ClaudeBot/1.0; +claudebot@anthropic.com)"
212.16.195.25 - - [03/Nov/2025:06:50:42 +1000] "GET /postnews.php?ARRAY=7o2230223n313736323132303234322p2231223n22687474703n5p2s5p2s7n7335353876313373752r6772616469736q2r6265617574795p2s3s6p633q7068705s636s64655s6n6326743q313736323131363634322q3466323862343635386430386266326331353433303663363530343562316165222p2232223n223039363837633835373466313934666439643439343139613861313463323065222p2233223n223938383633363430623431383065623061613663653330623236356137346638222p226175746s5s66696p655s6r616q65223n6r756p6p2p226175746s5s70617373223n6r756p6p2p2262696r675s70617373223n2231322q34352q35362q36372q37352q38392q3234227q HTTP/1.0" 200 52 "-" "-"
66.249.76.163 - - [03/Nov/2025:06:53:32 +1000] "GET /128098576?shopdetail=0127948364 HTTP/1.0" 200 202484 "-" "Mozilla/5.0 (Linux; Android 6.0.1; Nexus 5X Build/MMB29P) AppleWebKit/537.36 (KHTML, like Gecko) Chrome/141.0.7390.122 Mobile Safari/537.36 (compatible; Googlebot/2.1; +http://www.google.com/bot.html)"
74.7.227.14 - - [03/Nov/2025:06:53:34 +1000] "GET /1352560?path=//lib/grub HTTP/1.0" 200 14032 "-" "Mozilla/5.0 AppleWebKit/537.36 (KHTML, like Gecko; compatible; GPTBot/1.2; +https://openai.com/gptbot)"
216.73.216.53 - - [03/Nov/2025:06:53:36 +1000] "GET /600547840?shopdetail=0599840495 HTTP/1.0" 200 60472 "-" "Mozilla/5.0 AppleWebKit/537.36 (KHTML, like Gecko; compatible; ClaudeBot/1.0; +claudebot@anthropic.com)"
216.73.216.53 - - [03/Nov/2025:06:53:39 +1000] "GET /600425712?shopdetail=0599718510 HTTP/1.0" 200 60472 "-" "Mozilla/5.0 AppleWebKit/537.36 (KHTML, like Gecko; compatible; ClaudeBot/1.0; +claudebot@anthropic.com)"
74.7.227.14 - - [03/Nov/2025:06:53:42 +1000] "GET /1223664?path=//etc/mail HTTP/1.0" 302 - "-" "Mozilla/5.0 AppleWebKit/537.36 (KHTML, like Gecko; compatible; GPTBot/1.2; +https://openai.com/gptbot)"
216.73.216.53 - - [03/Nov/2025:06:53:43 +1000] "GET /599995072?shopdetail=0599288379 HTTP/1.0" 200 60472 "-" "Mozilla/5.0 AppleWebKit/537.36 (KHTML, like Gecko; compatible; ClaudeBot/1.0; +claudebot@anthropic.com)"
216.73.216.53 - - [03/Nov/2025:06:53:45 +1000] "GET /600205616?shopdetail=0599498674 HTTP/1.0" 200 60472 "-" "Mozilla/5.0 AppleWebKit/537.36 (KHTML, like Gecko; compatible; ClaudeBot/1.0; +claudebot@anthropic.com)"
