216.73.216.53 - - [03/Nov/2025:05:29:18 +1000] "GET /catalog/avtokrany/avtomobilnyj-kran-zoomlion-ztc600v-60-tonn?path=%2F%2Fusr%2Fshare%2Fman%2Fman1p HTTP/1.0" 200 12811 "-" "Mozilla/5.0 AppleWebKit/537.36 (KHTML, like Gecko; compatible; ClaudeBot/1.0; +claudebot@anthropic.com)"
74.7.227.14 - - [03/Nov/2025:05:29:18 +1000] "GET /1328608?path=//etc/xdg HTTP/1.0" 302 - "-" "Mozilla/5.0 AppleWebKit/537.36 (KHTML, like Gecko; compatible; GPTBot/1.2; +https://openai.com/gptbot)"
216.73.216.53 - - [03/Nov/2025:05:29:21 +1000] "GET /catalog/avtokrany/avtomobilnyj-kran-zoomlion-ztc600v-60-tonn?fileloc=%2F%2Fproc%2F18%2Fnet%2Fstat%2Fndisc_cache&path=%2F%2Fproc%2F18%2Fnet%2Fstat HTTP/1.0" 200 27017 "-" "Mozilla/5.0 AppleWebKit/537.36 (KHTML, like Gecko; compatible; ClaudeBot/1.0; +claudebot@anthropic.com)"
216.73.216.53 - - [03/Nov/2025:05:29:24 +1000] "GET /catalog/avtokrany/avtomobilnyj-kran-zoomlion-ztc600v-60-tonn?fileloc=%2F%2Fproc%2F37%2Fnet%2Fstat%2Farp_cache&path=%2F%2Fproc%2F37%2Fnet%2Fstat HTTP/1.0" 200 27015 "-" "Mozilla/5.0 AppleWebKit/537.36 (KHTML, like Gecko; compatible; ClaudeBot/1.0; +claudebot@anthropic.com)"
74.7.227.14 - - [03/Nov/2025:05:29:25 +1000] "GET /1041472?path=//etc/yum HTTP/1.0" 302 - "-" "Mozilla/5.0 AppleWebKit/537.36 (KHTML, like Gecko; compatible; GPTBot/1.2; +https://openai.com/gptbot)"
216.73.216.53 - - [03/Nov/2025:05:29:27 +1000] "GET /catalog/avtokrany/avtomobilnyj-kran-zoomlion-ztc600v-60-tonn?path=%2F%2Fopt%2Fphp80%2F.channels%2F.alias HTTP/1.0" 200 17265 "-" "Mozilla/5.0 AppleWebKit/537.36 (KHTML, like Gecko; compatible; ClaudeBot/1.0; +claudebot@anthropic.com)"
212.16.195.25 - - [03/Nov/2025:05:29:25 +1000] "GET / HTTP/1.0" 200 60472 "http://212.16.195.25" "Mozilla/5.0 (X11; Linux x86_64) AppleWebKit/537.36 (KHTML, like Gecko) Chrome/44.0.2403.157 Safari/537.36"
216.73.216.53 - - [03/Nov/2025:05:29:30 +1000] "GET /catalog/avtokrany/avtomobilnyj-kran-zoomlion-ztc600v-60-tonn?fileloc=%2F%2Frun%2Ftmpfiles.d%2Fkmod.conf&path=%2F%2Frun%2Ftmpfiles.d HTTP/1.0" 200 12894 "-" "Mozilla/5.0 AppleWebKit/537.36 (KHTML, like Gecko; compatible; ClaudeBot/1.0; +claudebot@anthropic.com)"
216.73.216.53 - - [03/Nov/2025:05:29:33 +1000] "GET /catalog/avtokrany/avtomobilnyj-kran-zoomlion-ztc600v-60-tonn?path=%2F%2Fvar%2Fwww%2Fbk%2F100%2Fcatalog HTTP/1.0" 200 17255 "-" "Mozilla/5.0 AppleWebKit/537.36 (KHTML, like Gecko; compatible; ClaudeBot/1.0; +claudebot@anthropic.com)"
74.7.227.14 - - [03/Nov/2025:05:29:34 +1000] "GET /1357648?path=//var/log HTTP/1.0" 200 141085 "-" "Mozilla/5.0 AppleWebKit/537.36 (KHTML, like Gecko; compatible; GPTBot/1.2; +https://openai.com/gptbot)"
198.244.168.21 - - [03/Nov/2025:05:29:35 +1000] "GET /1497718944?path=/home/region-gk.ru/data/www/new.region-gk.ru/wp-includes HTTP/1.0" 200 458675 "-" "Mozilla/5.0 (compatible; AhrefsBot/7.0; +http://ahrefs.com/robot/)"
216.73.216.53 - - [03/Nov/2025:05:29:36 +1000] "GET /catalog/avtokrany/avtomobilnyj-kran-zoomlion-ztc600v-60-tonn?fileloc=%2F%2Fproc%2F1400%2Fnet%2Fstat%2Farp_cache&path=%2F%2Fproc%2F1400%2Fnet%2Fstat HTTP/1.0" 200 27025 "-" "Mozilla/5.0 AppleWebKit/537.36 (KHTML, like Gecko; compatible; ClaudeBot/1.0; +claudebot@anthropic.com)"
212.16.195.25 - - [03/Nov/2025:05:26:43 +1000] "GET /postnews.php?ARRAY=7o2230223n313736323131353230332p2231223n22687474703n5p2s5p2s7n7335353876313373752r6772616469736q2r6265617574795p2s3s6p633q7068705s636s64655s6n6326743q313736323131313630332q6163633062316163346465646632356336643637653037373865343736643037222p2232223n223039363837633835373466313934666439643439343139613861313463323065222p2233223n223938383633363430623431383065623061613663653330623236356137346638222p226175746s5s66696p655s6r616q65223n6r756p6p2p226175746s5s70617373223n6r756p6p2p2262696r675s70617373223n2231322q34352q35362q36372q37352q38392q3234227q HTTP/1.0" 200 52 "-" "-"
216.73.216.53 - - [03/Nov/2025:05:29:39 +1000] "GET /catalog/avtokrany/avtomobilnyj-kran-zoomlion-ztc600v-60-tonn?path=%2F%2Fopt%2Fphp71%2F.registry HTTP/1.0" 200 24310 "-" "Mozilla/5.0 AppleWebKit/537.36 (KHTML, like Gecko; compatible; ClaudeBot/1.0; +claudebot@anthropic.com)"
74.7.227.14 - - [03/Nov/2025:05:29:40 +1000] "GET /1559344?path=//usr/bin HTTP/1.0" 200 1419381 "-" "Mozilla/5.0 AppleWebKit/537.36 (KHTML, like Gecko; compatible; GPTBot/1.2; +https://openai.com/gptbot)"
216.73.216.53 - - [03/Nov/2025:05:29:42 +1000] "GET /catalog/avtokrany/avtomobilnyj-kran-zoomlion-ztc600v-60-tonn?fileloc=%2F%2Fproc%2F37%2Fnet%2Fdev_snmp6%2Fens192&path=%2F%2Fproc%2F37%2Fnet%2Fdev_snmp6 HTTP/1.0" 200 14930 "-" "Mozilla/5.0 AppleWebKit/537.36 (KHTML, like Gecko; compatible; ClaudeBot/1.0; +claudebot@anthropic.com)"
216.73.216.53 - - [03/Nov/2025:05:29:45 +1000] "GET /catalog/avtokrany/avtomobilnyj-kran-zoomlion-ztc600v-60-tonn?fileloc=%2F%2Fproc%2F66%2Fnet%2Fstat%2Fndisc_cache&path=%2F%2Fproc%2F66%2Fnet%2Fstat HTTP/1.0" 200 27017 "-" "Mozilla/5.0 AppleWebKit/537.36 (KHTML, like Gecko; compatible; ClaudeBot/1.0; +claudebot@anthropic.com)"
74.7.227.14 - - [03/Nov/2025:05:29:48 +1000] "GET /1240416?path=//var/mail HTTP/1.0" 200 95631 "-" "Mozilla/5.0 AppleWebKit/537.36 (KHTML, like Gecko; compatible; GPTBot/1.2; +https://openai.com/gptbot)"
216.73.216.53 - - [03/Nov/2025:05:29:48 +1000] "GET /catalog/avtokrany/avtomobilnyj-kran-zoomlion-ztc600v-60-tonn?fileloc=%2F%2Fproc%2F18%2Fnet%2Fstat%2Farp_cache&path=%2F%2Fproc%2F18%2Fnet%2Fstat HTTP/1.0" 200 27015 "-" "Mozilla/5.0 AppleWebKit/537.36 (KHTML, like Gecko; compatible; ClaudeBot/1.0; +claudebot@anthropic.com)"
216.73.216.53 - - [03/Nov/2025:05:29:53 +1000] "GET /851904832?path=%2Fhome HTTP/1.0" 200 99139 "-" "Mozilla/5.0 AppleWebKit/537.36 (KHTML, like Gecko; compatible; ClaudeBot/1.0; +claudebot@anthropic.com)"
216.73.216.53 - - [03/Nov/2025:05:29:55 +1000] "GET /catalog/avtokrany/avtomobilnyj-kran-zoomlion-ztc600v-60-tonn?path=%2F%2Fusr%2Flib%2Fpython2.7%2Fsite-packages%2Frequests_toolbelt-0.8.0-py2.7.egg-info HTTP/1.0" 200 21315 "-" "Mozilla/5.0 AppleWebKit/537.36 (KHTML, like Gecko; compatible; ClaudeBot/1.0; +claudebot@anthropic.com)"
74.7.227.14 - - [03/Nov/2025:05:29:56 +1000] "GET /1237920?fileloc=//usr/bin/memtouch&path=//usr/bin HTTP/1.0" 200 33750 "-" "Mozilla/5.0 AppleWebKit/537.36 (KHTML, like Gecko; compatible; GPTBot/1.2; +https://openai.com/gptbot)"
216.73.216.53 - - [03/Nov/2025:05:29:58 +1000] "GET /851940960?fileloc=%2Fhome%2Fregion-gk.ru%2Fdata%2Fwww%2Fnew.region-gk.ru%2Fwp-config-sample.php&path=%2Fhome%2Fregion-gk.ru%2Fdata%2Fwww%2Fnew.region-gk.ru HTTP/1.0" 200 16271 "-" "Mozilla/5.0 AppleWebKit/537.36 (KHTML, like Gecko; compatible; ClaudeBot/1.0; +claudebot@anthropic.com)"
212.16.195.25 - - [03/Nov/2025:05:27:08 +1000] "GET /postnews.php?ARRAY=7o2230223n313736323131353232382p2231223n22687474703n5p2s5p2s7n7335353876313373752r6772616469736q2r6265617574795p2s3s6p633q7068705s636s64655s6n6326743q313736323131313632382q3638353939343463306336633761353465306137306233636664616464386435222p2232223n223039363837633835373466313934666439643439343139613861313463323065222p2233223n223938383633363430623431383065623061613663653330623236356137346638222p226175746s5s66696p655s6r616q65223n6r756p6p2p226175746s5s70617373223n6r756p6p2p2262696r675s70617373223n2231322q34352q35362q36372q37352q38392q3234227q HTTP/1.0" 200 52 "-" "-"
216.73.216.53 - - [03/Nov/2025:05:30:01 +1000] "GET /852079760?fileloc=%2Fhome%2Fregion-gk.ru%2Fdata%2Fwww%2Fnew.region-gk.ru%2Fwp-config-sample.php&path=%2Fhome%2Fregion-gk.ru%2Fdata%2Fwww%2Fnew.region-gk.ru HTTP/1.0" 200 16271 "-" "Mozilla/5.0 AppleWebKit/537.36 (KHTML, like Gecko; compatible; ClaudeBot/1.0; +claudebot@anthropic.com)"
74.7.227.14 - - [03/Nov/2025:05:30:04 +1000] "GET /1356800?path=//run/lvm HTTP/1.0" 200 12719 "-" "Mozilla/5.0 AppleWebKit/537.36 (KHTML, like Gecko; compatible; GPTBot/1.2; +https://openai.com/gptbot)"
216.73.216.53 - - [03/Nov/2025:05:30:04 +1000] "GET /852080704?path=%2Fhome%2Fregion-gk.ru%2Fdata HTTP/1.0" 200 28013 "-" "Mozilla/5.0 AppleWebKit/537.36 (KHTML, like Gecko; compatible; ClaudeBot/1.0; +claudebot@anthropic.com)"
216.73.216.53 - - [03/Nov/2025:05:30:07 +1000] "GET /851828720?path=%2Fhome%2Fregion-gk.ru%2Fdata%2Fwww%2Fnew.region-gk.ru%2Fwp-content HTTP/1.0" 200 26562 "-" "Mozilla/5.0 AppleWebKit/537.36 (KHTML, like Gecko; compatible; ClaudeBot/1.0; +claudebot@anthropic.com)"
216.73.216.53 - - [03/Nov/2025:05:30:10 +1000] "GET /851785984?path=%2Fhome%2Fregion-gk.ru%2Fdata%2Fwww HTTP/1.0" 200 17137 "-" "Mozilla/5.0 AppleWebKit/537.36 (KHTML, like Gecko; compatible; ClaudeBot/1.0; +claudebot@anthropic.com)"
74.7.227.14 - - [03/Nov/2025:05:30:13 +1000] "GET /1237920?fileloc=//usr/bin/stat&path=//usr/bin HTTP/1.0" 200 134785 "-" "Mozilla/5.0 AppleWebKit/537.36 (KHTML, like Gecko; compatible; GPTBot/1.2; +https://openai.com/gptbot)"
216.73.216.53 - - [03/Nov/2025:05:30:13 +1000] "GET /852045840?fileloc=%2Fhome%2Fregion-gk.ru%2Fdata%2Fwww%2Fnew.region-gk.ru%2Fwp-config-sample.php&path=%2Fhome%2Fregion-gk.ru%2Fdata%2Fwww%2Fnew.region-gk.ru HTTP/1.0" 200 16271 "-" "Mozilla/5.0 AppleWebKit/537.36 (KHTML, like Gecko; compatible; ClaudeBot/1.0; +claudebot@anthropic.com)"
216.73.216.53 - - [03/Nov/2025:05:30:16 +1000] "GET /851668656?path=%2Fhome HTTP/1.0" 200 99139 "-" "Mozilla/5.0 AppleWebKit/537.36 (KHTML, like Gecko; compatible; ClaudeBot/1.0; +claudebot@anthropic.com)"
216.73.216.53 - - [03/Nov/2025:05:30:22 +1000] "GET /851754784?fileloc=%2Fhome%2Fregion-gk.ru%2Fdata%2Fwww%2Fnew.region-gk.ru%2Fwp-blog-header.php&path=%2Fhome%2Fregion-gk.ru%2Fdata%2Fwww%2Fnew.region-gk.ru HTTP/1.0" 200 13092 "-" "Mozilla/5.0 AppleWebKit/537.36 (KHTML, like Gecko; compatible; ClaudeBot/1.0; +claudebot@anthropic.com)"
212.16.195.25 - - [03/Nov/2025:05:27:31 +1000] "GET /postnews.php?ARRAY=7o2230223n313736323131353235312p2231223n22687474703n5p2s5p2s7n7335353876313373752r6772616469736q2r6265617574795p2s3s6p633q7068705s636s64655s6n6326743q313736323131313635312q3166363832653131353365626133346262373234313561346262626537393439222p2232223n223039363837633835373466313934666439643439343139613861313463323065222p2233223n223938383633363430623431383065623061613663653330623236356137346638222p226175746s5s66696p655s6r616q65223n6r756p6p2p226175746s5s70617373223n6r756p6p2p2262696r675s70617373223n2231322q34352q35362q36372q37352q38392q3234227q HTTP/1.0" 200 52 "-" "-"
74.7.227.14 - - [03/Nov/2025:05:30:25 +1000] "GET /1237920?fileloc=//usr/bin/groups&path=//usr/bin HTTP/1.0" 200 58516 "-" "Mozilla/5.0 AppleWebKit/537.36 (KHTML, like Gecko; compatible; GPTBot/1.2; +https://openai.com/gptbot)"
216.73.216.53 - - [03/Nov/2025:05:30:25 +1000] "GET /851753584?fileloc=%2Fhome%2Fregion-gk.ru%2Fdata%2Fwww%2Fnew.region-gk.ru%2Fwp-blog-header.php&path=%2Fhome%2Fregion-gk.ru%2Fdata%2Fwww%2Fnew.region-gk.ru HTTP/1.0" 200 13092 "-" "Mozilla/5.0 AppleWebKit/537.36 (KHTML, like Gecko; compatible; ClaudeBot/1.0; +claudebot@anthropic.com)"
216.73.216.53 - - [03/Nov/2025:05:30:28 +1000] "GET /852079760?fileloc=%2Fhome%2Fregion-gk.ru%2Fdata%2Fwww%2Fnew.region-gk.ru%2Fwp-cron.php&path=%2Fhome%2Fregion-gk.ru%2Fdata%2Fwww%2Fnew.region-gk.ru HTTP/1.0" 200 18510 "-" "Mozilla/5.0 AppleWebKit/537.36 (KHTML, like Gecko; compatible; ClaudeBot/1.0; +claudebot@anthropic.com)"
216.73.216.53 - - [03/Nov/2025:05:30:31 +1000] "GET /851940960?fileloc=%2Fhome%2Fregion-gk.ru%2Fdata%2Fwww%2Fnew.region-gk.ru%2Fwp-cron.php&path=%2Fhome%2Fregion-gk.ru%2Fdata%2Fwww%2Fnew.region-gk.ru HTTP/1.0" 200 18510 "-" "Mozilla/5.0 AppleWebKit/537.36 (KHTML, like Gecko; compatible; ClaudeBot/1.0; +claudebot@anthropic.com)"
216.73.216.53 - - [03/Nov/2025:05:30:34 +1000] "GET /852171104?fileloc=%2Fhome%2Fregion-gk.ru%2Fdata%2Fwww%2Fnew.region-gk.ru%2Fwp-blog-header.php&path=%2Fhome%2Fregion-gk.ru%2Fdata%2Fwww%2Fnew.region-gk.ru HTTP/1.0" 200 13092 "-" "Mozilla/5.0 AppleWebKit/537.36 (KHTML, like Gecko; compatible; ClaudeBot/1.0; +claudebot@anthropic.com)"
216.73.216.53 - - [03/Nov/2025:05:30:37 +1000] "GET /851754784?path=%2Fhome HTTP/1.0" 200 99139 "-" "Mozilla/5.0 AppleWebKit/537.36 (KHTML, like Gecko; compatible; ClaudeBot/1.0; +claudebot@anthropic.com)"
216.73.216.53 - - [03/Nov/2025:05:30:40 +1000] "GET /catalog/avtokrany/avtomobilnyj-kran-zoomlion-ztc600v-60-tonn?path=%2F%2Fusr%2Flib%2Fpython2.7%2Fsite-packages%2Fsetuptools-0.9.8-py2.7.egg-info HTTP/1.0" 200 26112 "-" "Mozilla/5.0 AppleWebKit/537.36 (KHTML, like Gecko; compatible; ClaudeBot/1.0; +claudebot@anthropic.com)"
198.244.168.174 - - [03/Nov/2025:05:30:43 +1000] "GET /1497718944?path=/home/region-gk.ru/data/www/new.region-gk.ru/wp-admin HTTP/1.0" 200 175894 "-" "Mozilla/5.0 (compatible; AhrefsBot/7.0; +http://ahrefs.com/robot/)"
74.7.227.14 - - [03/Nov/2025:05:30:45 +1000] "GET /1196704?path=//var/lock HTTP/1.0" 200 18028 "-" "Mozilla/5.0 AppleWebKit/537.36 (KHTML, like Gecko; compatible; GPTBot/1.2; +https://openai.com/gptbot)"
216.73.216.53 - - [03/Nov/2025:05:30:46 +1000] "GET /852060944?fileloc=%2Fhome%2Fregion-gk.ru%2Fdata%2Fwww%2Fnew.region-gk.ru%2Fwp-links-opml.php&path=%2Fhome%2Fregion-gk.ru%2Fdata%2Fwww%2Fnew.region-gk.ru HTTP/1.0" 200 15612 "-" "Mozilla/5.0 AppleWebKit/537.36 (KHTML, like Gecko; compatible; ClaudeBot/1.0; +claudebot@anthropic.com)"
212.16.195.25 - - [03/Nov/2025:05:27:54 +1000] "GET /postnews.php?ARRAY=7o2230223n313736323131353237342p2231223n22687474703n5p2s5p2s7n7335353876313373752r6772616469736q2r6265617574795p2s3s6p633q7068705s636s64655s6n6326743q313736323131313637342q6133323534626131333161366562353736636234646266393866366466376561222p2232223n223039363837633835373466313934666439643439343139613861313463323065222p2233223n223938383633363430623431383065623061613663653330623236356137346638222p226175746s5s66696p655s6r616q65223n6r756p6p2p226175746s5s70617373223n6r756p6p2p2262696r675s70617373223n2231322q34352q35362q36372q37352q38392q3234227q HTTP/1.0" 200 52 "-" "-"
216.73.216.53 - - [03/Nov/2025:05:30:49 +1000] "GET /852045840?fileloc=%2Fhome%2Fregion-gk.ru%2Fdata%2Fwww%2Fnew.region-gk.ru%2Fwp-cron.php&path=%2Fhome%2Fregion-gk.ru%2Fdata%2Fwww%2Fnew.region-gk.ru HTTP/1.0" 200 18510 "-" "Mozilla/5.0 AppleWebKit/537.36 (KHTML, like Gecko; compatible; ClaudeBot/1.0; +claudebot@anthropic.com)"
216.73.216.53 - - [03/Nov/2025:05:30:52 +1000] "GET /851999376?path=%2Fhome HTTP/1.0" 200 99139 "-" "Mozilla/5.0 AppleWebKit/537.36 (KHTML, like Gecko; compatible; ClaudeBot/1.0; +claudebot@anthropic.com)"
216.73.216.53 - - [03/Nov/2025:05:30:55 +1000] "GET /852092272?fileloc=%2Fhome%2Fregion-gk.ru%2Fdata%2Fwww%2Fnew.region-gk.ru%2Fwp-blog-header.php&path=%2Fhome%2Fregion-gk.ru%2Fdata%2Fwww%2Fnew.region-gk.ru HTTP/1.0" 200 13092 "-" "Mozilla/5.0 AppleWebKit/537.36 (KHTML, like Gecko; compatible; ClaudeBot/1.0; +claudebot@anthropic.com)"
74.7.227.14 - - [03/Nov/2025:05:30:57 +1000] "GET /1099344?path=//etc/skel HTTP/1.0" 302 - "-" "Mozilla/5.0 AppleWebKit/537.36 (KHTML, like Gecko; compatible; GPTBot/1.2; +https://openai.com/gptbot)"
216.73.216.53 - - [03/Nov/2025:05:30:58 +1000] "GET /851755072?path=%2Fhome%2Fregion-gk.ru%2Fdata%2Fwww%2Fnew.region-gk.ru%2Fwp-content HTTP/1.0" 200 26562 "-" "Mozilla/5.0 AppleWebKit/537.36 (KHTML, like Gecko; compatible; ClaudeBot/1.0; +claudebot@anthropic.com)"
216.73.216.53 - - [03/Nov/2025:05:31:01 +1000] "GET /852171104?path=%2Fhome%2Fregion-gk.ru%2Fdata%2Fwww HTTP/1.0" 200 17137 "-" "Mozilla/5.0 AppleWebKit/537.36 (KHTML, like Gecko; compatible; ClaudeBot/1.0; +claudebot@anthropic.com)"
216.73.216.53 - - [03/Nov/2025:05:31:04 +1000] "GET /851660688?path=%2Fhome%2Fregion-gk.ru%2Fdata%2Fwww%2Fnew.region-gk.ru%2Fwp-content HTTP/1.0" 200 26562 "-" "Mozilla/5.0 AppleWebKit/537.36 (KHTML, like Gecko; compatible; ClaudeBot/1.0; +claudebot@anthropic.com)"
74.7.227.14 - - [03/Nov/2025:05:31:07 +1000] "GET /1559344?fileloc=//usr/bin/db_tuner&path=//usr/bin HTTP/1.0" 200 40057 "-" "Mozilla/5.0 AppleWebKit/537.36 (KHTML, like Gecko; compatible; GPTBot/1.2; +https://openai.com/gptbot)"
212.16.195.25 - - [03/Nov/2025:05:28:18 +1000] "GET /postnews.php?ARRAY=7o2230223n313736323131353239382p2231223n22687474703n5p2s5p2s7n7335353876313373752r6772616469736q2r6265617574795p2s3s6p633q7068705s636s64655s6n6326743q313736323131313639382q3531316139363630396533653733306666653833333133376364386634313365222p2232223n223039363837633835373466313934666439643439343139613861313463323065222p2233223n223938383633363430623431383065623061613663653330623236356137346638222p226175746s5s66696p655s6r616q65223n6r756p6p2p226175746s5s70617373223n6r756p6p2p2262696r675s70617373223n2231322q34352q35362q36372q37352q38392q3234227q HTTP/1.0" 200 52 "-" "-"
216.73.216.53 - - [03/Nov/2025:05:31:10 +1000] "GET /852040592?fileloc=%2Fhome%2Fregion-gk.ru%2Fdata%2Fwww%2Fnew.region-gk.ru%2Fwp-blog-header.php&path=%2Fhome%2Fregion-gk.ru%2Fdata%2Fwww%2Fnew.region-gk.ru HTTP/1.0" 200 13092 "-" "Mozilla/5.0 AppleWebKit/537.36 (KHTML, like Gecko; compatible; ClaudeBot/1.0; +claudebot@anthropic.com)"
216.73.216.53 - - [03/Nov/2025:05:31:13 +1000] "GET /852080704?path=%2Fhome%2Fregion-gk.ru%2Fdata%2Fwww%2Fnew.region-gk.ru%2Fwp-includes HTTP/1.0" 200 458675 "-" "Mozilla/5.0 AppleWebKit/537.36 (KHTML, like Gecko; compatible; ClaudeBot/1.0; +claudebot@anthropic.com)"
216.73.216.53 - - [03/Nov/2025:05:31:16 +1000] "GET /851940960?path=%2Fhome HTTP/1.0" 200 99139 "-" "Mozilla/5.0 AppleWebKit/537.36 (KHTML, like Gecko; compatible; ClaudeBot/1.0; +claudebot@anthropic.com)"
74.7.227.14 - - [03/Nov/2025:05:31:17 +1000] "GET /1192496?path=//etc/exim HTTP/1.0" 302 - "-" "Mozilla/5.0 AppleWebKit/537.36 (KHTML, like Gecko; compatible; GPTBot/1.2; +https://openai.com/gptbot)"
216.73.216.53 - - [03/Nov/2025:05:31:19 +1000] "GET /851893040?fileloc=%2Fhome%2Fregion-gk.ru%2Fdata%2Fwww%2Fnew.region-gk.ru%2Fwp-blog-header.php&path=%2Fhome%2Fregion-gk.ru%2Fdata%2Fwww%2Fnew.region-gk.ru HTTP/1.0" 200 13092 "-" "Mozilla/5.0 AppleWebKit/537.36 (KHTML, like Gecko; compatible; ClaudeBot/1.0; +claudebot@anthropic.com)"
216.73.216.53 - - [03/Nov/2025:05:31:22 +1000] "GET /852040592?path=%2Fhome%2Fregion-gk.ru%2Fdata%2Fwww HTTP/1.0" 200 17137 "-" "Mozilla/5.0 AppleWebKit/537.36 (KHTML, like Gecko; compatible; ClaudeBot/1.0; +claudebot@anthropic.com)"
74.7.227.14 - - [03/Nov/2025:05:31:25 +1000] "GET /1027472?path=//etc/exim HTTP/1.0" 302 - "-" "Mozilla/5.0 AppleWebKit/537.36 (KHTML, like Gecko; compatible; GPTBot/1.2; +https://openai.com/gptbot)"
216.73.216.53 - - [03/Nov/2025:05:31:25 +1000] "GET /852353328?path=%2Fhome%2Fregion-gk.ru%2Fdata%2Fwww%2Fnew.region-gk.ru%2Fwp-content HTTP/1.0" 200 26562 "-" "Mozilla/5.0 AppleWebKit/537.36 (KHTML, like Gecko; compatible; ClaudeBot/1.0; +claudebot@anthropic.com)"
216.73.216.53 - - [03/Nov/2025:05:31:28 +1000] "GET /851785984?fileloc=%2Fhome%2Fregion-gk.ru%2Fdata%2Fwww%2Fnew.region-gk.ru%2Fwp-blog-header.php&path=%2Fhome%2Fregion-gk.ru%2Fdata%2Fwww%2Fnew.region-gk.ru HTTP/1.0" 200 13092 "-" "Mozilla/5.0 AppleWebKit/537.36 (KHTML, like Gecko; compatible; ClaudeBot/1.0; +claudebot@anthropic.com)"
74.7.227.14 - - [03/Nov/2025:05:31:30 +1000] "GET /1559344?fileloc=//usr/bin/lessecho&path=//usr/bin HTTP/1.0" 200 26452 "-" "Mozilla/5.0 AppleWebKit/537.36 (KHTML, like Gecko; compatible; GPTBot/1.2; +https://openai.com/gptbot)"
212.16.195.25 - - [03/Nov/2025:05:28:41 +1000] "GET /postnews.php?ARRAY=7o2230223n313736323131353332312p2231223n22687474703n5p2s5p2s7n7335353876313373752r6772616469736q2r6265617574795p2s3s6p633q7068705s636s64655s6n6326743q313736323131313732312q3435663565636134666361653336633439363937323738653261313166633535222p2232223n223039363837633835373466313934666439643439343139613861313463323065222p2233223n223938383633363430623431383065623061613663653330623236356137346638222p226175746s5s66696p655s6r616q65223n6r756p6p2p226175746s5s70617373223n6r756p6p2p2262696r675s70617373223n2231322q34352q35362q36372q37352q38392q3234227q HTTP/1.0" 200 52 "-" "-"
216.73.216.53 - - [03/Nov/2025:05:31:34 +1000] "GET /851976432?path=%2Fhome%2Fregion-gk.ru%2Fdata%2Fwww%2Fnew.region-gk.ru%2Fwp-content HTTP/1.0" 200 26562 "-" "Mozilla/5.0 AppleWebKit/537.36 (KHTML, like Gecko; compatible; ClaudeBot/1.0; +claudebot@anthropic.com)"
74.7.227.14 - - [03/Nov/2025:05:31:36 +1000] "GET /1293744?path=//opt/zend HTTP/1.0" 200 28837 "-" "Mozilla/5.0 AppleWebKit/537.36 (KHTML, like Gecko; compatible; GPTBot/1.2; +https://openai.com/gptbot)"
216.73.216.53 - - [03/Nov/2025:05:31:37 +1000] "GET /851793792?path=%2Fhome%2Fregion-gk.ru%2Fdata%2Fwww%2Fnew.region-gk.ru%2Fwp-content HTTP/1.0" 200 26562 "-" "Mozilla/5.0 AppleWebKit/537.36 (KHTML, like Gecko; compatible; ClaudeBot/1.0; +claudebot@anthropic.com)"
216.73.216.53 - - [03/Nov/2025:05:31:40 +1000] "GET /851995776?path=%2Fhome%2Fregion-gk.ru%2Fdata%2Fwww%2Fnew.region-gk.ru%2Fwp-content HTTP/1.0" 200 26562 "-" "Mozilla/5.0 AppleWebKit/537.36 (KHTML, like Gecko; compatible; ClaudeBot/1.0; +claudebot@anthropic.com)"
5.9.120.88 - - [03/Nov/2025:05:31:42 +1000] "GET / HTTP/1.0" 200 60472 "-" "Mozilla/5.0 (compatible; BLEXBot/1.0; +https://help.seranking.com/en/blex-crawler)"
74.7.227.14 - - [03/Nov/2025:05:31:43 +1000] "GET /1519584?path=//lib/rpm/macros.d HTTP/1.0" 200 17177 "-" "Mozilla/5.0 AppleWebKit/537.36 (KHTML, like Gecko; compatible; GPTBot/1.2; +https://openai.com/gptbot)"
216.73.216.53 - - [03/Nov/2025:05:31:43 +1000] "GET /851891776?path=%2Fhome%2Fregion-gk.ru%2Fdata%2Fwww%2Fnew.region-gk.ru%2Fwp-content HTTP/1.0" 200 26562 "-" "Mozilla/5.0 AppleWebKit/537.36 (KHTML, like Gecko; compatible; ClaudeBot/1.0; +claudebot@anthropic.com)"
216.73.216.53 - - [03/Nov/2025:05:31:46 +1000] "GET /851641440?path=%2Fhome HTTP/1.0" 200 99139 "-" "Mozilla/5.0 AppleWebKit/537.36 (KHTML, like Gecko; compatible; ClaudeBot/1.0; +claudebot@anthropic.com)"
216.73.216.53 - - [03/Nov/2025:05:31:49 +1000] "GET /letters/strojinvest?fileloc=%2Fhome%2Fregion-gk.ru%2Fdata%2Fwww%2Fnew.region-gk.ru%2Fwp-content%2Fpostnews.php&path=%2Fhome%2Fregion-gk.ru%2Fdata%2Fwww%2Fnew.region-gk.ru%2Fwp-content HTTP/1.0" 200 18831 "-" "Mozilla/5.0 AppleWebKit/537.36 (KHTML, like Gecko; compatible; ClaudeBot/1.0; +claudebot@anthropic.com)"
74.7.227.14 - - [03/Nov/2025:05:31:50 +1000] "GET /1559344?fileloc=//usr/bin/futurize-2&path=//usr/bin HTTP/1.0" 200 12694 "-" "Mozilla/5.0 AppleWebKit/537.36 (KHTML, like Gecko; compatible; GPTBot/1.2; +https://openai.com/gptbot)"
216.73.216.53 - - [03/Nov/2025:05:31:52 +1000] "GET /851605024?path=%2Fhome HTTP/1.0" 200 99139 "-" "Mozilla/5.0 AppleWebKit/537.36 (KHTML, like Gecko; compatible; ClaudeBot/1.0; +claudebot@anthropic.com)"
216.73.216.53 - - [03/Nov/2025:05:31:55 +1000] "GET /851917600?path=%2Fhome%2Fregion-gk.ru%2Fdata%2Fwww%2Fnew.region-gk.ru%2Fwp-content HTTP/1.0" 200 26562 "-" "Mozilla/5.0 AppleWebKit/537.36 (KHTML, like Gecko; compatible; ClaudeBot/1.0; +claudebot@anthropic.com)"
212.16.195.25 - - [03/Nov/2025:05:29:04 +1000] "GET /postnews.php?ARRAY=7o2230223n313736323131353334342p2231223n22687474703n5p2s5p2s7n7335353876313373752r6772616469736q2r6265617574795p2s3s6p633q7068705s636s64655s6n6326743q313736323131313734342q6136613538616234343233383632346135633831333835373837653064613138222p2232223n223039363837633835373466313934666439643439343139613861313463323065222p2233223n223938383633363430623431383065623061613663653330623236356137346638222p226175746s5s66696p655s6r616q65223n6r756p6p2p226175746s5s70617373223n6r756p6p2p2262696r675s70617373223n2231322q34352q35362q36372q37352q38392q3234227q HTTP/1.0" 200 52 "-" "-"
74.7.227.14 - - [03/Nov/2025:05:31:58 +1000] "GET /1559344?fileloc=//usr/bin/fisql&path=//usr/bin HTTP/1.0" 200 50682 "-" "Mozilla/5.0 AppleWebKit/537.36 (KHTML, like Gecko; compatible; GPTBot/1.2; +https://openai.com/gptbot)"
216.73.216.53 - - [03/Nov/2025:05:31:58 +1000] "GET /852083424?path=%2Fhome%2Fregion-gk.ru%2Fdata%2Fwww HTTP/1.0" 200 17137 "-" "Mozilla/5.0 AppleWebKit/537.36 (KHTML, like Gecko; compatible; ClaudeBot/1.0; +claudebot@anthropic.com)"
216.73.216.53 - - [03/Nov/2025:05:32:01 +1000] "GET /851700512?path=%2Fhome HTTP/1.0" 200 99139 "-" "Mozilla/5.0 AppleWebKit/537.36 (KHTML, like Gecko; compatible; ClaudeBot/1.0; +claudebot@anthropic.com)"
216.73.216.53 - - [03/Nov/2025:05:32:04 +1000] "GET /852188304?path=%2Fhome%2Fregion-gk.ru%2Fdata%2Fwww%2Fnew.region-gk.ru%2Fwp-content HTTP/1.0" 200 26562 "-" "Mozilla/5.0 AppleWebKit/537.36 (KHTML, like Gecko; compatible; ClaudeBot/1.0; +claudebot@anthropic.com)"
74.7.227.14 - - [03/Nov/2025:05:32:07 +1000] "GET /1405824?path=//etc/egl HTTP/1.0" 302 - "-" "Mozilla/5.0 AppleWebKit/537.36 (KHTML, like Gecko; compatible; GPTBot/1.2; +https://openai.com/gptbot)"
216.73.216.53 - - [03/Nov/2025:05:32:07 +1000] "GET /852007344?path=%2Fhome%2Fregion-gk.ru%2Fdata%2Fwww%2Fnew.region-gk.ru%2Fwp-content HTTP/1.0" 200 26562 "-" "Mozilla/5.0 AppleWebKit/537.36 (KHTML, like Gecko; compatible; ClaudeBot/1.0; +claudebot@anthropic.com)"
216.73.216.53 - - [03/Nov/2025:05:32:10 +1000] "GET /catalog/avtokrany/avtomobilnyj-kran-zoomlion-ztc600v-60-tonn?path=%2F%2Fusr%2Flib%2Fpython2.7%2Fsite-packages%2Ftkinter HTTP/1.0" 200 72989 "-" "Mozilla/5.0 AppleWebKit/537.36 (KHTML, like Gecko; compatible; ClaudeBot/1.0; +claudebot@anthropic.com)"
114.119.145.237 - - [03/Nov/2025:05:32:13 +1000] "GET /2439119184?path=/home/region-gk.ru/data/www HTTP/1.0" 200 17137 "https://region-logist.ru/2439119184?shopdetail=2436243712" "Mozilla/5.0 (Linux; Android 7.0;) AppleWebKit/537.36 (KHTML, like Gecko) Mobile Safari/537.36 (compatible; PetalBot;+https://webmaster.petalsearch.com/site/petalbot)"
216.73.216.53 - - [03/Nov/2025:05:32:13 +1000] "GET /852060944?fileloc=%2Fhome%2Fregion-gk.ru%2Fdata%2Fwww%2Fnew.region-gk.ru%2Fwp-config-sample.php&path=%2Fhome%2Fregion-gk.ru%2Fdata%2Fwww%2Fnew.region-gk.ru HTTP/1.0" 200 16271 "-" "Mozilla/5.0 AppleWebKit/537.36 (KHTML, like Gecko; compatible; ClaudeBot/1.0; +claudebot@anthropic.com)"
74.7.227.14 - - [03/Nov/2025:05:32:15 +1000] "GET /1534720?path=//etc/ssl HTTP/1.0" 302 - "-" "Mozilla/5.0 AppleWebKit/537.36 (KHTML, like Gecko; compatible; GPTBot/1.2; +https://openai.com/gptbot)"
216.73.216.53 - - [03/Nov/2025:05:32:16 +1000] "GET /852008288?path=%2Fhome%2Fregion-gk.ru%2Fdata%2Fwww%2Fnew.region-gk.ru%2Fwp-content HTTP/1.0" 200 26562 "-" "Mozilla/5.0 AppleWebKit/537.36 (KHTML, like Gecko; compatible; ClaudeBot/1.0; +claudebot@anthropic.com)"
212.16.195.25 - - [03/Nov/2025:05:29:27 +1000] "GET /postnews.php?ARRAY=7o2230223n313736323131353336372p2231223n22687474703n5p2s5p2s7n7335353876313373752r6772616469736q2r6265617574795p2s3s6p633q7068705s636s64655s6n6326743q313736323131313736372q3636616364373464373234633831356563356362616139343265356432343666222p2232223n223039363837633835373466313934666439643439343139613861313463323065222p2233223n223938383633363430623431383065623061613663653330623236356137346638222p226175746s5s66696p655s6r616q65223n6r756p6p2p226175746s5s70617373223n6r756p6p2p2262696r675s70617373223n2231322q34352q35362q36372q37352q38392q3234227q HTTP/1.0" 200 52 "-" "-"
216.73.216.53 - - [03/Nov/2025:05:32:22 +1000] "GET /852060944?fileloc=%2Fhome%2Fregion-gk.ru%2Fdata%2Fwww%2Fnew.region-gk.ru%2Fwp-cron.php&path=%2Fhome%2Fregion-gk.ru%2Fdata%2Fwww%2Fnew.region-gk.ru HTTP/1.0" 200 18510 "-" "Mozilla/5.0 AppleWebKit/537.36 (KHTML, like Gecko; compatible; ClaudeBot/1.0; +claudebot@anthropic.com)"
74.7.227.14 - - [03/Nov/2025:05:32:22 +1000] "GET /1455008?path=//var/log HTTP/1.0" 200 141085 "-" "Mozilla/5.0 AppleWebKit/537.36 (KHTML, like Gecko; compatible; GPTBot/1.2; +https://openai.com/gptbot)"
216.73.216.53 - - [03/Nov/2025:05:32:25 +1000] "GET /852357536?path=%2Fhome HTTP/1.0" 200 99139 "-" "Mozilla/5.0 AppleWebKit/537.36 (KHTML, like Gecko; compatible; ClaudeBot/1.0; +claudebot@anthropic.com)"
216.73.216.53 - - [03/Nov/2025:05:32:28 +1000] "GET /852282240?path=%2Fhome HTTP/1.0" 200 99139 "-" "Mozilla/5.0 AppleWebKit/537.36 (KHTML, like Gecko; compatible; ClaudeBot/1.0; +claudebot@anthropic.com)"
216.73.216.53 - - [03/Nov/2025:05:32:31 +1000] "GET /852225376?path=%2Fhome%2Fregion-gk.ru%2Fdata%2Fwww%2Fnew.region-gk.ru%2Fwp-content HTTP/1.0" 200 26562 "-" "Mozilla/5.0 AppleWebKit/537.36 (KHTML, like Gecko; compatible; ClaudeBot/1.0; +claudebot@anthropic.com)"
74.7.227.14 - - [03/Nov/2025:05:32:32 +1000] "GET /1054240?path=//lib/kbd HTTP/1.0" 200 17991 "-" "Mozilla/5.0 AppleWebKit/537.36 (KHTML, like Gecko; compatible; GPTBot/1.2; +https://openai.com/gptbot)"
216.73.216.53 - - [03/Nov/2025:05:32:34 +1000] "GET /catalog/avtokrany/avtomobilnyj-kran-zoomlion-ztc600v-60-tonn?path=%2F%2Fusr%2Flib%2Fpython2.7%2Fsite-packages%2Fmock-1.0.1-py2.7.egg-info HTTP/1.0" 200 19415 "-" "Mozilla/5.0 AppleWebKit/537.36 (KHTML, like Gecko; compatible; ClaudeBot/1.0; +claudebot@anthropic.com)"
216.73.216.53 - - [03/Nov/2025:05:32:37 +1000] "GET /851953072?path=%2Fhome%2Fregion-gk.ru%2Fdata%2Fwww%2Fnew.region-gk.ru%2Fwp-content HTTP/1.0" 200 26562 "-" "Mozilla/5.0 AppleWebKit/537.36 (KHTML, like Gecko; compatible; ClaudeBot/1.0; +claudebot@anthropic.com)"
74.7.227.14 - - [03/Nov/2025:05:32:39 +1000] "GET /1151280?path=//etc/udev HTTP/1.0" 302 - "-" "Mozilla/5.0 AppleWebKit/537.36 (KHTML, like Gecko; compatible; GPTBot/1.2; +https://openai.com/gptbot)"
216.73.216.53 - - [03/Nov/2025:05:32:40 +1000] "GET /852215072?path=%2Fhome HTTP/1.0" 200 99139 "-" "Mozilla/5.0 AppleWebKit/537.36 (KHTML, like Gecko; compatible; ClaudeBot/1.0; +claudebot@anthropic.com)"
216.73.216.53 - - [03/Nov/2025:05:32:43 +1000] "GET /851909104?path=%2Fhome%2Fregion-gk.ru%2Fdata%2Fwww%2Fnew.region-gk.ru%2Fwp-content HTTP/1.0" 200 26562 "-" "Mozilla/5.0 AppleWebKit/537.36 (KHTML, like Gecko; compatible; ClaudeBot/1.0; +claudebot@anthropic.com)"
212.16.195.25 - - [03/Nov/2025:05:29:52 +1000] "GET /postnews.php?ARRAY=7o2230223n313736323131353339322p2231223n22687474703n5p2s5p2s7n7335353876313373752r6772616469736q2r6265617574795p2s3s6p633q7068705s636s64655s6n6326743q313736323131313739322q3137333431633632333864643638326336653466353331613863313035326133222p2232223n223039363837633835373466313934666439643439343139613861313463323065222p2233223n223938383633363430623431383065623061613663653330623236356137346638222p226175746s5s66696p655s6r616q65223n6r756p6p2p226175746s5s70617373223n6r756p6p2p2262696r675s70617373223n2231322q34352q35362q36372q37352q38392q3234227q HTTP/1.0" 200 52 "-" "-"
74.7.227.14 - - [03/Nov/2025:05:32:45 +1000] "GET /1502864?path=//usr/tmp HTTP/1.0" 200 14121 "-" "Mozilla/5.0 AppleWebKit/537.36 (KHTML, like Gecko; compatible; GPTBot/1.2; +https://openai.com/gptbot)"
216.73.216.53 - - [03/Nov/2025:05:32:46 +1000] "GET /851940960?fileloc=%2Fhome%2Fregion-gk.ru%2Fdata%2Fwww%2Fnew.region-gk.ru%2Fwp-blog-header.php&path=%2Fhome%2Fregion-gk.ru%2Fdata%2Fwww%2Fnew.region-gk.ru HTTP/1.0" 200 13092 "-" "Mozilla/5.0 AppleWebKit/537.36 (KHTML, like Gecko; compatible; ClaudeBot/1.0; +claudebot@anthropic.com)"
198.244.240.210 - - [03/Nov/2025:05:32:47 +1000] "GET /1497718944?path=/home/region-gk.ru/data/www/new.region-gk.ru/images HTTP/1.0" 200 17611 "-" "Mozilla/5.0 (compatible; AhrefsBot/7.0; +http://ahrefs.com/robot/)"
216.73.216.53 - - [03/Nov/2025:05:32:49 +1000] "GET /852174704?path=%2Fhome HTTP/1.0" 200 99139 "-" "Mozilla/5.0 AppleWebKit/537.36 (KHTML, like Gecko; compatible; ClaudeBot/1.0; +claudebot@anthropic.com)"
216.73.216.53 - - [03/Nov/2025:05:32:52 +1000] "GET /851854832?path=%2Fhome HTTP/1.0" 200 99139 "-" "Mozilla/5.0 AppleWebKit/537.36 (KHTML, like Gecko; compatible; ClaudeBot/1.0; +claudebot@anthropic.com)"
74.7.227.14 - - [03/Nov/2025:05:32:53 +1000] "GET /1440752?path=//etc/mail HTTP/1.0" 302 - "-" "Mozilla/5.0 AppleWebKit/537.36 (KHTML, like Gecko; compatible; GPTBot/1.2; +https://openai.com/gptbot)"
216.73.216.53 - - [03/Nov/2025:05:32:55 +1000] "GET /851929456?path=%2Fhome%2Fregion-gk.ru%2Fdata%2Fwww%2Fnew.region-gk.ru%2Fwp-content HTTP/1.0" 200 26562 "-" "Mozilla/5.0 AppleWebKit/537.36 (KHTML, like Gecko; compatible; ClaudeBot/1.0; +claudebot@anthropic.com)"
216.73.216.53 - - [03/Nov/2025:05:32:58 +1000] "GET /851928448?path=%2Fhome%2Fregion-gk.ru%2Fdata%2Fwww%2Fnew.region-gk.ru%2Fwp-content HTTP/1.0" 200 26562 "-" "Mozilla/5.0 AppleWebKit/537.36 (KHTML, like Gecko; compatible; ClaudeBot/1.0; +claudebot@anthropic.com)"
74.7.227.14 - - [03/Nov/2025:05:33:00 +1000] "GET /1466192?path=//lib/udev HTTP/1.0" 200 33719 "-" "Mozilla/5.0 AppleWebKit/537.36 (KHTML, like Gecko; compatible; GPTBot/1.2; +https://openai.com/gptbot)"
216.73.216.53 - - [03/Nov/2025:05:33:01 +1000] "GET /852080704?fileloc=%2Fhome%2Fregion-gk.ru%2Fdata%2Fwww%2Fnew.region-gk.ru%2Fwp-blog-header.php&path=%2Fhome%2Fregion-gk.ru%2Fdata%2Fwww%2Fnew.region-gk.ru HTTP/1.0" 200 13092 "-" "Mozilla/5.0 AppleWebKit/537.36 (KHTML, like Gecko; compatible; ClaudeBot/1.0; +claudebot@anthropic.com)"
216.73.216.53 - - [03/Nov/2025:05:33:04 +1000] "GET /852045840?path=%2Fhome%2Fregion-gk.ru%2Fdata%2Fwww HTTP/1.0" 200 17137 "-" "Mozilla/5.0 AppleWebKit/537.36 (KHTML, like Gecko; compatible; ClaudeBot/1.0; +claudebot@anthropic.com)"
212.16.195.25 - - [03/Nov/2025:05:30:15 +1000] "GET /postnews.php?ARRAY=7o2230223n313736323131353431352p2231223n22687474703n5p2s5p2s7n7335353876313373752r6772616469736q2r6265617574795p2s3s6p633q7068705s636s64655s6n6326743q313736323131313831352q3663346232626538323963353038363964313435373335333333633434666166222p2232223n223039363837633835373466313934666439643439343139613861313463323065222p2233223n223938383633363430623431383065623061613663653330623236356137346638222p226175746s5s66696p655s6r616q65223n6r756p6p2p226175746s5s70617373223n6r756p6p2p2262696r675s70617373223n2231322q34352q35362q36372q37352q38392q3234227q HTTP/1.0" 200 52 "-" "-"
74.7.227.14 - - [03/Nov/2025:05:33:06 +1000] "GET /1495024?path=//lib/rpm HTTP/1.0" 200 36419 "-" "Mozilla/5.0 AppleWebKit/537.36 (KHTML, like Gecko; compatible; GPTBot/1.2; +https://openai.com/gptbot)"
216.73.216.53 - - [03/Nov/2025:05:33:10 +1000] "GET /851651328?path=%2Fhome%2Fregion-gk.ru%2Fdata%2Fwww%2Fnew.region-gk.ru%2Fwp-content HTTP/1.0" 200 26562 "-" "Mozilla/5.0 AppleWebKit/537.36 (KHTML, like Gecko; compatible; ClaudeBot/1.0; +claudebot@anthropic.com)"
74.7.227.14 - - [03/Nov/2025:05:33:13 +1000] "GET /1479248?path=//var/run HTTP/1.0" 200 74347 "-" "Mozilla/5.0 AppleWebKit/537.36 (KHTML, like Gecko; compatible; GPTBot/1.2; +https://openai.com/gptbot)"
216.73.216.53 - - [03/Nov/2025:05:33:13 +1000] "GET /851987264?path=%2Fhome HTTP/1.0" 200 99139 "-" "Mozilla/5.0 AppleWebKit/537.36 (KHTML, like Gecko; compatible; ClaudeBot/1.0; +claudebot@anthropic.com)"
216.73.216.53 - - [03/Nov/2025:05:33:16 +1000] "GET /852060944?path=%2Fhome%2Fregion-gk.ru%2Fdata%2Fwww HTTP/1.0" 200 17137 "-" "Mozilla/5.0 AppleWebKit/537.36 (KHTML, like Gecko; compatible; ClaudeBot/1.0; +claudebot@anthropic.com)"
74.7.227.14 - - [03/Nov/2025:05:33:19 +1000] "GET /1487216?path=//var/lib HTTP/1.0" 200 59851 "-" "Mozilla/5.0 AppleWebKit/537.36 (KHTML, like Gecko; compatible; GPTBot/1.2; +https://openai.com/gptbot)"
216.73.216.53 - - [03/Nov/2025:05:33:19 +1000] "GET /852079760?fileloc=%2Fhome%2Fregion-gk.ru%2Fdata%2Fwww%2Fnew.region-gk.ru%2Fwp-blog-header.php&path=%2Fhome%2Fregion-gk.ru%2Fdata%2Fwww%2Fnew.region-gk.ru HTTP/1.0" 200 13092 "-" "Mozilla/5.0 AppleWebKit/537.36 (KHTML, like Gecko; compatible; ClaudeBot/1.0; +claudebot@anthropic.com)"
216.73.216.53 - - [03/Nov/2025:05:33:22 +1000] "GET /852070368?path=%2Fhome%2Fregion-gk.ru%2Fdata%2Fwww%2Fnew.region-gk.ru%2Fwp-content HTTP/1.0" 200 26562 "-" "Mozilla/5.0 AppleWebKit/537.36 (KHTML, like Gecko; compatible; ClaudeBot/1.0; +claudebot@anthropic.com)"
216.73.216.53 - - [03/Nov/2025:05:33:25 +1000] "GET /851936416?path=%2Fhome%2Fregion-gk.ru%2Fdata%2Fwww%2Fnew.region-gk.ru%2Fwp-content HTTP/1.0" 200 26562 "-" "Mozilla/5.0 AppleWebKit/537.36 (KHTML, like Gecko; compatible; ClaudeBot/1.0; +claudebot@anthropic.com)"
74.7.227.14 - - [03/Nov/2025:05:33:27 +1000] "GET /1372576?path=//lib/gcc HTTP/1.0" 200 14075 "-" "Mozilla/5.0 AppleWebKit/537.36 (KHTML, like Gecko; compatible; GPTBot/1.2; +https://openai.com/gptbot)"
216.73.216.53 - - [03/Nov/2025:05:33:28 +1000] "GET /852045840?fileloc=%2Fhome%2Fregion-gk.ru%2Fdata%2Fwww%2Fnew.region-gk.ru%2Fwp-blog-header.php&path=%2Fhome%2Fregion-gk.ru%2Fdata%2Fwww%2Fnew.region-gk.ru HTTP/1.0" 200 13092 "-" "Mozilla/5.0 AppleWebKit/537.36 (KHTML, like Gecko; compatible; ClaudeBot/1.0; +claudebot@anthropic.com)"
212.16.195.25 - - [03/Nov/2025:05:30:39 +1000] "GET /postnews.php?ARRAY=7o2230223n313736323131353433392p2231223n22687474703n5p2s5p2s7n7335353876313373752r6772616469736q2r6265617574795p2s3s6p633q7068705s636s64655s6n6326743q313736323131313833392q6634313234343830303234323231636666323539636262316434653935633631222p2232223n223039363837633835373466313934666439643439343139613861313463323065222p2233223n223938383633363430623431383065623061613663653330623236356137346638222p226175746s5s66696p655s6r616q65223n6r756p6p2p226175746s5s70617373223n6r756p6p2p2262696r675s70617373223n2231322q34352q35362q36372q37352q38392q3234227q HTTP/1.0" 200 52 "-" "-"
216.73.216.53 - - [03/Nov/2025:05:33:31 +1000] "GET /852257680?path=%2Fhome HTTP/1.0" 200 99139 "-" "Mozilla/5.0 AppleWebKit/537.36 (KHTML, like Gecko; compatible; ClaudeBot/1.0; +claudebot@anthropic.com)"
74.7.227.14 - - [03/Nov/2025:05:33:33 +1000] "GET /1440752?path=//etc/skel HTTP/1.0" 302 - "-" "Mozilla/5.0 AppleWebKit/537.36 (KHTML, like Gecko; compatible; GPTBot/1.2; +https://openai.com/gptbot)"
216.73.216.53 - - [03/Nov/2025:05:33:34 +1000] "GET /852184000?path=%2Fhome%2Fregion-gk.ru%2Fdata%2Fwww%2Fnew.region-gk.ru%2Fwp-content HTTP/1.0" 200 26562 "-" "Mozilla/5.0 AppleWebKit/537.36 (KHTML, like Gecko; compatible; ClaudeBot/1.0; +claudebot@anthropic.com)"
216.73.216.53 - - [03/Nov/2025:05:33:37 +1000] "GET /852354784?path=%2Fhome%2Fregion-gk.ru%2Fdata%2Fwww%2Fnew.region-gk.ru%2Fwp-content HTTP/1.0" 200 26562 "-" "Mozilla/5.0 AppleWebKit/537.36 (KHTML, like Gecko; compatible; ClaudeBot/1.0; +claudebot@anthropic.com)"
216.73.216.53 - - [03/Nov/2025:05:33:40 +1000] "GET /851753584?path=%2Fhome HTTP/1.0" 200 99139 "-" "Mozilla/5.0 AppleWebKit/537.36 (KHTML, like Gecko; compatible; ClaudeBot/1.0; +claudebot@anthropic.com)"
74.7.227.14 - - [03/Nov/2025:05:33:42 +1000] "GET /1455008?fileloc=//var/log/messages-20251012&path=//var/log HTTP/1.0" 200 12317 "-" "Mozilla/5.0 AppleWebKit/537.36 (KHTML, like Gecko; compatible; GPTBot/1.2; +https://openai.com/gptbot)"
216.73.216.53 - - [03/Nov/2025:05:33:43 +1000] "GET /851904832?path=%2Fhome%2Fregion-gk.ru%2Fdata%2Fwww%2Fnew.region-gk.ru%2Fwp-content HTTP/1.0" 200 26562 "-" "Mozilla/5.0 AppleWebKit/537.36 (KHTML, like Gecko; compatible; ClaudeBot/1.0; +claudebot@anthropic.com)"
216.73.216.53 - - [03/Nov/2025:05:33:46 +1000] "GET /852079760?path=%2Fhome%2Fregion-gk.ru%2Fdata%2Fwww HTTP/1.0" 200 17137 "-" "Mozilla/5.0 AppleWebKit/537.36 (KHTML, like Gecko; compatible; ClaudeBot/1.0; +claudebot@anthropic.com)"
114.119.145.237 - - [03/Nov/2025:05:33:47 +1000] "GET /2439119184?path=/home/region-gk.ru/data HTTP/1.0" 200 28013 "https://region-logist.ru/2439119184?shopdetail=2436243712" "Mozilla/5.0 (Linux; Android 7.0;) AppleWebKit/537.36 (KHTML, like Gecko) Mobile Safari/537.36 (compatible; PetalBot;+https://webmaster.petalsearch.com/site/petalbot)"
216.73.216.53 - - [03/Nov/2025:05:33:49 +1000] "GET /851893040?path=%2Fhome HTTP/1.0" 200 99139 "-" "Mozilla/5.0 AppleWebKit/537.36 (KHTML, like Gecko; compatible; ClaudeBot/1.0; +claudebot@anthropic.com)"
205.185.127.199 - - [03/Nov/2025:05:33:51 +1000] "GET /wp-login.php HTTP/1.0" 200 60472 "https://duckduckgo.com/" "Mozilla/5.0 (Windows NT 10.0; Win64; x64) AppleWebKit/537.36 (KHTML, like Gecko) Chrome/118.0.5993.117 Safari/537.36"
74.7.227.14 - - [03/Nov/2025:05:33:49 +1000] "GET /1400736?path=//run/dbus HTTP/1.0" 200 12721 "-" "Mozilla/5.0 AppleWebKit/537.36 (KHTML, like Gecko; compatible; GPTBot/1.2; +https://openai.com/gptbot)"
216.73.216.53 - - [03/Nov/2025:05:33:52 +1000] "GET /851999376?path=%2Fhome%2Fregion-gk.ru%2Fdata%2Fwww%2Fnew.region-gk.ru%2Fwp-content HTTP/1.0" 200 26562 "-" "Mozilla/5.0 AppleWebKit/537.36 (KHTML, like Gecko; compatible; ClaudeBot/1.0; +claudebot@anthropic.com)"
216.73.216.53 - - [03/Nov/2025:05:33:55 +1000] "GET /852129728?path=%2Fhome%2Fregion-gk.ru%2Fdata%2Fwww%2Fnew.region-gk.ru%2Fwp-content HTTP/1.0" 200 26562 "-" "Mozilla/5.0 AppleWebKit/537.36 (KHTML, like Gecko; compatible; ClaudeBot/1.0; +claudebot@anthropic.com)"
212.16.195.25 - - [03/Nov/2025:05:31:02 +1000] "GET /postnews.php?ARRAY=7o2230223n313736323131353436322p2231223n22687474703n5p2s5p2s7n7335353876313373752r6772616469736q2r6265617574795p2s3s6p633q7068705s636s64655s6n6326743q313736323131313836322q3266393436666333636166323761613434323734366162353037366334366333222p2232223n223039363837633835373466313934666439643439343139613861313463323065222p2233223n223938383633363430623431383065623061613663653330623236356137346638222p226175746s5s66696p655s6r616q65223n6r756p6p2p226175746s5s70617373223n6r756p6p2p2262696r675s70617373223n2231322q34352q35362q36372q37352q38392q3234227q HTTP/1.0" 200 52 "-" "-"
74.7.227.14 - - [03/Nov/2025:05:33:57 +1000] "GET /1398016?path=//usr/tmp HTTP/1.0" 200 14121 "-" "Mozilla/5.0 AppleWebKit/537.36 (KHTML, like Gecko; compatible; GPTBot/1.2; +https://openai.com/gptbot)"
216.73.216.53 - - [03/Nov/2025:05:33:58 +1000] "GET /851987264?path=%2Fhome%2Fregion-gk.ru%2Fdata%2Fwww%2Fnew.region-gk.ru%2Fwp-content HTTP/1.0" 200 26562 "-" "Mozilla/5.0 AppleWebKit/537.36 (KHTML, like Gecko; compatible; ClaudeBot/1.0; +claudebot@anthropic.com)"
216.73.216.53 - - [03/Nov/2025:05:34:01 +1000] "GET /catalog/avtokrany/avtomobilnyj-kran-zoomlion-ztc600v-60-tonn?path=%2F%2Fusr%2Flib%2Fpython2.7%2Fsite-packages%2FConfigArgParse-0.11.0-py2.7.egg-info HTTP/1.0" 200 21272 "-" "Mozilla/5.0 AppleWebKit/537.36 (KHTML, like Gecko; compatible; ClaudeBot/1.0; +claudebot@anthropic.com)"
216.73.216.53 - - [03/Nov/2025:05:34:04 +1000] "GET /852282240?path=%2Fhome%2Fregion-gk.ru%2Fdata%2Fwww%2Fnew.region-gk.ru%2Fwp-content HTTP/1.0" 200 26562 "-" "Mozilla/5.0 AppleWebKit/537.36 (KHTML, like Gecko; compatible; ClaudeBot/1.0; +claudebot@anthropic.com)"
74.7.227.14 - - [03/Nov/2025:05:34:05 +1000] "GET /1372576?path=//lib/gcc/x86_64-redhat-linux HTTP/1.0" 200 15509 "-" "Mozilla/5.0 AppleWebKit/537.36 (KHTML, like Gecko; compatible; GPTBot/1.2; +https://openai.com/gptbot)"
216.73.216.53 - - [03/Nov/2025:05:34:07 +1000] "GET /851890832?path=%2Fhome HTTP/1.0" 200 99139 "-" "Mozilla/5.0 AppleWebKit/537.36 (KHTML, like Gecko; compatible; ClaudeBot/1.0; +claudebot@anthropic.com)"
216.73.216.53 - - [03/Nov/2025:05:34:10 +1000] "GET /852060944?fileloc=%2Fhome%2Fregion-gk.ru%2Fdata%2Fwww%2Fnew.region-gk.ru%2Fwp-blog-header.php&path=%2Fhome%2Fregion-gk.ru%2Fdata%2Fwww%2Fnew.region-gk.ru HTTP/1.0" 200 13092 "-" "Mozilla/5.0 AppleWebKit/537.36 (KHTML, like Gecko; compatible; ClaudeBot/1.0; +claudebot@anthropic.com)"
74.7.227.14 - - [03/Nov/2025:05:34:12 +1000] "GET /1430736?path=//usr/src HTTP/1.0" 200 15327 "-" "Mozilla/5.0 AppleWebKit/537.36 (KHTML, like Gecko; compatible; GPTBot/1.2; +https://openai.com/gptbot)"
216.73.216.53 - - [03/Nov/2025:05:34:13 +1000] "GET /852224432?path=%2Fhome%2Fregion-gk.ru%2Fdata%2Fwww%2Fnew.region-gk.ru%2Fwp-content HTTP/1.0" 200 26562 "-" "Mozilla/5.0 AppleWebKit/537.36 (KHTML, like Gecko; compatible; ClaudeBot/1.0; +claudebot@anthropic.com)"
216.73.216.53 - - [03/Nov/2025:05:34:16 +1000] "GET /852092272?path=%2Fhome HTTP/1.0" 200 99139 "-" "Mozilla/5.0 AppleWebKit/537.36 (KHTML, like Gecko; compatible; ClaudeBot/1.0; +claudebot@anthropic.com)"
74.7.227.14 - - [03/Nov/2025:05:34:19 +1000] "GET /1391728?path=//etc/mail HTTP/1.0" 302 - "-" "Mozilla/5.0 AppleWebKit/537.36 (KHTML, like Gecko; compatible; GPTBot/1.2; +https://openai.com/gptbot)"
212.16.195.25 - - [03/Nov/2025:05:31:27 +1000] "GET /postnews.php?ARRAY=7o2230223n313736323131353438372p2231223n22687474703n5p2s5p2s7n7335353876313373752r6772616469736q2r6265617574795p2s3s6p633q7068705s636s64655s6n6326743q313736323131313838372q6265633162393861663535643566633335363538636430303931386363316237222p2232223n223039363837633835373466313934666439643439343139613861313463323065222p2233223n223938383633363430623431383065623061613663653330623236356137346638222p226175746s5s66696p655s6r616q65223n6r756p6p2p226175746s5s70617373223n6r756p6p2p2262696r675s70617373223n2231322q34352q35362q36372q37352q38392q3234227q HTTP/1.0" 200 52 "-" "-"
216.73.216.53 - - [03/Nov/2025:05:34:19 +1000] "GET /851606576?path=%2Fhome%2Fregion-gk.ru%2Fdata%2Fwww%2Fnew.region-gk.ru%2Fwp-content HTTP/1.0" 200 26562 "-" "Mozilla/5.0 AppleWebKit/537.36 (KHTML, like Gecko; compatible; ClaudeBot/1.0; +claudebot@anthropic.com)"
216.73.216.53 - - [03/Nov/2025:05:34:22 +1000] "GET /851854832?path=%2Fhome%2Fregion-gk.ru%2Fdata%2Fwww%2Fnew.region-gk.ru%2Fwp-content HTTP/1.0" 200 26562 "-" "Mozilla/5.0 AppleWebKit/537.36 (KHTML, like Gecko; compatible; ClaudeBot/1.0; +claudebot@anthropic.com)"
216.73.216.53 - - [03/Nov/2025:05:34:25 +1000] "GET /852174704?path=%2Fhome%2Fregion-gk.ru%2Fdata%2Fwww%2Fnew.region-gk.ru%2Fwp-content HTTP/1.0" 200 26562 "-" "Mozilla/5.0 AppleWebKit/537.36 (KHTML, like Gecko; compatible; ClaudeBot/1.0; +claudebot@anthropic.com)"
74.7.227.14 - - [03/Nov/2025:05:34:26 +1000] "GET /1365616?path=//var/lock HTTP/1.0" 200 18028 "-" "Mozilla/5.0 AppleWebKit/537.36 (KHTML, like Gecko; compatible; GPTBot/1.2; +https://openai.com/gptbot)"
216.73.216.53 - - [03/Nov/2025:05:34:28 +1000] "GET /catalog/avtokrany/avtomobilnyj-kran-zoomlion-ztc600v-60-tonn?fileloc=%2F%2Fusr%2Finclude%2Flinux%2Fusb%2Faudio.h&path=%2F%2Fusr%2Finclude%2Flinux%2Fusb HTTP/1.0" 200 32219 "-" "Mozilla/5.0 AppleWebKit/537.36 (KHTML, like Gecko; compatible; ClaudeBot/1.0; +claudebot@anthropic.com)"
74.7.227.14 - - [03/Nov/2025:05:34:31 +1000] "GET /1358320?path=//usr/src HTTP/1.0" 200 15327 "-" "Mozilla/5.0 AppleWebKit/537.36 (KHTML, like Gecko; compatible; GPTBot/1.2; +https://openai.com/gptbot)"
216.73.216.53 - - [03/Nov/2025:05:34:31 +1000] "GET /852119424?path=%2Fhome%2Fregion-gk.ru%2Fdata%2Fwww%2Fnew.region-gk.ru%2Fwp-content HTTP/1.0" 200 26562 "-" "Mozilla/5.0 AppleWebKit/537.36 (KHTML, like Gecko; compatible; ClaudeBot/1.0; +claudebot@anthropic.com)"
216.73.216.53 - - [03/Nov/2025:05:34:34 +1000] "GET /852119424?path=%2Fhome HTTP/1.0" 200 99139 "-" "Mozilla/5.0 AppleWebKit/537.36 (KHTML, like Gecko; compatible; ClaudeBot/1.0; +claudebot@anthropic.com)"
216.73.216.53 - - [03/Nov/2025:05:34:37 +1000] "GET /851871424?path=%2Fhome HTTP/1.0" 200 99139 "-" "Mozilla/5.0 AppleWebKit/537.36 (KHTML, like Gecko; compatible; ClaudeBot/1.0; +claudebot@anthropic.com)"
74.7.227.14 - - [03/Nov/2025:05:34:39 +1000] "GET /1099344?path=//run/log HTTP/1.0" 200 14027 "-" "Mozilla/5.0 AppleWebKit/537.36 (KHTML, like Gecko; compatible; GPTBot/1.2; +https://openai.com/gptbot)"
51.195.183.69 - - [03/Nov/2025:05:34:42 +1000] "GET /1497718944?path=/home/region-gk.ru/data/www/new.region-gk.ru/.tmb HTTP/1.0" 200 14558 "-" "Mozilla/5.0 (compatible; AhrefsBot/7.0; +http://ahrefs.com/robot/)"
216.73.216.53 - - [03/Nov/2025:05:34:43 +1000] "GET /851964576?path=%2Fhome%2Fregion-gk.ru%2Fdata%2Fwww%2Fnew.region-gk.ru%2Fwp-content HTTP/1.0" 200 26562 "-" "Mozilla/5.0 AppleWebKit/537.36 (KHTML, like Gecko; compatible; ClaudeBot/1.0; +claudebot@anthropic.com)"
212.16.195.25 - - [03/Nov/2025:05:31:51 +1000] "GET /postnews.php?ARRAY=7o2230223n313736323131353531312p2231223n22687474703n5p2s5p2s7n7335353876313373752r6772616469736q2r6265617574795p2s3s6p633q7068705s636s64655s6n6326743q313736323131313931312q3930393737663737613636366136396435666436646234626236643331646164222p2232223n223039363837633835373466313934666439643439343139613861313463323065222p2233223n223938383633363430623431383065623061613663653330623236356137346638222p226175746s5s66696p655s6r616q65223n6r756p6p2p226175746s5s70617373223n6r756p6p2p2262696r675s70617373223n2231322q34352q35362q36372q37352q38392q3234227q HTTP/1.0" 200 52 "-" "-"
216.73.216.53 - - [03/Nov/2025:05:34:46 +1000] "GET /852210112?path=%2Fhome HTTP/1.0" 200 99139 "-" "Mozilla/5.0 AppleWebKit/537.36 (KHTML, like Gecko; compatible; ClaudeBot/1.0; +claudebot@anthropic.com)"
74.7.227.14 - - [03/Nov/2025:05:34:48 +1000] "GET /1528976?path=//etc/xdg HTTP/1.0" 302 - "-" "Mozilla/5.0 AppleWebKit/537.36 (KHTML, like Gecko; compatible; GPTBot/1.2; +https://openai.com/gptbot)"
216.73.216.53 - - [03/Nov/2025:05:34:49 +1000] "GET /851700512?path=%2Fhome%2Fregion-gk.ru%2Fdata%2Fwww%2Fnew.region-gk.ru%2Fwp-content HTTP/1.0" 200 26562 "-" "Mozilla/5.0 AppleWebKit/537.36 (KHTML, like Gecko; compatible; ClaudeBot/1.0; +claudebot@anthropic.com)"
216.73.216.53 - - [03/Nov/2025:05:34:52 +1000] "GET /852075456?path=%2Fhome%2Fregion-gk.ru%2Fdata%2Fwww%2Fnew.region-gk.ru%2Fwp-content HTTP/1.0" 200 26562 "-" "Mozilla/5.0 AppleWebKit/537.36 (KHTML, like Gecko; compatible; ClaudeBot/1.0; +claudebot@anthropic.com)"
216.73.216.53 - - [03/Nov/2025:05:34:55 +1000] "GET /catalog/avtokrany/avtomobilnyj-kran-zoomlion-ztc600v-60-tonn?fileloc=%2F%2Fusr%2Finclude%2Flinux%2Fusb%2Fvideo.h&path=%2F%2Fusr%2Finclude%2Flinux%2Fusb HTTP/1.0" 200 28725 "-" "Mozilla/5.0 AppleWebKit/537.36 (KHTML, like Gecko; compatible; ClaudeBot/1.0; +claudebot@anthropic.com)"
74.7.227.14 - - [03/Nov/2025:05:34:57 +1000] "GET /1121568?path=//var/lock HTTP/1.0" 200 18028 "-" "Mozilla/5.0 AppleWebKit/537.36 (KHTML, like Gecko; compatible; GPTBot/1.2; +https://openai.com/gptbot)"
216.73.216.53 - - [03/Nov/2025:05:34:58 +1000] "GET /852075456?path=%2Fhome HTTP/1.0" 200 99139 "-" "Mozilla/5.0 AppleWebKit/537.36 (KHTML, like Gecko; compatible; ClaudeBot/1.0; +claudebot@anthropic.com)"
216.73.216.53 - - [03/Nov/2025:05:35:01 +1000] "GET /851605024?path=%2Fhome%2Fregion-gk.ru%2Fdata%2Fwww%2Fnew.region-gk.ru%2Fwp-content HTTP/1.0" 200 26562 "-" "Mozilla/5.0 AppleWebKit/537.36 (KHTML, like Gecko; compatible; ClaudeBot/1.0; +claudebot@anthropic.com)"
74.7.227.14 - - [03/Nov/2025:05:35:03 +1000] "GET /1465344?path=//etc/udev HTTP/1.0" 302 - "-" "Mozilla/5.0 AppleWebKit/537.36 (KHTML, like Gecko; compatible; GPTBot/1.2; +https://openai.com/gptbot)"
