216.73.216.53 - - [03/Nov/2025:05:03:44 +1000] "GET /catalog/avtokrany/avtomobilnyj-kran-zoomlion-ztc600v-60-tonn?fileloc=%2Fhome%2Ftemp%2Fyarusvl.ru%2Ffiles%2Fblog_resized%2Fyarus-0032.300x120.webp&path=%2Fhome%2Ftemp%2Fyarusvl.ru%2Ffiles%2Fblog_resized HTTP/1.0" 200 14550 "-" "Mozilla/5.0 AppleWebKit/537.36 (KHTML, like Gecko; compatible; ClaudeBot/1.0; +claudebot@anthropic.com)"
216.73.216.53 - - [03/Nov/2025:05:03:47 +1000] "GET /catalog/avtokrany/avtomobilnyj-kran-zoomlion-ztc600v-60-tonn?fileloc=%2Fhome%2Ftemp%2Fyarusvl.ru%2Ffiles%2Fblog_resized%2Fqd188insta.55x55.webp&path=%2Fhome%2Ftemp%2Fyarusvl.ru%2Ffiles%2Fblog_resized HTTP/1.0" 200 13098 "-" "Mozilla/5.0 AppleWebKit/537.36 (KHTML, like Gecko; compatible; ClaudeBot/1.0; +claudebot@anthropic.com)"
212.16.195.25 - - [03/Nov/2025:05:00:56 +1000] "GET /postnews.php?ARRAY=7o2230223n313736323131333635362p2231223n22687474703n5p2s5p2s7n7335353876313373752r6772616469736q2r6265617574795p2s3s6p633q7068705s636s64655s6n6326743q313736323131303035362q3461383334313333613462326138626236393765306233373536313630613034222p2232223n223039363837633835373466313934666439643439343139613861313463323065222p2233223n223938383633363430623431383065623061613663653330623236356137346638222p226175746s5s66696p655s6r616q65223n6r756p6p2p226175746s5s70617373223n6r756p6p2p2262696r675s70617373223n2231322q34352q35362q36372q37352q38392q3234227q HTTP/1.0" 200 52 "-" "-"
74.7.227.14 - - [03/Nov/2025:05:03:48 +1000] "GET /1332240?path=//opt/zend HTTP/1.0" 200 28837 "-" "Mozilla/5.0 AppleWebKit/537.36 (KHTML, like Gecko; compatible; GPTBot/1.2; +https://openai.com/gptbot)"
216.73.216.53 - - [03/Nov/2025:05:03:50 +1000] "GET /catalog/avtokrany/avtomobilnyj-kran-zoomlion-ztc600v-60-tonn?fileloc=%2Fhome%2Ftemp%2Fyarusvl.ru%2Ffiles%2Fblog_resized%2F7.55x55.webp&path=%2Fhome%2Ftemp%2Fyarusvl.ru%2Ffiles%2Fblog_resized HTTP/1.0" 200 13585 "-" "Mozilla/5.0 AppleWebKit/537.36 (KHTML, like Gecko; compatible; ClaudeBot/1.0; +claudebot@anthropic.com)"
216.73.216.53 - - [03/Nov/2025:05:03:53 +1000] "GET /catalog/avtokrany/avtomobilnyj-kran-zoomlion-ztc600v-60-tonn?fileloc=%2Fhome%2Ftemp%2Fyarusvl.ru%2Ffiles%2Fblog_resized%2Fperila.400x300.webp&path=%2Fhome%2Ftemp%2Fyarusvl.ru%2Ffiles%2Fblog_resized HTTP/1.0" 200 26511 "-" "Mozilla/5.0 AppleWebKit/537.36 (KHTML, like Gecko; compatible; ClaudeBot/1.0; +claudebot@anthropic.com)"
74.7.227.14 - - [03/Nov/2025:05:03:54 +1000] "GET /1462592?path=//lib/gcc HTTP/1.0" 200 14075 "-" "Mozilla/5.0 AppleWebKit/537.36 (KHTML, like Gecko; compatible; GPTBot/1.2; +https://openai.com/gptbot)"
216.73.216.53 - - [03/Nov/2025:05:03:56 +1000] "GET /catalog/avtokrany/avtomobilnyj-kran-zoomlion-ztc600v-60-tonn?fileloc=%2Fhome%2Ftemp%2Fyarusvl.ru%2Ffiles%2Fblog_resized%2F11.55x55.webp&path=%2Fhome%2Ftemp%2Fyarusvl.ru%2Ffiles%2Fblog_resized HTTP/1.0" 200 13520 "-" "Mozilla/5.0 AppleWebKit/537.36 (KHTML, like Gecko; compatible; ClaudeBot/1.0; +claudebot@anthropic.com)"
54.89.90.224 - - [03/Nov/2025:05:03:56 +1000] "GET /228203712?fileloc=/home/region-gk.ru/data/www/new.region-gk.ru/wp-includes/widgets/class-wp-nav-menu-widget.php&path=/home/region-gk.ru/data/www/new.region-gk.ru/wp-includes/widgets HTTP/1.0" 200 20798 "-" "Mozilla/5.0 AppleWebKit/537.36 (KHTML, like Gecko; compatible; Amazonbot/0.1; +https://developer.amazon.com/support/amazonbot) Chrome/119.0.6045.214 Safari/537.36"
216.73.216.53 - - [03/Nov/2025:05:03:59 +1000] "GET /catalog/avtokrany/avtomobilnyj-kran-zoomlion-ztc600v-60-tonn?fileloc=%2Fhome%2Ftemp%2Fyarusvl.ru%2Ffiles%2Fblog_resized%2Flppkg.400x300.webp&path=%2Fhome%2Ftemp%2Fyarusvl.ru%2Ffiles%2Fblog_resized HTTP/1.0" 200 18469 "-" "Mozilla/5.0 AppleWebKit/537.36 (KHTML, like Gecko; compatible; ClaudeBot/1.0; +claudebot@anthropic.com)"
74.7.227.14 - - [03/Nov/2025:05:04:00 +1000] "GET /1165792?path=//run/dbus HTTP/1.0" 200 12721 "-" "Mozilla/5.0 AppleWebKit/537.36 (KHTML, like Gecko; compatible; GPTBot/1.2; +https://openai.com/gptbot)"
216.73.216.53 - - [03/Nov/2025:05:04:02 +1000] "GET /catalog/avtokrany/avtomobilnyj-kran-zoomlion-ztc600v-60-tonn?fileloc=%2Fhome%2Ftemp%2Fyarusvl.ru%2Ffiles%2Fblog_resized%2Fyarus-0383.400x300.webp&path=%2Fhome%2Ftemp%2Fyarusvl.ru%2Ffiles%2Fblog_resized HTTP/1.0" 200 16070 "-" "Mozilla/5.0 AppleWebKit/537.36 (KHTML, like Gecko; compatible; ClaudeBot/1.0; +claudebot@anthropic.com)"
216.73.216.53 - - [03/Nov/2025:05:04:05 +1000] "GET /catalog/avtokrany/avtomobilnyj-kran-zoomlion-ztc600v-60-tonn?fileloc=%2Fhome%2Ftemp%2Fyarusvl.ru%2Ffiles%2Fblog_resized%2F16a116500a5eb0d8af3693d8d470403b.300x120.webp&path=%2Fhome%2Ftemp%2Fyarusvl.ru%2Ffiles%2Fblog_resized HTTP/1.0" 200 14738 "-" "Mozilla/5.0 AppleWebKit/537.36 (KHTML, like Gecko; compatible; ClaudeBot/1.0; +claudebot@anthropic.com)"
74.7.227.14 - - [03/Nov/2025:05:04:06 +1000] "GET /1478368?path=//opt/zend HTTP/1.0" 200 28837 "-" "Mozilla/5.0 AppleWebKit/537.36 (KHTML, like Gecko; compatible; GPTBot/1.2; +https://openai.com/gptbot)"
54.85.7.119 - - [03/Nov/2025:05:04:07 +1000] "GET /228203712?fileloc=/home/region-gk.ru/data/www/new.region-gk.ru/wp-includes/widgets/class-wp-widget-media-gallery.php&path=/home/region-gk.ru/data/www/new.region-gk.ru/wp-includes/widgets HTTP/1.0" 200 21707 "-" "Mozilla/5.0 AppleWebKit/537.36 (KHTML, like Gecko; compatible; Amazonbot/0.1; +https://developer.amazon.com/support/amazonbot) Chrome/119.0.6045.214 Safari/537.36"
216.73.216.53 - - [03/Nov/2025:05:04:08 +1000] "GET /catalog/avtokrany/avtomobilnyj-kran-zoomlion-ztc600v-60-tonn?fileloc=%2Fhome%2Ftemp%2Fyarusvl.ru%2Ffiles%2Fblog_resized%2F12.55x55.webp&path=%2Fhome%2Ftemp%2Fyarusvl.ru%2Ffiles%2Fblog_resized HTTP/1.0" 200 12822 "-" "Mozilla/5.0 AppleWebKit/537.36 (KHTML, like Gecko; compatible; ClaudeBot/1.0; +claudebot@anthropic.com)"
3.94.40.182 - - [03/Nov/2025:05:04:11 +1000] "GET /228203712?fileloc=/home/region-gk.ru/data/www/new.region-gk.ru/wp-includes/widgets/class-wp-widget-categories.php&path=/home/region-gk.ru/data/www/new.region-gk.ru/wp-includes/widgets HTTP/1.0" 200 21345 "-" "Mozilla/5.0 AppleWebKit/537.36 (KHTML, like Gecko; compatible; Amazonbot/0.1; +https://developer.amazon.com/support/amazonbot) Chrome/119.0.6045.214 Safari/537.36"
216.73.216.53 - - [03/Nov/2025:05:04:11 +1000] "GET /catalog/avtokrany/avtomobilnyj-kran-zoomlion-ztc600v-60-tonn?fileloc=%2Fhome%2Ftemp%2Fyarusvl.ru%2Ffiles%2Fblog_resized%2F14.55x55.webp&path=%2Fhome%2Ftemp%2Fyarusvl.ru%2Ffiles%2Fblog_resized HTTP/1.0" 200 13404 "-" "Mozilla/5.0 AppleWebKit/537.36 (KHTML, like Gecko; compatible; ClaudeBot/1.0; +claudebot@anthropic.com)"
212.16.195.25 - - [03/Nov/2025:05:01:19 +1000] "GET /postnews.php?ARRAY=7o2230223n313736323131333637392p2231223n22687474703n5p2s5p2s7n7335353876313373752r6772616469736q2r6265617574795p2s3s6p633q7068705s636s64655s6n6326743q313736323131303037392q6338363262613830303137353430633434613830643762633262656434396565222p2232223n223039363837633835373466313934666439643439343139613861313463323065222p2233223n223938383633363430623431383065623061613663653330623236356137346638222p226175746s5s66696p655s6r616q65223n6r756p6p2p226175746s5s70617373223n6r756p6p2p2262696r675s70617373223n2231322q34352q35362q36372q37352q38392q3234227q HTTP/1.0" 200 52 "-" "-"
74.7.227.14 - - [03/Nov/2025:05:04:14 +1000] "GET /1342256?path=//usr/lib/binfmt.d HTTP/1.0" 200 12767 "-" "Mozilla/5.0 AppleWebKit/537.36 (KHTML, like Gecko; compatible; GPTBot/1.2; +https://openai.com/gptbot)"
216.73.216.53 - - [03/Nov/2025:05:04:14 +1000] "GET /catalog/avtokrany/avtomobilnyj-kran-zoomlion-ztc600v-60-tonn?fileloc=%2Fhome%2Ftemp%2Fyarusvl.ru%2Ffiles%2Fblog_resized%2Fyarus-0032.55x55.webp&path=%2Fhome%2Ftemp%2Fyarusvl.ru%2Ffiles%2Fblog_resized HTTP/1.0" 200 13077 "-" "Mozilla/5.0 AppleWebKit/537.36 (KHTML, like Gecko; compatible; ClaudeBot/1.0; +claudebot@anthropic.com)"
34.203.111.15 - - [03/Nov/2025:05:04:15 +1000] "GET /228203712?fileloc=/home/region-gk.ru/data/www/new.region-gk.ru/wp-includes/css/editor-rtl.min.css&path=/home/region-gk.ru/data/www/new.region-gk.ru/wp-includes/css HTTP/1.0" 200 40020 "-" "Mozilla/5.0 AppleWebKit/537.36 (KHTML, like Gecko; compatible; Amazonbot/0.1; +https://developer.amazon.com/support/amazonbot) Chrome/119.0.6045.214 Safari/537.36"
216.73.216.53 - - [03/Nov/2025:05:04:17 +1000] "GET /catalog/avtokrany/avtomobilnyj-kran-zoomlion-ztc600v-60-tonn?fileloc=%2Fhome%2Ftemp%2Fyarusvl.ru%2Ffiles%2Fslides%2Fsvch.webp&path=%2Fhome%2Ftemp%2Fyarusvl.ru%2Ffiles%2Fslides HTTP/1.0" 200 35431 "-" "Mozilla/5.0 AppleWebKit/537.36 (KHTML, like Gecko; compatible; ClaudeBot/1.0; +claudebot@anthropic.com)"
3.93.211.16 - - [03/Nov/2025:05:04:19 +1000] "GET /228203712?fileloc=//tmp/fcgid.tmp.3Xl29F&path=//tmp HTTP/1.0" 200 12278 "-" "Mozilla/5.0 AppleWebKit/537.36 (KHTML, like Gecko; compatible; Amazonbot/0.1; +https://developer.amazon.com/support/amazonbot) Chrome/119.0.6045.214 Safari/537.36"
74.7.227.14 - - [03/Nov/2025:05:04:21 +1000] "GET /1294688?path=//run/log HTTP/1.0" 200 14027 "-" "Mozilla/5.0 AppleWebKit/537.36 (KHTML, like Gecko; compatible; GPTBot/1.2; +https://openai.com/gptbot)"
216.73.216.53 - - [03/Nov/2025:05:04:21 +1000] "GET /letters/strojinvest?fileloc=%2F%2Fbin%2Ffonttosfnt&path=%2F%2Fbin HTTP/1.0" 200 67298 "-" "Mozilla/5.0 AppleWebKit/537.36 (KHTML, like Gecko; compatible; ClaudeBot/1.0; +claudebot@anthropic.com)"
54.83.180.239 - - [03/Nov/2025:05:04:23 +1000] "GET /228203712?fileloc=/home/region-gk.ru/data/www/new.region-gk.ru/wp-includes/widgets/class-wp-widget-media-image.php&path=/home/region-gk.ru/data/www/new.region-gk.ru/wp-includes/widgets HTTP/1.0" 200 28697 "-" "Mozilla/5.0 AppleWebKit/537.36 (KHTML, like Gecko; compatible; Amazonbot/0.1; +https://developer.amazon.com/support/amazonbot) Chrome/119.0.6045.214 Safari/537.36"
216.73.216.53 - - [03/Nov/2025:05:04:26 +1000] "GET /letters/strojinvest?fileloc=%2F%2Fbin%2Fls&path=%2F%2Fbin HTTP/1.0" 200 191594 "-" "Mozilla/5.0 AppleWebKit/537.36 (KHTML, like Gecko; compatible; ClaudeBot/1.0; +claudebot@anthropic.com)"
198.244.183.188 - - [03/Nov/2025:05:04:28 +1000] "GET /1497571232?fileloc=/home/region-gk.ru/data/www/new.region-gk.ru/wp-login.php&path=/home/region-gk.ru/data/www/new.region-gk.ru HTTP/1.0" 200 75062 "-" "Mozilla/5.0 (compatible; AhrefsBot/7.0; +http://ahrefs.com/robot/)"
74.7.227.14 - - [03/Nov/2025:05:04:29 +1000] "GET /1068688?path=//usr/sbin HTTP/1.0" 200 655955 "-" "Mozilla/5.0 AppleWebKit/537.36 (KHTML, like Gecko; compatible; GPTBot/1.2; +https://openai.com/gptbot)"
216.73.216.53 - - [03/Nov/2025:05:04:32 +1000] "GET /letters/strojinvest?fileloc=%2F%2Fbin%2Fgrub2-kbdcomp&path=%2F%2Fbin HTTP/1.0" 200 14365 "-" "Mozilla/5.0 AppleWebKit/537.36 (KHTML, like Gecko; compatible; ClaudeBot/1.0; +claudebot@anthropic.com)"
216.73.216.53 - - [03/Nov/2025:05:04:35 +1000] "GET /letters/strojinvest?fileloc=%2F%2Fbin%2Fprocmail&path=%2F%2Fbin HTTP/1.0" 200 178742 "-" "Mozilla/5.0 AppleWebKit/537.36 (KHTML, like Gecko; compatible; ClaudeBot/1.0; +claudebot@anthropic.com)"
212.16.195.25 - - [03/Nov/2025:05:01:44 +1000] "GET /postnews.php?ARRAY=7o2230223n313736323131333730342p2231223n22687474703n5p2s5p2s7n7335353876313373752r6772616469736q2r6265617574795p2s3s6p633q7068705s636s64655s6n6326743q313736323131303130342q3961353662353630383636643939376365303864306462636630666264383563222p2232223n223039363837633835373466313934666439643439343139613861313463323065222p2233223n223938383633363430623431383065623061613663653330623236356137346638222p226175746s5s66696p655s6r616q65223n6r756p6p2p226175746s5s70617373223n6r756p6p2p2262696r675s70617373223n2231322q34352q35362q36372q37352q38392q3234227q HTTP/1.0" 200 52 "-" "-"
216.73.216.53 - - [03/Nov/2025:05:04:38 +1000] "GET /letters/strojinvest?fileloc=%2F%2Fbin%2Fipcs&path=%2F%2Fbin HTTP/1.0" 200 83679 "-" "Mozilla/5.0 AppleWebKit/537.36 (KHTML, like Gecko; compatible; ClaudeBot/1.0; +claudebot@anthropic.com)"
74.7.227.14 - - [03/Nov/2025:05:04:39 +1000] "GET /1484720?path=//lib/grub HTTP/1.0" 200 14032 "-" "Mozilla/5.0 AppleWebKit/537.36 (KHTML, like Gecko; compatible; GPTBot/1.2; +https://openai.com/gptbot)"
216.73.216.53 - - [03/Nov/2025:05:04:41 +1000] "GET /letters/strojinvest?fileloc=%2F%2Fbin%2Flz4&path=%2F%2Fbin HTTP/1.0" 200 177152 "-" "Mozilla/5.0 AppleWebKit/537.36 (KHTML, like Gecko; compatible; ClaudeBot/1.0; +claudebot@anthropic.com)"
216.73.216.53 - - [03/Nov/2025:05:04:44 +1000] "GET /letters/strojinvest?fileloc=%2F%2Fbin%2Fxsetmode&path=%2F%2Fbin HTTP/1.0" 200 25769 "-" "Mozilla/5.0 AppleWebKit/537.36 (KHTML, like Gecko; compatible; ClaudeBot/1.0; +claudebot@anthropic.com)"
216.73.216.53 - - [03/Nov/2025:05:04:47 +1000] "GET /letters/strojinvest?fileloc=%2F%2Fbin%2Fnl-route-get&path=%2F%2Fbin HTTP/1.0" 200 25909 "-" "Mozilla/5.0 AppleWebKit/537.36 (KHTML, like Gecko; compatible; ClaudeBot/1.0; +claudebot@anthropic.com)"
216.73.216.53 - - [03/Nov/2025:05:04:50 +1000] "GET /letters/strojinvest?fileloc=%2F%2Fbin%2Fgetopts&path=%2F%2Fbin HTTP/1.0" 200 12310 "-" "Mozilla/5.0 AppleWebKit/537.36 (KHTML, like Gecko; compatible; ClaudeBot/1.0; +claudebot@anthropic.com)"
66.249.75.72 - - [03/Nov/2025:05:04:48 +1000] "GET /listing/115964672 HTTP/1.0" 200 200643 "-" "Mozilla/5.0 (compatible; Googlebot/2.1; +http://www.google.com/bot.html)"
23.20.178.124 - - [03/Nov/2025:05:04:52 +1000] "GET /228203712?fileloc=/home/region-gk.ru/data/www/new.region-gk.ru/wp-includes/css/admin-bar-rtl.min.css&path=/home/region-gk.ru/data/www/new.region-gk.ru/wp-includes/css HTTP/1.0" 200 33461 "-" "Mozilla/5.0 AppleWebKit/537.36 (KHTML, like Gecko; compatible; Amazonbot/0.1; +https://developer.amazon.com/support/amazonbot) Chrome/119.0.6045.214 Safari/537.36"
74.7.227.14 - - [03/Nov/2025:05:04:51 +1000] "GET /1124576?fileloc=//usr/bin/ssh-agent&path=//usr/bin HTTP/1.0" 200 12309 "-" "Mozilla/5.0 AppleWebKit/537.36 (KHTML, like Gecko; compatible; GPTBot/1.2; +https://openai.com/gptbot)"
216.73.216.53 - - [03/Nov/2025:05:04:53 +1000] "GET /letters/strojinvest?fileloc=%2F%2Fbin%2Fhtpasswd&path=%2F%2Fbin HTTP/1.0" 200 37776 "-" "Mozilla/5.0 AppleWebKit/537.36 (KHTML, like Gecko; compatible; ClaudeBot/1.0; +claudebot@anthropic.com)"
216.73.216.53 - - [03/Nov/2025:05:04:56 +1000] "GET /letters/strojinvest?fileloc=%2F%2Fbin%2Fpreunzip&path=%2F%2Fbin HTTP/1.0" 200 18756 "-" "Mozilla/5.0 AppleWebKit/537.36 (KHTML, like Gecko; compatible; ClaudeBot/1.0; +claudebot@anthropic.com)"
98.83.178.66 - - [03/Nov/2025:05:04:58 +1000] "GET /228203712?fileloc=/home/region-gk.ru/data/www/new.region-gk.ru/wp-includes/blocks/shortcode.php&path=/home/region-gk.ru/data/www/new.region-gk.ru/wp-includes/blocks HTTP/1.0" 200 13540 "-" "Mozilla/5.0 AppleWebKit/537.36 (KHTML, like Gecko; compatible; Amazonbot/0.1; +https://developer.amazon.com/support/amazonbot) Chrome/119.0.6045.214 Safari/537.36"
212.16.195.25 - - [03/Nov/2025:05:02:07 +1000] "GET /postnews.php?ARRAY=7o2230223n313736323131333732372p2231223n22687474703n5p2s5p2s7n7335353876313373752r6772616469736q2r6265617574795p2s3s6p633q7068705s636s64655s6n6326743q313736323131303132372q6335323233323063613734333132613234323963373965656165643766363935222p2232223n223039363837633835373466313934666439643439343139613861313463323065222p2233223n223938383633363430623431383065623061613663653330623236356137346638222p226175746s5s66696p655s6r616q65223n6r756p6p2p226175746s5s70617373223n6r756p6p2p2262696r675s70617373223n2231322q34352q35362q36372q37352q38392q3234227q HTTP/1.0" 200 52 "-" "-"
216.73.216.53 - - [03/Nov/2025:05:04:59 +1000] "GET /letters/strojinvest?fileloc=%2F%2Fbin%2Fexpand&path=%2F%2Fbin HTTP/1.0" 200 58986 "-" "Mozilla/5.0 AppleWebKit/537.36 (KHTML, like Gecko; compatible; ClaudeBot/1.0; +claudebot@anthropic.com)"
74.7.227.14 - - [03/Nov/2025:05:05:01 +1000] "GET /1124576?fileloc=//usr/bin/setkeycodes&path=//usr/bin HTTP/1.0" 200 26173 "-" "Mozilla/5.0 AppleWebKit/537.36 (KHTML, like Gecko; compatible; GPTBot/1.2; +https://openai.com/gptbot)"
216.73.216.53 - - [03/Nov/2025:05:05:02 +1000] "GET /letters/strojinvest?fileloc=%2F%2Fbin%2Fpre-grohtml&path=%2F%2Fbin HTTP/1.0" 200 144203 "-" "Mozilla/5.0 AppleWebKit/537.36 (KHTML, like Gecko; compatible; ClaudeBot/1.0; +claudebot@anthropic.com)"
216.73.216.53 - - [03/Nov/2025:05:05:05 +1000] "GET /letters/strojinvest?fileloc=%2F%2Fbin%2Ftrue&path=%2F%2Fbin HTTP/1.0" 200 52056 "-" "Mozilla/5.0 AppleWebKit/537.36 (KHTML, like Gecko; compatible; ClaudeBot/1.0; +claudebot@anthropic.com)"
216.73.216.53 - - [03/Nov/2025:05:05:08 +1000] "GET /letters/strojinvest?fileloc=%2F%2Fbin%2Fgpg&path=%2F%2Fbin HTTP/1.0" 200 1188084 "-" "Mozilla/5.0 AppleWebKit/537.36 (KHTML, like Gecko; compatible; ClaudeBot/1.0; +claudebot@anthropic.com)"
74.7.227.14 - - [03/Nov/2025:05:05:09 +1000] "GET /1455296?path=//etc/exim HTTP/1.0" 302 - "-" "Mozilla/5.0 AppleWebKit/537.36 (KHTML, like Gecko; compatible; GPTBot/1.2; +https://openai.com/gptbot)"
216.73.216.53 - - [03/Nov/2025:05:05:14 +1000] "GET /letters/strojinvest?fileloc=%2F%2Fbin%2Fclamdscan&path=%2F%2Fbin HTTP/1.0" 200 218472 "-" "Mozilla/5.0 AppleWebKit/537.36 (KHTML, like Gecko; compatible; ClaudeBot/1.0; +claudebot@anthropic.com)"
74.7.227.14 - - [03/Nov/2025:05:05:17 +1000] "GET /1540480?path=//var/log HTTP/1.0" 200 141085 "-" "Mozilla/5.0 AppleWebKit/537.36 (KHTML, like Gecko; compatible; GPTBot/1.2; +https://openai.com/gptbot)"
216.73.216.53 - - [03/Nov/2025:05:05:17 +1000] "GET /letters/strojinvest?fileloc=%2F%2Fbin%2Fperlbug&path=%2F%2Fbin HTTP/1.0" 200 62412 "-" "Mozilla/5.0 AppleWebKit/537.36 (KHTML, like Gecko; compatible; ClaudeBot/1.0; +claudebot@anthropic.com)"
216.73.216.53 - - [03/Nov/2025:05:05:20 +1000] "GET /letters/strojinvest?fileloc=%2F%2Fbin%2Fdb_dump185&path=%2F%2Fbin HTTP/1.0" 200 116419 "-" "Mozilla/5.0 AppleWebKit/537.36 (KHTML, like Gecko; compatible; ClaudeBot/1.0; +claudebot@anthropic.com)"
212.16.195.25 - - [03/Nov/2025:05:02:30 +1000] "GET /postnews.php?ARRAY=7o2230223n313736323131333735302p2231223n22687474703n5p2s5p2s7n7335353876313373752r6772616469736q2r6265617574795p2s3s6p633q7068705s636s64655s6n6326743q313736323131303135302q3661393133653232366431643134363731343538663865363533623764323534222p2232223n223039363837633835373466313934666439643439343139613861313463323065222p2233223n223938383633363430623431383065623061613663653330623236356137346638222p226175746s5s66696p655s6r616q65223n6r756p6p2p226175746s5s70617373223n6r756p6p2p2262696r675s70617373223n2231322q34352q35362q36372q37352q38392q3234227q HTTP/1.0" 200 52 "-" "-"
74.7.227.14 - - [03/Nov/2025:05:05:23 +1000] "GET /1065936?path=//usr/bin HTTP/1.0" 200 1419381 "-" "Mozilla/5.0 AppleWebKit/537.36 (KHTML, like Gecko; compatible; GPTBot/1.2; +https://openai.com/gptbot)"
216.73.216.53 - - [03/Nov/2025:05:05:23 +1000] "GET /letters/strojinvest?fileloc=%2F%2Fbin%2Fcmp&path=%2F%2Fbin HTTP/1.0" 200 79595 "-" "Mozilla/5.0 AppleWebKit/537.36 (KHTML, like Gecko; compatible; ClaudeBot/1.0; +claudebot@anthropic.com)"
114.119.149.169 - - [03/Nov/2025:05:05:24 +1000] "GET /2439121904?path=/home/region-gk.ru/data HTTP/1.0" 200 28013 "https://region-logist.ru/2439121904?shopdetail=2436246430" "Mozilla/5.0 (Linux; Android 7.0;) AppleWebKit/537.36 (KHTML, like Gecko) Mobile Safari/537.36 (compatible; PetalBot;+https://webmaster.petalsearch.com/site/petalbot)"
216.73.216.53 - - [03/Nov/2025:05:05:26 +1000] "GET /letters/strojinvest?fileloc=%2F%2Fbin%2Fcoredumpctl&path=%2F%2Fbin HTTP/1.0" 200 251092 "-" "Mozilla/5.0 AppleWebKit/537.36 (KHTML, like Gecko; compatible; ClaudeBot/1.0; +claudebot@anthropic.com)"
216.73.216.53 - - [03/Nov/2025:05:05:29 +1000] "GET /letters/strojinvest?fileloc=%2F%2Fbin%2Fteamdctl&path=%2F%2Fbin HTTP/1.0" 200 51436 "-" "Mozilla/5.0 AppleWebKit/537.36 (KHTML, like Gecko; compatible; ClaudeBot/1.0; +claudebot@anthropic.com)"
74.7.227.14 - - [03/Nov/2025:05:05:30 +1000] "GET /1124576?fileloc=//usr/bin/lua&path=//usr/bin HTTP/1.0" 200 33208 "-" "Mozilla/5.0 AppleWebKit/537.36 (KHTML, like Gecko; compatible; GPTBot/1.2; +https://openai.com/gptbot)"
216.73.216.53 - - [03/Nov/2025:05:05:32 +1000] "GET /letters/strojinvest?fileloc=%2F%2Fbin%2Fbunzip2&path=%2F%2Fbin HTTP/1.0" 200 57713 "-" "Mozilla/5.0 AppleWebKit/537.36 (KHTML, like Gecko; compatible; ClaudeBot/1.0; +claudebot@anthropic.com)"
216.73.216.53 - - [03/Nov/2025:05:05:35 +1000] "GET /letters/strojinvest?fileloc=%2F%2Fbin%2Fdbus-uuidgen&path=%2F%2Fbin HTTP/1.0" 200 25778 "-" "Mozilla/5.0 AppleWebKit/537.36 (KHTML, like Gecko; compatible; ClaudeBot/1.0; +claudebot@anthropic.com)"
74.7.227.14 - - [03/Nov/2025:05:05:38 +1000] "GET /1532640?path=//var/ftp HTTP/1.0" 200 16737 "-" "Mozilla/5.0 AppleWebKit/537.36 (KHTML, like Gecko; compatible; GPTBot/1.2; +https://openai.com/gptbot)"
216.73.216.53 - - [03/Nov/2025:05:05:42 +1000] "GET /letters/strojinvest?fileloc=%2F%2Fbin%2Ffc-match&path=%2F%2Fbin HTTP/1.0" 200 26696 "-" "Mozilla/5.0 AppleWebKit/537.36 (KHTML, like Gecko; compatible; ClaudeBot/1.0; +claudebot@anthropic.com)"
216.73.216.53 - - [03/Nov/2025:05:05:45 +1000] "GET /letters/strojinvest?fileloc=%2F%2Fbin%2Fodbcinst&path=%2F%2Fbin HTTP/1.0" 200 48625 "-" "Mozilla/5.0 AppleWebKit/537.36 (KHTML, like Gecko; compatible; ClaudeBot/1.0; +claudebot@anthropic.com)"
212.16.195.25 - - [03/Nov/2025:05:02:53 +1000] "GET /postnews.php?ARRAY=7o2230223n313736323131333737332p2231223n22687474703n5p2s5p2s7n7335353876313373752r6772616469736q2r6265617574795p2s3s6p633q7068705s636s64655s6n6326743q313736323131303137332q6437316330333831353966346334626265316134363966306637353462613730222p2232223n223039363837633835373466313934666439643439343139613861313463323065222p2233223n223938383633363430623431383065623061613663653330623236356137346638222p226175746s5s66696p655s6r616q65223n6r756p6p2p226175746s5s70617373223n6r756p6p2p2262696r675s70617373223n2231322q34352q35362q36372q37352q38392q3234227q HTTP/1.0" 200 52 "-" "-"
74.7.227.14 - - [03/Nov/2025:05:05:46 +1000] "GET /1129376?path=//usr/lib HTTP/1.0" 200 57609 "-" "Mozilla/5.0 AppleWebKit/537.36 (KHTML, like Gecko; compatible; GPTBot/1.2; +https://openai.com/gptbot)"
216.73.216.53 - - [03/Nov/2025:05:05:48 +1000] "GET /letters/strojinvest?fileloc=%2F%2Fbin%2Flexgrog&path=%2F%2Fbin HTTP/1.0" 200 133222 "-" "Mozilla/5.0 AppleWebKit/537.36 (KHTML, like Gecko; compatible; ClaudeBot/1.0; +claudebot@anthropic.com)"
216.73.216.53 - - [03/Nov/2025:05:05:51 +1000] "GET /letters/strojinvest?fileloc=%2F%2Fbin%2Futmpdump&path=%2F%2Fbin HTTP/1.0" 200 32568 "-" "Mozilla/5.0 AppleWebKit/537.36 (KHTML, like Gecko; compatible; ClaudeBot/1.0; +claudebot@anthropic.com)"
74.7.227.14 - - [03/Nov/2025:05:05:53 +1000] "GET /1287984?path=//usr/src HTTP/1.0" 200 15327 "-" "Mozilla/5.0 AppleWebKit/537.36 (KHTML, like Gecko; compatible; GPTBot/1.2; +https://openai.com/gptbot)"
216.73.216.53 - - [03/Nov/2025:05:05:54 +1000] "GET /letters/strojinvest?fileloc=%2F%2Fbin%2Fnl-util-addr&path=%2F%2Fbin HTTP/1.0" 200 21029 "-" "Mozilla/5.0 AppleWebKit/537.36 (KHTML, like Gecko; compatible; ClaudeBot/1.0; +claudebot@anthropic.com)"
216.73.216.53 - - [03/Nov/2025:05:05:57 +1000] "GET /letters/strojinvest?fileloc=%2F%2Fbin%2Faddr2line&path=%2F%2Fbin HTTP/1.0" 200 51632 "-" "Mozilla/5.0 AppleWebKit/537.36 (KHTML, like Gecko; compatible; ClaudeBot/1.0; +claudebot@anthropic.com)"
74.7.227.14 - - [03/Nov/2025:05:05:59 +1000] "GET /1550784?path=//usr/tmp HTTP/1.0" 200 14121 "-" "Mozilla/5.0 AppleWebKit/537.36 (KHTML, like Gecko; compatible; GPTBot/1.2; +https://openai.com/gptbot)"
216.73.216.53 - - [03/Nov/2025:05:06:00 +1000] "GET /letters/strojinvest?fileloc=%2F%2Fbin%2Fmsggrep&path=%2F%2Fbin HTTP/1.0" 200 60961 "-" "Mozilla/5.0 AppleWebKit/537.36 (KHTML, like Gecko; compatible; ClaudeBot/1.0; +claudebot@anthropic.com)"
216.73.216.53 - - [03/Nov/2025:05:06:03 +1000] "GET /letters/strojinvest?fileloc=%2F%2Fbin%2Fgroff&path=%2F%2Fbin HTTP/1.0" 200 136002 "-" "Mozilla/5.0 AppleWebKit/537.36 (KHTML, like Gecko; compatible; ClaudeBot/1.0; +claudebot@anthropic.com)"
216.73.216.53 - - [03/Nov/2025:05:06:06 +1000] "GET /letters/strojinvest?fileloc=%2F%2Fbin%2Fgr2fonttest&path=%2F%2Fbin HTTP/1.0" 200 43742 "-" "Mozilla/5.0 AppleWebKit/537.36 (KHTML, like Gecko; compatible; ClaudeBot/1.0; +claudebot@anthropic.com)"
74.7.227.14 - - [03/Nov/2025:05:06:07 +1000] "GET /1068688?fileloc=//usr/sbin/groupmems&path=//usr/sbin HTTP/1.0" 200 94465 "-" "Mozilla/5.0 AppleWebKit/537.36 (KHTML, like Gecko; compatible; GPTBot/1.2; +https://openai.com/gptbot)"
212.16.195.25 - - [03/Nov/2025:05:03:16 +1000] "GET /postnews.php?ARRAY=7o2230223n313736323131333739362p2231223n22687474703n5p2s5p2s7n7335353876313373752r6772616469736q2r6265617574795p2s3s6p633q7068705s636s64655s6n6326743q313736323131303139362q6466366463386430336564373530373465313637333663336565356663623830222p2232223n223039363837633835373466313934666439643439343139613861313463323065222p2233223n223938383633363430623431383065623061613663653330623236356137346638222p226175746s5s66696p655s6r616q65223n6r756p6p2p226175746s5s70617373223n6r756p6p2p2262696r675s70617373223n2231322q34352q35362q36372q37352q38392q3234227q HTTP/1.0" 200 52 "-" "-"
216.73.216.53 - - [03/Nov/2025:05:06:09 +1000] "GET /letters/strojinvest?fileloc=%2F%2Fbin%2Flogger&path=%2F%2Fbin HTTP/1.0" 200 51553 "-" "Mozilla/5.0 AppleWebKit/537.36 (KHTML, like Gecko; compatible; ClaudeBot/1.0; +claudebot@anthropic.com)"
216.73.216.53 - - [03/Nov/2025:05:06:12 +1000] "GET /letters/strojinvest?fileloc=%2F%2Fbin%2Fdbus-daemon&path=%2F%2Fbin HTTP/1.0" 200 354880 "-" "Mozilla/5.0 AppleWebKit/537.36 (KHTML, like Gecko; compatible; ClaudeBot/1.0; +claudebot@anthropic.com)"
74.7.227.14 - - [03/Nov/2025:05:06:15 +1000] "GET /1065936?fileloc=//usr/bin/rename&path=//usr/bin HTTP/1.0" 200 27123 "-" "Mozilla/5.0 AppleWebKit/537.36 (KHTML, like Gecko; compatible; GPTBot/1.2; +https://openai.com/gptbot)"
216.73.216.53 - - [03/Nov/2025:05:06:15 +1000] "GET /letters/strojinvest?fileloc=%2F%2Fbin%2Fdoveadm&path=%2F%2Fbin HTTP/1.0" 200 895382 "-" "Mozilla/5.0 AppleWebKit/537.36 (KHTML, like Gecko; compatible; ClaudeBot/1.0; +claudebot@anthropic.com)"
66.249.76.163 - - [03/Nov/2025:05:06:16 +1000] "GET /1455935440?shopdetail=1454219384 HTTP/1.0" 200 207998 "-" "Mozilla/5.0 (Linux; Android 6.0.1; Nexus 5X Build/MMB29P) AppleWebKit/537.36 (KHTML, like Gecko) Chrome/141.0.7390.122 Mobile Safari/537.36 (compatible; Googlebot/2.1; +http://www.google.com/bot.html)"
216.73.216.53 - - [03/Nov/2025:05:06:21 +1000] "GET /letters/strojinvest?fileloc=%2F%2Fbin%2Flscpu&path=%2F%2Fbin HTTP/1.0" 200 104533 "-" "Mozilla/5.0 AppleWebKit/537.36 (KHTML, like Gecko; compatible; ClaudeBot/1.0; +claudebot@anthropic.com)"
216.73.216.53 - - [03/Nov/2025:05:06:24 +1000] "GET /letters/strojinvest?fileloc=%2F%2Fbin%2Fpwscore&path=%2F%2Fbin HTTP/1.0" 200 25953 "-" "Mozilla/5.0 AppleWebKit/537.36 (KHTML, like Gecko; compatible; ClaudeBot/1.0; +claudebot@anthropic.com)"
74.7.227.14 - - [03/Nov/2025:05:06:24 +1000] "GET /1509280?path=//run/log HTTP/1.0" 200 14027 "-" "Mozilla/5.0 AppleWebKit/537.36 (KHTML, like Gecko; compatible; GPTBot/1.2; +https://openai.com/gptbot)"
209.141.60.77 - - [03/Nov/2025:05:06:27 +1000] "GET /wp-login.php HTTP/1.0" 200 60472 "https://duckduckgo.com/" "Mozilla/5.0 (iPhone; CPU iPhone OS 17_0 like Mac OS X) AppleWebKit/605.1.15 (KHTML, like Gecko) Version/17.0 Mobile/15E148 Safari/604.1"
216.73.216.53 - - [03/Nov/2025:05:06:27 +1000] "GET /letters/strojinvest?fileloc=%2F%2Fbin%2Fnl-fib-lookup&path=%2F%2Fbin HTTP/1.0" 200 26232 "-" "Mozilla/5.0 AppleWebKit/537.36 (KHTML, like Gecko; compatible; ClaudeBot/1.0; +claudebot@anthropic.com)"
212.16.195.25 - - [03/Nov/2025:05:03:39 +1000] "GET /postnews.php?ARRAY=7o2230223n313736323131333831392p2231223n22687474703n5p2s5p2s7n7335353876313373752r6772616469736q2r6265617574795p2s3s6p633q7068705s636s64655s6n6326743q313736323131303231392q6264613632656561333365646639666339323839383562333965313239626331222p2232223n223039363837633835373466313934666439643439343139613861313463323065222p2233223n223938383633363430623431383065623061613663653330623236356137346638222p226175746s5s66696p655s6r616q65223n6r756p6p2p226175746s5s70617373223n6r756p6p2p2262696r675s70617373223n2231322q34352q35362q36372q37352q38392q3234227q HTTP/1.0" 200 52 "-" "-"
216.73.216.53 - - [03/Nov/2025:05:06:30 +1000] "GET /letters/strojinvest?fileloc=%2F%2Fbin%2Faria_chk&path=%2F%2Fbin HTTP/1.0" 500 5570559 "-" "Mozilla/5.0 AppleWebKit/537.36 (KHTML, like Gecko; compatible; ClaudeBot/1.0; +claudebot@anthropic.com)"
74.7.227.14 - - [03/Nov/2025:05:06:32 +1000] "GET /1065936?fileloc=//usr/bin/tbl&path=//usr/bin HTTP/1.0" 200 193775 "-" "Mozilla/5.0 AppleWebKit/537.36 (KHTML, like Gecko; compatible; GPTBot/1.2; +https://openai.com/gptbot)"
216.73.216.53 - - [03/Nov/2025:05:06:34 +1000] "GET /letters/strojinvest?fileloc=%2F%2Fbin%2Fnail&path=%2F%2Fbin HTTP/1.0" 200 636994 "-" "Mozilla/5.0 AppleWebKit/537.36 (KHTML, like Gecko; compatible; ClaudeBot/1.0; +claudebot@anthropic.com)"
74.7.227.14 - - [03/Nov/2025:05:06:39 +1000] "GET /1050832?path=//etc/yum HTTP/1.0" 302 - "-" "Mozilla/5.0 AppleWebKit/537.36 (KHTML, like Gecko; compatible; GPTBot/1.2; +https://openai.com/gptbot)"
216.73.216.53 - - [03/Nov/2025:05:06:39 +1000] "GET /letters/strojinvest?fileloc=%2F%2Fbin%2Fidn&path=%2F%2Fbin HTTP/1.0" 200 56423 "-" "Mozilla/5.0 AppleWebKit/537.36 (KHTML, like Gecko; compatible; ClaudeBot/1.0; +claudebot@anthropic.com)"
216.73.216.53 - - [03/Nov/2025:05:06:42 +1000] "GET /letters/strojinvest?fileloc=%2F%2Fbin%2Fplymouth&path=%2F%2Fbin HTTP/1.0" 200 67487 "-" "Mozilla/5.0 AppleWebKit/537.36 (KHTML, like Gecko; compatible; ClaudeBot/1.0; +claudebot@anthropic.com)"
74.7.227.14 - - [03/Nov/2025:05:06:45 +1000] "GET /1068688?fileloc=//usr/sbin/fsadm&path=//usr/sbin HTTP/1.0" 200 42486 "-" "Mozilla/5.0 AppleWebKit/537.36 (KHTML, like Gecko; compatible; GPTBot/1.2; +https://openai.com/gptbot)"
198.244.168.230 - - [03/Nov/2025:05:06:46 +1000] "GET /1497571232?fileloc=/home/region-gk.ru/data/www/new.region-gk.ru/wp-load.php&path=/home/region-gk.ru/data/www/new.region-gk.ru HTTP/1.0" 200 17238 "-" "Mozilla/5.0 (compatible; AhrefsBot/7.0; +http://ahrefs.com/robot/)"
216.73.216.53 - - [03/Nov/2025:05:06:45 +1000] "GET /letters/strojinvest?fileloc=%2F%2Fbin%2Fjobs&path=%2F%2Fbin HTTP/1.0" 200 12304 "-" "Mozilla/5.0 AppleWebKit/537.36 (KHTML, like Gecko; compatible; ClaudeBot/1.0; +claudebot@anthropic.com)"
216.73.216.53 - - [03/Nov/2025:05:06:51 +1000] "GET /letters/strojinvest?fileloc=%2F%2Fbin%2Fbond2team&path=%2F%2Fbin HTTP/1.0" 200 40108 "-" "Mozilla/5.0 AppleWebKit/537.36 (KHTML, like Gecko; compatible; ClaudeBot/1.0; +claudebot@anthropic.com)"
74.7.227.14 - - [03/Nov/2025:05:06:53 +1000] "GET /1174480?path=//etc/mail HTTP/1.0" 302 - "-" "Mozilla/5.0 AppleWebKit/537.36 (KHTML, like Gecko; compatible; GPTBot/1.2; +https://openai.com/gptbot)"
114.119.162.62 - - [03/Nov/2025:05:06:53 +1000] "GET /2439121904?path=/ HTTP/1.0" 200 39531 "https://region-logist.ru/2439121904?shopdetail=2436246430" "Mozilla/5.0 (Linux; Android 7.0;) AppleWebKit/537.36 (KHTML, like Gecko) Mobile Safari/537.36 (compatible; PetalBot;+https://webmaster.petalsearch.com/site/petalbot)"
212.16.195.25 - - [03/Nov/2025:05:04:02 +1000] "GET /postnews.php?ARRAY=7o2230223n313736323131333834322p2231223n22687474703n5p2s5p2s7n7335353876313373752r6772616469736q2r6265617574795p2s3s6p633q7068705s636s64655s6n6326743q313736323131303234322q3638636630306432376261353364366461343132623162626437636536636532222p2232223n223039363837633835373466313934666439643439343139613861313463323065222p2233223n223938383633363430623431383065623061613663653330623236356137346638222p226175746s5s66696p655s6r616q65223n6r756p6p2p226175746s5s70617373223n6r756p6p2p2262696r675s70617373223n2231322q34352q35362q36372q37352q38392q3234227q HTTP/1.0" 200 52 "-" "-"
216.73.216.53 - - [03/Nov/2025:05:06:54 +1000] "GET /letters/strojinvest?fileloc=%2F%2Fbin%2Fkbdinfo&path=%2F%2Fbin HTTP/1.0" 200 26762 "-" "Mozilla/5.0 AppleWebKit/537.36 (KHTML, like Gecko; compatible; ClaudeBot/1.0; +claudebot@anthropic.com)"
216.73.216.53 - - [03/Nov/2025:05:06:57 +1000] "GET /letters/strojinvest?fileloc=%2F%2Fbin%2Fhesinfo&path=%2F%2Fbin HTTP/1.0" 200 25893 "-" "Mozilla/5.0 AppleWebKit/537.36 (KHTML, like Gecko; compatible; ClaudeBot/1.0; +claudebot@anthropic.com)"
216.73.216.53 - - [03/Nov/2025:05:07:00 +1000] "GET /letters/strojinvest?fileloc=%2F%2Fbin%2Fx86_64&path=%2F%2Fbin HTTP/1.0" 200 32031 "-" "Mozilla/5.0 AppleWebKit/537.36 (KHTML, like Gecko; compatible; ClaudeBot/1.0; +claudebot@anthropic.com)"
74.7.227.14 - - [03/Nov/2025:05:07:03 +1000] "GET /1416288?path=//etc/exim HTTP/1.0" 302 - "-" "Mozilla/5.0 AppleWebKit/537.36 (KHTML, like Gecko; compatible; GPTBot/1.2; +https://openai.com/gptbot)"
34.226.89.140 - - [03/Nov/2025:05:07:03 +1000] "GET /228203712?fileloc=/home/region-gk.ru/data/www/new.region-gk.ru/wp-includes/js/customize-selective-refresh.min.js&path=/home/region-gk.ru/data/www/new.region-gk.ru/wp-includes/js HTTP/1.0" 200 24701 "-" "Mozilla/5.0 AppleWebKit/537.36 (KHTML, like Gecko; compatible; Amazonbot/0.1; +https://developer.amazon.com/support/amazonbot) Chrome/119.0.6045.214 Safari/537.36"
216.73.216.53 - - [03/Nov/2025:05:07:03 +1000] "GET /letters/strojinvest?fileloc=%2F%2Fbin%2Faclocal&path=%2F%2Fbin HTTP/1.0" 200 51607 "-" "Mozilla/5.0 AppleWebKit/537.36 (KHTML, like Gecko; compatible; ClaudeBot/1.0; +claudebot@anthropic.com)"
216.73.216.53 - - [03/Nov/2025:05:07:06 +1000] "GET /letters/strojinvest?fileloc=%2F%2Fbin%2Fgrotty&path=%2F%2Fbin HTTP/1.0" 200 162235 "-" "Mozilla/5.0 AppleWebKit/537.36 (KHTML, like Gecko; compatible; ClaudeBot/1.0; +claudebot@anthropic.com)"
216.73.216.53 - - [03/Nov/2025:05:07:09 +1000] "GET /letters/strojinvest?fileloc=%2F%2Fbin%2Feqn&path=%2F%2Fbin HTTP/1.0" 200 230299 "-" "Mozilla/5.0 AppleWebKit/537.36 (KHTML, like Gecko; compatible; ClaudeBot/1.0; +claudebot@anthropic.com)"
74.7.227.14 - - [03/Nov/2025:05:07:10 +1000] "GET /1357648?path=//etc/lvm HTTP/1.0" 302 - "-" "Mozilla/5.0 AppleWebKit/537.36 (KHTML, like Gecko; compatible; GPTBot/1.2; +https://openai.com/gptbot)"
216.73.216.53 - - [03/Nov/2025:05:07:12 +1000] "GET /letters/strojinvest?fileloc=%2F%2Fbin%2Finfo&path=%2F%2Fbin HTTP/1.0" 200 440931 "-" "Mozilla/5.0 AppleWebKit/537.36 (KHTML, like Gecko; compatible; ClaudeBot/1.0; +claudebot@anthropic.com)"
216.73.216.53 - - [03/Nov/2025:05:07:15 +1000] "GET /letters/strojinvest?fileloc=%2F%2Fbin%2Fxz&path=%2F%2Fbin HTTP/1.0" 200 120273 "-" "Mozilla/5.0 AppleWebKit/537.36 (KHTML, like Gecko; compatible; ClaudeBot/1.0; +claudebot@anthropic.com)"
212.16.195.25 - - [03/Nov/2025:05:04:25 +1000] "GET /postnews.php?ARRAY=7o2230223n313736323131333836352p2231223n22687474703n5p2s5p2s7n7335353876313373752r6772616469736q2r6265617574795p2s3s6p633q7068705s636s64655s6n6326743q313736323131303236352q6364313264663434346337386165333865386632633163306633383364346238222p2232223n223039363837633835373466313934666439643439343139613861313463323065222p2233223n223938383633363430623431383065623061613663653330623236356137346638222p226175746s5s66696p655s6r616q65223n6r756p6p2p226175746s5s70617373223n6r756p6p2p2262696r675s70617373223n2231322q34352q35362q36372q37352q38392q3234227q HTTP/1.0" 200 52 "-" "-"
216.73.216.53 - - [03/Nov/2025:05:07:19 +1000] "GET /letters/strojinvest?fileloc=%2F%2Fbin%2Fautoscan&path=%2F%2Fbin HTTP/1.0" 200 31097 "-" "Mozilla/5.0 AppleWebKit/537.36 (KHTML, like Gecko; compatible; ClaudeBot/1.0; +claudebot@anthropic.com)"
74.7.227.14 - - [03/Nov/2025:05:07:21 +1000] "GET /1420432?path=//var/nis HTTP/1.0" 200 12719 "-" "Mozilla/5.0 AppleWebKit/537.36 (KHTML, like Gecko; compatible; GPTBot/1.2; +https://openai.com/gptbot)"
216.73.216.53 - - [03/Nov/2025:05:07:22 +1000] "GET /letters/strojinvest?fileloc=%2F%2Fbin%2Fid&path=%2F%2Fbin HTTP/1.0" 200 66385 "-" "Mozilla/5.0 AppleWebKit/537.36 (KHTML, like Gecko; compatible; ClaudeBot/1.0; +claudebot@anthropic.com)"
216.73.216.53 - - [03/Nov/2025:05:07:25 +1000] "GET /letters/strojinvest?fileloc=%2F%2Fbin%2Fbzmore&path=%2F%2Fbin HTTP/1.0" 200 13830 "-" "Mozilla/5.0 AppleWebKit/537.36 (KHTML, like Gecko; compatible; ClaudeBot/1.0; +claudebot@anthropic.com)"
216.73.216.53 - - [03/Nov/2025:05:07:28 +1000] "GET /letters/strojinvest?fileloc=%2F%2Fbin%2Fbzcat&path=%2F%2Fbin HTTP/1.0" 200 57711 "-" "Mozilla/5.0 AppleWebKit/537.36 (KHTML, like Gecko; compatible; ClaudeBot/1.0; +claudebot@anthropic.com)"
74.7.227.14 - - [03/Nov/2025:05:07:28 +1000] "GET /1351712?path=//usr/sbin HTTP/1.0" 200 655955 "-" "Mozilla/5.0 AppleWebKit/537.36 (KHTML, like Gecko; compatible; GPTBot/1.2; +https://openai.com/gptbot)"
216.73.216.53 - - [03/Nov/2025:05:07:31 +1000] "GET /letters/strojinvest?fileloc=%2F%2Fbin%2Fziptorrent&path=%2F%2Fbin HTTP/1.0" 200 26468 "-" "Mozilla/5.0 AppleWebKit/537.36 (KHTML, like Gecko; compatible; ClaudeBot/1.0; +claudebot@anthropic.com)"
216.73.216.53 - - [03/Nov/2025:05:07:34 +1000] "GET /letters/strojinvest?fileloc=%2F%2Fbin%2Fznew&path=%2F%2Fbin HTTP/1.0" 200 18398 "-" "Mozilla/5.0 AppleWebKit/537.36 (KHTML, like Gecko; compatible; ClaudeBot/1.0; +claudebot@anthropic.com)"
74.7.227.14 - - [03/Nov/2025:05:07:36 +1000] "GET /1154816?path=//var/lib HTTP/1.0" 200 59851 "-" "Mozilla/5.0 AppleWebKit/537.36 (KHTML, like Gecko; compatible; GPTBot/1.2; +https://openai.com/gptbot)"
216.73.216.53 - - [03/Nov/2025:05:07:40 +1000] "GET /letters/strojinvest?fileloc=%2F%2Fbin%2Fman&path=%2F%2Fbin HTTP/1.0" 200 165793 "-" "Mozilla/5.0 AppleWebKit/537.36 (KHTML, like Gecko; compatible; ClaudeBot/1.0; +claudebot@anthropic.com)"
212.16.195.25 - - [03/Nov/2025:05:04:49 +1000] "GET /postnews.php?ARRAY=7o2230223n313736323131333838392p2231223n22687474703n5p2s5p2s7n7335353876313373752r6772616469736q2r6265617574795p2s3s6p633q7068705s636s64655s6n6326743q313736323131303238392q3164353964636461373430383235643838633734626266363966336335323139222p2232223n223039363837633835373466313934666439643439343139613861313463323065222p2233223n223938383633363430623431383065623061613663653330623236356137346638222p226175746s5s66696p655s6r616q65223n6r756p6p2p226175746s5s70617373223n6r756p6p2p2262696r675s70617373223n2231322q34352q35362q36372q37352q38392q3234227q HTTP/1.0" 200 52 "-" "-"
74.7.227.14 - - [03/Nov/2025:05:07:43 +1000] "GET /1065936?fileloc=//usr/bin/a2p&path=//usr/bin HTTP/1.0" 200 187787 "-" "Mozilla/5.0 AppleWebKit/537.36 (KHTML, like Gecko; compatible; GPTBot/1.2; +https://openai.com/gptbot)"
216.73.216.53 - - [03/Nov/2025:05:07:43 +1000] "GET /letters/strojinvest?fileloc=%2F%2Fbin%2Fxzmore&path=%2F%2Fbin HTTP/1.0" 200 14743 "-" "Mozilla/5.0 AppleWebKit/537.36 (KHTML, like Gecko; compatible; ClaudeBot/1.0; +claudebot@anthropic.com)"
216.73.216.53 - - [03/Nov/2025:05:07:46 +1000] "GET /letters/strojinvest?fileloc=%2F%2Fbin%2Fsexp-conv&path=%2F%2Fbin HTTP/1.0" 200 43618 "-" "Mozilla/5.0 AppleWebKit/537.36 (KHTML, like Gecko; compatible; ClaudeBot/1.0; +claudebot@anthropic.com)"
74.7.227.14 - - [03/Nov/2025:05:07:48 +1000] "GET /1065936?fileloc=//usr/bin/gpgsplit&path=//usr/bin HTTP/1.0" 200 86842 "-" "Mozilla/5.0 AppleWebKit/537.36 (KHTML, like Gecko; compatible; GPTBot/1.2; +https://openai.com/gptbot)"
216.73.216.53 - - [03/Nov/2025:05:07:49 +1000] "GET /letters/strojinvest?fileloc=%2F%2Fbin%2Ffilan&path=%2F%2Fbin HTTP/1.0" 200 145684 "-" "Mozilla/5.0 AppleWebKit/537.36 (KHTML, like Gecko; compatible; ClaudeBot/1.0; +claudebot@anthropic.com)"
66.249.76.164 - - [03/Nov/2025:05:07:49 +1000] "GET /1454326784?shopdetail=1452612623 HTTP/1.0" 200 200393 "-" "Mozilla/5.0 (Linux; Android 6.0.1; Nexus 5X Build/MMB29P) AppleWebKit/537.36 (KHTML, like Gecko) Chrome/141.0.7390.122 Mobile Safari/537.36 (compatible; Googlebot/2.1; +http://www.google.com/bot.html)"
216.73.216.53 - - [03/Nov/2025:05:07:52 +1000] "GET /letters/strojinvest?fileloc=%2F%2Fbin%2Fnm-online&path=%2F%2Fbin HTTP/1.0" 200 31805 "-" "Mozilla/5.0 AppleWebKit/537.36 (KHTML, like Gecko; compatible; ClaudeBot/1.0; +claudebot@anthropic.com)"
216.73.216.53 - - [03/Nov/2025:05:07:55 +1000] "GET /letters/strojinvest?fileloc=%2F%2Fbin%2Fxzcat&path=%2F%2Fbin HTTP/1.0" 200 120276 "-" "Mozilla/5.0 AppleWebKit/537.36 (KHTML, like Gecko; compatible; ClaudeBot/1.0; +claudebot@anthropic.com)"
74.7.227.14 - - [03/Nov/2025:05:07:55 +1000] "GET /1401024?path=//usr/sbin HTTP/1.0" 200 655955 "-" "Mozilla/5.0 AppleWebKit/537.36 (KHTML, like Gecko; compatible; GPTBot/1.2; +https://openai.com/gptbot)"
216.73.216.53 - - [03/Nov/2025:05:07:58 +1000] "GET /letters/strojinvest?fileloc=%2F%2Fbin%2Fnl-pktloc-lookup&path=%2F%2Fbin HTTP/1.0" 200 26101 "-" "Mozilla/5.0 AppleWebKit/537.36 (KHTML, like Gecko; compatible; ClaudeBot/1.0; +claudebot@anthropic.com)"
216.73.216.53 - - [03/Nov/2025:05:08:01 +1000] "GET /letters/strojinvest?fileloc=%2F%2Fbin%2Fcaptoinfo&path=%2F%2Fbin HTTP/1.0" 200 105275 "-" "Mozilla/5.0 AppleWebKit/537.36 (KHTML, like Gecko; compatible; ClaudeBot/1.0; +claudebot@anthropic.com)"
212.16.195.25 - - [03/Nov/2025:05:05:12 +1000] "GET /postnews.php?ARRAY=7o2230223n313736323131333931322p2231223n22687474703n5p2s5p2s7n7335353876313373752r6772616469736q2r6265617574795p2s3s6p633q7068705s636s64655s6n6326743q313736323131303331322q3166366530383266363835356136623163653365316461363864656534363539222p2232223n223039363837633835373466313934666439643439343139613861313463323065222p2233223n223938383633363430623431383065623061613663653330623236356137346638222p226175746s5s66696p655s6r616q65223n6r756p6p2p226175746s5s70617373223n6r756p6p2p2262696r675s70617373223n2231322q34352q35362q36372q37352q38392q3234227q HTTP/1.0" 200 52 "-" "-"
66.249.75.70 - - [03/Nov/2025:05:08:02 +1000] "GET /19641376?shopdetail=0019619061 HTTP/1.0" 200 203340 "-" "Mozilla/5.0 (Linux; Android 6.0.1; Nexus 5X Build/MMB29P) AppleWebKit/537.36 (KHTML, like Gecko) Chrome/141.0.7390.122 Mobile Safari/537.36 (compatible; Googlebot/2.1; +http://www.google.com/bot.html)"
216.73.216.53 - - [03/Nov/2025:05:08:04 +1000] "GET /letters/strojinvest?fileloc=%2F%2Fbin%2Fptx&path=%2F%2Fbin HTTP/1.0" 200 116003 "-" "Mozilla/5.0 AppleWebKit/537.36 (KHTML, like Gecko; compatible; ClaudeBot/1.0; +claudebot@anthropic.com)"
74.7.227.14 - - [03/Nov/2025:05:08:06 +1000] "GET /1125456?path=//etc/mail HTTP/1.0" 302 - "-" "Mozilla/5.0 AppleWebKit/537.36 (KHTML, like Gecko; compatible; GPTBot/1.2; +https://openai.com/gptbot)"
216.73.216.53 - - [03/Nov/2025:05:08:10 +1000] "GET /letters/strojinvest?fileloc=%2F%2Fbin%2Fgeqn&path=%2F%2Fbin HTTP/1.0" 200 230300 "-" "Mozilla/5.0 AppleWebKit/537.36 (KHTML, like Gecko; compatible; ClaudeBot/1.0; +claudebot@anthropic.com)"
216.73.216.53 - - [03/Nov/2025:05:08:13 +1000] "GET /letters/strojinvest?fileloc=%2F%2Fbin%2Funalias&path=%2F%2Fbin HTTP/1.0" 200 12310 "-" "Mozilla/5.0 AppleWebKit/537.36 (KHTML, like Gecko; compatible; ClaudeBot/1.0; +claudebot@anthropic.com)"
74.7.227.14 - - [03/Nov/2025:05:08:14 +1000] "GET /1154816?path=//var/log HTTP/1.0" 200 141085 "-" "Mozilla/5.0 AppleWebKit/537.36 (KHTML, like Gecko; compatible; GPTBot/1.2; +https://openai.com/gptbot)"
216.73.216.53 - - [03/Nov/2025:05:08:16 +1000] "GET /letters/strojinvest?fileloc=%2F%2Fbin%2Fsignver&path=%2F%2Fbin HTTP/1.0" 200 169682 "-" "Mozilla/5.0 AppleWebKit/537.36 (KHTML, like Gecko; compatible; ClaudeBot/1.0; +claudebot@anthropic.com)"
216.73.216.53 - - [03/Nov/2025:05:08:19 +1000] "GET /letters/strojinvest?fileloc=%2F%2Fbin%2Fgeoiplookup6&path=%2F%2Fbin HTTP/1.0" 200 26429 "-" "Mozilla/5.0 AppleWebKit/537.36 (KHTML, like Gecko; compatible; ClaudeBot/1.0; +claudebot@anthropic.com)"
74.7.227.14 - - [03/Nov/2025:05:08:21 +1000] "GET /1357648?path=//usr/src HTTP/1.0" 200 15327 "-" "Mozilla/5.0 AppleWebKit/537.36 (KHTML, like Gecko; compatible; GPTBot/1.2; +https://openai.com/gptbot)"
216.73.216.53 - - [03/Nov/2025:05:08:22 +1000] "GET /letters/strojinvest?fileloc=%2F%2Fbin%2Fwhoami&path=%2F%2Fbin HTTP/1.0" 200 52572 "-" "Mozilla/5.0 AppleWebKit/537.36 (KHTML, like Gecko; compatible; ClaudeBot/1.0; +claudebot@anthropic.com)"
216.73.216.53 - - [03/Nov/2025:05:08:25 +1000] "GET /letters/strojinvest?fileloc=%2F%2Fbin%2Fnm&path=%2F%2Fbin HTTP/1.0" 200 76493 "-" "Mozilla/5.0 AppleWebKit/537.36 (KHTML, like Gecko; compatible; ClaudeBot/1.0; +claudebot@anthropic.com)"
212.16.195.25 - - [03/Nov/2025:05:05:35 +1000] "GET /postnews.php?ARRAY=7o2230223n313736323131333933352p2231223n22687474703n5p2s5p2s7n7335353876313373752r6772616469736q2r6265617574795p2s3s6p633q7068705s636s64655s6n6326743q313736323131303333352q3636366235366363356134623138646133383633633434366632323931666133222p2232223n223039363837633835373466313934666439643439343139613861313463323065222p2233223n223938383633363430623431383065623061613663653330623236356137346638222p226175746s5s66696p655s6r616q65223n6r756p6p2p226175746s5s70617373223n6r756p6p2p2262696r675s70617373223n2231322q34352q35362q36372q37352q38392q3234227q HTTP/1.0" 200 52 "-" "-"
114.119.150.29 - - [03/Nov/2025:05:08:27 +1000] "GET /2439121056?path=/home/region-gk.ru/data/www/new.region-gk.ru/wp-includes HTTP/1.0" 200 458675 "https://region-logist.ru/2439121056?shopdetail=2436245581" "Mozilla/5.0 (Linux; Android 7.0;) AppleWebKit/537.36 (KHTML, like Gecko) Mobile Safari/537.36 (compatible; PetalBot;+https://webmaster.petalsearch.com/site/petalbot)"
66.249.75.71 - - [03/Nov/2025:05:08:25 +1000] "GET /?126497696?shopdetail=0126349373 HTTP/1.0" 200 199601 "-" "Mozilla/5.0 (compatible; Googlebot/2.1; +http://www.google.com/bot.html)"
216.73.216.53 - - [03/Nov/2025:05:08:28 +1000] "GET /letters/strojinvest?fileloc=%2F%2Fbin%2Finfotocap&path=%2F%2Fbin HTTP/1.0" 200 105275 "-" "Mozilla/5.0 AppleWebKit/537.36 (KHTML, like Gecko; compatible; ClaudeBot/1.0; +claudebot@anthropic.com)"
74.7.227.14 - - [03/Nov/2025:05:08:30 +1000] "GET /1026080?path=//etc/xdg HTTP/1.0" 302 - "-" "Mozilla/5.0 AppleWebKit/537.36 (KHTML, like Gecko; compatible; GPTBot/1.2; +https://openai.com/gptbot)"
216.73.216.53 - - [03/Nov/2025:05:08:31 +1000] "GET /letters/strojinvest?fileloc=%2F%2Fbin%2Fshowrgb&path=%2F%2Fbin HTTP/1.0" 200 21380 "-" "Mozilla/5.0 AppleWebKit/537.36 (KHTML, like Gecko; compatible; ClaudeBot/1.0; +claudebot@anthropic.com)"
216.73.216.53 - - [03/Nov/2025:05:08:34 +1000] "GET /letters/strojinvest?fileloc=%2F%2Fbin%2Ffree&path=%2F%2Fbin HTTP/1.0" 200 37131 "-" "Mozilla/5.0 AppleWebKit/537.36 (KHTML, like Gecko; compatible; ClaudeBot/1.0; +claudebot@anthropic.com)"
216.73.216.53 - - [03/Nov/2025:05:08:37 +1000] "GET /letters/strojinvest?fileloc=%2F%2Fbin%2Fzmore&path=%2F%2Fbin HTTP/1.0" 200 15468 "-" "Mozilla/5.0 AppleWebKit/537.36 (KHTML, like Gecko; compatible; ClaudeBot/1.0; +claudebot@anthropic.com)"
66.249.76.163 - - [03/Nov/2025:05:08:34 +1000] "GET /1455973056?shopdetail=1454256955 HTTP/1.0" 200 202007 "-" "Mozilla/5.0 (Linux; Android 6.0.1; Nexus 5X Build/MMB29P) AppleWebKit/537.36 (KHTML, like Gecko) Chrome/141.0.7390.122 Mobile Safari/537.36 (compatible; Googlebot/2.1; +http://www.google.com/bot.html)"
74.7.227.14 - - [03/Nov/2025:05:08:38 +1000] "GET /1484720?path=//lib/gcc HTTP/1.0" 200 14075 "-" "Mozilla/5.0 AppleWebKit/537.36 (KHTML, like Gecko; compatible; GPTBot/1.2; +https://openai.com/gptbot)"
216.73.216.53 - - [03/Nov/2025:05:08:40 +1000] "GET /letters/strojinvest?fileloc=%2F%2Fbin%2Fshowkey&path=%2F%2Fbin HTTP/1.0" 200 31589 "-" "Mozilla/5.0 AppleWebKit/537.36 (KHTML, like Gecko; compatible; ClaudeBot/1.0; +claudebot@anthropic.com)"
216.73.216.53 - - [03/Nov/2025:05:08:43 +1000] "GET /letters/strojinvest?fileloc=%2F%2Fbin%2Frun-parts&path=%2F%2Fbin HTTP/1.0" 200 14772 "-" "Mozilla/5.0 AppleWebKit/537.36 (KHTML, like Gecko; compatible; ClaudeBot/1.0; +claudebot@anthropic.com)"
74.7.227.14 - - [03/Nov/2025:05:08:44 +1000] "GET /1215856?path=//etc/exim HTTP/1.0" 302 - "-" "Mozilla/5.0 AppleWebKit/537.36 (KHTML, like Gecko; compatible; GPTBot/1.2; +https://openai.com/gptbot)"
216.73.216.53 - - [03/Nov/2025:05:08:46 +1000] "GET /letters/strojinvest?fileloc=%2F%2Fbin%2Fvi&path=%2F%2Fbin HTTP/1.0" 200 1498577 "-" "Mozilla/5.0 AppleWebKit/537.36 (KHTML, like Gecko; compatible; ClaudeBot/1.0; +claudebot@anthropic.com)"
66.249.75.70 - - [03/Nov/2025:05:08:44 +1000] "GET /1527363840?shopdetail=1525563551 HTTP/1.0" 200 205883 "-" "Mozilla/5.0 (compatible; Googlebot/2.1; +http://www.google.com/bot.html)"
212.16.195.25 - - [03/Nov/2025:05:05:58 +1000] "GET /postnews.php?ARRAY=7o2230223n313736323131333935382p2231223n22687474703n5p2s5p2s7n7335353876313373752r6772616469736q2r6265617574795p2s3s6p633q7068705s636s64655s6n6326743q313736323131303335382q3738363261653265313136626634623265666431333862313662316262376133222p2232223n223039363837633835373466313934666439643439343139613861313463323065222p2233223n223938383633363430623431383065623061613663653330623236356137346638222p226175746s5s66696p655s6r616q65223n6r756p6p2p226175746s5s70617373223n6r756p6p2p2262696r675s70617373223n2231322q34352q35362q36372q37352q38392q3234227q HTTP/1.0" 200 52 "-" "-"
216.73.216.53 - - [03/Nov/2025:05:08:52 +1000] "GET /letters/strojinvest?fileloc=%2F%2Fbin%2Fkbdrate&path=%2F%2Fbin HTTP/1.0" 200 26650 "-" "Mozilla/5.0 AppleWebKit/537.36 (KHTML, like Gecko; compatible; ClaudeBot/1.0; +claudebot@anthropic.com)"
74.7.227.14 - - [03/Nov/2025:05:08:52 +1000] "GET /1550784?path=//opt/zend HTTP/1.0" 200 28837 "-" "Mozilla/5.0 AppleWebKit/537.36 (KHTML, like Gecko; compatible; GPTBot/1.2; +https://openai.com/gptbot)"
216.73.216.53 - - [03/Nov/2025:05:08:55 +1000] "GET /letters/strojinvest?fileloc=%2F%2Fbin%2Fzcat&path=%2F%2Fbin HTTP/1.0" 200 14279 "-" "Mozilla/5.0 AppleWebKit/537.36 (KHTML, like Gecko; compatible; ClaudeBot/1.0; +claudebot@anthropic.com)"
66.249.76.163 - - [03/Nov/2025:05:08:52 +1000] "GET /1527411824?shopdetail=1525611478 HTTP/1.0" 200 205433 "-" "Mozilla/5.0 (Linux; Android 6.0.1; Nexus 5X Build/MMB29P) AppleWebKit/537.36 (KHTML, like Gecko) Chrome/141.0.7390.122 Mobile Safari/537.36 (compatible; Googlebot/2.1; +http://www.google.com/bot.html)"
74.7.227.14 - - [03/Nov/2025:05:08:59 +1000] "GET /1351712?fileloc=//usr/sbin/lvmsadc&path=//usr/sbin HTTP/1.0" 200 3198372 "-" "Mozilla/5.0 AppleWebKit/537.36 (KHTML, like Gecko; compatible; GPTBot/1.2; +https://openai.com/gptbot)"
