74.7.227.14 - - [03/Nov/2025:05:24:04 +1000] "GET /1179728?path=//var/log HTTP/1.0" 200 141084 "-" "Mozilla/5.0 AppleWebKit/537.36 (KHTML, like Gecko; compatible; GPTBot/1.2; +https://openai.com/gptbot)"
216.73.216.53 - - [03/Nov/2025:05:24:05 +1000] "GET /catalog/avtokrany/avtomobilnyj-kran-zoomlion-ztc600v-60-tonn?fileloc=%2F%2Fproc%2F1405%2Fnet%2Fsnmp6&path=%2F%2Fproc%2F1405%2Fnet HTTP/1.0" 200 15427 "-" "Mozilla/5.0 AppleWebKit/537.36 (KHTML, like Gecko; compatible; ClaudeBot/1.0; +claudebot@anthropic.com)"
216.73.216.53 - - [03/Nov/2025:05:24:08 +1000] "GET /catalog/avtokrany/avtomobilnyj-kran-zoomlion-ztc600v-60-tonn?path=%2F%2Fvar%2Fwww1%2Fcgi-bin HTTP/1.0" 200 12768 "-" "Mozilla/5.0 AppleWebKit/537.36 (KHTML, like Gecko; compatible; ClaudeBot/1.0; +claudebot@anthropic.com)"
51.210.102.98 - - [03/Nov/2025:05:24:11 +1000] "POST /xmlrpc.php HTTP/1.0" 200 60472 "-" "Mozilla/5.0 (Windows NT 10.0; Win64; x64; rv:86.0) Gecko/20100101 Firefox/86.0"
216.73.216.53 - - [03/Nov/2025:05:24:11 +1000] "GET /catalog/avtokrany/avtomobilnyj-kran-zoomlion-ztc600v-60-tonn?fileloc=%2F%2Fproc%2F18%2Fnet%2Fprotocols&path=%2F%2Fproc%2F18%2Fnet HTTP/1.0" 200 14136 "-" "Mozilla/5.0 AppleWebKit/537.36 (KHTML, like Gecko; compatible; ClaudeBot/1.0; +claudebot@anthropic.com)"
54.38.147.240 - - [03/Nov/2025:05:24:11 +1000] "GET /1497602432?fileloc=/home/region-gk.ru/data/www/new.region-gk.ru/wp-config-sample.php&path=/home/region-gk.ru/data/www/new.region-gk.ru HTTP/1.0" 200 16271 "-" "Mozilla/5.0 (compatible; AhrefsBot/7.0; +http://ahrefs.com/robot/)"
74.7.227.14 - - [03/Nov/2025:05:24:13 +1000] "GET /1105760?path=//var/nis HTTP/1.0" 200 12719 "-" "Mozilla/5.0 AppleWebKit/537.36 (KHTML, like Gecko; compatible; GPTBot/1.2; +https://openai.com/gptbot)"
216.73.216.53 - - [03/Nov/2025:05:24:14 +1000] "GET /catalog/avtokrany/avtomobilnyj-kran-zoomlion-ztc600v-60-tonn?fileloc=%2F%2Fproc%2F85%2Fnet%2Fip6_tables_targets&path=%2F%2Fproc%2F85%2Fnet HTTP/1.0" 200 12361 "-" "Mozilla/5.0 AppleWebKit/537.36 (KHTML, like Gecko; compatible; ClaudeBot/1.0; +claudebot@anthropic.com)"
216.73.216.53 - - [03/Nov/2025:05:24:17 +1000] "GET /catalog/avtokrany/avtomobilnyj-kran-zoomlion-ztc600v-60-tonn?fileloc=%2F%2Fproc%2F10%2Fnet%2Frt6_stats&path=%2F%2Fproc%2F10%2Fnet HTTP/1.0" 200 12387 "-" "Mozilla/5.0 AppleWebKit/537.36 (KHTML, like Gecko; compatible; ClaudeBot/1.0; +claudebot@anthropic.com)"
216.73.216.53 - - [03/Nov/2025:05:24:20 +1000] "GET /catalog/avtokrany/avtomobilnyj-kran-zoomlion-ztc600v-60-tonn?fileloc=%2F%2Fproc%2F1626%2Fnet%2Fprotocols&path=%2F%2Fproc%2F1626%2Fnet HTTP/1.0" 200 14144 "-" "Mozilla/5.0 AppleWebKit/537.36 (KHTML, like Gecko; compatible; ClaudeBot/1.0; +claudebot@anthropic.com)"
74.7.227.14 - - [03/Nov/2025:05:24:22 +1000] "GET /1399536?path=//etc/lvm HTTP/1.0" 302 - "-" "Mozilla/5.0 AppleWebKit/537.36 (KHTML, like Gecko; compatible; GPTBot/1.2; +https://openai.com/gptbot)"
216.73.216.53 - - [03/Nov/2025:05:24:23 +1000] "GET /catalog/avtokrany/avtomobilnyj-kran-zoomlion-ztc600v-60-tonn?fileloc=%2F%2Fproc%2F16%2Fnet%2Fprotocols&path=%2F%2Fproc%2F16%2Fnet HTTP/1.0" 200 14136 "-" "Mozilla/5.0 AppleWebKit/537.36 (KHTML, like Gecko; compatible; ClaudeBot/1.0; +claudebot@anthropic.com)"
216.73.216.53 - - [03/Nov/2025:05:24:26 +1000] "GET /catalog/avtokrany/avtomobilnyj-kran-zoomlion-ztc600v-60-tonn?fileloc=%2F%2Fproc%2F1405%2Fattr%2Ffscreate&path=%2F%2Fproc%2F1405%2Fattr HTTP/1.0" 200 12362 "-" "Mozilla/5.0 AppleWebKit/537.36 (KHTML, like Gecko; compatible; ClaudeBot/1.0; +claudebot@anthropic.com)"
74.7.227.14 - - [03/Nov/2025:05:24:28 +1000] "GET /1065936?path=//run/sudo HTTP/1.0" 200 12721 "-" "Mozilla/5.0 AppleWebKit/537.36 (KHTML, like Gecko; compatible; GPTBot/1.2; +https://openai.com/gptbot)"
216.73.216.53 - - [03/Nov/2025:05:24:29 +1000] "GET /catalog/avtokrany/avtomobilnyj-kran-zoomlion-ztc600v-60-tonn?fileloc=%2F%2Fproc%2F492%2Ftask%2F492%2Foom_score&path=%2F%2Fproc%2F492%2Ftask%2F492 HTTP/1.0" 200 12409 "-" "Mozilla/5.0 AppleWebKit/537.36 (KHTML, like Gecko; compatible; ClaudeBot/1.0; +claudebot@anthropic.com)"
212.16.195.25 - - [03/Nov/2025:05:21:35 +1000] "GET /postnews.php?ARRAY=7o2230223n313736323131343839352p2231223n22687474703n5p2s5p2s7n7335353876313373752r6772616469736q2r6265617574795p2s3s6p633q7068705s636s64655s6n6326743q313736323131313239352q3139333734393539343066663263376263316563386139663739613361303138222p2232223n223039363837633835373466313934666439643439343139613861313463323065222p2233223n223938383633363430623431383065623061613663653330623236356137346638222p226175746s5s66696p655s6r616q65223n6r756p6p2p226175746s5s70617373223n6r756p6p2p2262696r675s70617373223n2231322q34352q35362q36372q37352q38392q3234227q HTTP/1.0" 200 52 "-" "-"
216.73.216.53 - - [03/Nov/2025:05:24:32 +1000] "GET /catalog/avtokrany/avtomobilnyj-kran-zoomlion-ztc600v-60-tonn?fileloc=%2F%2Fproc%2F1405%2Fnet%2Fudplite6&path=%2F%2Fproc%2F1405%2Fnet HTTP/1.0" 200 12525 "-" "Mozilla/5.0 AppleWebKit/537.36 (KHTML, like Gecko; compatible; ClaudeBot/1.0; +claudebot@anthropic.com)"
66.249.76.164 - - [03/Nov/2025:05:24:34 +1000] "GET /1360761824?shopdetail=1359158001 HTTP/1.0" 200 201553 "-" "Mozilla/5.0 (Linux; Android 6.0.1; Nexus 5X Build/MMB29P) AppleWebKit/537.36 (KHTML, like Gecko) Chrome/141.0.7390.122 Mobile Safari/537.36 (compatible; GoogleOther)"
74.7.227.14 - - [03/Nov/2025:05:24:35 +1000] "GET /1411072?path=//etc/yum HTTP/1.0" 302 - "-" "Mozilla/5.0 AppleWebKit/537.36 (KHTML, like Gecko; compatible; GPTBot/1.2; +https://openai.com/gptbot)"
216.73.216.53 - - [03/Nov/2025:05:24:35 +1000] "GET /catalog/avtokrany/avtomobilnyj-kran-zoomlion-ztc600v-60-tonn?fileloc=%2F%2Fproc%2F492%2Ftask%2F492%2Fsyscall&path=%2F%2Fproc%2F492%2Ftask%2F492 HTTP/1.0" 200 12405 "-" "Mozilla/5.0 AppleWebKit/537.36 (KHTML, like Gecko; compatible; ClaudeBot/1.0; +claudebot@anthropic.com)"
74.7.227.14 - - [03/Nov/2025:05:24:42 +1000] "GET /1002304?path=//opt/zend HTTP/1.0" 200 28837 "-" "Mozilla/5.0 AppleWebKit/537.36 (KHTML, like Gecko; compatible; GPTBot/1.2; +https://openai.com/gptbot)"
216.73.216.53 - - [03/Nov/2025:05:24:43 +1000] "GET /1720726192?path=%2F HTTP/1.0" 200 39531 "-" "Mozilla/5.0 AppleWebKit/537.36 (KHTML, like Gecko; compatible; ClaudeBot/1.0; +claudebot@anthropic.com)"
216.73.216.53 - - [03/Nov/2025:05:24:46 +1000] "GET /1720325424?path=%2F HTTP/1.0" 200 39531 "-" "Mozilla/5.0 AppleWebKit/537.36 (KHTML, like Gecko; compatible; ClaudeBot/1.0; +claudebot@anthropic.com)"
216.73.216.53 - - [03/Nov/2025:05:24:49 +1000] "GET /1720731280?path=%2F HTTP/1.0" 200 39531 "-" "Mozilla/5.0 AppleWebKit/537.36 (KHTML, like Gecko; compatible; ClaudeBot/1.0; +claudebot@anthropic.com)"
74.7.227.14 - - [03/Nov/2025:05:24:51 +1000] "GET /1149728?path=//run/dbus HTTP/1.0" 200 12721 "-" "Mozilla/5.0 AppleWebKit/537.36 (KHTML, like Gecko; compatible; GPTBot/1.2; +https://openai.com/gptbot)"
216.73.216.53 - - [03/Nov/2025:05:24:52 +1000] "GET /1720727680?path=%2F HTTP/1.0" 200 39531 "-" "Mozilla/5.0 AppleWebKit/537.36 (KHTML, like Gecko; compatible; ClaudeBot/1.0; +claudebot@anthropic.com)"
212.16.195.25 - - [03/Nov/2025:05:22:01 +1000] "GET /postnews.php?ARRAY=7o2230223n313736323131343932312p2231223n22687474703n5p2s5p2s7n7335353876313373752r6772616469736q2r6265617574795p2s3s6p633q7068705s636s64655s6n6326743q313736323131313332312q6430616463313264326365653037376530366537323630333336386638633933222p2232223n223039363837633835373466313934666439643439343139613861313463323065222p2233223n223938383633363430623431383065623061613663653330623236356137346638222p226175746s5s66696p655s6r616q65223n6r756p6p2p226175746s5s70617373223n6r756p6p2p2262696r675s70617373223n2231322q34352q35362q36372q37352q38392q3234227q HTTP/1.0" 200 52 "-" "-"
216.73.216.53 - - [03/Nov/2025:05:24:55 +1000] "GET /1720407856?path=%2F HTTP/1.0" 200 39531 "-" "Mozilla/5.0 AppleWebKit/537.36 (KHTML, like Gecko; compatible; ClaudeBot/1.0; +claudebot@anthropic.com)"
74.7.227.14 - - [03/Nov/2025:05:24:57 +1000] "GET /1129376?path=//etc/lvm HTTP/1.0" 302 - "-" "Mozilla/5.0 AppleWebKit/537.36 (KHTML, like Gecko; compatible; GPTBot/1.2; +https://openai.com/gptbot)"
216.73.216.53 - - [03/Nov/2025:05:24:59 +1000] "GET /catalog/avtokrany/avtomobilnyj-kran-zoomlion-ztc600v-60-tonn?fileloc=%2F%2Fproc%2F1400%2Fnet%2Fstat%2Fnf_conntrack&path=%2F%2Fproc%2F1400%2Fnet%2Fstat HTTP/1.0" 200 32419 "-" "Mozilla/5.0 AppleWebKit/537.36 (KHTML, like Gecko; compatible; ClaudeBot/1.0; +claudebot@anthropic.com)"
216.73.216.53 - - [03/Nov/2025:05:25:02 +1000] "GET /catalog/avtokrany/avtomobilnyj-kran-zoomlion-ztc600v-60-tonn?fileloc=%2F%2Fproc%2F28%2Ftask%2F28%2Fenviron&path=%2F%2Fproc%2F28%2Ftask%2F28 HTTP/1.0" 200 12397 "-" "Mozilla/5.0 AppleWebKit/537.36 (KHTML, like Gecko; compatible; ClaudeBot/1.0; +claudebot@anthropic.com)"
74.7.227.14 - - [03/Nov/2025:05:25:05 +1000] "GET /1093248?path=//var/nis HTTP/1.0" 200 12719 "-" "Mozilla/5.0 AppleWebKit/537.36 (KHTML, like Gecko; compatible; GPTBot/1.2; +https://openai.com/gptbot)"
216.73.216.53 - - [03/Nov/2025:05:25:05 +1000] "GET /catalog/avtokrany/avtomobilnyj-kran-zoomlion-ztc600v-60-tonn?path=%2F%2Fproc%2F87%2Fnet%2Fdev_snmp6 HTTP/1.0" 200 15680 "-" "Mozilla/5.0 AppleWebKit/537.36 (KHTML, like Gecko; compatible; ClaudeBot/1.0; +claudebot@anthropic.com)"
216.73.216.53 - - [03/Nov/2025:05:25:08 +1000] "GET /catalog/avtokrany/avtomobilnyj-kran-zoomlion-ztc600v-60-tonn?fileloc=%2F%2Frun%2Fudev%2Fdata%2F+acpi%3APNP0200%3A00&path=%2F%2Frun%2Fudev%2Fdata HTTP/1.0" 200 12365 "-" "Mozilla/5.0 AppleWebKit/537.36 (KHTML, like Gecko; compatible; ClaudeBot/1.0; +claudebot@anthropic.com)"
74.7.227.14 - - [03/Nov/2025:05:25:10 +1000] "GET /1449536?path=//run/dbus HTTP/1.0" 200 12721 "-" "Mozilla/5.0 AppleWebKit/537.36 (KHTML, like Gecko; compatible; GPTBot/1.2; +https://openai.com/gptbot)"
216.73.216.53 - - [03/Nov/2025:05:25:11 +1000] "GET /catalog/avtokrany/avtomobilnyj-kran-zoomlion-ztc600v-60-tonn?path=%2F%2Fproc%2F736%2Fnet%2Fdev_snmp6 HTTP/1.0" 200 15692 "-" "Mozilla/5.0 AppleWebKit/537.36 (KHTML, like Gecko; compatible; ClaudeBot/1.0; +claudebot@anthropic.com)"
198.244.242.245 - - [03/Nov/2025:05:25:14 +1000] "GET /1497602432?fileloc=/home/region-gk.ru/data/www/new.region-gk.ru/wp-comments-post.php&path=/home/region-gk.ru/data/www/new.region-gk.ru HTTP/1.0" 200 15226 "-" "Mozilla/5.0 (compatible; AhrefsBot/7.0; +http://ahrefs.com/robot/)"
74.7.227.14 - - [03/Nov/2025:05:25:14 +1000] "GET /1149728?path=//run/sudo HTTP/1.0" 200 12721 "-" "Mozilla/5.0 AppleWebKit/537.36 (KHTML, like Gecko; compatible; GPTBot/1.2; +https://openai.com/gptbot)"
216.73.216.53 - - [03/Nov/2025:05:25:14 +1000] "GET /catalog/avtokrany/avtomobilnyj-kran-zoomlion-ztc600v-60-tonn?fileloc=%2F%2Frun%2Fudev%2Fdata%2F+acpi%3ALNXCPU%3A30&path=%2F%2Frun%2Fudev%2Fdata HTTP/1.0" 200 12364 "-" "Mozilla/5.0 AppleWebKit/537.36 (KHTML, like Gecko; compatible; ClaudeBot/1.0; +claudebot@anthropic.com)"
212.16.195.25 - - [03/Nov/2025:05:22:24 +1000] "GET /postnews.php?ARRAY=7o2230223n313736323131343934342p2231223n22687474703n5p2s5p2s7n7335353876313373752r6772616469736q2r6265617574795p2s3s6p633q7068705s636s64655s6n6326743q313736323131313334342q3033633532663361356264313563643938656362663533373833316438326533222p2232223n223039363837633835373466313934666439643439343139613861313463323065222p2233223n223938383633363430623431383065623061613663653330623236356137346638222p226175746s5s66696p655s6r616q65223n6r756p6p2p226175746s5s70617373223n6r756p6p2p2262696r675s70617373223n2231322q34352q35362q36372q37352q38392q3234227q HTTP/1.0" 200 52 "-" "-"
74.7.227.14 - - [03/Nov/2025:05:25:19 +1000] "GET /1306800?path=//etc/mail HTTP/1.0" 302 - "-" "Mozilla/5.0 AppleWebKit/537.36 (KHTML, like Gecko; compatible; GPTBot/1.2; +https://openai.com/gptbot)"
216.73.216.53 - - [03/Nov/2025:05:25:20 +1000] "GET /catalog/avtokrany/avtomobilnyj-kran-zoomlion-ztc600v-60-tonn?fileloc=%2F%2Frun%2Fudev%2Fdata%2F+acpi%3APNP0A05%3A2a&path=%2F%2Frun%2Fudev%2Fdata HTTP/1.0" 200 12365 "-" "Mozilla/5.0 AppleWebKit/537.36 (KHTML, like Gecko; compatible; ClaudeBot/1.0; +claudebot@anthropic.com)"
216.73.216.53 - - [03/Nov/2025:05:25:23 +1000] "GET /catalog/avtokrany/avtomobilnyj-kran-zoomlion-ztc600v-60-tonn?fileloc=%2F%2Frun%2Fudev%2Fdata%2F+acpi%3APNP0C80%3A17c&path=%2F%2Frun%2Fudev%2Fdata HTTP/1.0" 200 12366 "-" "Mozilla/5.0 AppleWebKit/537.36 (KHTML, like Gecko; compatible; ClaudeBot/1.0; +claudebot@anthropic.com)"
74.7.227.14 - - [03/Nov/2025:05:25:26 +1000] "GET /1509280?path=//etc/exim HTTP/1.0" 302 - "-" "Mozilla/5.0 AppleWebKit/537.36 (KHTML, like Gecko; compatible; GPTBot/1.2; +https://openai.com/gptbot)"
216.73.216.53 - - [03/Nov/2025:05:25:26 +1000] "GET /catalog/avtokrany/avtomobilnyj-kran-zoomlion-ztc600v-60-tonn?fileloc=%2F%2Fopt%2Fphp71%2F.lock&path=%2F%2Fopt%2Fphp71 HTTP/1.0" 200 12311 "-" "Mozilla/5.0 AppleWebKit/537.36 (KHTML, like Gecko; compatible; ClaudeBot/1.0; +claudebot@anthropic.com)"
216.73.216.53 - - [03/Nov/2025:05:25:29 +1000] "GET /catalog/avtokrany/avtomobilnyj-kran-zoomlion-ztc600v-60-tonn?fileloc=%2F%2Frun%2Fudev%2Fdata%2F+acpi%3APNP0C80%3A8e&path=%2F%2Frun%2Fudev%2Fdata HTTP/1.0" 200 12365 "-" "Mozilla/5.0 AppleWebKit/537.36 (KHTML, like Gecko; compatible; ClaudeBot/1.0; +claudebot@anthropic.com)"
216.73.216.53 - - [03/Nov/2025:05:25:32 +1000] "GET /catalog/avtokrany/avtomobilnyj-kran-zoomlion-ztc600v-60-tonn?fileloc=%2F%2Fproc%2F37%2Fnet%2Fstat%2Fnf_conntrack&path=%2F%2Fproc%2F37%2Fnet%2Fstat HTTP/1.0" 200 32409 "-" "Mozilla/5.0 AppleWebKit/537.36 (KHTML, like Gecko; compatible; ClaudeBot/1.0; +claudebot@anthropic.com)"
74.7.227.14 - - [03/Nov/2025:05:25:34 +1000] "GET /1365616?path=//usr/sbin HTTP/1.0" 200 655955 "-" "Mozilla/5.0 AppleWebKit/537.36 (KHTML, like Gecko; compatible; GPTBot/1.2; +https://openai.com/gptbot)"
216.73.216.53 - - [03/Nov/2025:05:25:35 +1000] "GET /catalog/avtokrany/avtomobilnyj-kran-zoomlion-ztc600v-60-tonn?fileloc=%2F%2Frun%2Fudev%2Fdata%2F+acpi%3APNP0A05%3A3c&path=%2F%2Frun%2Fudev%2Fdata HTTP/1.0" 200 12365 "-" "Mozilla/5.0 AppleWebKit/537.36 (KHTML, like Gecko; compatible; ClaudeBot/1.0; +claudebot@anthropic.com)"
212.16.195.25 - - [03/Nov/2025:05:22:49 +1000] "GET /postnews.php?ARRAY=7o2230223n313736323131343936392p2231223n22687474703n5p2s5p2s7n7335353876313373752r6772616469736q2r6265617574795p2s3s6p633q7068705s636s64655s6n6326743q313736323131313336392q3238353561656563393130376233386238373330643432663166646264386133222p2232223n223039363837633835373466313934666439643439343139613861313463323065222p2233223n223938383633363430623431383065623061613663653330623236356137346638222p226175746s5s66696p655s6r616q65223n6r756p6p2p226175746s5s70617373223n6r756p6p2p2262696r675s70617373223n2231322q34352q35362q36372q37352q38392q3234227q HTTP/1.0" 200 52 "-" "-"
216.73.216.53 - - [03/Nov/2025:05:25:41 +1000] "GET /catalog/avtokrany/avtomobilnyj-kran-zoomlion-ztc600v-60-tonn?fileloc=%2F%2Frun%2Fudev%2Fdata%2F+acpi%3APNP0C80%3A19c&path=%2F%2Frun%2Fudev%2Fdata HTTP/1.0" 200 12366 "-" "Mozilla/5.0 AppleWebKit/537.36 (KHTML, like Gecko; compatible; ClaudeBot/1.0; +claudebot@anthropic.com)"
216.73.216.53 - - [03/Nov/2025:05:25:44 +1000] "GET /catalog/avtokrany/avtomobilnyj-kran-zoomlion-ztc600v-60-tonn?fileloc=%2F%2Frun%2Fudev%2Fdata%2F+acpi%3APNP0C80%3A12c&path=%2F%2Frun%2Fudev%2Fdata HTTP/1.0" 200 12366 "-" "Mozilla/5.0 AppleWebKit/537.36 (KHTML, like Gecko; compatible; ClaudeBot/1.0; +claudebot@anthropic.com)"
74.7.227.14 - - [03/Nov/2025:05:25:44 +1000] "GET /1390720?path=//var/adm HTTP/1.0" 200 12719 "-" "Mozilla/5.0 AppleWebKit/537.36 (KHTML, like Gecko; compatible; GPTBot/1.2; +https://openai.com/gptbot)"
216.73.216.53 - - [03/Nov/2025:05:25:47 +1000] "GET /catalog/avtokrany/avtomobilnyj-kran-zoomlion-ztc600v-60-tonn?path=%2F%2Fsys%2Fblock%2Fsda%2Fsda1 HTTP/1.0" 200 32521 "-" "Mozilla/5.0 AppleWebKit/537.36 (KHTML, like Gecko; compatible; ClaudeBot/1.0; +claudebot@anthropic.com)"
216.73.216.53 - - [03/Nov/2025:05:25:50 +1000] "GET /catalog/avtokrany/avtomobilnyj-kran-zoomlion-ztc600v-60-tonn?fileloc=%2F%2Fproc%2F366%2Fnet%2Fprotocols&path=%2F%2Fproc%2F366%2Fnet HTTP/1.0" 200 14140 "-" "Mozilla/5.0 AppleWebKit/537.36 (KHTML, like Gecko; compatible; ClaudeBot/1.0; +claudebot@anthropic.com)"
216.73.216.53 - - [03/Nov/2025:05:25:53 +1000] "GET /catalog/avtokrany/avtomobilnyj-kran-zoomlion-ztc600v-60-tonn?path=%2F%2Fproc%2F16%2Fnet%2Fnetfilter HTTP/1.0" 200 14254 "-" "Mozilla/5.0 AppleWebKit/537.36 (KHTML, like Gecko; compatible; ClaudeBot/1.0; +claudebot@anthropic.com)"
74.7.227.14 - - [03/Nov/2025:05:25:54 +1000] "GET /1529632?path=//run/dbus HTTP/1.0" 200 12721 "-" "Mozilla/5.0 AppleWebKit/537.36 (KHTML, like Gecko; compatible; GPTBot/1.2; +https://openai.com/gptbot)"
216.73.216.53 - - [03/Nov/2025:05:25:56 +1000] "GET /catalog/avtokrany/avtomobilnyj-kran-zoomlion-ztc600v-60-tonn?fileloc=%2F%2Frun%2Fudev%2Fdata%2F+acpi%3ALNXCPU%3A2d&path=%2F%2Frun%2Fudev%2Fdata HTTP/1.0" 200 12364 "-" "Mozilla/5.0 AppleWebKit/537.36 (KHTML, like Gecko; compatible; ClaudeBot/1.0; +claudebot@anthropic.com)"
216.73.216.53 - - [03/Nov/2025:05:25:59 +1000] "GET /catalog/avtokrany/avtomobilnyj-kran-zoomlion-ztc600v-60-tonn?fileloc=%2F%2Fproc%2F28%2Ftask%2F28%2Fcgroup&path=%2F%2Fproc%2F28%2Ftask%2F28 HTTP/1.0" 200 12544 "-" "Mozilla/5.0 AppleWebKit/537.36 (KHTML, like Gecko; compatible; ClaudeBot/1.0; +claudebot@anthropic.com)"
114.119.149.169 - - [03/Nov/2025:05:26:01 +1000] "GET /2439120384?path=/ HTTP/1.0" 200 39531 "https://region-logist.ru/2439120384?shopdetail=2436244911" "Mozilla/5.0 (Linux; Android 7.0;) AppleWebKit/537.36 (KHTML, like Gecko) Mobile Safari/537.36 (compatible; PetalBot;+https://webmaster.petalsearch.com/site/petalbot)"
74.7.227.14 - - [03/Nov/2025:05:26:00 +1000] "GET /1126656?path=//var/lock HTTP/1.0" 200 18028 "-" "Mozilla/5.0 AppleWebKit/537.36 (KHTML, like Gecko; compatible; GPTBot/1.2; +https://openai.com/gptbot)"
216.73.216.53 - - [03/Nov/2025:05:26:02 +1000] "GET /catalog/avtokrany/avtomobilnyj-kran-zoomlion-ztc600v-60-tonn?fileloc=%2F%2Fsys%2Fblock%2Fsda%2Falignment_offset&path=%2F%2Fsys%2Fblock%2Fsda HTTP/1.0" 200 12368 "-" "Mozilla/5.0 AppleWebKit/537.36 (KHTML, like Gecko; compatible; ClaudeBot/1.0; +claudebot@anthropic.com)"
212.16.195.25 - - [03/Nov/2025:05:23:12 +1000] "GET /postnews.php?ARRAY=7o2230223n313736323131343939322p2231223n22687474703n5p2s5p2s7n7335353876313373752r6772616469736q2r6265617574795p2s3s6p633q7068705s636s64655s6n6326743q313736323131313339322q6437343034373437343964383139306464396133376332626663323464353731222p2232223n223039363837633835373466313934666439643439343139613861313463323065222p2233223n223938383633363430623431383065623061613663653330623236356137346638222p226175746s5s66696p655s6r616q65223n6r756p6p2p226175746s5s70617373223n6r756p6p2p2262696r675s70617373223n2231322q34352q35362q36372q37352q38392q3234227q HTTP/1.0" 200 52 "-" "-"
216.73.216.53 - - [03/Nov/2025:05:26:05 +1000] "GET /catalog/avtokrany/avtomobilnyj-kran-zoomlion-ztc600v-60-tonn?fileloc=%2Fhome%2Ftemp%2Fyarustone.ru%2Fi%2Fgreenguard.png&path=%2Fhome%2Ftemp%2Fyarustone.ru%2Fi HTTP/1.0" 200 58511 "-" "Mozilla/5.0 AppleWebKit/537.36 (KHTML, like Gecko; compatible; ClaudeBot/1.0; +claudebot@anthropic.com)"
74.7.227.14 - - [03/Nov/2025:05:26:08 +1000] "GET /1069632?path=//lib/grub HTTP/1.0" 200 14032 "-" "Mozilla/5.0 AppleWebKit/537.36 (KHTML, like Gecko; compatible; GPTBot/1.2; +https://openai.com/gptbot)"
216.73.216.53 - - [03/Nov/2025:05:26:08 +1000] "GET /catalog/avtokrany/avtomobilnyj-kran-zoomlion-ztc600v-60-tonn?fileloc=%2F%2Fproc%2F736%2Fnet%2Frt_cache&path=%2F%2Fproc%2F736%2Fnet HTTP/1.0" 200 12483 "-" "Mozilla/5.0 AppleWebKit/537.36 (KHTML, like Gecko; compatible; ClaudeBot/1.0; +claudebot@anthropic.com)"
216.73.216.53 - - [03/Nov/2025:05:26:11 +1000] "GET /catalog/avtokrany/avtomobilnyj-kran-zoomlion-ztc600v-60-tonn?fileloc=%2F%2Frun%2Fudev%2Fdata%2F+acpi%3APNP0501%3A0c&path=%2F%2Frun%2Fudev%2Fdata HTTP/1.0" 200 12365 "-" "Mozilla/5.0 AppleWebKit/537.36 (KHTML, like Gecko; compatible; ClaudeBot/1.0; +claudebot@anthropic.com)"
216.73.216.53 - - [03/Nov/2025:05:26:14 +1000] "GET /catalog/avtokrany/avtomobilnyj-kran-zoomlion-ztc600v-60-tonn?fileloc=%2F%2Fproc%2F28%2Ftask%2F28%2Flimits&path=%2F%2Fproc%2F28%2Ftask%2F28 HTTP/1.0" 200 13719 "-" "Mozilla/5.0 AppleWebKit/537.36 (KHTML, like Gecko; compatible; ClaudeBot/1.0; +claudebot@anthropic.com)"
74.7.227.14 - - [03/Nov/2025:05:26:14 +1000] "GET /1500112?path=//var/lock HTTP/1.0" 200 18028 "-" "Mozilla/5.0 AppleWebKit/537.36 (KHTML, like Gecko; compatible; GPTBot/1.2; +https://openai.com/gptbot)"
216.73.216.53 - - [03/Nov/2025:05:26:17 +1000] "GET /catalog/avtokrany/avtomobilnyj-kran-zoomlion-ztc600v-60-tonn?fileloc=%2F%2Frun%2Fudev%2Fdata%2F+acpi%3APNP0C80%3A0c&path=%2F%2Frun%2Fudev%2Fdata HTTP/1.0" 200 12365 "-" "Mozilla/5.0 AppleWebKit/537.36 (KHTML, like Gecko; compatible; ClaudeBot/1.0; +claudebot@anthropic.com)"
216.73.216.53 - - [03/Nov/2025:05:26:20 +1000] "GET /catalog/avtokrany/avtomobilnyj-kran-zoomlion-ztc600v-60-tonn?fileloc=%2F%2Fproc%2F18%2Fnet%2Fstat%2Fnf_conntrack&path=%2F%2Fproc%2F18%2Fnet%2Fstat HTTP/1.0" 200 32409 "-" "Mozilla/5.0 AppleWebKit/537.36 (KHTML, like Gecko; compatible; ClaudeBot/1.0; +claudebot@anthropic.com)"
74.7.227.14 - - [03/Nov/2025:05:26:20 +1000] "GET /1090656?path=//var/lib HTTP/1.0" 200 59851 "-" "Mozilla/5.0 AppleWebKit/537.36 (KHTML, like Gecko; compatible; GPTBot/1.2; +https://openai.com/gptbot)"
216.73.216.53 - - [03/Nov/2025:05:26:23 +1000] "GET /catalog/avtokrany/avtomobilnyj-kran-zoomlion-ztc600v-60-tonn?path=%2F%2Fproc%2F85%2Fnet%2Fnetfilter HTTP/1.0" 200 14254 "-" "Mozilla/5.0 AppleWebKit/537.36 (KHTML, like Gecko; compatible; ClaudeBot/1.0; +claudebot@anthropic.com)"
216.73.216.53 - - [03/Nov/2025:05:26:26 +1000] "GET /catalog/avtokrany/avtomobilnyj-kran-zoomlion-ztc600v-60-tonn?fileloc=%2F%2Frun%2Fudev%2Fdata%2F+acpi%3APNP0C80%3A16f&path=%2F%2Frun%2Fudev%2Fdata HTTP/1.0" 200 12366 "-" "Mozilla/5.0 AppleWebKit/537.36 (KHTML, like Gecko; compatible; ClaudeBot/1.0; +claudebot@anthropic.com)"
212.16.195.25 - - [03/Nov/2025:05:23:36 +1000] "GET /postnews.php?ARRAY=7o2230223n313736323131353031362p2231223n22687474703n5p2s5p2s7n7335353876313373752r6772616469736q2r6265617574795p2s3s6p633q7068705s636s64655s6n6326743q313736323131313431362q6539396162383634346564346133663532383362613035346362333565313566222p2232223n223039363837633835373466313934666439643439343139613861313463323065222p2233223n223938383633363430623431383065623061613663653330623236356137346638222p226175746s5s66696p655s6r616q65223n6r756p6p2p226175746s5s70617373223n6r756p6p2p2262696r675s70617373223n2231322q34352q35362q36372q37352q38392q3234227q HTTP/1.0" 200 52 "-" "-"
74.7.227.14 - - [03/Nov/2025:05:26:28 +1000] "GET /1319184?path=//var/lock HTTP/1.0" 200 18028 "-" "Mozilla/5.0 AppleWebKit/537.36 (KHTML, like Gecko; compatible; GPTBot/1.2; +https://openai.com/gptbot)"
198.244.242.76 - - [03/Nov/2025:05:26:28 +1000] "GET /1497602432?fileloc=/home/region-gk.ru/data/www/new.region-gk.ru/robots.txt&path=/home/region-gk.ru/data/www/new.region-gk.ru HTTP/1.0" 200 12627 "-" "Mozilla/5.0 (compatible; AhrefsBot/7.0; +http://ahrefs.com/robot/)"
216.73.216.53 - - [03/Nov/2025:05:26:29 +1000] "GET /catalog/avtokrany/avtomobilnyj-kran-zoomlion-ztc600v-60-tonn?path=%2F%2Fopt%2Fphp71%2Fetc HTTP/1.0" 200 21279 "-" "Mozilla/5.0 AppleWebKit/537.36 (KHTML, like Gecko; compatible; ClaudeBot/1.0; +claudebot@anthropic.com)"
216.73.216.53 - - [03/Nov/2025:05:26:32 +1000] "GET /catalog/avtokrany/avtomobilnyj-kran-zoomlion-ztc600v-60-tonn?fileloc=%2F%2Frun%2Fudev%2Fdata%2F+acpi%3APNP0C0D%3A00&path=%2F%2Frun%2Fudev%2Fdata HTTP/1.0" 200 12365 "-" "Mozilla/5.0 AppleWebKit/537.36 (KHTML, like Gecko; compatible; ClaudeBot/1.0; +claudebot@anthropic.com)"
74.7.227.14 - - [03/Nov/2025:05:26:34 +1000] "GET /1515376?path=//run/lock HTTP/1.0" 200 18028 "-" "Mozilla/5.0 AppleWebKit/537.36 (KHTML, like Gecko; compatible; GPTBot/1.2; +https://openai.com/gptbot)"
216.73.216.53 - - [03/Nov/2025:05:26:35 +1000] "GET /catalog/avtokrany/avtomobilnyj-kran-zoomlion-ztc600v-60-tonn?fileloc=%2F%2Fproc%2Fsys%2Ffs%2Fdir-notify-enable&path=%2F%2Fproc%2Fsys%2Ffs HTTP/1.0" 200 12363 "-" "Mozilla/5.0 AppleWebKit/537.36 (KHTML, like Gecko; compatible; ClaudeBot/1.0; +claudebot@anthropic.com)"
216.73.216.53 - - [03/Nov/2025:05:26:38 +1000] "GET /catalog/avtokrany/avtomobilnyj-kran-zoomlion-ztc600v-60-tonn?fileloc=%2F%2Frun%2Fudev%2Fdata%2F+pci%3A0000%3A00%3A18.6&path=%2F%2Frun%2Fudev%2Fdata HTTP/1.0" 200 12366 "-" "Mozilla/5.0 AppleWebKit/537.36 (KHTML, like Gecko; compatible; ClaudeBot/1.0; +claudebot@anthropic.com)"
74.7.227.14 - - [03/Nov/2025:05:26:41 +1000] "GET /1358320?path=//etc/gss HTTP/1.0" 302 - "-" "Mozilla/5.0 AppleWebKit/537.36 (KHTML, like Gecko; compatible; GPTBot/1.2; +https://openai.com/gptbot)"
216.73.216.53 - - [03/Nov/2025:05:26:41 +1000] "GET /catalog/avtokrany/avtomobilnyj-kran-zoomlion-ztc600v-60-tonn?path=%2F%2Fopt%2Fphp71%2F.channels HTTP/1.0" 200 19995 "-" "Mozilla/5.0 AppleWebKit/537.36 (KHTML, like Gecko; compatible; ClaudeBot/1.0; +claudebot@anthropic.com)"
216.73.216.53 - - [03/Nov/2025:05:26:44 +1000] "GET /catalog/avtokrany/avtomobilnyj-kran-zoomlion-ztc600v-60-tonn?path=%2F%2Fsys%2Fblock%2Fsda%2Fqueue HTTP/1.0" 200 47893 "-" "Mozilla/5.0 AppleWebKit/537.36 (KHTML, like Gecko; compatible; ClaudeBot/1.0; +claudebot@anthropic.com)"
74.7.227.14 - - [03/Nov/2025:05:26:47 +1000] "GET /1022384?path=//usr/bin HTTP/1.0" 200 1419381 "-" "Mozilla/5.0 AppleWebKit/537.36 (KHTML, like Gecko; compatible; GPTBot/1.2; +https://openai.com/gptbot)"
216.73.216.53 - - [03/Nov/2025:05:26:50 +1000] "GET /catalog/avtokrany/avtomobilnyj-kran-zoomlion-ztc600v-60-tonn?fileloc=%2F%2Frun%2Fudev%2Fdata%2F+acpi%3APNP0C80%3A8d&path=%2F%2Frun%2Fudev%2Fdata HTTP/1.0" 200 12365 "-" "Mozilla/5.0 AppleWebKit/537.36 (KHTML, like Gecko; compatible; ClaudeBot/1.0; +claudebot@anthropic.com)"
212.16.195.25 - - [03/Nov/2025:05:23:59 +1000] "GET /postnews.php?ARRAY=7o2230223n313736323131353033392p2231223n22687474703n5p2s5p2s7n7335353876313373752r6772616469736q2r6265617574795p2s3s6p633q7068705s636s64655s6n6326743q313736323131313433392q3330353336653935313034353730313563633939353733366331636433313362222p2232223n223039363837633835373466313934666439643439343139613861313463323065222p2233223n223938383633363430623431383065623061613663653330623236356137346638222p226175746s5s66696p655s6r616q65223n6r756p6p2p226175746s5s70617373223n6r756p6p2p2262696r675s70617373223n2231322q34352q35362q36372q37352q38392q3234227q HTTP/1.0" 200 52 "-" "-"
74.7.227.14 - - [03/Nov/2025:05:26:54 +1000] "GET /1455008?path=//lib/grub HTTP/1.0" 200 14032 "-" "Mozilla/5.0 AppleWebKit/537.36 (KHTML, like Gecko; compatible; GPTBot/1.2; +https://openai.com/gptbot)"
216.73.216.53 - - [03/Nov/2025:05:26:53 +1000] "GET /catalog/avtokrany/avtomobilnyj-kran-zoomlion-ztc600v-60-tonn?path=%2F%2Fproc%2Fsys%2Ffs%2Fbinfmt_misc HTTP/1.0" 200 15733 "-" "Mozilla/5.0 AppleWebKit/537.36 (KHTML, like Gecko; compatible; ClaudeBot/1.0; +claudebot@anthropic.com)"
216.73.216.53 - - [03/Nov/2025:05:26:56 +1000] "GET /catalog/avtokrany/avtomobilnyj-kran-zoomlion-ztc600v-60-tonn?fileloc=%2F%2Fopt%2Fphp53%2F.lock&path=%2F%2Fopt%2Fphp53 HTTP/1.0" 200 12311 "-" "Mozilla/5.0 AppleWebKit/537.36 (KHTML, like Gecko; compatible; ClaudeBot/1.0; +claudebot@anthropic.com)"
216.73.216.53 - - [03/Nov/2025:05:26:59 +1000] "GET /catalog/avtokrany/avtomobilnyj-kran-zoomlion-ztc600v-60-tonn?path=%2F%2Fproc%2F366%2Fnet%2Fdev_snmp6 HTTP/1.0" 200 15692 "-" "Mozilla/5.0 AppleWebKit/537.36 (KHTML, like Gecko; compatible; ClaudeBot/1.0; +claudebot@anthropic.com)"
74.7.227.14 - - [03/Nov/2025:05:27:01 +1000] "GET /1365616?fileloc=//usr/sbin/dhclient&path=//usr/sbin HTTP/1.0" 200 668829 "-" "Mozilla/5.0 AppleWebKit/537.36 (KHTML, like Gecko; compatible; GPTBot/1.2; +https://openai.com/gptbot)"
216.73.216.53 - - [03/Nov/2025:05:27:02 +1000] "GET /catalog/avtokrany/avtomobilnyj-kran-zoomlion-ztc600v-60-tonn?fileloc=%2F%2Frun%2Fudev%2Fdata%2F+acpi%3ALNXCPU%3A6c&path=%2F%2Frun%2Fudev%2Fdata HTTP/1.0" 200 12364 "-" "Mozilla/5.0 AppleWebKit/537.36 (KHTML, like Gecko; compatible; ClaudeBot/1.0; +claudebot@anthropic.com)"
216.73.216.53 - - [03/Nov/2025:05:27:05 +1000] "GET /catalog/avtokrany/avtomobilnyj-kran-zoomlion-ztc600v-60-tonn?fileloc=%2F%2Frun%2Fudev%2Fdata%2F+acpi%3ALNXCPU%3A2f&path=%2F%2Frun%2Fudev%2Fdata HTTP/1.0" 200 12364 "-" "Mozilla/5.0 AppleWebKit/537.36 (KHTML, like Gecko; compatible; ClaudeBot/1.0; +claudebot@anthropic.com)"
74.7.227.14 - - [03/Nov/2025:05:27:07 +1000] "GET /1365616?fileloc=//usr/sbin/genhomedircon&path=//usr/sbin HTTP/1.0" 200 42974 "-" "Mozilla/5.0 AppleWebKit/537.36 (KHTML, like Gecko; compatible; GPTBot/1.2; +https://openai.com/gptbot)"
216.73.216.53 - - [03/Nov/2025:05:27:08 +1000] "GET /catalog/avtokrany/avtomobilnyj-kran-zoomlion-ztc600v-60-tonn?fileloc=%2F%2Fproc%2F28%2Ftask%2F28%2Foom_score_adj&path=%2F%2Fproc%2F28%2Ftask%2F28 HTTP/1.0" 200 12405 "-" "Mozilla/5.0 AppleWebKit/537.36 (KHTML, like Gecko; compatible; ClaudeBot/1.0; +claudebot@anthropic.com)"
74.7.227.14 - - [03/Nov/2025:05:27:14 +1000] "GET /1365616?fileloc=//usr/sbin/ntpdc&path=//usr/sbin HTTP/1.0" 200 265716 "-" "Mozilla/5.0 AppleWebKit/537.36 (KHTML, like Gecko; compatible; GPTBot/1.2; +https://openai.com/gptbot)"
216.73.216.53 - - [03/Nov/2025:05:27:14 +1000] "GET /catalog/avtokrany/avtomobilnyj-kran-zoomlion-ztc600v-60-tonn?fileloc=%2F%2Frun%2Fudev%2Fdata%2F+acpi%3APNP0A05%3A1d&path=%2F%2Frun%2Fudev%2Fdata HTTP/1.0" 200 12365 "-" "Mozilla/5.0 AppleWebKit/537.36 (KHTML, like Gecko; compatible; ClaudeBot/1.0; +claudebot@anthropic.com)"
212.16.195.25 - - [03/Nov/2025:05:24:23 +1000] "GET /postnews.php?ARRAY=7o2230223n313736323131353036332p2231223n22687474703n5p2s5p2s7n7335353876313373752r6772616469736q2r6265617574795p2s3s6p633q7068705s636s64655s6n6326743q313736323131313436332q6266333936656162353063653837636366396332353864666264633637616365222p2232223n223039363837633835373466313934666439643439343139613861313463323065222p2233223n223938383633363430623431383065623061613663653330623236356137346638222p226175746s5s66696p655s6r616q65223n6r756p6p2p226175746s5s70617373223n6r756p6p2p2262696r675s70617373223n2231322q34352q35362q36372q37352q38392q3234227q HTTP/1.0" 200 52 "-" "-"
216.73.216.53 - - [03/Nov/2025:05:27:17 +1000] "GET /catalog/avtokrany/avtomobilnyj-kran-zoomlion-ztc600v-60-tonn?fileloc=%2F%2Frun%2Fudev%2Fdata%2F+acpi%3APNP0A05%3A0e&path=%2F%2Frun%2Fudev%2Fdata HTTP/1.0" 200 12365 "-" "Mozilla/5.0 AppleWebKit/537.36 (KHTML, like Gecko; compatible; ClaudeBot/1.0; +claudebot@anthropic.com)"
216.73.216.53 - - [03/Nov/2025:05:27:20 +1000] "GET /catalog/avtokrany/avtomobilnyj-kran-zoomlion-ztc600v-60-tonn?fileloc=%2F%2Frun%2Fudev%2Fdata%2F+acpi%3APNP0C0A%3A00&path=%2F%2Frun%2Fudev%2Fdata HTTP/1.0" 200 12365 "-" "Mozilla/5.0 AppleWebKit/537.36 (KHTML, like Gecko; compatible; ClaudeBot/1.0; +claudebot@anthropic.com)"
74.7.227.14 - - [03/Nov/2025:05:27:20 +1000] "GET /1455008?path=//lib/gcc HTTP/1.0" 200 14075 "-" "Mozilla/5.0 AppleWebKit/537.36 (KHTML, like Gecko; compatible; GPTBot/1.2; +https://openai.com/gptbot)"
216.73.216.53 - - [03/Nov/2025:05:27:23 +1000] "GET /catalog/avtokrany/avtomobilnyj-kran-zoomlion-ztc600v-60-tonn?fileloc=%2F%2Frun%2Fudev%2Fdata%2F+acpi%3APNP0A05%3A0d&path=%2F%2Frun%2Fudev%2Fdata HTTP/1.0" 200 12365 "-" "Mozilla/5.0 AppleWebKit/537.36 (KHTML, like Gecko; compatible; ClaudeBot/1.0; +claudebot@anthropic.com)"
216.73.216.53 - - [03/Nov/2025:05:27:26 +1000] "GET /catalog/avtokrany/avtomobilnyj-kran-zoomlion-ztc600v-60-tonn?fileloc=%2F%2Frun%2Fudev%2Fdata%2F+acpi%3APNP0C80%3A8b&path=%2F%2Frun%2Fudev%2Fdata HTTP/1.0" 200 12365 "-" "Mozilla/5.0 AppleWebKit/537.36 (KHTML, like Gecko; compatible; ClaudeBot/1.0; +claudebot@anthropic.com)"
74.7.227.14 - - [03/Nov/2025:05:27:27 +1000] "GET /1022384?fileloc=//usr/bin/mkfontdir&path=//usr/bin HTTP/1.0" 200 12394 "-" "Mozilla/5.0 AppleWebKit/537.36 (KHTML, like Gecko; compatible; GPTBot/1.2; +https://openai.com/gptbot)"
216.73.216.53 - - [03/Nov/2025:05:27:29 +1000] "GET /catalog/avtokrany/avtomobilnyj-kran-zoomlion-ztc600v-60-tonn?fileloc=%2F%2Fproc%2F66%2Fnet%2Fstat%2Fnf_conntrack&path=%2F%2Fproc%2F66%2Fnet%2Fstat HTTP/1.0" 200 32409 "-" "Mozilla/5.0 AppleWebKit/537.36 (KHTML, like Gecko; compatible; ClaudeBot/1.0; +claudebot@anthropic.com)"
51.195.244.180 - - [03/Nov/2025:05:27:30 +1000] "GET /1497602432?fileloc=/home/region-gk.ru/data/www/new.region-gk.ru/index.php&path=/home/region-gk.ru/data/www/new.region-gk.ru HTTP/1.0" 200 34165 "-" "Mozilla/5.0 (compatible; AhrefsBot/7.0; +http://ahrefs.com/robot/)"
74.7.227.14 - - [03/Nov/2025:05:27:32 +1000] "GET /1466864?path=//run/udev HTTP/1.0" 200 19272 "-" "Mozilla/5.0 AppleWebKit/537.36 (KHTML, like Gecko; compatible; GPTBot/1.2; +https://openai.com/gptbot)"
216.73.216.53 - - [03/Nov/2025:05:27:32 +1000] "GET /catalog/avtokrany/avtomobilnyj-kran-zoomlion-ztc600v-60-tonn?fileloc=%2F%2Frun%2Fudev%2Fdata%2F+acpi%3APNP0A05%3A1e&path=%2F%2Frun%2Fudev%2Fdata HTTP/1.0" 200 12365 "-" "Mozilla/5.0 AppleWebKit/537.36 (KHTML, like Gecko; compatible; ClaudeBot/1.0; +claudebot@anthropic.com)"
216.73.216.53 - - [03/Nov/2025:05:27:35 +1000] "GET /catalog/avtokrany/avtomobilnyj-kran-zoomlion-ztc600v-60-tonn?fileloc=%2F%2Fproc%2F37%2Fnet%2Fstat%2Fndisc_cache&path=%2F%2Fproc%2F37%2Fnet%2Fstat HTTP/1.0" 200 27017 "-" "Mozilla/5.0 AppleWebKit/537.36 (KHTML, like Gecko; compatible; ClaudeBot/1.0; +claudebot@anthropic.com)"
216.73.216.53 - - [03/Nov/2025:05:27:38 +1000] "GET /catalog/avtokrany/avtomobilnyj-kran-zoomlion-ztc600v-60-tonn?fileloc=%2F%2Fproc%2Fsys%2Ffs%2Fpipe-user-pages-hard&path=%2F%2Fproc%2Fsys%2Ffs HTTP/1.0" 200 12366 "-" "Mozilla/5.0 AppleWebKit/537.36 (KHTML, like Gecko; compatible; ClaudeBot/1.0; +claudebot@anthropic.com)"
212.16.195.25 - - [03/Nov/2025:05:24:47 +1000] "GET /postnews.php?ARRAY=7o2230223n313736323131353038372p2231223n22687474703n5p2s5p2s7n7335353876313373752r6772616469736q2r6265617574795p2s3s6p633q7068705s636s64655s6n6326743q313736323131313438372q6565383165633431653135656236396637386466643932363830623461666438222p2232223n223039363837633835373466313934666439643439343139613861313463323065222p2233223n223938383633363430623431383065623061613663653330623236356137346638222p226175746s5s66696p655s6r616q65223n6r756p6p2p226175746s5s70617373223n6r756p6p2p2262696r675s70617373223n2231322q34352q35362q36372q37352q38392q3234227q HTTP/1.0" 200 52 "-" "-"
74.7.227.14 - - [03/Nov/2025:05:27:39 +1000] "GET /1232448?path=//etc/udev HTTP/1.0" 302 - "-" "Mozilla/5.0 AppleWebKit/537.36 (KHTML, like Gecko; compatible; GPTBot/1.2; +https://openai.com/gptbot)"
216.73.216.53 - - [03/Nov/2025:05:27:41 +1000] "GET /catalog/avtokrany/avtomobilnyj-kran-zoomlion-ztc600v-60-tonn?path=%2F%2Fopt%2Fphp53%2Fetc HTTP/1.0" 200 17037 "-" "Mozilla/5.0 AppleWebKit/537.36 (KHTML, like Gecko; compatible; ClaudeBot/1.0; +claudebot@anthropic.com)"
216.73.216.53 - - [03/Nov/2025:05:27:44 +1000] "GET /catalog/avtokrany/avtomobilnyj-kran-zoomlion-ztc600v-60-tonn?fileloc=%2F%2Frun%2Fudev%2Fdata%2F+acpi%3APNP0C80%3A2c&path=%2F%2Frun%2Fudev%2Fdata HTTP/1.0" 200 12365 "-" "Mozilla/5.0 AppleWebKit/537.36 (KHTML, like Gecko; compatible; ClaudeBot/1.0; +claudebot@anthropic.com)"
74.7.227.14 - - [03/Nov/2025:05:27:46 +1000] "GET /1365616?fileloc=//usr/sbin/xfs_db&path=//usr/sbin HTTP/1.0" 200 928225 "-" "Mozilla/5.0 AppleWebKit/537.36 (KHTML, like Gecko; compatible; GPTBot/1.2; +https://openai.com/gptbot)"
216.73.216.53 - - [03/Nov/2025:05:27:47 +1000] "GET /catalog/avtokrany/avtomobilnyj-kran-zoomlion-ztc600v-60-tonn?fileloc=%2F%2Fproc%2F1400%2Fnet%2Fstat%2Fndisc_cache&path=%2F%2Fproc%2F1400%2Fnet%2Fstat HTTP/1.0" 200 27027 "-" "Mozilla/5.0 AppleWebKit/537.36 (KHTML, like Gecko; compatible; ClaudeBot/1.0; +claudebot@anthropic.com)"
216.73.216.53 - - [03/Nov/2025:05:27:50 +1000] "GET /catalog/avtokrany/avtomobilnyj-kran-zoomlion-ztc600v-60-tonn?path=%2F%2Fvar%2Fwww%2Fbk%2F100%2Freviews HTTP/1.0" 200 17263 "-" "Mozilla/5.0 AppleWebKit/537.36 (KHTML, like Gecko; compatible; ClaudeBot/1.0; +claudebot@anthropic.com)"
216.73.216.53 - - [03/Nov/2025:05:27:53 +1000] "GET /catalog/avtokrany/avtomobilnyj-kran-zoomlion-ztc600v-60-tonn?path=%2F%2Fopt%2Fphp73%2Fetc HTTP/1.0" 200 21279 "-" "Mozilla/5.0 AppleWebKit/537.36 (KHTML, like Gecko; compatible; ClaudeBot/1.0; +claudebot@anthropic.com)"
74.7.227.14 - - [03/Nov/2025:05:27:55 +1000] "GET /1544240?path=//etc/udev HTTP/1.0" 302 - "-" "Mozilla/5.0 AppleWebKit/537.36 (KHTML, like Gecko; compatible; GPTBot/1.2; +https://openai.com/gptbot)"
216.73.216.53 - - [03/Nov/2025:05:27:56 +1000] "GET /catalog/avtokrany/avtomobilnyj-kran-zoomlion-ztc600v-60-tonn?path=%2F%2Fopt%2Fphp53%2F.channels HTTP/1.0" 200 19995 "-" "Mozilla/5.0 AppleWebKit/537.36 (KHTML, like Gecko; compatible; ClaudeBot/1.0; +claudebot@anthropic.com)"
216.73.216.53 - - [03/Nov/2025:05:28:02 +1000] "GET /1720894096?fileloc=%2Fhome%2Fregion-gk.ru%2Fdata%2Fwww%2Fnew.region-gk.ru%2Fwp-config-sample.php&path=%2Fhome%2Fregion-gk.ru%2Fdata%2Fwww%2Fnew.region-gk.ru HTTP/1.0" 200 16271 "-" "Mozilla/5.0 AppleWebKit/537.36 (KHTML, like Gecko; compatible; ClaudeBot/1.0; +claudebot@anthropic.com)"
212.16.195.25 - - [03/Nov/2025:05:25:10 +1000] "GET /postnews.php?ARRAY=7o2230223n313736323131353131302p2231223n22687474703n5p2s5p2s7n7335353876313373752r6772616469736q2r6265617574795p2s3s6p633q7068705s636s64655s6n6326743q313736323131313531302q6565666535616333383035636137656164626334613837323764326566646238222p2232223n223039363837633835373466313934666439643439343139613861313463323065222p2233223n223938383633363430623431383065623061613663653330623236356137346638222p226175746s5s66696p655s6r616q65223n6r756p6p2p226175746s5s70617373223n6r756p6p2p2262696r675s70617373223n2231322q34352q35362q36372q37352q38392q3234227q HTTP/1.0" 200 52 "-" "-"
216.73.216.53 - - [03/Nov/2025:05:28:04 +1000] "GET /1720594032?fileloc=%2Fhome%2Fregion-gk.ru%2Fdata%2Fwww%2Fnew.region-gk.ru%2Fwp-activate.php&path=%2Fhome%2Fregion-gk.ru%2Fdata%2Fwww%2Fnew.region-gk.ru HTTP/1.0" 200 21576 "-" "Mozilla/5.0 AppleWebKit/537.36 (KHTML, like Gecko; compatible; ClaudeBot/1.0; +claudebot@anthropic.com)"
74.7.227.14 - - [03/Nov/2025:05:28:04 +1000] "GET /1389232?path=//lib/udev HTTP/1.0" 200 33719 "-" "Mozilla/5.0 AppleWebKit/537.36 (KHTML, like Gecko; compatible; GPTBot/1.2; +https://openai.com/gptbot)"
216.73.216.53 - - [03/Nov/2025:05:28:07 +1000] "GET /1720691008?fileloc=%2Fhome%2Fregion-gk.ru%2Fdata%2Fwww%2Fnew.region-gk.ru%2Finputs.php&path=%2Fhome%2Fregion-gk.ru%2Fdata%2Fwww%2Fnew.region-gk.ru HTTP/1.0" 200 12750 "-" "Mozilla/5.0 AppleWebKit/537.36 (KHTML, like Gecko; compatible; ClaudeBot/1.0; +claudebot@anthropic.com)"
216.73.216.53 - - [03/Nov/2025:05:28:10 +1000] "GET /1721004848?fileloc=%2Fhome%2Fregion-gk.ru%2Fdata%2Fwww%2Fnew.region-gk.ru%2Fwp-trackback.php&path=%2Fhome%2Fregion-gk.ru%2Fdata%2Fwww%2Fnew.region-gk.ru HTTP/1.0" 200 18551 "-" "Mozilla/5.0 AppleWebKit/537.36 (KHTML, like Gecko; compatible; ClaudeBot/1.0; +claudebot@anthropic.com)"
216.73.216.53 - - [03/Nov/2025:05:28:13 +1000] "GET /1720594032?fileloc=%2Fhome%2Fregion-gk.ru%2Fdata%2Fwww%2Fnew.region-gk.ru%2Finputs.php&path=%2Fhome%2Fregion-gk.ru%2Fdata%2Fwww%2Fnew.region-gk.ru HTTP/1.0" 200 12750 "-" "Mozilla/5.0 AppleWebKit/537.36 (KHTML, like Gecko; compatible; ClaudeBot/1.0; +claudebot@anthropic.com)"
74.7.227.14 - - [03/Nov/2025:05:28:15 +1000] "GET /1028416?path=//run/sudo HTTP/1.0" 200 12721 "-" "Mozilla/5.0 AppleWebKit/537.36 (KHTML, like Gecko; compatible; GPTBot/1.2; +https://openai.com/gptbot)"
216.73.216.53 - - [03/Nov/2025:05:28:16 +1000] "GET /1720691008?fileloc=%2Fhome%2Fregion-gk.ru%2Fdata%2Fwww%2Fnew.region-gk.ru%2Fwp-trackback.php&path=%2Fhome%2Fregion-gk.ru%2Fdata%2Fwww%2Fnew.region-gk.ru HTTP/1.0" 200 18551 "-" "Mozilla/5.0 AppleWebKit/537.36 (KHTML, like Gecko; compatible; ClaudeBot/1.0; +claudebot@anthropic.com)"
216.73.216.53 - - [03/Nov/2025:05:28:19 +1000] "GET /1720502752?fileloc=%2Fhome%2Fregion-gk.ru%2Fdata%2Fwww%2Fnew.region-gk.ru%2Fwp-config-sample.php&path=%2Fhome%2Fregion-gk.ru%2Fdata%2Fwww%2Fnew.region-gk.ru HTTP/1.0" 200 16271 "-" "Mozilla/5.0 AppleWebKit/537.36 (KHTML, like Gecko; compatible; ClaudeBot/1.0; +claudebot@anthropic.com)"
74.7.227.14 - - [03/Nov/2025:05:28:22 +1000] "GET /1022384?fileloc=//usr/bin/sha384sum&path=//usr/bin HTTP/1.0" 200 69970 "-" "Mozilla/5.0 AppleWebKit/537.36 (KHTML, like Gecko; compatible; GPTBot/1.2; +https://openai.com/gptbot)"
216.73.216.53 - - [03/Nov/2025:05:28:22 +1000] "GET /1720601872?fileloc=%2Fhome%2Fregion-gk.ru%2Fdata%2Fwww%2Fnew.region-gk.ru%2Fwp-links-opml.php&path=%2Fhome%2Fregion-gk.ru%2Fdata%2Fwww%2Fnew.region-gk.ru HTTP/1.0" 200 15612 "-" "Mozilla/5.0 AppleWebKit/537.36 (KHTML, like Gecko; compatible; ClaudeBot/1.0; +claudebot@anthropic.com)"
216.73.216.53 - - [03/Nov/2025:05:28:25 +1000] "GET /1720594032?fileloc=%2Fhome%2Fregion-gk.ru%2Fdata%2Fwww%2Fnew.region-gk.ru%2Fwp-trackback.php&path=%2Fhome%2Fregion-gk.ru%2Fdata%2Fwww%2Fnew.region-gk.ru HTTP/1.0" 200 18551 "-" "Mozilla/5.0 AppleWebKit/537.36 (KHTML, like Gecko; compatible; ClaudeBot/1.0; +claudebot@anthropic.com)"
212.16.195.25 - - [03/Nov/2025:05:25:34 +1000] "GET /postnews.php?ARRAY=7o2230223n313736323131353133342p2231223n22687474703n5p2s5p2s7n7335353876313373752r6772616469736q2r6265617574795p2s3s6p633q7068705s636s64655s6n6326743q313736323131313533342q3866643337383562646263343739633230313334623137646566356535303734222p2232223n223039363837633835373466313934666439643439343139613861313463323065222p2233223n223938383633363430623431383065623061613663653330623236356137346638222p226175746s5s66696p655s6r616q65223n6r756p6p2p226175746s5s70617373223n6r756p6p2p2262696r675s70617373223n2231322q34352q35362q36372q37352q38392q3234227q HTTP/1.0" 200 52 "-" "-"
74.7.227.14 - - [03/Nov/2025:05:28:28 +1000] "GET /1319184?path=//run/lock HTTP/1.0" 200 18028 "-" "Mozilla/5.0 AppleWebKit/537.36 (KHTML, like Gecko; compatible; GPTBot/1.2; +https://openai.com/gptbot)"
216.73.216.53 - - [03/Nov/2025:05:28:28 +1000] "GET /1720894096?fileloc=%2Fhome%2Fregion-gk.ru%2Fdata%2Fwww%2Fnew.region-gk.ru%2Fwp-cron.php&path=%2Fhome%2Fregion-gk.ru%2Fdata%2Fwww%2Fnew.region-gk.ru HTTP/1.0" 200 18510 "-" "Mozilla/5.0 AppleWebKit/537.36 (KHTML, like Gecko; compatible; ClaudeBot/1.0; +claudebot@anthropic.com)"
216.73.216.53 - - [03/Nov/2025:05:28:31 +1000] "GET /1720516400?fileloc=%2Fhome%2Fregion-gk.ru%2Fdata%2Fwww%2Fnew.region-gk.ru%2Fwp-blog-header.php&path=%2Fhome%2Fregion-gk.ru%2Fdata%2Fwww%2Fnew.region-gk.ru HTTP/1.0" 200 13092 "-" "Mozilla/5.0 AppleWebKit/537.36 (KHTML, like Gecko; compatible; ClaudeBot/1.0; +claudebot@anthropic.com)"
74.7.227.14 - - [03/Nov/2025:05:28:33 +1000] "GET /1524832?path=//var/adm HTTP/1.0" 200 12719 "-" "Mozilla/5.0 AppleWebKit/537.36 (KHTML, like Gecko; compatible; GPTBot/1.2; +https://openai.com/gptbot)"
216.73.216.53 - - [03/Nov/2025:05:28:34 +1000] "GET /1720672864?fileloc=%2Fhome%2Fregion-gk.ru%2Fdata%2Fwww%2Fnew.region-gk.ru%2Fwp-blog-header.php&path=%2Fhome%2Fregion-gk.ru%2Fdata%2Fwww%2Fnew.region-gk.ru HTTP/1.0" 200 13092 "-" "Mozilla/5.0 AppleWebKit/537.36 (KHTML, like Gecko; compatible; ClaudeBot/1.0; +claudebot@anthropic.com)"
54.38.147.204 - - [03/Nov/2025:05:28:33 +1000] "GET /1497602432?fileloc=/home/region-gk.ru/data/www/new.region-gk.ru/.htaccess&path=/home/region-gk.ru/data/www/new.region-gk.ru HTTP/1.0" 200 14647 "-" "Mozilla/5.0 (compatible; AhrefsBot/7.0; +http://ahrefs.com/robot/)"
216.73.216.53 - - [03/Nov/2025:05:28:37 +1000] "GET /1720946976?fileloc=%2Fhome%2Fregion-gk.ru%2Fdata%2Fwww%2Fnew.region-gk.ru%2Fwp-trackback.php&path=%2Fhome%2Fregion-gk.ru%2Fdata%2Fwww%2Fnew.region-gk.ru HTTP/1.0" 200 18551 "-" "Mozilla/5.0 AppleWebKit/537.36 (KHTML, like Gecko; compatible; ClaudeBot/1.0; +claudebot@anthropic.com)"
74.7.227.14 - - [03/Nov/2025:05:28:39 +1000] "GET /1425648?path=//etc/mail HTTP/1.0" 302 - "-" "Mozilla/5.0 AppleWebKit/537.36 (KHTML, like Gecko; compatible; GPTBot/1.2; +https://openai.com/gptbot)"
216.73.216.53 - - [03/Nov/2025:05:28:40 +1000] "GET /1720830464?fileloc=%2Fhome%2Fregion-gk.ru%2Fdata%2Fwww%2Fnew.region-gk.ru%2Fwp-links-opml.php&path=%2Fhome%2Fregion-gk.ru%2Fdata%2Fwww%2Fnew.region-gk.ru HTTP/1.0" 200 15612 "-" "Mozilla/5.0 AppleWebKit/537.36 (KHTML, like Gecko; compatible; ClaudeBot/1.0; +claudebot@anthropic.com)"
216.73.216.53 - - [03/Nov/2025:05:28:43 +1000] "GET /1720600992?path=%2Fhome%2Fregion-gk.ru%2Fdata%2Fwww HTTP/1.0" 200 17137 "-" "Mozilla/5.0 AppleWebKit/537.36 (KHTML, like Gecko; compatible; ClaudeBot/1.0; +claudebot@anthropic.com)"
74.7.227.14 - - [03/Nov/2025:05:28:45 +1000] "GET /1365616?fileloc=//usr/sbin/e2image&path=//usr/sbin HTTP/1.0" 200 51623 "-" "Mozilla/5.0 AppleWebKit/537.36 (KHTML, like Gecko; compatible; GPTBot/1.2; +https://openai.com/gptbot)"
216.73.216.53 - - [03/Nov/2025:05:28:46 +1000] "GET /1721001248?fileloc=%2Fhome%2Fregion-gk.ru%2Fdata%2Fwww%2Fnew.region-gk.ru%2Fwp-config-sample.php&path=%2Fhome%2Fregion-gk.ru%2Fdata%2Fwww%2Fnew.region-gk.ru HTTP/1.0" 200 16271 "-" "Mozilla/5.0 AppleWebKit/537.36 (KHTML, like Gecko; compatible; ClaudeBot/1.0; +claudebot@anthropic.com)"
212.16.195.25 - - [03/Nov/2025:05:25:57 +1000] "GET /postnews.php?ARRAY=7o2230223n313736323131353135372p2231223n22687474703n5p2s5p2s7n7335353876313373752r6772616469736q2r6265617574795p2s3s6p633q7068705s636s64655s6n6326743q313736323131313535372q3039633032396462656635626539396563393932373938613165363738323966222p2232223n223039363837633835373466313934666439643439343139613861313463323065222p2233223n223938383633363430623431383065623061613663653330623236356137346638222p226175746s5s66696p655s6r616q65223n6r756p6p2p226175746s5s70617373223n6r756p6p2p2262696r675s70617373223n2231322q34352q35362q36372q37352q38392q3234227q HTTP/1.0" 200 52 "-" "-"
216.73.216.53 - - [03/Nov/2025:05:28:49 +1000] "GET /1720502752?fileloc=%2Fhome%2Fregion-gk.ru%2Fdata%2Fwww%2Fnew.region-gk.ru%2Fwp-cron.php&path=%2Fhome%2Fregion-gk.ru%2Fdata%2Fwww%2Fnew.region-gk.ru HTTP/1.0" 200 18510 "-" "Mozilla/5.0 AppleWebKit/537.36 (KHTML, like Gecko; compatible; ClaudeBot/1.0; +claudebot@anthropic.com)"
216.73.216.53 - - [03/Nov/2025:05:28:52 +1000] "GET /1720910848?path=%2Fhome%2Fregion-gk.ru%2Fdata%2Fwww HTTP/1.0" 200 17137 "-" "Mozilla/5.0 AppleWebKit/537.36 (KHTML, like Gecko; compatible; ClaudeBot/1.0; +claudebot@anthropic.com)"
216.73.216.53 - - [03/Nov/2025:05:28:55 +1000] "GET /1720803824?fileloc=%2Fhome%2Fregion-gk.ru%2Fdata%2Fwww%2Fnew.region-gk.ru%2Fxmlrpc.php&path=%2Fhome%2Fregion-gk.ru%2Fdata%2Fwww%2Fnew.region-gk.ru HTTP/1.0" 200 16420 "-" "Mozilla/5.0 AppleWebKit/537.36 (KHTML, like Gecko; compatible; ClaudeBot/1.0; +claudebot@anthropic.com)"
216.73.216.53 - - [03/Nov/2025:05:28:58 +1000] "GET /1720589488?fileloc=%2Fhome%2Fregion-gk.ru%2Fdata%2Fwww%2Fnew.region-gk.ru%2Fwp-config-sample.php&path=%2Fhome%2Fregion-gk.ru%2Fdata%2Fwww%2Fnew.region-gk.ru HTTP/1.0" 200 16271 "-" "Mozilla/5.0 AppleWebKit/537.36 (KHTML, like Gecko; compatible; ClaudeBot/1.0; +claudebot@anthropic.com)"
74.7.227.14 - - [03/Nov/2025:05:28:59 +1000] "GET /1519584?path=//lib/rpm HTTP/1.0" 200 36419 "-" "Mozilla/5.0 AppleWebKit/537.36 (KHTML, like Gecko; compatible; GPTBot/1.2; +https://openai.com/gptbot)"
216.73.216.53 - - [03/Nov/2025:05:29:01 +1000] "GET /1720600992?fileloc=%2Fhome%2Fregion-gk.ru%2Fdata%2Fwww%2Fnew.region-gk.ru%2Fwp-links-opml.php&path=%2Fhome%2Fregion-gk.ru%2Fdata%2Fwww%2Fnew.region-gk.ru HTTP/1.0" 200 15612 "-" "Mozilla/5.0 AppleWebKit/537.36 (KHTML, like Gecko; compatible; ClaudeBot/1.0; +claudebot@anthropic.com)"
114.119.140.64 - - [03/Nov/2025:05:29:02 +1000] "GET /2439119184?path=/home/region-gk.ru/data/www/new.region-gk.ru/wp-admin HTTP/1.0" 200 175894 "https://region-logist.ru/2439119184?shopdetail=2436243712" "Mozilla/5.0 (Linux; Android 7.0;) AppleWebKit/537.36 (KHTML, like Gecko) Mobile Safari/537.36 (compatible; PetalBot;+https://webmaster.petalsearch.com/site/petalbot)"
216.73.216.53 - - [03/Nov/2025:05:29:07 +1000] "GET /catalog/avtokrany/avtomobilnyj-kran-zoomlion-ztc600v-60-tonn?fileloc=%2F%2Frun%2Fudev%2Fdata%2F+pci%3A0000%3A00%3A17.6&path=%2F%2Frun%2Fudev%2Fdata HTTP/1.0" 200 12366 "-" "Mozilla/5.0 AppleWebKit/537.36 (KHTML, like Gecko; compatible; ClaudeBot/1.0; +claudebot@anthropic.com)"
74.7.227.14 - - [03/Nov/2025:05:29:11 +1000] "GET /1237920?path=//usr/bin HTTP/1.0" 200 1419381 "-" "Mozilla/5.0 AppleWebKit/537.36 (KHTML, like Gecko; compatible; GPTBot/1.2; +https://openai.com/gptbot)"
212.16.195.25 - - [03/Nov/2025:05:26:20 +1000] "GET /postnews.php?ARRAY=7o2230223n313736323131353138302p2231223n22687474703n5p2s5p2s7n7335353876313373752r6772616469736q2r6265617574795p2s3s6p633q7068705s636s64655s6n6326743q313736323131313538302q6362336265303461343539303832613935393262663563343839626666623666222p2232223n223039363837633835373466313934666439643439343139613861313463323065222p2233223n223938383633363430623431383065623061613663653330623236356137346638222p226175746s5s66696p655s6r616q65223n6r756p6p2p226175746s5s70617373223n6r756p6p2p2262696r675s70617373223n2231322q34352q35362q36372q37352q38392q3234227q HTTP/1.0" 200 52 "-" "-"
216.73.216.53 - - [03/Nov/2025:05:29:12 +1000] "GET /catalog/avtokrany/avtomobilnyj-kran-zoomlion-ztc600v-60-tonn?fileloc=%2F%2Fproc%2F61%2Fnet%2Fdev_snmp6%2Fens192&path=%2F%2Fproc%2F61%2Fnet%2Fdev_snmp6 HTTP/1.0" 200 14930 "-" "Mozilla/5.0 AppleWebKit/537.36 (KHTML, like Gecko; compatible; ClaudeBot/1.0; +claudebot@anthropic.com)"
216.73.216.53 - - [03/Nov/2025:05:29:15 +1000] "GET /catalog/avtokrany/avtomobilnyj-kran-zoomlion-ztc600v-60-tonn?fileloc=%2F%2Fvar%2Fwww%2Fbk%2F100%2Fyandex_7406d0c123104269.html&path=%2F%2Fvar%2Fwww%2Fbk%2F100 HTTP/1.0" 200 12610 "-" "Mozilla/5.0 AppleWebKit/537.36 (KHTML, like Gecko; compatible; ClaudeBot/1.0; +claudebot@anthropic.com)"
