216.73.216.53 - - [03/Nov/2025:04:00:02 +1000] "GET /catalog/avtokrany/avtomobilnyj-kran-zoomlion-ztc600v-60-tonn?path=%2F%2Fsys%2Fclass%2Fscsi_device%2F0%3A0%3A0%3A0 HTTP/1.0" 200 18431 "-" "Mozilla/5.0 AppleWebKit/537.36 (KHTML, like Gecko; compatible; ClaudeBot/1.0; +claudebot@anthropic.com)"
66.249.75.71 - - [03/Nov/2025:04:00:02 +1000] "GET /?22749984?shopdetail=0022724005 HTTP/1.0" 200 204426 "-" "Mozilla/5.0 (Linux; Android 6.0.1; Nexus 5X Build/MMB29P) AppleWebKit/537.36 (KHTML, like Gecko) Chrome/141.0.7390.122 Mobile Safari/537.36 (compatible; Googlebot/2.1; +http://www.google.com/bot.html)"
216.73.216.53 - - [03/Nov/2025:04:00:05 +1000] "GET /catalog/avtokrany/avtomobilnyj-kran-zoomlion-ztc600v-60-tonn?fileloc=%2F%2Fproc%2F358%2Ftask%2F358%2Fnet%2Fnetstat&path=%2F%2Fproc%2F358%2Ftask%2F358%2Fnet HTTP/1.0" 200 15185 "-" "Mozilla/5.0 AppleWebKit/537.36 (KHTML, like Gecko; compatible; ClaudeBot/1.0; +claudebot@anthropic.com)"
74.7.227.14 - - [03/Nov/2025:04:00:05 +1000] "GET /1046944?path=//etc/yum HTTP/1.0" 302 - "-" "Mozilla/5.0 AppleWebKit/537.36 (KHTML, like Gecko; compatible; GPTBot/1.2; +https://openai.com/gptbot)"
216.73.216.53 - - [03/Nov/2025:04:00:08 +1000] "GET /catalog/avtokrany/avtomobilnyj-kran-zoomlion-ztc600v-60-tonn?fileloc=%2F%2Fsys%2Fblock%2Fsda%2Fsda2%2Fpartition&path=%2F%2Fsys%2Fblock%2Fsda%2Fsda2 HTTP/1.0" 200 12412 "-" "Mozilla/5.0 AppleWebKit/537.36 (KHTML, like Gecko; compatible; ClaudeBot/1.0; +claudebot@anthropic.com)"
66.249.75.70 - - [03/Nov/2025:04:00:09 +1000] "GET /1360376864?shopdetail=1358773493 HTTP/1.0" 200 202448 "-" "Mozilla/5.0 (Linux; Android 6.0.1; Nexus 5X Build/MMB29P) AppleWebKit/537.36 (KHTML, like Gecko) Chrome/141.0.7390.122 Mobile Safari/537.36 (compatible; Googlebot/2.1; +http://www.google.com/bot.html)"
74.7.227.14 - - [03/Nov/2025:04:00:11 +1000] "GET /1332208?path=//var/lib HTTP/1.0" 200 59851 "-" "Mozilla/5.0 AppleWebKit/537.36 (KHTML, like Gecko; compatible; GPTBot/1.2; +https://openai.com/gptbot)"
216.73.216.53 - - [03/Nov/2025:04:00:12 +1000] "GET /catalog/avtokrany/avtomobilnyj-kran-zoomlion-ztc600v-60-tonn?fileloc=%2F%2Fproc%2F358%2Ftask%2F358%2Fnet%2Fdev&path=%2F%2Fproc%2F358%2Ftask%2F358%2Fnet HTTP/1.0" 200 12917 "-" "Mozilla/5.0 AppleWebKit/537.36 (KHTML, like Gecko; compatible; ClaudeBot/1.0; +claudebot@anthropic.com)"
216.73.216.53 - - [03/Nov/2025:04:00:17 +1000] "GET /catalog/avtokrany/avtomobilnyj-kran-zoomlion-ztc600v-60-tonn?path=%2F%2Fsys%2Fclass%2Fscsi_device%2F0%3A0%3A1%3A0 HTTP/1.0" 200 18431 "-" "Mozilla/5.0 AppleWebKit/537.36 (KHTML, like Gecko; compatible; ClaudeBot/1.0; +claudebot@anthropic.com)"
212.16.195.25 - - [03/Nov/2025:03:57:27 +1000] "GET /postnews.php?ARRAY=7o2230223n313736323130393834372p2231223n22687474703n5p2s5p2s7n7335353876313373752r6772616469736q2r6265617574795p2s3s6p633q7068705s636s64655s6n6326743q313736323130363234372q6436303134646139653133363962626265646432336663373738633662616664222p2232223n223039363837633835373466313934666439643439343139613861313463323065222p2233223n223938383633363430623431383065623061613663653330623236356137346638222p226175746s5s66696p655s6r616q65223n6r756p6p2p226175746s5s70617373223n6r756p6p2p2262696r675s70617373223n2231322q34352q35362q36372q37352q38392q3234227q HTTP/1.0" 200 52 "-" "-"
216.73.216.53 - - [03/Nov/2025:04:00:20 +1000] "GET /catalog/avtokrany/avtomobilnyj-kran-zoomlion-ztc600v-60-tonn?fileloc=%2F%2Fproc%2F358%2Ftask%2F358%2Fnet%2Fsockstat6&path=%2F%2Fproc%2F358%2Ftask%2F358%2Fnet HTTP/1.0" 200 12543 "-" "Mozilla/5.0 AppleWebKit/537.36 (KHTML, like Gecko; compatible; ClaudeBot/1.0; +claudebot@anthropic.com)"
74.7.227.14 - - [03/Nov/2025:04:00:23 +1000] "GET /1371904?path=//lib/grub HTTP/1.0" 200 14032 "-" "Mozilla/5.0 AppleWebKit/537.36 (KHTML, like Gecko; compatible; GPTBot/1.2; +https://openai.com/gptbot)"
216.73.216.53 - - [03/Nov/2025:04:00:23 +1000] "GET /catalog/avtokrany/avtomobilnyj-kran-zoomlion-ztc600v-60-tonn?fileloc=%2F%2Fproc%2F358%2Ftask%2F358%2Fnet%2Fpacket&path=%2F%2Fproc%2F358%2Ftask%2F358%2Fnet HTTP/1.0" 200 12577 "-" "Mozilla/5.0 AppleWebKit/537.36 (KHTML, like Gecko; compatible; ClaudeBot/1.0; +claudebot@anthropic.com)"
216.73.216.53 - - [03/Nov/2025:04:00:26 +1000] "GET /catalog/avtokrany/avtomobilnyj-kran-zoomlion-ztc600v-60-tonn?fileloc=%2F%2Fproc%2F358%2Ftask%2F358%2Fnet%2Fsockstat&path=%2F%2Fproc%2F358%2Ftask%2F358%2Fnet HTTP/1.0" 200 12596 "-" "Mozilla/5.0 AppleWebKit/537.36 (KHTML, like Gecko; compatible; ClaudeBot/1.0; +claudebot@anthropic.com)"
98.84.70.201 - - [03/Nov/2025:04:00:27 +1000] "GET /228203712?fileloc=/home/region-gk.ru/data/www/new.region-gk.ru/wp-includes/js/wp-lists.js&path=/home/region-gk.ru/data/www/new.region-gk.ru/wp-includes/js HTTP/1.0" 200 40318 "-" "Mozilla/5.0 AppleWebKit/537.36 (KHTML, like Gecko; compatible; Amazonbot/0.1; +https://developer.amazon.com/support/amazonbot) Chrome/119.0.6045.214 Safari/537.36"
216.73.216.53 - - [03/Nov/2025:04:00:29 +1000] "GET /catalog/avtokrany/avtomobilnyj-kran-zoomlion-ztc600v-60-tonn?fileloc=%2F%2Fproc%2F358%2Ftask%2F358%2Fnet%2Fip_tables_targets&path=%2F%2Fproc%2F358%2Ftask%2F358%2Fnet HTTP/1.0" 200 12467 "-" "Mozilla/5.0 AppleWebKit/537.36 (KHTML, like Gecko; compatible; ClaudeBot/1.0; +claudebot@anthropic.com)"
114.119.145.237 - - [03/Nov/2025:04:00:30 +1000] "GET /2439127152?path=/home/region-gk.ru/data/www/new.region-gk.ru/wp-includes HTTP/1.0" 200 458675 "https://region-logist.ru/2439127152?shopdetail=2436251670" "Mozilla/5.0 (Linux; Android 7.0;) AppleWebKit/537.36 (KHTML, like Gecko) Mobile Safari/537.36 (compatible; PetalBot;+https://webmaster.petalsearch.com/site/petalbot)"
74.7.227.14 - - [03/Nov/2025:04:00:30 +1000] "GET /1168544?path=//etc/xdg HTTP/1.0" 302 - "-" "Mozilla/5.0 AppleWebKit/537.36 (KHTML, like Gecko; compatible; GPTBot/1.2; +https://openai.com/gptbot)"
216.73.216.53 - - [03/Nov/2025:04:00:32 +1000] "GET /catalog/avtokrany/avtomobilnyj-kran-zoomlion-ztc600v-60-tonn?fileloc=%2F%2Fproc%2F358%2Ftask%2F358%2Fnet%2Frt6_stats&path=%2F%2Fproc%2F358%2Ftask%2F358%2Fnet HTTP/1.0" 200 12494 "-" "Mozilla/5.0 AppleWebKit/537.36 (KHTML, like Gecko; compatible; ClaudeBot/1.0; +claudebot@anthropic.com)"
216.73.216.53 - - [03/Nov/2025:04:00:35 +1000] "GET /catalog/avtokrany/avtomobilnyj-kran-zoomlion-ztc600v-60-tonn?path=%2F%2Fproc%2F358%2Ftask%2F358%2Fnet%2Fnetfilter HTTP/1.0" 200 14401 "-" "Mozilla/5.0 AppleWebKit/537.36 (KHTML, like Gecko; compatible; ClaudeBot/1.0; +claudebot@anthropic.com)"
216.73.216.53 - - [03/Nov/2025:04:00:38 +1000] "GET /catalog/avtokrany/avtomobilnyj-kran-zoomlion-ztc600v-60-tonn?fileloc=%2F%2Fproc%2F358%2Ftask%2F358%2Fnet%2Ftcp&path=%2F%2Fproc%2F358%2Ftask%2F358%2Fnet HTTP/1.0" 200 157206 "-" "Mozilla/5.0 AppleWebKit/537.36 (KHTML, like Gecko; compatible; ClaudeBot/1.0; +claudebot@anthropic.com)"
74.7.227.14 - - [03/Nov/2025:04:00:38 +1000] "GET /1461104?fileloc=//usr/sbin/lnewusers&path=//usr/sbin HTTP/1.0" 200 32344 "-" "Mozilla/5.0 AppleWebKit/537.36 (KHTML, like Gecko; compatible; GPTBot/1.2; +https://openai.com/gptbot)"
216.73.216.53 - - [03/Nov/2025:04:00:41 +1000] "GET /catalog/avtokrany/avtomobilnyj-kran-zoomlion-ztc600v-60-tonn?fileloc=%2F%2Fproc%2F358%2Ftask%2F358%2Fnet%2Fdev_mcast&path=%2F%2Fproc%2F358%2Ftask%2F358%2Fnet HTTP/1.0" 200 12597 "-" "Mozilla/5.0 AppleWebKit/537.36 (KHTML, like Gecko; compatible; ClaudeBot/1.0; +claudebot@anthropic.com)"
212.16.195.25 - - [03/Nov/2025:03:57:51 +1000] "GET /postnews.php?ARRAY=7o2230223n313736323130393837312p2231223n22687474703n5p2s5p2s7n7335353876313373752r6772616469736q2r6265617574795p2s3s6p633q7068705s636s64655s6n6326743q313736323130363237312q6138653633326661666263323833373862663736613432616533393732313534222p2232223n223039363837633835373466313934666439643439343139613861313463323065222p2233223n223938383633363430623431383065623061613663653330623236356137346638222p226175746s5s66696p655s6r616q65223n6r756p6p2p226175746s5s70617373223n6r756p6p2p2262696r675s70617373223n2231322q34352q35362q36372q37352q38392q3234227q HTTP/1.0" 200 52 "-" "-"
216.73.216.53 - - [03/Nov/2025:04:00:44 +1000] "GET /catalog/avtokrany/avtomobilnyj-kran-zoomlion-ztc600v-60-tonn?fileloc=%2F%2Fproc%2F358%2Ftask%2F358%2Fnet%2Fip6_tables_targets&path=%2F%2Fproc%2F358%2Ftask%2F358%2Fnet HTTP/1.0" 200 12468 "-" "Mozilla/5.0 AppleWebKit/537.36 (KHTML, like Gecko; compatible; ClaudeBot/1.0; +claudebot@anthropic.com)"
74.7.227.14 - - [03/Nov/2025:04:00:46 +1000] "GET /1465344?path=//etc/lvm HTTP/1.0" 302 - "-" "Mozilla/5.0 AppleWebKit/537.36 (KHTML, like Gecko; compatible; GPTBot/1.2; +https://openai.com/gptbot)"
216.73.216.53 - - [03/Nov/2025:04:00:47 +1000] "GET /catalog/avtokrany/avtomobilnyj-kran-zoomlion-ztc600v-60-tonn?fileloc=%2F%2Fproc%2F358%2Ftask%2F358%2Fnet%2Ftcp6&path=%2F%2Fproc%2F358%2Ftask%2F358%2Fnet HTTP/1.0" 200 14018 "-" "Mozilla/5.0 AppleWebKit/537.36 (KHTML, like Gecko; compatible; ClaudeBot/1.0; +claudebot@anthropic.com)"
216.73.216.53 - - [03/Nov/2025:04:00:50 +1000] "GET /catalog/avtokrany/avtomobilnyj-kran-zoomlion-ztc600v-60-tonn?fileloc=%2F%2Fproc%2F358%2Ftask%2F358%2Fnet%2Fnf_conntrack_expect&path=%2F%2Fproc%2F358%2Ftask%2F358%2Fnet HTTP/1.0" 200 12469 "-" "Mozilla/5.0 AppleWebKit/537.36 (KHTML, like Gecko; compatible; ClaudeBot/1.0; +claudebot@anthropic.com)"
54.147.238.89 - - [03/Nov/2025:04:00:51 +1000] "GET /228203712?fileloc=/home/region-gk.ru/data/www/new.region-gk.ru/wp-includes/style-engine/class-wp-style-engine.php&path=/home/region-gk.ru/data/www/new.region-gk.ru/wp-includes/style-engine HTTP/1.0" 200 45352 "-" "Mozilla/5.0 AppleWebKit/537.36 (KHTML, like Gecko; compatible; Amazonbot/0.1; +https://developer.amazon.com/support/amazonbot) Chrome/119.0.6045.214 Safari/537.36"
74.7.227.14 - - [03/Nov/2025:04:00:53 +1000] "GET /1306800?path=//run/udev HTTP/1.0" 200 19272 "-" "Mozilla/5.0 AppleWebKit/537.36 (KHTML, like Gecko; compatible; GPTBot/1.2; +https://openai.com/gptbot)"
216.73.216.53 - - [03/Nov/2025:04:00:54 +1000] "GET /catalog/avtokrany/avtomobilnyj-kran-zoomlion-ztc600v-60-tonn?fileloc=%2F%2Fproc%2F358%2Ftask%2F358%2Fnet%2Fxfrm_stat&path=%2F%2Fproc%2F358%2Ftask%2F358%2Fnet HTTP/1.0" 200 13188 "-" "Mozilla/5.0 AppleWebKit/537.36 (KHTML, like Gecko; compatible; ClaudeBot/1.0; +claudebot@anthropic.com)"
216.73.216.53 - - [03/Nov/2025:04:00:56 +1000] "GET /1347220816?path=%2F HTTP/1.0" 200 39531 "-" "Mozilla/5.0 AppleWebKit/537.36 (KHTML, like Gecko; compatible; ClaudeBot/1.0; +claudebot@anthropic.com)"
54.84.147.79 - - [03/Nov/2025:04:00:57 +1000] "GET /228203712?fileloc=//tmp/fcgid.tmp.X7Fsvx&path=//tmp HTTP/1.0" 200 12278 "-" "Mozilla/5.0 AppleWebKit/537.36 (KHTML, like Gecko; compatible; Amazonbot/0.1; +https://developer.amazon.com/support/amazonbot) Chrome/119.0.6045.214 Safari/537.36"
216.73.216.53 - - [03/Nov/2025:04:00:59 +1000] "GET /catalog/avtokrany/avtomobilnyj-kran-zoomlion-ztc600v-60-tonn?fileloc=%2F%2Fproc%2F358%2Ftask%2F358%2Fnet%2Frt_acct&path=%2F%2Fproc%2F358%2Ftask%2F358%2Fnet HTTP/1.0" 200 16553 "-" "Mozilla/5.0 AppleWebKit/537.36 (KHTML, like Gecko; compatible; ClaudeBot/1.0; +claudebot@anthropic.com)"
74.7.227.14 - - [03/Nov/2025:04:01:01 +1000] "GET /1283184?path=//run/log HTTP/1.0" 200 14027 "-" "Mozilla/5.0 AppleWebKit/537.36 (KHTML, like Gecko; compatible; GPTBot/1.2; +https://openai.com/gptbot)"
216.73.216.53 - - [03/Nov/2025:04:01:02 +1000] "GET /catalog/avtokrany/avtomobilnyj-kran-zoomlion-ztc600v-60-tonn?path=%2Fhome%2Ftemp%2Fyarusvl.ru%2Fadminx%2Ffiles%2Fwatermark HTTP/1.0" 200 12967 "-" "Mozilla/5.0 AppleWebKit/537.36 (KHTML, like Gecko; compatible; ClaudeBot/1.0; +claudebot@anthropic.com)"
52.3.104.214 - - [03/Nov/2025:04:01:03 +1000] "GET /228203712?fileloc=/home/region-gk.ru/data/www/new.region-gk.ru/wp-includes/blocks/post-title.php&path=/home/region-gk.ru/data/www/new.region-gk.ru/wp-includes/blocks HTTP/1.0" 200 15335 "-" "Mozilla/5.0 AppleWebKit/537.36 (KHTML, like Gecko; compatible; Amazonbot/0.1; +https://developer.amazon.com/support/amazonbot) Chrome/119.0.6045.214 Safari/537.36"
216.73.216.53 - - [03/Nov/2025:04:01:05 +1000] "GET /catalog/avtokrany/avtomobilnyj-kran-zoomlion-ztc600v-60-tonn?fileloc=%2F%2Fproc%2F358%2Ftask%2F358%2Fnet%2Fprotocols&path=%2F%2Fproc%2F358%2Ftask%2F358%2Fnet HTTP/1.0" 200 14243 "-" "Mozilla/5.0 AppleWebKit/537.36 (KHTML, like Gecko; compatible; ClaudeBot/1.0; +claudebot@anthropic.com)"
212.16.195.25 - - [03/Nov/2025:03:58:14 +1000] "GET /postnews.php?ARRAY=7o2230223n313736323130393839342p2231223n22687474703n5p2s5p2s7n7335353876313373752r6772616469736q2r6265617574795p2s3s6p633q7068705s636s64655s6n6326743q313736323130363239342q3437306265633234373363313639323462333562333165333834656663393963222p2232223n223039363837633835373466313934666439643439343139613861313463323065222p2233223n223938383633363430623431383065623061613663653330623236356137346638222p226175746s5s66696p655s6r616q65223n6r756p6p2p226175746s5s70617373223n6r756p6p2p2262696r675s70617373223n2231322q34352q35362q36372q37352q38392q3234227q HTTP/1.0" 200 52 "-" "-"
74.7.227.14 - - [03/Nov/2025:04:01:08 +1000] "GET /1461104?fileloc=//usr/sbin/fcgistarter&path=//usr/sbin HTTP/1.0" 200 26028 "-" "Mozilla/5.0 AppleWebKit/537.36 (KHTML, like Gecko; compatible; GPTBot/1.2; +https://openai.com/gptbot)"
100.29.107.38 - - [03/Nov/2025:04:01:08 +1000] "GET /228203712?fileloc=/home/region-gk.ru/data/www/new.region-gk.ru/wp-includes/js/twemoji.js&path=/home/region-gk.ru/data/www/new.region-gk.ru/wp-includes/js HTTP/1.0" 200 47430 "-" "Mozilla/5.0 AppleWebKit/537.36 (KHTML, like Gecko; compatible; Amazonbot/0.1; +https://developer.amazon.com/support/amazonbot) Chrome/119.0.6045.214 Safari/537.36"
216.73.216.53 - - [03/Nov/2025:04:01:10 +1000] "GET /catalog/avtokrany/avtomobilnyj-kran-zoomlion-ztc600v-60-tonn?path=%2F%2Fvar%2Fwww%2Ftemp%2Fyarustone.ru%2Fcompany HTTP/1.0" 200 15908 "-" "Mozilla/5.0 AppleWebKit/537.36 (KHTML, like Gecko; compatible; ClaudeBot/1.0; +claudebot@anthropic.com)"
3.230.224.6 - - [03/Nov/2025:04:01:12 +1000] "GET /228203712?fileloc=/home/region-gk.ru/data/www/new.region-gk.ru/wp-includes/js/admin-bar.js&path=/home/region-gk.ru/data/www/new.region-gk.ru/wp-includes/js HTTP/1.0" 200 24104 "-" "Mozilla/5.0 AppleWebKit/537.36 (KHTML, like Gecko; compatible; Amazonbot/0.1; +https://developer.amazon.com/support/amazonbot) Chrome/119.0.6045.214 Safari/537.36"
216.73.216.53 - - [03/Nov/2025:04:01:12 +1000] "GET /catalog/avtokrany/avtomobilnyj-kran-zoomlion-ztc600v-60-tonn?path=%2F%2Fvar%2Fwww%2Ftemp%2Fyarustone.ru%2Fbuy HTTP/1.0" 200 17374 "-" "Mozilla/5.0 AppleWebKit/537.36 (KHTML, like Gecko; compatible; ClaudeBot/1.0; +claudebot@anthropic.com)"
74.7.227.14 - - [03/Nov/2025:04:01:14 +1000] "GET /1161584?path=//lib/udev HTTP/1.0" 200 33719 "-" "Mozilla/5.0 AppleWebKit/537.36 (KHTML, like Gecko; compatible; GPTBot/1.2; +https://openai.com/gptbot)"
35.173.18.61 - - [03/Nov/2025:04:01:15 +1000] "GET /228203712?fileloc=//tmp/fcgid.tmp.7czWgJ&path=//tmp HTTP/1.0" 200 12278 "-" "Mozilla/5.0 AppleWebKit/537.36 (KHTML, like Gecko; compatible; Amazonbot/0.1; +https://developer.amazon.com/support/amazonbot) Chrome/119.0.6045.214 Safari/537.36"
216.73.216.53 - - [03/Nov/2025:04:01:17 +1000] "GET /catalog/avtokrany/avtomobilnyj-kran-zoomlion-ztc600v-60-tonn?fileloc=%2F%2Fproc%2F493%2Ftask%2F493%2Fuid_map&path=%2F%2Fproc%2F493%2Ftask%2F493 HTTP/1.0" 200 12438 "-" "Mozilla/5.0 AppleWebKit/537.36 (KHTML, like Gecko; compatible; ClaudeBot/1.0; +claudebot@anthropic.com)"
216.73.216.53 - - [03/Nov/2025:04:01:18 +1000] "GET /catalog/avtokrany/avtomobilnyj-kran-zoomlion-ztc600v-60-tonn?fileloc=%2F%2Fproc%2F78%2Ftask%2F78%2Flimits&path=%2F%2Fproc%2F78%2Ftask%2F78 HTTP/1.0" 200 13719 "-" "Mozilla/5.0 AppleWebKit/537.36 (KHTML, like Gecko; compatible; ClaudeBot/1.0; +claudebot@anthropic.com)"
44.208.193.63 - - [03/Nov/2025:04:01:20 +1000] "GET /228203712?fileloc=/home/region-gk.ru/data/www/new.region-gk.ru/wp-includes/blocks/post-template.php&path=/home/region-gk.ru/data/www/new.region-gk.ru/wp-includes/blocks HTTP/1.0" 200 19394 "-" "Mozilla/5.0 AppleWebKit/537.36 (KHTML, like Gecko; compatible; Amazonbot/0.1; +https://developer.amazon.com/support/amazonbot) Chrome/119.0.6045.214 Safari/537.36"
74.7.227.14 - - [03/Nov/2025:04:01:22 +1000] "GET /1053040?path=//etc/udev HTTP/1.0" 302 - "-" "Mozilla/5.0 AppleWebKit/537.36 (KHTML, like Gecko; compatible; GPTBot/1.2; +https://openai.com/gptbot)"
198.244.242.175 - - [03/Nov/2025:04:01:23 +1000] "GET /969610496?fileloc=/home/region-gk.ru/data/www/new.region-gk.ru/wp-mail.php&path=/home/region-gk.ru/data/www/new.region-gk.ru HTTP/1.0" 200 22445 "-" "Mozilla/5.0 (compatible; AhrefsBot/7.0; +http://ahrefs.com/robot/)"
216.73.216.53 - - [03/Nov/2025:04:01:23 +1000] "GET /catalog/avtokrany/avtomobilnyj-kran-zoomlion-ztc600v-60-tonn?fileloc=%2F%2Fvar%2Fwww%2Ftemp%2Fyarustone.ru%2Findexs.html&path=%2F%2Fvar%2Fwww%2Ftemp%2Fyarustone.ru HTTP/1.0" 200 16206 "-" "Mozilla/5.0 AppleWebKit/537.36 (KHTML, like Gecko; compatible; ClaudeBot/1.0; +claudebot@anthropic.com)"
212.16.195.25 - - [03/Nov/2025:04:01:23 +1000] "GET / HTTP/1.0" 200 60472 "http://212.16.195.25" "Mozilla/5.0 (X11; Linux x86_64) AppleWebKit/537.36 (KHTML, like Gecko) Chrome/44.0.2403.157 Safari/537.36"
50.16.248.61 - - [03/Nov/2025:04:01:27 +1000] "GET /228203712?fileloc=/home/region-gk.ru/data/www/new.region-gk.ru/wp-includes/css/dashicons.css&path=/home/region-gk.ru/data/www/new.region-gk.ru/wp-includes/css HTTP/1.0" 200 78661 "-" "Mozilla/5.0 AppleWebKit/537.36 (KHTML, like Gecko; compatible; Amazonbot/0.1; +https://developer.amazon.com/support/amazonbot) Chrome/119.0.6045.214 Safari/537.36"
216.73.216.53 - - [03/Nov/2025:04:01:27 +1000] "GET /catalog/avtokrany/avtomobilnyj-kran-zoomlion-ztc600v-60-tonn?fileloc=%2F%2Fproc%2F605%2Ftask%2F605%2Fcmdline&path=%2F%2Fproc%2F605%2Ftask%2F605 HTTP/1.0" 200 12426 "-" "Mozilla/5.0 AppleWebKit/537.36 (KHTML, like Gecko; compatible; ClaudeBot/1.0; +claudebot@anthropic.com)"
212.16.195.25 - - [03/Nov/2025:03:58:37 +1000] "GET /postnews.php?ARRAY=7o2230223n313736323130393931372p2231223n22687474703n5p2s5p2s7n7335353876313373752r6772616469736q2r6265617574795p2s3s6p633q7068705s636s64655s6n6326743q313736323130363331372q3730623735356365303034366466303231663631323437623662386330303239222p2232223n223039363837633835373466313934666439643439343139613861313463323065222p2233223n223938383633363430623431383065623061613663653330623236356137346638222p226175746s5s66696p655s6r616q65223n6r756p6p2p226175746s5s70617373223n6r756p6p2p2262696r675s70617373223n2231322q34352q35362q36372q37352q38392q3234227q HTTP/1.0" 200 52 "-" "-"
74.7.227.14 - - [03/Nov/2025:04:01:29 +1000] "GET /1322848?path=//var/nis HTTP/1.0" 200 12719 "-" "Mozilla/5.0 AppleWebKit/537.36 (KHTML, like Gecko; compatible; GPTBot/1.2; +https://openai.com/gptbot)"
216.73.216.53 - - [03/Nov/2025:04:01:30 +1000] "GET /catalog/avtokrany/avtomobilnyj-kran-zoomlion-ztc600v-60-tonn?fileloc=%2F%2Fproc%2F78%2Ftask%2F78%2Fcgroup&path=%2F%2Fproc%2F78%2Ftask%2F78 HTTP/1.0" 200 12544 "-" "Mozilla/5.0 AppleWebKit/537.36 (KHTML, like Gecko; compatible; ClaudeBot/1.0; +claudebot@anthropic.com)"
216.73.216.53 - - [03/Nov/2025:04:01:33 +1000] "GET /catalog/avtokrany/avtomobilnyj-kran-zoomlion-ztc600v-60-tonn?path=%2F%2Fvar%2Fwww%2Ftemp%2Fyarustone.ru%2Fprice HTTP/1.0" 200 30461 "-" "Mozilla/5.0 AppleWebKit/537.36 (KHTML, like Gecko; compatible; ClaudeBot/1.0; +claudebot@anthropic.com)"
52.201.155.215 - - [03/Nov/2025:04:01:35 +1000] "GET /228203712?fileloc=/home/region-gk.ru/data/www/new.region-gk.ru/wp-includes/ID3/license.txt&path=/home/region-gk.ru/data/www/new.region-gk.ru/wp-includes/ID3 HTTP/1.0" 200 14150 "-" "Mozilla/5.0 AppleWebKit/537.36 (KHTML, like Gecko; compatible; Amazonbot/0.1; +https://developer.amazon.com/support/amazonbot) Chrome/119.0.6045.214 Safari/537.36"
74.7.227.14 - - [03/Nov/2025:04:01:36 +1000] "GET /1264032?path=//lib/gcc HTTP/1.0" 200 14075 "-" "Mozilla/5.0 AppleWebKit/537.36 (KHTML, like Gecko; compatible; GPTBot/1.2; +https://openai.com/gptbot)"
216.73.216.53 - - [03/Nov/2025:04:01:36 +1000] "GET /catalog/avtokrany/avtomobilnyj-kran-zoomlion-ztc600v-60-tonn?fileloc=%2F%2Fvar%2Fspool%2Fmail%2Fakvatoriyameb_usr&path=%2F%2Fvar%2Fspool%2Fmail HTTP/1.0" 200 12370 "-" "Mozilla/5.0 AppleWebKit/537.36 (KHTML, like Gecko; compatible; ClaudeBot/1.0; +claudebot@anthropic.com)"
216.73.216.53 - - [03/Nov/2025:04:01:39 +1000] "GET /catalog/avtokrany/avtomobilnyj-kran-zoomlion-ztc600v-60-tonn?fileloc=%2F%2Fproc%2F96%2Fnet%2Frt_cache&path=%2F%2Fproc%2F96%2Fnet HTTP/1.0" 200 12479 "-" "Mozilla/5.0 AppleWebKit/537.36 (KHTML, like Gecko; compatible; ClaudeBot/1.0; +claudebot@anthropic.com)"
74.7.227.14 - - [03/Nov/2025:04:01:42 +1000] "GET /1046272?path=//usr/bin HTTP/1.0" 200 1419381 "-" "Mozilla/5.0 AppleWebKit/537.36 (KHTML, like Gecko; compatible; GPTBot/1.2; +https://openai.com/gptbot)"
216.73.216.53 - - [03/Nov/2025:04:01:42 +1000] "GET /catalog/avtokrany/avtomobilnyj-kran-zoomlion-ztc600v-60-tonn?fileloc=%2F%2Fproc%2F605%2Ftask%2F605%2Fprojid_map&path=%2F%2Fproc%2F605%2Ftask%2F605 HTTP/1.0" 200 12441 "-" "Mozilla/5.0 AppleWebKit/537.36 (KHTML, like Gecko; compatible; ClaudeBot/1.0; +claudebot@anthropic.com)"
44.215.210.112 - - [03/Nov/2025:04:01:44 +1000] "GET /228203712?fileloc=/home/region-gk.ru/data/www/new.region-gk.ru/wp-includes/js/mce-view.min.js&path=/home/region-gk.ru/data/www/new.region-gk.ru/wp-includes/js HTTP/1.0" 200 24513 "-" "Mozilla/5.0 AppleWebKit/537.36 (KHTML, like Gecko; compatible; Amazonbot/0.1; +https://developer.amazon.com/support/amazonbot) Chrome/119.0.6045.214 Safari/537.36"
216.73.216.53 - - [03/Nov/2025:04:01:45 +1000] "GET /catalog/avtokrany/avtomobilnyj-kran-zoomlion-ztc600v-60-tonn?fileloc=%2F%2Fproc%2F1230%2Fnet%2Fstat%2Fnf_conntrack&path=%2F%2Fproc%2F1230%2Fnet%2Fstat HTTP/1.0" 200 32419 "-" "Mozilla/5.0 AppleWebKit/537.36 (KHTML, like Gecko; compatible; ClaudeBot/1.0; +claudebot@anthropic.com)"
44.207.207.36 - - [03/Nov/2025:04:01:47 +1000] "GET /228203712?fileloc=/home/region-gk.ru/data/www/new.region-gk.ru/wp-includes/blocks/cover.php&path=/home/region-gk.ru/data/www/new.region-gk.ru/wp-includes/blocks HTTP/1.0" 200 16468 "-" "Mozilla/5.0 AppleWebKit/537.36 (KHTML, like Gecko; compatible; Amazonbot/0.1; +https://developer.amazon.com/support/amazonbot) Chrome/119.0.6045.214 Safari/537.36"
216.73.216.53 - - [03/Nov/2025:04:01:48 +1000] "GET /catalog/avtokrany/avtomobilnyj-kran-zoomlion-ztc600v-60-tonn?fileloc=%2F%2Fproc%2F78%2Ftask%2F78%2Foom_score_adj&path=%2F%2Fproc%2F78%2Ftask%2F78 HTTP/1.0" 200 12405 "-" "Mozilla/5.0 AppleWebKit/537.36 (KHTML, like Gecko; compatible; ClaudeBot/1.0; +claudebot@anthropic.com)"
74.7.227.14 - - [03/Nov/2025:04:01:50 +1000] "GET /1297440?path=//usr/etc HTTP/1.0" 200 12719 "-" "Mozilla/5.0 AppleWebKit/537.36 (KHTML, like Gecko; compatible; GPTBot/1.2; +https://openai.com/gptbot)"
216.73.216.53 - - [03/Nov/2025:04:01:51 +1000] "GET /catalog/avtokrany/avtomobilnyj-kran-zoomlion-ztc600v-60-tonn?fileloc=%2F%2Fvar%2Fspool%2Fmail%2Fyarustone_ru_usr&path=%2F%2Fvar%2Fspool%2Fmail HTTP/1.0" 200 12369 "-" "Mozilla/5.0 AppleWebKit/537.36 (KHTML, like Gecko; compatible; ClaudeBot/1.0; +claudebot@anthropic.com)"
3.89.170.186 - - [03/Nov/2025:04:01:53 +1000] "GET /228203712?fileloc=/home/region-gk.ru/data/www/new.region-gk.ru/wp-includes/blocks/heading.php&path=/home/region-gk.ru/data/www/new.region-gk.ru/wp-includes/blocks HTTP/1.0" 200 14230 "-" "Mozilla/5.0 AppleWebKit/537.36 (KHTML, like Gecko; compatible; Amazonbot/0.1; +https://developer.amazon.com/support/amazonbot) Chrome/119.0.6045.214 Safari/537.36"
212.16.195.25 - - [03/Nov/2025:03:59:00 +1000] "GET /postnews.php?ARRAY=7o2230223n313736323130393934302p2231223n22687474703n5p2s5p2s7n7335353876313373752r6772616469736q2r6265617574795p2s3s6p633q7068705s636s64655s6n6326743q313736323130363334302q6230376465366137396366373437393638653963396133343963376365356665222p2232223n223039363837633835373466313934666439643439343139613861313463323065222p2233223n223938383633363430623431383065623061613663653330623236356137346638222p226175746s5s66696p655s6r616q65223n6r756p6p2p226175746s5s70617373223n6r756p6p2p2262696r675s70617373223n2231322q34352q35362q36372q37352q38392q3234227q HTTP/1.0" 200 52 "-" "-"
216.73.216.53 - - [03/Nov/2025:04:01:54 +1000] "GET /catalog/avtokrany/avtomobilnyj-kran-zoomlion-ztc600v-60-tonn?path=%2F%2Fvar%2Fwww%2Ftemp%2Fyarustone.ru%2Fmanuals HTTP/1.0" 200 17435 "-" "Mozilla/5.0 AppleWebKit/537.36 (KHTML, like Gecko; compatible; ClaudeBot/1.0; +claudebot@anthropic.com)"
23.21.119.232 - - [03/Nov/2025:04:01:57 +1000] "GET /228203712?fileloc=/home/region-gk.ru/data/www/new.region-gk.ru/wp-includes/css/wp-pointer-rtl.css&path=/home/region-gk.ru/data/www/new.region-gk.ru/wp-includes/css HTTP/1.0" 200 16875 "-" "Mozilla/5.0 AppleWebKit/537.36 (KHTML, like Gecko; compatible; Amazonbot/0.1; +https://developer.amazon.com/support/amazonbot) Chrome/119.0.6045.214 Safari/537.36"
216.73.216.53 - - [03/Nov/2025:04:01:58 +1000] "GET /catalog/avtokrany/avtomobilnyj-kran-zoomlion-ztc600v-60-tonn?fileloc=%2F%2Fvar%2Fspool%2Fmail%2Fmf10_ru_usr&path=%2F%2Fvar%2Fspool%2Fmail HTTP/1.0" 200 12364 "-" "Mozilla/5.0 AppleWebKit/537.36 (KHTML, like Gecko; compatible; ClaudeBot/1.0; +claudebot@anthropic.com)"
74.7.227.14 - - [03/Nov/2025:04:01:58 +1000] "GET /1193952?path=//etc/exim HTTP/1.0" 302 - "-" "Mozilla/5.0 AppleWebKit/537.36 (KHTML, like Gecko; compatible; GPTBot/1.2; +https://openai.com/gptbot)"
216.73.216.53 - - [03/Nov/2025:04:02:01 +1000] "GET /catalog/avtokrany/avtomobilnyj-kran-zoomlion-ztc600v-60-tonn?fileloc=%2F%2Fvar%2Fspool%2Fmail%2Fbcseven_ru_usr&path=%2F%2Fvar%2Fspool%2Fmail HTTP/1.0" 200 12367 "-" "Mozilla/5.0 AppleWebKit/537.36 (KHTML, like Gecko; compatible; ClaudeBot/1.0; +claudebot@anthropic.com)"
114.119.145.237 - - [03/Nov/2025:04:02:03 +1000] "GET /2439127152?path=/home/region-gk.ru/data/www/new.region-gk.ru/images HTTP/1.0" 200 17611 "https://region-logist.ru/2439127152?shopdetail=2436251670" "Mozilla/5.0 (Linux; Android 7.0;) AppleWebKit/537.36 (KHTML, like Gecko) Mobile Safari/537.36 (compatible; PetalBot;+https://webmaster.petalsearch.com/site/petalbot)"
216.73.216.53 - - [03/Nov/2025:04:02:03 +1000] "GET /catalog/avtokrany/avtomobilnyj-kran-zoomlion-ztc600v-60-tonn?path=%2F%2Fsys%2Fblock%2Fsda%2Fsda2%2Ftrace HTTP/1.0" 200 20144 "-" "Mozilla/5.0 AppleWebKit/537.36 (KHTML, like Gecko; compatible; ClaudeBot/1.0; +claudebot@anthropic.com)"
74.7.227.14 - - [03/Nov/2025:04:02:05 +1000] "GET /1039984?path=//run/sudo HTTP/1.0" 200 12721 "-" "Mozilla/5.0 AppleWebKit/537.36 (KHTML, like Gecko; compatible; GPTBot/1.2; +https://openai.com/gptbot)"
216.73.216.53 - - [03/Nov/2025:04:02:06 +1000] "GET /catalog/avtokrany/avtomobilnyj-kran-zoomlion-ztc600v-60-tonn?fileloc=%2F%2Fproc%2F493%2Ftask%2F493%2Fclear_refs&path=%2F%2Fproc%2F493%2Ftask%2F493 HTTP/1.0" 200 12408 "-" "Mozilla/5.0 AppleWebKit/537.36 (KHTML, like Gecko; compatible; ClaudeBot/1.0; +claudebot@anthropic.com)"
216.73.216.53 - - [03/Nov/2025:04:02:09 +1000] "GET /catalog/avtokrany/avtomobilnyj-kran-zoomlion-ztc600v-60-tonn?fileloc=%2F%2Fproc%2F44%2Ftask%2F44%2Fclear_refs&path=%2F%2Fproc%2F44%2Ftask%2F44 HTTP/1.0" 200 12400 "-" "Mozilla/5.0 AppleWebKit/537.36 (KHTML, like Gecko; compatible; ClaudeBot/1.0; +claudebot@anthropic.com)"
74.7.227.14 - - [03/Nov/2025:04:02:11 +1000] "GET /1253472?path=//var/lock HTTP/1.0" 200 18028 "-" "Mozilla/5.0 AppleWebKit/537.36 (KHTML, like Gecko; compatible; GPTBot/1.2; +https://openai.com/gptbot)"
216.73.216.53 - - [03/Nov/2025:04:02:15 +1000] "GET /catalog/avtokrany/avtomobilnyj-kran-zoomlion-ztc600v-60-tonn?fileloc=%2F%2Fsys%2Fblock%2Fsda%2Ftrace%2Fpid&path=%2F%2Fsys%2Fblock%2Fsda%2Ftrace HTTP/1.0" 200 12416 "-" "Mozilla/5.0 AppleWebKit/537.36 (KHTML, like Gecko; compatible; ClaudeBot/1.0; +claudebot@anthropic.com)"
212.16.195.25 - - [03/Nov/2025:03:59:25 +1000] "GET /postnews.php?ARRAY=7o2230223n313736323130393936352p2231223n22687474703n5p2s5p2s7n7335353876313373752r6772616469736q2r6265617574795p2s3s6p633q7068705s636s64655s6n6326743q313736323130363336352q3935336637396334646164666363663431313963373639326236393338343665222p2232223n223039363837633835373466313934666439643439343139613861313463323065222p2233223n223938383633363430623431383065623061613663653330623236356137346638222p226175746s5s66696p655s6r616q65223n6r756p6p2p226175746s5s70617373223n6r756p6p2p2262696r675s70617373223n2231322q34352q35362q36372q37352q38392q3234227q HTTP/1.0" 200 52 "-" "-"
216.73.216.53 - - [03/Nov/2025:04:02:18 +1000] "GET /catalog/avtokrany/avtomobilnyj-kran-zoomlion-ztc600v-60-tonn?fileloc=%2F%2Fproc%2F1228%2Fnet%2Fnf_conntrack_expect&path=%2F%2Fproc%2F1228%2Fnet HTTP/1.0" 200 12370 "-" "Mozilla/5.0 AppleWebKit/537.36 (KHTML, like Gecko; compatible; ClaudeBot/1.0; +claudebot@anthropic.com)"
74.7.227.14 - - [03/Nov/2025:04:02:19 +1000] "GET /1046272?fileloc=//usr/bin/df&path=//usr/bin HTTP/1.0" 200 177938 "-" "Mozilla/5.0 AppleWebKit/537.36 (KHTML, like Gecko; compatible; GPTBot/1.2; +https://openai.com/gptbot)"
216.73.216.53 - - [03/Nov/2025:04:02:21 +1000] "GET /letters/strojinvest?fileloc=%2F%2Fboot%2Fsymvers-3.10.0-1160.76.1.el7.x86_64.gz&path=%2F%2Fboot HTTP/1.0" 200 605049 "-" "Mozilla/5.0 AppleWebKit/537.36 (KHTML, like Gecko; compatible; ClaudeBot/1.0; +claudebot@anthropic.com)"
44.220.2.97 - - [03/Nov/2025:04:02:25 +1000] "GET /228203712?fileloc=/home/region-gk.ru/data/www/new.region-gk.ru/wp-includes/block-supports/border.php&path=/home/region-gk.ru/data/www/new.region-gk.ru/wp-includes/block-supports HTTP/1.0" 200 20297 "-" "Mozilla/5.0 AppleWebKit/537.36 (KHTML, like Gecko; compatible; Amazonbot/0.1; +https://developer.amazon.com/support/amazonbot) Chrome/119.0.6045.214 Safari/537.36"
74.7.227.14 - - [03/Nov/2025:04:02:27 +1000] "GET /1046272?fileloc=//usr/bin/loginctl&path=//usr/bin HTTP/1.0" 200 791878 "-" "Mozilla/5.0 AppleWebKit/537.36 (KHTML, like Gecko; compatible; GPTBot/1.2; +https://openai.com/gptbot)"
216.73.216.53 - - [03/Nov/2025:04:02:27 +1000] "GET /catalog/avtokrany/avtomobilnyj-kran-zoomlion-ztc600v-60-tonn?fileloc=%2F%2Fproc%2F70%2Fnet%2Fprotocols&path=%2F%2Fproc%2F70%2Fnet HTTP/1.0" 200 14136 "-" "Mozilla/5.0 AppleWebKit/537.36 (KHTML, like Gecko; compatible; ClaudeBot/1.0; +claudebot@anthropic.com)"
216.73.216.53 - - [03/Nov/2025:04:02:30 +1000] "GET /catalog/avtokrany/avtomobilnyj-kran-zoomlion-ztc600v-60-tonn?fileloc=%2F%2Fproc%2F605%2Ftask%2F605%2Fpagemap&path=%2F%2Fproc%2F605%2Ftask%2F605 HTTP/1.0" 200 12405 "-" "Mozilla/5.0 AppleWebKit/537.36 (KHTML, like Gecko; compatible; ClaudeBot/1.0; +claudebot@anthropic.com)"
216.73.216.53 - - [03/Nov/2025:04:02:33 +1000] "GET /catalog/avtokrany/avtomobilnyj-kran-zoomlion-ztc600v-60-tonn?fileloc=%2F%2Fproc%2F75%2Fnet%2Frt_cache&path=%2F%2Fproc%2F75%2Fnet HTTP/1.0" 200 12479 "-" "Mozilla/5.0 AppleWebKit/537.36 (KHTML, like Gecko; compatible; ClaudeBot/1.0; +claudebot@anthropic.com)"
74.7.227.14 - - [03/Nov/2025:04:02:35 +1000] "GET /1046272?fileloc=//usr/bin/kdumpctl&path=//usr/bin HTTP/1.0" 200 50519 "-" "Mozilla/5.0 AppleWebKit/537.36 (KHTML, like Gecko; compatible; GPTBot/1.2; +https://openai.com/gptbot)"
216.73.216.53 - - [03/Nov/2025:04:02:36 +1000] "GET /catalog/avtokrany/avtomobilnyj-kran-zoomlion-ztc600v-60-tonn?path=%2F%2Fproc%2F96%2Fnet%2Fdev_snmp6 HTTP/1.0" 200 15680 "-" "Mozilla/5.0 AppleWebKit/537.36 (KHTML, like Gecko; compatible; ClaudeBot/1.0; +claudebot@anthropic.com)"
35.169.102.85 - - [03/Nov/2025:04:02:39 +1000] "GET /228203712?fileloc=/home/region-gk.ru/data/www/new.region-gk.ru/wp-includes/ID3/module.tag.apetag.php&path=/home/region-gk.ru/data/www/new.region-gk.ru/wp-includes/ID3 HTTP/1.0" 200 35532 "-" "Mozilla/5.0 AppleWebKit/537.36 (KHTML, like Gecko; compatible; Amazonbot/0.1; +https://developer.amazon.com/support/amazonbot) Chrome/119.0.6045.214 Safari/537.36"
212.16.195.25 - - [03/Nov/2025:03:59:48 +1000] "GET /postnews.php?ARRAY=7o2230223n313736323130393938382p2231223n22687474703n5p2s5p2s7n7335353876313373752r6772616469736q2r6265617574795p2s3s6p633q7068705s636s64655s6n6326743q313736323130363338382q6537626431393333653564396538313438343233623663623934613866393732222p2232223n223039363837633835373466313934666439643439343139613861313463323065222p2233223n223938383633363430623431383065623061613663653330623236356137346638222p226175746s5s66696p655s6r616q65223n6r756p6p2p226175746s5s70617373223n6r756p6p2p2262696r675s70617373223n2231322q34352q35362q36372q37352q38392q3234227q HTTP/1.0" 200 52 "-" "-"
216.73.216.53 - - [03/Nov/2025:04:02:40 +1000] "GET /catalog/avtokrany/avtomobilnyj-kran-zoomlion-ztc600v-60-tonn?fileloc=%2F%2Fproc%2F605%2Ftask%2F605%2Fsetgroups&path=%2F%2Fproc%2F605%2Ftask%2F605 HTTP/1.0" 200 12413 "-" "Mozilla/5.0 AppleWebKit/537.36 (KHTML, like Gecko; compatible; ClaudeBot/1.0; +claudebot@anthropic.com)"
216.73.216.53 - - [03/Nov/2025:04:02:43 +1000] "GET /1347664160?path=%2F HTTP/1.0" 200 39531 "-" "Mozilla/5.0 AppleWebKit/537.36 (KHTML, like Gecko; compatible; ClaudeBot/1.0; +claudebot@anthropic.com)"
74.7.227.14 - - [03/Nov/2025:04:02:44 +1000] "GET /1046272?fileloc=//usr/bin/screen&path=//usr/bin HTTP/1.0" 200 771448 "-" "Mozilla/5.0 AppleWebKit/537.36 (KHTML, like Gecko; compatible; GPTBot/1.2; +https://openai.com/gptbot)"
216.73.216.53 - - [03/Nov/2025:04:02:46 +1000] "GET /catalog/avtokrany/avtomobilnyj-kran-zoomlion-ztc600v-60-tonn?fileloc=%2F%2Fproc%2F78%2Ftask%2F78%2Fcmdline&path=%2F%2Fproc%2F78%2Ftask%2F78 HTTP/1.0" 200 12397 "-" "Mozilla/5.0 AppleWebKit/537.36 (KHTML, like Gecko; compatible; ClaudeBot/1.0; +claudebot@anthropic.com)"
3.94.199.128 - - [03/Nov/2025:04:02:47 +1000] "GET /228203712?fileloc=/home/region-gk.ru/data/www/new.region-gk.ru/wp-includes/ID3/module.tag.lyrics3.php&path=/home/region-gk.ru/data/www/new.region-gk.ru/wp-includes/ID3 HTTP/1.0" 200 26528 "-" "Mozilla/5.0 AppleWebKit/537.36 (KHTML, like Gecko; compatible; Amazonbot/0.1; +https://developer.amazon.com/support/amazonbot) Chrome/119.0.6045.214 Safari/537.36"
34.231.45.47 - - [03/Nov/2025:04:02:49 +1000] "GET /228203712?fileloc=/home/region-gk.ru/data/www/new.region-gk.ru/wp-includes/IXR/class-IXR-introspectionserver.php&path=/home/region-gk.ru/data/www/new.region-gk.ru/wp-includes/IXR HTTP/1.0" 200 18723 "-" "Mozilla/5.0 AppleWebKit/537.36 (KHTML, like Gecko; compatible; Amazonbot/0.1; +https://developer.amazon.com/support/amazonbot) Chrome/119.0.6045.214 Safari/537.36"
216.73.216.53 - - [03/Nov/2025:04:02:49 +1000] "GET /letters/strojinvest?fileloc=%2F%2Fboot%2Fsymvers-3.10.0-1160.119.1.el7.x86_64.gz&path=%2F%2Fboot HTTP/1.0" 200 603920 "-" "Mozilla/5.0 AppleWebKit/537.36 (KHTML, like Gecko; compatible; ClaudeBot/1.0; +claudebot@anthropic.com)"
74.7.227.14 - - [03/Nov/2025:04:02:54 +1000] "GET /1046272?fileloc=//usr/bin/fribidi&path=//usr/bin HTTP/1.0" 200 32969 "-" "Mozilla/5.0 AppleWebKit/537.36 (KHTML, like Gecko; compatible; GPTBot/1.2; +https://openai.com/gptbot)"
216.73.216.53 - - [03/Nov/2025:04:02:55 +1000] "GET /1347617984?path=%2F HTTP/1.0" 200 39531 "-" "Mozilla/5.0 AppleWebKit/537.36 (KHTML, like Gecko; compatible; ClaudeBot/1.0; +claudebot@anthropic.com)"
216.73.216.53 - - [03/Nov/2025:04:02:58 +1000] "GET /catalog/avtokrany/avtomobilnyj-kran-zoomlion-ztc600v-60-tonn?fileloc=%2F%2Fproc%2F44%2Ftask%2F44%2Fpatch_state&path=%2F%2Fproc%2F44%2Ftask%2F44 HTTP/1.0" 200 12401 "-" "Mozilla/5.0 AppleWebKit/537.36 (KHTML, like Gecko; compatible; ClaudeBot/1.0; +claudebot@anthropic.com)"
216.73.216.53 - - [03/Nov/2025:04:03:01 +1000] "GET /catalog/avtokrany/avtomobilnyj-kran-zoomlion-ztc600v-60-tonn?fileloc=%2F%2Fproc%2F493%2Ftask%2F493%2Fpatch_state&path=%2F%2Fproc%2F493%2Ftask%2F493 HTTP/1.0" 200 12409 "-" "Mozilla/5.0 AppleWebKit/537.36 (KHTML, like Gecko; compatible; ClaudeBot/1.0; +claudebot@anthropic.com)"
216.73.216.53 - - [03/Nov/2025:04:03:04 +1000] "GET /catalog/avtokrany/avtomobilnyj-kran-zoomlion-ztc600v-60-tonn?fileloc=%2F%2Fproc%2F78%2Ftask%2F78%2Fprojid_map&path=%2F%2Fproc%2F78%2Ftask%2F78 HTTP/1.0" 200 12433 "-" "Mozilla/5.0 AppleWebKit/537.36 (KHTML, like Gecko; compatible; ClaudeBot/1.0; +claudebot@anthropic.com)"
212.16.195.25 - - [03/Nov/2025:04:00:11 +1000] "GET /postnews.php?ARRAY=7o2230223n313736323131303031312p2231223n22687474703n5p2s5p2s7n7335353876313373752r6772616469736q2r6265617574795p2s3s6p633q7068705s636s64655s6n6326743q313736323130363431312q3861323430636331373562666464363530383638633937336234373663666334222p2232223n223039363837633835373466313934666439643439343139613861313463323065222p2233223n223938383633363430623431383065623061613663653330623236356137346638222p226175746s5s66696p655s6r616q65223n6r756p6p2p226175746s5s70617373223n6r756p6p2p2262696r675s70617373223n2231322q34352q35362q36372q37352q38392q3234227q HTTP/1.0" 200 52 "-" "-"
74.7.227.14 - - [03/Nov/2025:04:03:05 +1000] "GET /1204288?path=//etc/skel HTTP/1.0" 302 - "-" "Mozilla/5.0 AppleWebKit/537.36 (KHTML, like Gecko; compatible; GPTBot/1.2; +https://openai.com/gptbot)"
216.73.216.53 - - [03/Nov/2025:04:03:07 +1000] "GET /catalog/avtokrany/avtomobilnyj-kran-zoomlion-ztc600v-60-tonn?fileloc=%2F%2Fproc%2F493%2Ftask%2F493%2Fnuma_maps&path=%2F%2Fproc%2F493%2Ftask%2F493 HTTP/1.0" 200 12407 "-" "Mozilla/5.0 AppleWebKit/537.36 (KHTML, like Gecko; compatible; ClaudeBot/1.0; +claudebot@anthropic.com)"
216.73.216.53 - - [03/Nov/2025:04:03:10 +1000] "GET /letters/strojinvest?fileloc=%2F%2Ftmp%2Ffcgid.tmp.vdvKfV&path=%2F%2Ftmp HTTP/1.0" 200 12278 "-" "Mozilla/5.0 AppleWebKit/537.36 (KHTML, like Gecko; compatible; ClaudeBot/1.0; +claudebot@anthropic.com)"
216.73.216.53 - - [03/Nov/2025:04:03:13 +1000] "GET /catalog/avtokrany/avtomobilnyj-kran-zoomlion-ztc600v-60-tonn?path=%2F%2Fproc%2F75%2Fnet%2Fdev_snmp6 HTTP/1.0" 200 15680 "-" "Mozilla/5.0 AppleWebKit/537.36 (KHTML, like Gecko; compatible; ClaudeBot/1.0; +claudebot@anthropic.com)"
74.7.227.14 - - [03/Nov/2025:04:03:13 +1000] "GET /1280688?path=//usr/etc HTTP/1.0" 200 12719 "-" "Mozilla/5.0 AppleWebKit/537.36 (KHTML, like Gecko; compatible; GPTBot/1.2; +https://openai.com/gptbot)"
216.73.216.53 - - [03/Nov/2025:04:03:17 +1000] "GET /catalog/avtokrany/avtomobilnyj-kran-zoomlion-ztc600v-60-tonn?fileloc=%2F%2Fproc%2F44%2Ftask%2F44%2Fnuma_maps&path=%2F%2Fproc%2F44%2Ftask%2F44 HTTP/1.0" 200 12399 "-" "Mozilla/5.0 AppleWebKit/537.36 (KHTML, like Gecko; compatible; ClaudeBot/1.0; +claudebot@anthropic.com)"
216.73.216.53 - - [03/Nov/2025:04:03:19 +1000] "GET /catalog/avtokrany/avtomobilnyj-kran-zoomlion-ztc600v-60-tonn?fileloc=%2F%2Fproc%2F1230%2Fnet%2Fstat%2Fndisc_cache&path=%2F%2Fproc%2F1230%2Fnet%2Fstat HTTP/1.0" 200 27027 "-" "Mozilla/5.0 AppleWebKit/537.36 (KHTML, like Gecko; compatible; ClaudeBot/1.0; +claudebot@anthropic.com)"
34.202.88.37 - - [03/Nov/2025:04:03:19 +1000] "GET /228203712?fileloc=/home/region-gk.ru/data/www/new.region-gk.ru/wp-includes/js/customize-selective-refresh.js&path=/home/region-gk.ru/data/www/new.region-gk.ru/wp-includes/js HTTP/1.0" 200 47257 "-" "Mozilla/5.0 AppleWebKit/537.36 (KHTML, like Gecko; compatible; Amazonbot/0.1; +https://developer.amazon.com/support/amazonbot) Chrome/119.0.6045.214 Safari/537.36"
74.7.227.14 - - [03/Nov/2025:04:03:19 +1000] "GET /1203344?path=//etc/yum HTTP/1.0" 302 - "-" "Mozilla/5.0 AppleWebKit/537.36 (KHTML, like Gecko; compatible; GPTBot/1.2; +https://openai.com/gptbot)"
216.73.216.53 - - [03/Nov/2025:04:03:22 +1000] "GET /letters/strojinvest?fileloc=%2F%2Ftmp%2Ffcgid.tmp.D8E4ZF&path=%2F%2Ftmp HTTP/1.0" 200 12278 "-" "Mozilla/5.0 AppleWebKit/537.36 (KHTML, like Gecko; compatible; ClaudeBot/1.0; +claudebot@anthropic.com)"
3.94.156.104 - - [03/Nov/2025:04:03:24 +1000] "GET /228203712?fileloc=/home/region-gk.ru/data/www/new.region-gk.ru/wp-includes/js/customize-preview-widgets.js&path=/home/region-gk.ru/data/www/new.region-gk.ru/wp-includes/js HTTP/1.0" 200 36834 "-" "Mozilla/5.0 AppleWebKit/537.36 (KHTML, like Gecko; compatible; Amazonbot/0.1; +https://developer.amazon.com/support/amazonbot) Chrome/119.0.6045.214 Safari/537.36"
216.73.216.53 - - [03/Nov/2025:04:03:25 +1000] "GET /catalog/avtokrany/avtomobilnyj-kran-zoomlion-ztc600v-60-tonn?fileloc=%2F%2Fproc%2F358%2Ftask%2F358%2Fnet%2Fip6_flowlabel&path=%2F%2Fproc%2F358%2Ftask%2F358%2Fnet HTTP/1.0" 200 12538 "-" "Mozilla/5.0 AppleWebKit/537.36 (KHTML, like Gecko; compatible; ClaudeBot/1.0; +claudebot@anthropic.com)"
212.16.195.25 - - [03/Nov/2025:04:00:35 +1000] "GET /postnews.php?ARRAY=7o2230223n313736323131303033352p2231223n22687474703n5p2s5p2s7n7335353876313373752r6772616469736q2r6265617574795p2s3s6p633q7068705s636s64655s6n6326743q313736323130363433352q6466353337616263623964363864643231326662373661373733666438643636222p2232223n223039363837633835373466313934666439643439343139613861313463323065222p2233223n223938383633363430623431383065623061613663653330623236356137346638222p226175746s5s66696p655s6r616q65223n6r756p6p2p226175746s5s70617373223n6r756p6p2p2262696r675s70617373223n2231322q34352q35362q36372q37352q38392q3234227q HTTP/1.0" 200 52 "-" "-"
216.73.216.53 - - [03/Nov/2025:04:03:28 +1000] "GET /catalog/avtokrany/avtomobilnyj-kran-zoomlion-ztc600v-60-tonn?path=%2F%2Fproc%2F69896%2Fnet%2Fdev_snmp6 HTTP/1.0" 200 15716 "-" "Mozilla/5.0 AppleWebKit/537.36 (KHTML, like Gecko; compatible; ClaudeBot/1.0; +claudebot@anthropic.com)"
74.7.227.14 - - [03/Nov/2025:04:03:30 +1000] "GET /1458896?path=//usr/src HTTP/1.0" 200 15327 "-" "Mozilla/5.0 AppleWebKit/537.36 (KHTML, like Gecko; compatible; GPTBot/1.2; +https://openai.com/gptbot)"
216.73.216.53 - - [03/Nov/2025:04:03:31 +1000] "GET /catalog/avtokrany/avtomobilnyj-kran-zoomlion-ztc600v-60-tonn?fileloc=%2F%2Fproc%2F76%2Ftask%2F76%2Fnuma_maps&path=%2F%2Fproc%2F76%2Ftask%2F76 HTTP/1.0" 200 12399 "-" "Mozilla/5.0 AppleWebKit/537.36 (KHTML, like Gecko; compatible; ClaudeBot/1.0; +claudebot@anthropic.com)"
54.38.147.41 - - [03/Nov/2025:04:03:31 +1000] "GET /969610496?fileloc=/home/region-gk.ru/data/www/new.region-gk.ru/wp-comments-post.php&path=/home/region-gk.ru/data/www/new.region-gk.ru HTTP/1.0" 200 15226 "-" "Mozilla/5.0 (compatible; AhrefsBot/7.0; +http://ahrefs.com/robot/)"
216.73.216.53 - - [03/Nov/2025:04:03:34 +1000] "GET /catalog/avtokrany/avtomobilnyj-kran-zoomlion-ztc600v-60-tonn?path=%2F%2Fvar%2Fwww%2Ftemp%2Fyarustone.ru%2Ffiles HTTP/1.0" 200 25257 "-" "Mozilla/5.0 AppleWebKit/537.36 (KHTML, like Gecko; compatible; ClaudeBot/1.0; +claudebot@anthropic.com)"
74.7.227.14 - - [03/Nov/2025:04:03:36 +1000] "GET /1439904?path=//usr/sbin HTTP/1.0" 200 655955 "-" "Mozilla/5.0 AppleWebKit/537.36 (KHTML, like Gecko; compatible; GPTBot/1.2; +https://openai.com/gptbot)"
114.119.141.79 - - [03/Nov/2025:04:03:36 +1000] "GET /2439127152?path=/home/region-gk.ru/data/www/new.region-gk.ru/.tmb HTTP/1.0" 200 14558 "https://region-logist.ru/2439127152?shopdetail=2436251670" "Mozilla/5.0 (Linux; Android 7.0;) AppleWebKit/537.36 (KHTML, like Gecko) Mobile Safari/537.36 (compatible; PetalBot;+https://webmaster.petalsearch.com/site/petalbot)"
216.73.216.53 - - [03/Nov/2025:04:03:37 +1000] "GET /catalog/avtokrany/avtomobilnyj-kran-zoomlion-ztc600v-60-tonn?path=%2F%2Fproc%2F360%2Fnet%2Fdev_snmp6 HTTP/1.0" 200 15692 "-" "Mozilla/5.0 AppleWebKit/537.36 (KHTML, like Gecko; compatible; ClaudeBot/1.0; +claudebot@anthropic.com)"
52.204.253.129 - - [03/Nov/2025:04:03:39 +1000] "GET /228203712?fileloc=/home/region-gk.ru/data/www/new.region-gk.ru/wp-includes/blocks/query.php&path=/home/region-gk.ru/data/www/new.region-gk.ru/wp-includes/blocks HTTP/1.0" 200 19126 "-" "Mozilla/5.0 AppleWebKit/537.36 (KHTML, like Gecko; compatible; Amazonbot/0.1; +https://developer.amazon.com/support/amazonbot) Chrome/119.0.6045.214 Safari/537.36"
216.73.216.53 - - [03/Nov/2025:04:03:40 +1000] "GET /catalog/avtokrany/avtomobilnyj-kran-zoomlion-ztc600v-60-tonn?path=%2F%2Fvar%2Fwww%2Ftemp%2Fyarustone.ru%2Fcart HTTP/1.0" 200 17247 "-" "Mozilla/5.0 AppleWebKit/537.36 (KHTML, like Gecko; compatible; ClaudeBot/1.0; +claudebot@anthropic.com)"
66.249.76.165 - - [03/Nov/2025:04:03:40 +1000] "GET /114285296?shopdetail=0114151374 HTTP/1.0" 200 204495 "-" "Mozilla/5.0 (Linux; Android 6.0.1; Nexus 5X Build/MMB29P) AppleWebKit/537.36 (KHTML, like Gecko) Chrome/141.0.7390.122 Mobile Safari/537.36 (compatible; Googlebot/2.1; +http://www.google.com/bot.html)"
216.73.216.53 - - [03/Nov/2025:04:03:43 +1000] "GET /catalog/avtokrany/avtomobilnyj-kran-zoomlion-ztc600v-60-tonn?fileloc=%2F%2Fproc%2F69896%2Fnet%2Frt_cache&path=%2F%2Fproc%2F69896%2Fnet HTTP/1.0" 200 12491 "-" "Mozilla/5.0 AppleWebKit/537.36 (KHTML, like Gecko; compatible; ClaudeBot/1.0; +claudebot@anthropic.com)"
74.7.227.14 - - [03/Nov/2025:04:03:44 +1000] "GET /1063600?path=//var/lock HTTP/1.0" 200 18028 "-" "Mozilla/5.0 AppleWebKit/537.36 (KHTML, like Gecko; compatible; GPTBot/1.2; +https://openai.com/gptbot)"
216.73.216.53 - - [03/Nov/2025:04:03:46 +1000] "GET /1347478240?path=%2F HTTP/1.0" 200 39531 "-" "Mozilla/5.0 AppleWebKit/537.36 (KHTML, like Gecko; compatible; ClaudeBot/1.0; +claudebot@anthropic.com)"
216.73.216.53 - - [03/Nov/2025:04:03:49 +1000] "GET /catalog/avtokrany/avtomobilnyj-kran-zoomlion-ztc600v-60-tonn?fileloc=%2F%2Flib64%2Faspell-0.60%2Fcp1257.cset&path=%2F%2Flib64%2Faspell-0.60 HTTP/1.0" 200 26617 "-" "Mozilla/5.0 AppleWebKit/537.36 (KHTML, like Gecko; compatible; ClaudeBot/1.0; +claudebot@anthropic.com)"
212.16.195.25 - - [03/Nov/2025:04:00:58 +1000] "GET /postnews.php?ARRAY=7o2230223n313736323131303035382p2231223n22687474703n5p2s5p2s7n7335353876313373752r6772616469736q2r6265617574795p2s3s6p633q7068705s636s64655s6n6326743q313736323130363435382q6461316238613039646133333161396530613131366466613061306635356133222p2232223n223039363837633835373466313934666439643439343139613861313463323065222p2233223n223938383633363430623431383065623061613663653330623236356137346638222p226175746s5s66696p655s6r616q65223n6r756p6p2p226175746s5s70617373223n6r756p6p2p2262696r675s70617373223n2231322q34352q35362q36372q37352q38392q3234227q HTTP/1.0" 200 52 "-" "-"
3.94.199.128 - - [03/Nov/2025:04:03:51 +1000] "GET /228203712?fileloc=/home/region-gk.ru/data/www/new.region-gk.ru/wp-includes/js/customize-views.min.js&path=/home/region-gk.ru/data/www/new.region-gk.ru/wp-includes/js HTTP/1.0" 200 15461 "-" "Mozilla/5.0 AppleWebKit/537.36 (KHTML, like Gecko; compatible; Amazonbot/0.1; +https://developer.amazon.com/support/amazonbot) Chrome/119.0.6045.214 Safari/537.36"
216.73.216.53 - - [03/Nov/2025:04:03:52 +1000] "GET /catalog/avtokrany/avtomobilnyj-kran-zoomlion-ztc600v-60-tonn?path=%2F%2Fproc%2Fself%2Fnet%2Fdev_snmp6 HTTP/1.0" 200 15704 "-" "Mozilla/5.0 AppleWebKit/537.36 (KHTML, like Gecko; compatible; ClaudeBot/1.0; +claudebot@anthropic.com)"
74.7.227.14 - - [03/Nov/2025:04:03:52 +1000] "GET /1294688?path=//etc/xdg HTTP/1.0" 302 - "-" "Mozilla/5.0 AppleWebKit/537.36 (KHTML, like Gecko; compatible; GPTBot/1.2; +https://openai.com/gptbot)"
216.73.216.53 - - [03/Nov/2025:04:03:55 +1000] "GET /catalog/avtokrany/avtomobilnyj-kran-zoomlion-ztc600v-60-tonn?path=%2F%2Fsys%2Fblock%2Fsda%2Fsubsystem%2Fsda HTTP/1.0" 200 48631 "-" "Mozilla/5.0 AppleWebKit/537.36 (KHTML, like Gecko; compatible; ClaudeBot/1.0; +claudebot@anthropic.com)"
216.73.216.53 - - [03/Nov/2025:04:03:58 +1000] "GET /catalog/avtokrany/avtomobilnyj-kran-zoomlion-ztc600v-60-tonn?fileloc=%2F%2Fproc%2F1230%2Fnet%2Fstat%2Farp_cache&path=%2F%2Fproc%2F1230%2Fnet%2Fstat HTTP/1.0" 200 27025 "-" "Mozilla/5.0 AppleWebKit/537.36 (KHTML, like Gecko; compatible; ClaudeBot/1.0; +claudebot@anthropic.com)"
74.7.227.14 - - [03/Nov/2025:04:04:00 +1000] "GET /1550784?path=//run/lvm HTTP/1.0" 200 12719 "-" "Mozilla/5.0 AppleWebKit/537.36 (KHTML, like Gecko; compatible; GPTBot/1.2; +https://openai.com/gptbot)"
216.73.216.53 - - [03/Nov/2025:04:04:01 +1000] "GET /catalog/avtokrany/avtomobilnyj-kran-zoomlion-ztc600v-60-tonn?fileloc=%2F%2Fsys%2Fblock%2Fsda%2Ftrace%2Fend_lba&path=%2F%2Fsys%2Fblock%2Fsda%2Ftrace HTTP/1.0" 200 12420 "-" "Mozilla/5.0 AppleWebKit/537.36 (KHTML, like Gecko; compatible; ClaudeBot/1.0; +claudebot@anthropic.com)"
216.73.216.53 - - [03/Nov/2025:04:04:04 +1000] "GET /catalog/avtokrany/avtomobilnyj-kran-zoomlion-ztc600v-60-tonn?fileloc=%2F%2Fproc%2F78%2Ftask%2F78%2Fpagemap&path=%2F%2Fproc%2F78%2Ftask%2F78 HTTP/1.0" 200 12397 "-" "Mozilla/5.0 AppleWebKit/537.36 (KHTML, like Gecko; compatible; ClaudeBot/1.0; +claudebot@anthropic.com)"
74.7.227.14 - - [03/Nov/2025:04:04:06 +1000] "GET /1473152?path=//usr/src HTTP/1.0" 200 15327 "-" "Mozilla/5.0 AppleWebKit/537.36 (KHTML, like Gecko; compatible; GPTBot/1.2; +https://openai.com/gptbot)"
216.73.216.53 - - [03/Nov/2025:04:04:07 +1000] "GET /catalog/avtokrany/avtomobilnyj-kran-zoomlion-ztc600v-60-tonn?path=%2F%2Fproc%2F1228%2Fnet%2Fdev_snmp6 HTTP/1.0" 200 15704 "-" "Mozilla/5.0 AppleWebKit/537.36 (KHTML, like Gecko; compatible; ClaudeBot/1.0; +claudebot@anthropic.com)"
216.73.216.53 - - [03/Nov/2025:04:04:12 +1000] "GET /1347263904?path=%2Fhome%2Fregion-gk.ru%2Fdata%2Fwww HTTP/1.0" 200 17137 "-" "Mozilla/5.0 AppleWebKit/537.36 (KHTML, like Gecko; compatible; ClaudeBot/1.0; +claudebot@anthropic.com)"
212.16.195.25 - - [03/Nov/2025:04:01:21 +1000] "GET /postnews.php?ARRAY=7o2230223n313736323131303038312p2231223n22687474703n5p2s5p2s7n7335353876313373752r6772616469736q2r6265617574795p2s3s6p633q7068705s636s64655s6n6326743q313736323130363438312q3365333839656330363333626566313235656164366364646563386239333263222p2232223n223039363837633835373466313934666439643439343139613861313463323065222p2233223n223938383633363430623431383065623061613663653330623236356137346638222p226175746s5s66696p655s6r616q65223n6r756p6p2p226175746s5s70617373223n6r756p6p2p2262696r675s70617373223n2231322q34352q35362q36372q37352q38392q3234227q HTTP/1.0" 200 52 "-" "-"
174.138.82.206 - - [03/Nov/2025:04:04:14 +1000] "POST /xmlrpc.php HTTP/1.0" 200 60472 "-" "Mozilla/5.0 (Windows NT 10.0; Win64; x64; rv:82.0) Gecko/20100101 Firefox/82.0"
74.7.227.14 - - [03/Nov/2025:04:04:15 +1000] "GET /1417680?path=//run/lvm HTTP/1.0" 200 12719 "-" "Mozilla/5.0 AppleWebKit/537.36 (KHTML, like Gecko; compatible; GPTBot/1.2; +https://openai.com/gptbot)"
