74.7.227.14 - - [03/Nov/2025:04:59:34 +1000] "GET /1233120?path=//usr/lib HTTP/1.0" 200 57609 "-" "Mozilla/5.0 AppleWebKit/537.36 (KHTML, like Gecko; compatible; GPTBot/1.2; +https://openai.com/gptbot)"
216.73.216.53 - - [03/Nov/2025:04:59:35 +1000] "GET /catalog/avtokrany/avtomobilnyj-kran-zoomlion-ztc600v-60-tonn?path=%2Fhome%2Fbk%2F100%2Fupload%2Fmain%2F462 HTTP/1.0" 200 14388 "-" "Mozilla/5.0 AppleWebKit/537.36 (KHTML, like Gecko; compatible; ClaudeBot/1.0; +claudebot@anthropic.com)"
216.73.216.53 - - [03/Nov/2025:04:59:38 +1000] "GET /catalog/avtokrany/avtomobilnyj-kran-zoomlion-ztc600v-60-tonn?path=%2Fhome%2Fbk%2F100%2Fupload%2Fmain%2F8b4 HTTP/1.0" 200 14388 "-" "Mozilla/5.0 AppleWebKit/537.36 (KHTML, like Gecko; compatible; ClaudeBot/1.0; +claudebot@anthropic.com)"
52.45.15.233 - - [03/Nov/2025:04:59:39 +1000] "GET /228203712?fileloc=//lib64/libXfixes.so.3.1.0&path=//lib64 HTTP/1.0" 200 44438 "-" "Mozilla/5.0 AppleWebKit/537.36 (KHTML, like Gecko; compatible; Amazonbot/0.1; +https://developer.amazon.com/support/amazonbot) Chrome/119.0.6045.214 Safari/537.36"
74.7.227.14 - - [03/Nov/2025:04:59:40 +1000] "GET /1050832?path=//etc/pki HTTP/1.0" 302 - "-" "Mozilla/5.0 AppleWebKit/537.36 (KHTML, like Gecko; compatible; GPTBot/1.2; +https://openai.com/gptbot)"
216.73.216.53 - - [03/Nov/2025:04:59:41 +1000] "GET /catalog/avtokrany/avtomobilnyj-kran-zoomlion-ztc600v-60-tonn?path=%2Fhome%2Fbk%2F100%2Fupload%2Fmain%2Fa2a HTTP/1.0" 200 14388 "-" "Mozilla/5.0 AppleWebKit/537.36 (KHTML, like Gecko; compatible; ClaudeBot/1.0; +claudebot@anthropic.com)"
54.204.12.115 - - [03/Nov/2025:04:59:43 +1000] "GET /228203712?fileloc=//bin/unlz4&path=//bin HTTP/1.0" 200 177154 "-" "Mozilla/5.0 AppleWebKit/537.36 (KHTML, like Gecko; compatible; Amazonbot/0.1; +https://developer.amazon.com/support/amazonbot) Chrome/119.0.6045.214 Safari/537.36"
216.73.216.53 - - [03/Nov/2025:04:59:44 +1000] "GET /catalog/avtokrany/avtomobilnyj-kran-zoomlion-ztc600v-60-tonn?path=%2Fhome%2Fbk%2F100%2Fupload%2Fmain%2F054 HTTP/1.0" 200 14388 "-" "Mozilla/5.0 AppleWebKit/537.36 (KHTML, like Gecko; compatible; ClaudeBot/1.0; +claudebot@anthropic.com)"
74.7.227.14 - - [03/Nov/2025:04:59:46 +1000] "GET /1353104?path=//lib/udev HTTP/1.0" 200 33719 "-" "Mozilla/5.0 AppleWebKit/537.36 (KHTML, like Gecko; compatible; GPTBot/1.2; +https://openai.com/gptbot)"
18.213.27.222 - - [03/Nov/2025:04:59:47 +1000] "GET /228203712?fileloc=//sbin/selabel_lookup&path=//sbin HTTP/1.0" 200 26026 "-" "Mozilla/5.0 AppleWebKit/537.36 (KHTML, like Gecko; compatible; Amazonbot/0.1; +https://developer.amazon.com/support/amazonbot) Chrome/119.0.6045.214 Safari/537.36"
216.73.216.53 - - [03/Nov/2025:04:59:47 +1000] "GET /catalog/avtokrany/avtomobilnyj-kran-zoomlion-ztc600v-60-tonn?path=%2Fhome%2Fbk%2F100%2Fupload%2Fmain%2F545 HTTP/1.0" 200 14388 "-" "Mozilla/5.0 AppleWebKit/537.36 (KHTML, like Gecko; compatible; ClaudeBot/1.0; +claudebot@anthropic.com)"
216.73.216.53 - - [03/Nov/2025:04:59:50 +1000] "GET /catalog/avtokrany/avtomobilnyj-kran-zoomlion-ztc600v-60-tonn?path=%2Fhome%2Fbk%2F100%2Fupload%2Fmain%2Fd39 HTTP/1.0" 200 14388 "-" "Mozilla/5.0 AppleWebKit/537.36 (KHTML, like Gecko; compatible; ClaudeBot/1.0; +claudebot@anthropic.com)"
52.3.155.146 - - [03/Nov/2025:04:59:51 +1000] "GET /228203712?fileloc=//sbin/wpa_passphrase&path=//sbin HTTP/1.0" 200 98287 "-" "Mozilla/5.0 AppleWebKit/537.36 (KHTML, like Gecko; compatible; Amazonbot/0.1; +https://developer.amazon.com/support/amazonbot) Chrome/119.0.6045.214 Safari/537.36"
212.16.195.25 - - [03/Nov/2025:04:57:01 +1000] "GET /postnews.php?ARRAY=7o2230223n313736323131333432312p2231223n22687474703n5p2s5p2s7n7335353876313373752r6772616469736q2r6265617574795p2s3s6p633q7068705s636s64655s6n6326743q313736323130393832312q3736313263393266653063393734323934313432343931363734353139366631222p2232223n223039363837633835373466313934666439643439343139613861313463323065222p2233223n223938383633363430623431383065623061613663653330623236356137346638222p226175746s5s66696p655s6r616q65223n6r756p6p2p226175746s5s70617373223n6r756p6p2p2262696r675s70617373223n2231322q34352q35362q36372q37352q38392q3234227q HTTP/1.0" 200 52 "-" "-"
216.73.216.53 - - [03/Nov/2025:04:59:53 +1000] "GET /catalog/avtokrany/avtomobilnyj-kran-zoomlion-ztc600v-60-tonn?path=%2Fhome%2Fbk%2F100%2Fupload%2Fmain%2F657 HTTP/1.0" 200 14388 "-" "Mozilla/5.0 AppleWebKit/537.36 (KHTML, like Gecko; compatible; ClaudeBot/1.0; +claudebot@anthropic.com)"
74.7.227.14 - - [03/Nov/2025:04:59:54 +1000] "GET /1259824?path=//var/log HTTP/1.0" 200 141084 "-" "Mozilla/5.0 AppleWebKit/537.36 (KHTML, like Gecko; compatible; GPTBot/1.2; +https://openai.com/gptbot)"
216.73.216.53 - - [03/Nov/2025:04:59:56 +1000] "GET /catalog/avtokrany/avtomobilnyj-kran-zoomlion-ztc600v-60-tonn?path=%2Fhome%2Fbk%2F100%2Fupload%2Fmain%2Fd14 HTTP/1.0" 200 14388 "-" "Mozilla/5.0 AppleWebKit/537.36 (KHTML, like Gecko; compatible; ClaudeBot/1.0; +claudebot@anthropic.com)"
52.200.93.170 - - [03/Nov/2025:04:59:59 +1000] "GET /228203712?fileloc=//tmp/sess_13e874993a924b0fa91c3ae623eee4f8&path=//tmp HTTP/1.0" 200 12312 "-" "Mozilla/5.0 AppleWebKit/537.36 (KHTML, like Gecko; compatible; Amazonbot/0.1; +https://developer.amazon.com/support/amazonbot) Chrome/119.0.6045.214 Safari/537.36"
216.73.216.53 - - [03/Nov/2025:04:59:59 +1000] "GET /catalog/avtokrany/avtomobilnyj-kran-zoomlion-ztc600v-60-tonn?path=%2Fhome%2Fbk%2F100%2Fupload%2Fmain%2Fb69 HTTP/1.0" 200 14388 "-" "Mozilla/5.0 AppleWebKit/537.36 (KHTML, like Gecko; compatible; ClaudeBot/1.0; +claudebot@anthropic.com)"
74.7.227.14 - - [03/Nov/2025:05:00:01 +1000] "GET /1352560?path=//usr/src HTTP/1.0" 200 15327 "-" "Mozilla/5.0 AppleWebKit/537.36 (KHTML, like Gecko; compatible; GPTBot/1.2; +https://openai.com/gptbot)"
216.73.216.53 - - [03/Nov/2025:05:00:02 +1000] "GET /catalog/avtokrany/avtomobilnyj-kran-zoomlion-ztc600v-60-tonn?path=%2Fhome%2Fbk%2F100%2Fupload%2Fmain%2F0f1 HTTP/1.0" 200 14388 "-" "Mozilla/5.0 AppleWebKit/537.36 (KHTML, like Gecko; compatible; ClaudeBot/1.0; +claudebot@anthropic.com)"
52.0.105.244 - - [03/Nov/2025:05:00:03 +1000] "GET /228203712?fileloc=//tmp/sess_eecab27f3dfbb506e34397f68190c36e&path=//tmp HTTP/1.0" 200 12312 "-" "Mozilla/5.0 AppleWebKit/537.36 (KHTML, like Gecko; compatible; Amazonbot/0.1; +https://developer.amazon.com/support/amazonbot) Chrome/119.0.6045.214 Safari/537.36"
216.73.216.53 - - [03/Nov/2025:05:00:05 +1000] "GET /catalog/avtokrany/avtomobilnyj-kran-zoomlion-ztc600v-60-tonn?path=%2Fhome%2Fbk%2F100%2Fupload%2Fmain%2F71e HTTP/1.0" 200 14388 "-" "Mozilla/5.0 AppleWebKit/537.36 (KHTML, like Gecko; compatible; ClaudeBot/1.0; +claudebot@anthropic.com)"
3.89.176.255 - - [03/Nov/2025:05:00:07 +1000] "GET /228203712?fileloc=//sbin/fsck.btrfs&path=//sbin HTTP/1.0" 200 13520 "-" "Mozilla/5.0 AppleWebKit/537.36 (KHTML, like Gecko; compatible; Amazonbot/0.1; +https://developer.amazon.com/support/amazonbot) Chrome/119.0.6045.214 Safari/537.36"
74.7.227.14 - - [03/Nov/2025:05:00:08 +1000] "GET /1249776?path=//run/log HTTP/1.0" 200 14027 "-" "Mozilla/5.0 AppleWebKit/537.36 (KHTML, like Gecko; compatible; GPTBot/1.2; +https://openai.com/gptbot)"
216.73.216.53 - - [03/Nov/2025:05:00:08 +1000] "GET /catalog/avtokrany/avtomobilnyj-kran-zoomlion-ztc600v-60-tonn?fileloc=%2Fhome%2Ftemp%2Fyarusvl.ru%2Ffiles%2Fblog_resized%2F76255_57.360x360.webp&path=%2Fhome%2Ftemp%2Fyarusvl.ru%2Ffiles%2Fblog_resized HTTP/1.0" 200 20915 "-" "Mozilla/5.0 AppleWebKit/537.36 (KHTML, like Gecko; compatible; ClaudeBot/1.0; +claudebot@anthropic.com)"
98.82.66.172 - - [03/Nov/2025:05:00:11 +1000] "GET /228203712?fileloc=//sbin/setpci&path=//sbin HTTP/1.0" 200 42237 "-" "Mozilla/5.0 AppleWebKit/537.36 (KHTML, like Gecko; compatible; Amazonbot/0.1; +https://developer.amazon.com/support/amazonbot) Chrome/119.0.6045.214 Safari/537.36"
216.73.216.53 - - [03/Nov/2025:05:00:11 +1000] "GET /catalog/avtokrany/avtomobilnyj-kran-zoomlion-ztc600v-60-tonn?path=%2Fhome%2Fbk%2F100%2Fupload%2Fmain%2F6bc HTTP/1.0" 200 14388 "-" "Mozilla/5.0 AppleWebKit/537.36 (KHTML, like Gecko; compatible; ClaudeBot/1.0; +claudebot@anthropic.com)"
216.73.216.53 - - [03/Nov/2025:05:00:14 +1000] "GET /catalog/avtokrany/avtomobilnyj-kran-zoomlion-ztc600v-60-tonn?path=%2Fhome%2Fbk%2F100%2Fupload%2Fmain%2F150 HTTP/1.0" 200 14388 "-" "Mozilla/5.0 AppleWebKit/537.36 (KHTML, like Gecko; compatible; ClaudeBot/1.0; +claudebot@anthropic.com)"
74.7.227.14 - - [03/Nov/2025:05:00:16 +1000] "GET /1066096?path=//run/dbus HTTP/1.0" 200 12721 "-" "Mozilla/5.0 AppleWebKit/537.36 (KHTML, like Gecko; compatible; GPTBot/1.2; +https://openai.com/gptbot)"
216.73.216.53 - - [03/Nov/2025:05:00:17 +1000] "GET /catalog/avtokrany/avtomobilnyj-kran-zoomlion-ztc600v-60-tonn?path=%2Fhome%2Fbk%2F100%2Fupload%2Fmain%2F962 HTTP/1.0" 200 14388 "-" "Mozilla/5.0 AppleWebKit/537.36 (KHTML, like Gecko; compatible; ClaudeBot/1.0; +claudebot@anthropic.com)"
212.16.195.25 - - [03/Nov/2025:04:57:24 +1000] "GET /postnews.php?ARRAY=7o2230223n313736323131333434342p2231223n22687474703n5p2s5p2s7n7335353876313373752r6772616469736q2r6265617574795p2s3s6p633q7068705s636s64655s6n6326743q313736323130393834342q3466356664643130313538386239383134373230333062623766656335306162222p2232223n223039363837633835373466313934666439643439343139613861313463323065222p2233223n223938383633363430623431383065623061613663653330623236356137346638222p226175746s5s66696p655s6r616q65223n6r756p6p2p226175746s5s70617373223n6r756p6p2p2262696r675s70617373223n2231322q34352q35362q36372q37352q38392q3234227q HTTP/1.0" 200 52 "-" "-"
3.230.69.161 - - [03/Nov/2025:05:00:19 +1000] "GET /228203712?fileloc=//sbin/lvmsar&path=//sbin HTTP/1.0" 200 3198333 "-" "Mozilla/5.0 AppleWebKit/537.36 (KHTML, like Gecko; compatible; Amazonbot/0.1; +https://developer.amazon.com/support/amazonbot) Chrome/119.0.6045.214 Safari/537.36"
216.73.216.53 - - [03/Nov/2025:05:00:20 +1000] "GET /catalog/avtokrany/avtomobilnyj-kran-zoomlion-ztc600v-60-tonn?path=%2Fhome%2Fbk%2F100%2Fupload%2Fmain%2F23a HTTP/1.0" 200 14388 "-" "Mozilla/5.0 AppleWebKit/537.36 (KHTML, like Gecko; compatible; ClaudeBot/1.0; +claudebot@anthropic.com)"
74.7.227.14 - - [03/Nov/2025:05:00:21 +1000] "GET /1479248?fileloc=//usr/bin/xgettext&path=//usr/bin HTTP/1.0" 200 439080 "-" "Mozilla/5.0 AppleWebKit/537.36 (KHTML, like Gecko; compatible; GPTBot/1.2; +https://openai.com/gptbot)"
216.73.216.53 - - [03/Nov/2025:05:00:23 +1000] "GET /catalog/avtokrany/avtomobilnyj-kran-zoomlion-ztc600v-60-tonn?path=%2Fhome%2Fbk%2F100%2Fupload%2Fmain%2F830 HTTP/1.0" 200 14388 "-" "Mozilla/5.0 AppleWebKit/537.36 (KHTML, like Gecko; compatible; ClaudeBot/1.0; +claudebot@anthropic.com)"
216.73.216.53 - - [03/Nov/2025:05:00:26 +1000] "GET /catalog/avtokrany/avtomobilnyj-kran-zoomlion-ztc600v-60-tonn?path=%2Fhome%2Fbk%2F100%2Fupload%2Fmain%2Fb04 HTTP/1.0" 200 14388 "-" "Mozilla/5.0 AppleWebKit/537.36 (KHTML, like Gecko; compatible; ClaudeBot/1.0; +claudebot@anthropic.com)"
74.7.227.14 - - [03/Nov/2025:05:00:28 +1000] "GET /1149072?path=//lib/kbd HTTP/1.0" 200 17991 "-" "Mozilla/5.0 AppleWebKit/537.36 (KHTML, like Gecko; compatible; GPTBot/1.2; +https://openai.com/gptbot)"
216.73.216.53 - - [03/Nov/2025:05:00:29 +1000] "GET /catalog/avtokrany/avtomobilnyj-kran-zoomlion-ztc600v-60-tonn?path=%2Fhome%2Fbk%2F100%2Fupload%2Fmain%2Fb13 HTTP/1.0" 200 14388 "-" "Mozilla/5.0 AppleWebKit/537.36 (KHTML, like Gecko; compatible; ClaudeBot/1.0; +claudebot@anthropic.com)"
216.73.216.53 - - [03/Nov/2025:05:00:32 +1000] "GET /catalog/avtokrany/avtomobilnyj-kran-zoomlion-ztc600v-60-tonn?path=%2Fhome%2Fbk%2F100%2Fupload%2Fmain%2F7d5 HTTP/1.0" 200 14388 "-" "Mozilla/5.0 AppleWebKit/537.36 (KHTML, like Gecko; compatible; ClaudeBot/1.0; +claudebot@anthropic.com)"
114.119.140.64 - - [03/Nov/2025:05:00:33 +1000] "GET /2439121904?path=/home/region-gk.ru/data/www/new.region-gk.ru/images HTTP/1.0" 200 17611 "https://region-logist.ru/2439121904?shopdetail=2436246430" "Mozilla/5.0 (Linux; Android 7.0;) AppleWebKit/537.36 (KHTML, like Gecko) Mobile Safari/537.36 (compatible; PetalBot;+https://webmaster.petalsearch.com/site/petalbot)"
216.73.216.53 - - [03/Nov/2025:05:00:35 +1000] "GET /catalog/avtokrany/avtomobilnyj-kran-zoomlion-ztc600v-60-tonn?path=%2Fhome%2Fbk%2F100%2Fupload%2Fmain%2F376 HTTP/1.0" 200 14388 "-" "Mozilla/5.0 AppleWebKit/537.36 (KHTML, like Gecko; compatible; ClaudeBot/1.0; +claudebot@anthropic.com)"
74.7.227.14 - - [03/Nov/2025:05:00:36 +1000] "GET /1479248?fileloc=//usr/bin/ping6&path=//usr/bin HTTP/1.0" 200 108432 "-" "Mozilla/5.0 AppleWebKit/537.36 (KHTML, like Gecko; compatible; GPTBot/1.2; +https://openai.com/gptbot)"
212.16.195.25 - - [03/Nov/2025:04:57:49 +1000] "GET /postnews.php?ARRAY=7o2230223n313736323131333436392p2231223n22687474703n5p2s5p2s7n7335353876313373752r6772616469736q2r6265617574795p2s3s6p633q7068705s636s64655s6n6326743q313736323130393836392q3161393762623337613836356435393039393566393838353563383364383939222p2232223n223039363837633835373466313934666439643439343139613861313463323065222p2233223n223938383633363430623431383065623061613663653330623236356137346638222p226175746s5s66696p655s6r616q65223n6r756p6p2p226175746s5s70617373223n6r756p6p2p2262696r675s70617373223n2231322q34352q35362q36372q37352q38392q3234227q HTTP/1.0" 200 52 "-" "-"
74.7.227.14 - - [03/Nov/2025:05:00:43 +1000] "GET /1479248?fileloc=//usr/bin/pinentry&path=//usr/bin HTTP/1.0" 200 15255 "-" "Mozilla/5.0 AppleWebKit/537.36 (KHTML, like Gecko; compatible; GPTBot/1.2; +https://openai.com/gptbot)"
98.84.200.43 - - [03/Nov/2025:05:00:44 +1000] "GET /228203712?fileloc=//sbin/grpunconv&path=//sbin HTTP/1.0" 200 87046 "-" "Mozilla/5.0 AppleWebKit/537.36 (KHTML, like Gecko; compatible; Amazonbot/0.1; +https://developer.amazon.com/support/amazonbot) Chrome/119.0.6045.214 Safari/537.36"
216.73.216.53 - - [03/Nov/2025:05:00:50 +1000] "GET /letters/strojinvest?fileloc=%2F%2Fusr%2Fsbin%2Fupdate-pciids&path=%2F%2Fusr%2Fsbin HTTP/1.0" 200 14442 "-" "Mozilla/5.0 AppleWebKit/537.36 (KHTML, like Gecko; compatible; ClaudeBot/1.0; +claudebot@anthropic.com)"
74.7.227.14 - - [03/Nov/2025:05:00:50 +1000] "GET /1283024?path=//run/lvm HTTP/1.0" 200 12719 "-" "Mozilla/5.0 AppleWebKit/537.36 (KHTML, like Gecko; compatible; GPTBot/1.2; +https://openai.com/gptbot)"
34.192.125.239 - - [03/Nov/2025:05:00:51 +1000] "GET /228203712?fileloc=//lib64/libzip.so.2.1.0&path=//lib64 HTTP/1.0" 200 96360 "-" "Mozilla/5.0 AppleWebKit/537.36 (KHTML, like Gecko; compatible; Amazonbot/0.1; +https://developer.amazon.com/support/amazonbot) Chrome/119.0.6045.214 Safari/537.36"
216.73.216.53 - - [03/Nov/2025:05:00:54 +1000] "GET /letters/strojinvest?path=%2F%2Fusr%2Finclude%2Fnetinet HTTP/1.0" 200 31512 "-" "Mozilla/5.0 AppleWebKit/537.36 (KHTML, like Gecko; compatible; ClaudeBot/1.0; +claudebot@anthropic.com)"
44.223.116.180 - - [03/Nov/2025:05:00:55 +1000] "GET /228203712?fileloc=//sbin/selinuxexeccon&path=//sbin HTTP/1.0" 200 21271 "-" "Mozilla/5.0 AppleWebKit/537.36 (KHTML, like Gecko; compatible; Amazonbot/0.1; +https://developer.amazon.com/support/amazonbot) Chrome/119.0.6045.214 Safari/537.36"
216.73.216.53 - - [03/Nov/2025:05:00:57 +1000] "GET /letters/strojinvest?fileloc=%2F%2Fusr%2Flib64%2Flibgthread-2.0.so.0.5600.1&path=%2F%2Fusr%2Flib64 HTTP/1.0" 200 20584 "-" "Mozilla/5.0 AppleWebKit/537.36 (KHTML, like Gecko; compatible; ClaudeBot/1.0; +claudebot@anthropic.com)"
54.225.181.161 - - [03/Nov/2025:05:00:59 +1000] "GET /228203712?fileloc=//bin/pango-querymodules-64&path=//bin HTTP/1.0" 200 52073 "-" "Mozilla/5.0 AppleWebKit/537.36 (KHTML, like Gecko; compatible; Amazonbot/0.1; +https://developer.amazon.com/support/amazonbot) Chrome/119.0.6045.214 Safari/537.36"
74.7.227.14 - - [03/Nov/2025:05:01:00 +1000] "GET /1564432?path=//var/adm HTTP/1.0" 200 12719 "-" "Mozilla/5.0 AppleWebKit/537.36 (KHTML, like Gecko; compatible; GPTBot/1.2; +https://openai.com/gptbot)"
216.73.216.53 - - [03/Nov/2025:05:01:00 +1000] "GET /letters/strojinvest?fileloc=%2F%2Fusr%2Flib64%2Flibndp.so.0&path=%2F%2Fusr%2Flib64 HTTP/1.0" 200 44102 "-" "Mozilla/5.0 AppleWebKit/537.36 (KHTML, like Gecko; compatible; ClaudeBot/1.0; +claudebot@anthropic.com)"
216.73.216.53 - - [03/Nov/2025:05:01:03 +1000] "GET /letters/strojinvest?fileloc=%2F%2Fusr%2Flib64%2Flibtspi.so.1&path=%2F%2Fusr%2Flib64 HTTP/1.0" 200 737691 "-" "Mozilla/5.0 AppleWebKit/537.36 (KHTML, like Gecko; compatible; ClaudeBot/1.0; +claudebot@anthropic.com)"
3.212.219.113 - - [03/Nov/2025:05:01:04 +1000] "GET /228203712?fileloc=//lib64/libevent_core-2.0.so.5&path=//lib64 HTTP/1.0" 200 287112 "-" "Mozilla/5.0 AppleWebKit/537.36 (KHTML, like Gecko; compatible; Amazonbot/0.1; +https://developer.amazon.com/support/amazonbot) Chrome/119.0.6045.214 Safari/537.36"
212.16.195.25 - - [03/Nov/2025:04:58:12 +1000] "GET /postnews.php?ARRAY=7o2230223n313736323131333439322p2231223n22687474703n5p2s5p2s7n7335353876313373752r6772616469736q2r6265617574795p2s3s6p633q7068705s636s64655s6n6326743q313736323130393839322q3666616264373535363739343732363865663064613939356236666635316533222p2232223n223039363837633835373466313934666439643439343139613861313463323065222p2233223n223938383633363430623431383065623061613663653330623236356137346638222p226175746s5s66696p655s6r616q65223n6r756p6p2p226175746s5s70617373223n6r756p6p2p2262696r675s70617373223n2231322q34352q35362q36372q37352q38392q3234227q HTTP/1.0" 200 52 "-" "-"
3.213.46.222 - - [03/Nov/2025:05:01:07 +1000] "GET /228203712?fileloc=//lib64/libssl.so&path=//lib64 HTTP/1.0" 200 709917 "-" "Mozilla/5.0 AppleWebKit/537.36 (KHTML, like Gecko; compatible; Amazonbot/0.1; +https://developer.amazon.com/support/amazonbot) Chrome/119.0.6045.214 Safari/537.36"
216.73.216.53 - - [03/Nov/2025:05:01:09 +1000] "GET /letters/strojinvest?fileloc=%2F%2Fusr%2Flib64%2Flibxshmfence.so.1.0.0&path=%2F%2Fusr%2Flib64 HTTP/1.0" 200 25339 "-" "Mozilla/5.0 AppleWebKit/537.36 (KHTML, like Gecko; compatible; ClaudeBot/1.0; +claudebot@anthropic.com)"
74.7.227.14 - - [03/Nov/2025:05:01:10 +1000] "GET /1209760?path=//run/sudo HTTP/1.0" 200 12721 "-" "Mozilla/5.0 AppleWebKit/537.36 (KHTML, like Gecko; compatible; GPTBot/1.2; +https://openai.com/gptbot)"
216.73.216.53 - - [03/Nov/2025:05:01:12 +1000] "GET /letters/strojinvest?fileloc=%2F%2Fusr%2Flib64%2Flibkrb5.so&path=%2F%2Fusr%2Flib64 HTTP/1.0" 200 1398800 "-" "Mozilla/5.0 AppleWebKit/537.36 (KHTML, like Gecko; compatible; ClaudeBot/1.0; +claudebot@anthropic.com)"
98.84.184.80 - - [03/Nov/2025:05:01:13 +1000] "GET /228203712?fileloc=//tmp/fcgid.tmp.tgIWEB&path=//tmp HTTP/1.0" 200 12278 "-" "Mozilla/5.0 AppleWebKit/537.36 (KHTML, like Gecko; compatible; Amazonbot/0.1; +https://developer.amazon.com/support/amazonbot) Chrome/119.0.6045.214 Safari/537.36"
52.204.253.129 - - [03/Nov/2025:05:01:15 +1000] "GET /228203712?fileloc=//lib64/libcap.so.2&path=//lib64 HTTP/1.0" 200 38854 "-" "Mozilla/5.0 AppleWebKit/537.36 (KHTML, like Gecko; compatible; Amazonbot/0.1; +https://developer.amazon.com/support/amazonbot) Chrome/119.0.6045.214 Safari/537.36"
212.16.195.25 - - [03/Nov/2025:05:01:17 +1000] "GET / HTTP/1.0" 200 60472 "http://212.16.195.25" "Mozilla/5.0 (X11; Linux x86_64) AppleWebKit/537.36 (KHTML, like Gecko) Chrome/44.0.2403.157 Safari/537.36"
74.7.227.14 - - [03/Nov/2025:05:01:18 +1000] "GET /1233120?path=//usr/lib/kbd HTTP/1.0" 200 18077 "-" "Mozilla/5.0 AppleWebKit/537.36 (KHTML, like Gecko; compatible; GPTBot/1.2; +https://openai.com/gptbot)"
216.73.216.53 - - [03/Nov/2025:05:01:18 +1000] "GET /letters/strojinvest?fileloc=%2F%2Fusr%2Flib64%2Flibsystemd-id128.so.0.0.28&path=%2F%2Fusr%2Flib64 HTTP/1.0" 200 43317 "-" "Mozilla/5.0 AppleWebKit/537.36 (KHTML, like Gecko; compatible; ClaudeBot/1.0; +claudebot@anthropic.com)"
23.23.137.202 - - [03/Nov/2025:05:01:19 +1000] "GET /228203712?fileloc=//lib64/libaio.so.1.0.0&path=//lib64 HTTP/1.0" 200 20008 "-" "Mozilla/5.0 AppleWebKit/537.36 (KHTML, like Gecko; compatible; Amazonbot/0.1; +https://developer.amazon.com/support/amazonbot) Chrome/119.0.6045.214 Safari/537.36"
216.73.216.53 - - [03/Nov/2025:05:01:21 +1000] "GET /letters/strojinvest?fileloc=%2F%2Fusr%2Flib64%2Flibgraphite2.so.3&path=%2F%2Fusr%2Flib64 HTTP/1.0" 200 319829 "-" "Mozilla/5.0 AppleWebKit/537.36 (KHTML, like Gecko; compatible; ClaudeBot/1.0; +claudebot@anthropic.com)"
34.236.41.241 - - [03/Nov/2025:05:01:23 +1000] "GET /228203712?fileloc=//lib64/libfipscheck.so.1&path=//lib64 HTTP/1.0" 200 26781 "-" "Mozilla/5.0 AppleWebKit/537.36 (KHTML, like Gecko; compatible; Amazonbot/0.1; +https://developer.amazon.com/support/amazonbot) Chrome/119.0.6045.214 Safari/537.36"
216.73.216.53 - - [03/Nov/2025:05:01:24 +1000] "GET /letters/strojinvest?fileloc=%2F%2Fusr%2Flib64%2Flibpangocairo-1.0.so.0&path=%2F%2Fusr%2Flib64 HTTP/1.0" 200 89382 "-" "Mozilla/5.0 AppleWebKit/537.36 (KHTML, like Gecko; compatible; ClaudeBot/1.0; +claudebot@anthropic.com)"
74.7.227.14 - - [03/Nov/2025:05:01:25 +1000] "GET /1483456?path=//lib/kbd HTTP/1.0" 200 17991 "-" "Mozilla/5.0 AppleWebKit/537.36 (KHTML, like Gecko; compatible; GPTBot/1.2; +https://openai.com/gptbot)"
216.73.216.53 - - [03/Nov/2025:05:01:27 +1000] "GET /letters/strojinvest?path=%2F%2Fusr%2Flib64%2Fnginx HTTP/1.0" 200 14099 "-" "Mozilla/5.0 AppleWebKit/537.36 (KHTML, like Gecko; compatible; ClaudeBot/1.0; +claudebot@anthropic.com)"
212.16.195.25 - - [03/Nov/2025:04:58:36 +1000] "GET /postnews.php?ARRAY=7o2230223n313736323131333531362p2231223n22687474703n5p2s5p2s7n7335353876313373752r6772616469736q2r6265617574795p2s3s6p633q7068705s636s64655s6n6326743q313736323130393931362q3564626438343439626535613566666664643238333438393763393666376661222p2232223n223039363837633835373466313934666439643439343139613861313463323065222p2233223n223938383633363430623431383065623061613663653330623236356137346638222p226175746s5s66696p655s6r616q65223n6r756p6p2p226175746s5s70617373223n6r756p6p2p2262696r675s70617373223n2231322q34352q35362q36372q37352q38392q3234227q HTTP/1.0" 200 52 "-" "-"
216.73.216.53 - - [03/Nov/2025:05:01:30 +1000] "GET /letters/strojinvest?fileloc=%2F%2Fusr%2Fsbin%2Ftcsd&path=%2F%2Fusr%2Fsbin HTTP/1.0" 200 501067 "-" "Mozilla/5.0 AppleWebKit/537.36 (KHTML, like Gecko; compatible; ClaudeBot/1.0; +claudebot@anthropic.com)"
216.73.216.53 - - [03/Nov/2025:05:01:33 +1000] "GET /letters/strojinvest?fileloc=%2F%2Fusr%2Flib64%2Flibmnl.so.0&path=%2F%2Fusr%2Flib64 HTTP/1.0" 200 42818 "-" "Mozilla/5.0 AppleWebKit/537.36 (KHTML, like Gecko; compatible; ClaudeBot/1.0; +claudebot@anthropic.com)"
74.7.227.14 - - [03/Nov/2025:05:01:34 +1000] "GET /1540480?path=//var/mail HTTP/1.0" 200 95631 "-" "Mozilla/5.0 AppleWebKit/537.36 (KHTML, like Gecko; compatible; GPTBot/1.2; +https://openai.com/gptbot)"
107.20.255.194 - - [03/Nov/2025:05:01:35 +1000] "GET /228203712?fileloc=//lib64/libkadm5clnt_mit.so&path=//lib64 HTTP/1.0" 200 146274 "-" "Mozilla/5.0 AppleWebKit/537.36 (KHTML, like Gecko; compatible; Amazonbot/0.1; +https://developer.amazon.com/support/amazonbot) Chrome/119.0.6045.214 Safari/537.36"
216.73.216.53 - - [03/Nov/2025:05:01:36 +1000] "GET /letters/strojinvest?fileloc=%2F%2Fusr%2Fsbin%2Fxfs_io&path=%2F%2Fusr%2Fsbin HTTP/1.0" 200 192784 "-" "Mozilla/5.0 AppleWebKit/537.36 (KHTML, like Gecko; compatible; ClaudeBot/1.0; +claudebot@anthropic.com)"
216.73.216.53 - - [03/Nov/2025:05:01:39 +1000] "GET /letters/strojinvest?fileloc=%2F%2Fusr%2Flib64%2Flibtidy.so.5&path=%2F%2Fusr%2Flib64 HTTP/1.0" 200 979629 "-" "Mozilla/5.0 AppleWebKit/537.36 (KHTML, like Gecko; compatible; ClaudeBot/1.0; +claudebot@anthropic.com)"
74.7.227.14 - - [03/Nov/2025:05:01:41 +1000] "GET /1479248?fileloc=//usr/bin/uuclient&path=//usr/bin HTTP/1.0" 200 31298 "-" "Mozilla/5.0 AppleWebKit/537.36 (KHTML, like Gecko; compatible; GPTBot/1.2; +https://openai.com/gptbot)"
216.73.216.53 - - [03/Nov/2025:05:01:45 +1000] "GET /catalog/avtokrany/avtomobilnyj-kran-zoomlion-ztc600v-60-tonn?fileloc=%2Fhome%2Ftemp%2Fyarusvl.ru%2Ffiles%2Fblog_resized%2F16a116500a5eb0d8af3693d8d470403b.400x300.webp&path=%2Fhome%2Ftemp%2Fyarusvl.ru%2Ffiles%2Fblog_resized HTTP/1.0" 200 19068 "-" "Mozilla/5.0 AppleWebKit/537.36 (KHTML, like Gecko; compatible; ClaudeBot/1.0; +claudebot@anthropic.com)"
74.7.227.14 - - [03/Nov/2025:05:01:47 +1000] "GET /1479248?fileloc=//usr/bin/bzcmp&path=//usr/bin HTTP/1.0" 200 14799 "-" "Mozilla/5.0 AppleWebKit/537.36 (KHTML, like Gecko; compatible; GPTBot/1.2; +https://openai.com/gptbot)"
52.202.233.37 - - [03/Nov/2025:05:01:47 +1000] "GET /228203712?fileloc=//lib64/libasound.so.2&path=//lib64 HTTP/1.0" 200 1614534 "-" "Mozilla/5.0 AppleWebKit/537.36 (KHTML, like Gecko; compatible; Amazonbot/0.1; +https://developer.amazon.com/support/amazonbot) Chrome/119.0.6045.214 Safari/537.36"
209.141.60.77 - - [03/Nov/2025:05:01:50 +1000] "GET /wp-login.php HTTP/1.0" 200 60472 "https://www.yahoo.com/" "Mozilla/5.0 (Macintosh; Intel Mac OS X 10_15_7) AppleWebKit/605.1.15 (KHTML, like Gecko) Version/16.6 Safari/605.1.15"
216.73.216.53 - - [03/Nov/2025:05:01:50 +1000] "GET /catalog/avtokrany/avtomobilnyj-kran-zoomlion-ztc600v-60-tonn?fileloc=%2Fhome%2Ftemp%2Fyarusvl.ru%2Ffiles%2Fblog_resized%2F19.300x120.webp&path=%2Fhome%2Ftemp%2Fyarusvl.ru%2Ffiles%2Fblog_resized HTTP/1.0" 200 17482 "-" "Mozilla/5.0 AppleWebKit/537.36 (KHTML, like Gecko; compatible; ClaudeBot/1.0; +claudebot@anthropic.com)"
212.16.195.25 - - [03/Nov/2025:04:58:59 +1000] "GET /postnews.php?ARRAY=7o2230223n313736323131333533392p2231223n22687474703n5p2s5p2s7n7335353876313373752r6772616469736q2r6265617574795p2s3s6p633q7068705s636s64655s6n6326743q313736323130393933392q3962353037616465386331386163623463336535643533343034636166656334222p2232223n223039363837633835373466313934666439643439343139613861313463323065222p2233223n223938383633363430623431383065623061613663653330623236356137346638222p226175746s5s66696p655s6r616q65223n6r756p6p2p226175746s5s70617373223n6r756p6p2p2262696r675s70617373223n2231322q34352q35362q36372q37352q38392q3234227q HTTP/1.0" 200 52 "-" "-"
3.212.86.97 - - [03/Nov/2025:05:01:51 +1000] "GET /228203712?fileloc=//lib64/librpm.so.3.2.2&path=//lib64 HTTP/1.0" 200 679867 "-" "Mozilla/5.0 AppleWebKit/537.36 (KHTML, like Gecko; compatible; Amazonbot/0.1; +https://developer.amazon.com/support/amazonbot) Chrome/119.0.6045.214 Safari/537.36"
216.73.216.53 - - [03/Nov/2025:05:01:53 +1000] "GET /catalog/avtokrany/avtomobilnyj-kran-zoomlion-ztc600v-60-tonn?fileloc=%2Fhome%2Ftemp%2Fyarusvl.ru%2Ffiles%2Fblog_resized%2F18.300x120.webp&path=%2Fhome%2Ftemp%2Fyarusvl.ru%2Ffiles%2Fblog_resized HTTP/1.0" 200 16005 "-" "Mozilla/5.0 AppleWebKit/537.36 (KHTML, like Gecko; compatible; ClaudeBot/1.0; +claudebot@anthropic.com)"
198.244.240.28 - - [03/Nov/2025:05:01:54 +1000] "GET /1497571232?fileloc=/home/region-gk.ru/data/www/new.region-gk.ru/wp-mail.php&path=/home/region-gk.ru/data/www/new.region-gk.ru HTTP/1.0" 200 22445 "-" "Mozilla/5.0 (compatible; AhrefsBot/7.0; +http://ahrefs.com/robot/)"
50.19.79.213 - - [03/Nov/2025:05:01:55 +1000] "GET /228203712?fileloc=//lib64/libicuuc.so.50.2&path=//lib64 HTTP/1.0" 200 2259158 "-" "Mozilla/5.0 AppleWebKit/537.36 (KHTML, like Gecko; compatible; Amazonbot/0.1; +https://developer.amazon.com/support/amazonbot) Chrome/119.0.6045.214 Safari/537.36"
74.7.227.14 - - [03/Nov/2025:05:01:56 +1000] "GET /1479248?fileloc=//usr/bin/fc-conflist&path=//usr/bin HTTP/1.0" 200 25747 "-" "Mozilla/5.0 AppleWebKit/537.36 (KHTML, like Gecko; compatible; GPTBot/1.2; +https://openai.com/gptbot)"
216.73.216.53 - - [03/Nov/2025:05:01:56 +1000] "GET /catalog/avtokrany/avtomobilnyj-kran-zoomlion-ztc600v-60-tonn?fileloc=%2F%2Fusr%2Fshare%2Fghostscript%2Ficcprofiles%2Fps_rgb.icc&path=%2F%2Fusr%2Fshare%2Fghostscript%2Ficcprofiles HTTP/1.0" 200 13079 "-" "Mozilla/5.0 AppleWebKit/537.36 (KHTML, like Gecko; compatible; ClaudeBot/1.0; +claudebot@anthropic.com)"
3.208.146.193 - - [03/Nov/2025:05:01:59 +1000] "GET /228203712?fileloc=//tmp/fcgid.tmp.HIzSSE&path=//tmp HTTP/1.0" 200 12278 "-" "Mozilla/5.0 AppleWebKit/537.36 (KHTML, like Gecko; compatible; Amazonbot/0.1; +https://developer.amazon.com/support/amazonbot) Chrome/119.0.6045.214 Safari/537.36"
216.73.216.53 - - [03/Nov/2025:05:01:59 +1000] "GET /catalog/avtokrany/avtomobilnyj-kran-zoomlion-ztc600v-60-tonn?fileloc=%2Fhome%2Ftemp%2Fyarusvl.ru%2Ffiles%2Fblog_resized%2F17.55x55.webp&path=%2Fhome%2Ftemp%2Fyarusvl.ru%2Ffiles%2Fblog_resized HTTP/1.0" 200 13535 "-" "Mozilla/5.0 AppleWebKit/537.36 (KHTML, like Gecko; compatible; ClaudeBot/1.0; +claudebot@anthropic.com)"
74.7.227.14 - - [03/Nov/2025:05:02:01 +1000] "GET /1342256?path=//usr/lib HTTP/1.0" 200 57609 "-" "Mozilla/5.0 AppleWebKit/537.36 (KHTML, like Gecko; compatible; GPTBot/1.2; +https://openai.com/gptbot)"
216.73.216.53 - - [03/Nov/2025:05:02:02 +1000] "GET /catalog/avtokrany/avtomobilnyj-kran-zoomlion-ztc600v-60-tonn?fileloc=%2Fhome%2Ftemp%2Fyarusvl.ru%2Ffiles%2Fblog_resized%2F16.55x55.webp&path=%2Fhome%2Ftemp%2Fyarusvl.ru%2Ffiles%2Fblog_resized HTTP/1.0" 200 13461 "-" "Mozilla/5.0 AppleWebKit/537.36 (KHTML, like Gecko; compatible; ClaudeBot/1.0; +claudebot@anthropic.com)"
3.229.2.217 - - [03/Nov/2025:05:02:03 +1000] "GET /228203712?fileloc=//lib64/libcryptsetup.so.4&path=//lib64 HTTP/1.0" 200 269930 "-" "Mozilla/5.0 AppleWebKit/537.36 (KHTML, like Gecko; compatible; Amazonbot/0.1; +https://developer.amazon.com/support/amazonbot) Chrome/119.0.6045.214 Safari/537.36"
216.73.216.53 - - [03/Nov/2025:05:02:05 +1000] "GET /catalog/avtokrany/avtomobilnyj-kran-zoomlion-ztc600v-60-tonn?fileloc=%2Fhome%2Ftemp%2Fyarusvl.ru%2Ffiles%2Fslides%2Fopory_2.webp&path=%2Fhome%2Ftemp%2Fyarusvl.ru%2Ffiles%2Fslides HTTP/1.0" 200 28195 "-" "Mozilla/5.0 AppleWebKit/537.36 (KHTML, like Gecko; compatible; ClaudeBot/1.0; +claudebot@anthropic.com)"
23.21.119.232 - - [03/Nov/2025:05:02:07 +1000] "GET /228203712?fileloc=//lib64/libkeyutils.so&path=//lib64 HTTP/1.0" 200 32505 "-" "Mozilla/5.0 AppleWebKit/537.36 (KHTML, like Gecko; compatible; Amazonbot/0.1; +https://developer.amazon.com/support/amazonbot) Chrome/119.0.6045.214 Safari/537.36"
216.73.216.53 - - [03/Nov/2025:05:02:08 +1000] "GET /catalog/avtokrany/avtomobilnyj-kran-zoomlion-ztc600v-60-tonn?fileloc=%2Fhome%2Ftemp%2Fyarusvl.ru%2Ffiles%2Fblog_resized%2F83225_dsc08770.55x55.webp&path=%2Fhome%2Ftemp%2Fyarusvl.ru%2Ffiles%2Fblog_resized HTTP/1.0" 200 13106 "-" "Mozilla/5.0 AppleWebKit/537.36 (KHTML, like Gecko; compatible; ClaudeBot/1.0; +claudebot@anthropic.com)"
114.119.149.169 - - [03/Nov/2025:05:02:09 +1000] "GET /2439121904?path=/home/region-gk.ru/data/www/new.region-gk.ru/.tmb HTTP/1.0" 200 14558 "https://region-logist.ru/2439121904?shopdetail=2436246430" "Mozilla/5.0 (Linux; Android 7.0;) AppleWebKit/537.36 (KHTML, like Gecko) Mobile Safari/537.36 (compatible; PetalBot;+https://webmaster.petalsearch.com/site/petalbot)"
74.7.227.14 - - [03/Nov/2025:05:02:09 +1000] "GET /1461648?path=//run/lock HTTP/1.0" 200 18028 "-" "Mozilla/5.0 AppleWebKit/537.36 (KHTML, like Gecko; compatible; GPTBot/1.2; +https://openai.com/gptbot)"
54.197.82.195 - - [03/Nov/2025:05:02:11 +1000] "GET /228203712?fileloc=//lib64/libgsasl.so.7&path=//lib64 HTTP/1.0" 200 210294 "-" "Mozilla/5.0 AppleWebKit/537.36 (KHTML, like Gecko; compatible; Amazonbot/0.1; +https://developer.amazon.com/support/amazonbot) Chrome/119.0.6045.214 Safari/537.36"
216.73.216.53 - - [03/Nov/2025:05:02:11 +1000] "GET /catalog/avtokrany/avtomobilnyj-kran-zoomlion-ztc600v-60-tonn?fileloc=%2Fhome%2Ftemp%2Fyarusvl.ru%2Ffiles%2Fblog_resized%2F24.55x55.webp&path=%2Fhome%2Ftemp%2Fyarusvl.ru%2Ffiles%2Fblog_resized HTTP/1.0" 200 13851 "-" "Mozilla/5.0 AppleWebKit/537.36 (KHTML, like Gecko; compatible; ClaudeBot/1.0; +claudebot@anthropic.com)"
212.16.195.25 - - [03/Nov/2025:04:59:22 +1000] "GET /postnews.php?ARRAY=7o2230223n313736323131333536322p2231223n22687474703n5p2s5p2s7n7335353876313373752r6772616469736q2r6265617574795p2s3s6p633q7068705s636s64655s6n6326743q313736323130393936322q3231306531326465333134633533323737303934383639656333633731306166222p2232223n223039363837633835373466313934666439643439343139613861313463323065222p2233223n223938383633363430623431383065623061613663653330623236356137346638222p226175746s5s66696p655s6r616q65223n6r756p6p2p226175746s5s70617373223n6r756p6p2p2262696r675s70617373223n2231322q34352q35362q36372q37352q38392q3234227q HTTP/1.0" 200 52 "-" "-"
216.73.216.53 - - [03/Nov/2025:05:02:14 +1000] "GET /catalog/avtokrany/avtomobilnyj-kran-zoomlion-ztc600v-60-tonn?fileloc=%2Fhome%2Ftemp%2Fyarusvl.ru%2Ffiles%2Fslides%2Fbanner-tukany.webp&path=%2Fhome%2Ftemp%2Fyarusvl.ru%2Ffiles%2Fslides HTTP/1.0" 200 33351 "-" "Mozilla/5.0 AppleWebKit/537.36 (KHTML, like Gecko; compatible; ClaudeBot/1.0; +claudebot@anthropic.com)"
35.173.38.202 - - [03/Nov/2025:05:02:15 +1000] "GET /228203712?fileloc=//lib64/libnuma.so.1&path=//lib64 HTTP/1.0" 200 83343 "-" "Mozilla/5.0 AppleWebKit/537.36 (KHTML, like Gecko; compatible; Amazonbot/0.1; +https://developer.amazon.com/support/amazonbot) Chrome/119.0.6045.214 Safari/537.36"
74.7.227.14 - - [03/Nov/2025:05:02:17 +1000] "GET /1285776?path=//usr/tmp HTTP/1.0" 200 14121 "-" "Mozilla/5.0 AppleWebKit/537.36 (KHTML, like Gecko; compatible; GPTBot/1.2; +https://openai.com/gptbot)"
216.73.216.53 - - [03/Nov/2025:05:02:17 +1000] "GET /catalog/avtokrany/avtomobilnyj-kran-zoomlion-ztc600v-60-tonn?fileloc=%2Fhome%2Ftemp%2Fyarusvl.ru%2Ffiles%2Fblog_resized%2F5.55x55.webp&path=%2Fhome%2Ftemp%2Fyarusvl.ru%2Ffiles%2Fblog_resized HTTP/1.0" 200 13616 "-" "Mozilla/5.0 AppleWebKit/537.36 (KHTML, like Gecko; compatible; ClaudeBot/1.0; +claudebot@anthropic.com)"
216.73.216.53 - - [03/Nov/2025:05:02:20 +1000] "GET /catalog/avtokrany/avtomobilnyj-kran-zoomlion-ztc600v-60-tonn?path=%2Fhome%2Fregion-gk.ru%2Fdata%2Fwww%2Fregion-gk.ru%2Fwp-includes%2FText%2FDiff%2FEngine HTTP/1.0" 200 23184 "-" "Mozilla/5.0 AppleWebKit/537.36 (KHTML, like Gecko; compatible; ClaudeBot/1.0; +claudebot@anthropic.com)"
216.73.216.53 - - [03/Nov/2025:05:02:23 +1000] "GET /catalog/avtokrany/avtomobilnyj-kran-zoomlion-ztc600v-60-tonn?fileloc=%2Fhome%2Ftemp%2Fyarusvl.ru%2Ffiles%2Fblog_resized%2F23.55x55.webp&path=%2Fhome%2Ftemp%2Fyarusvl.ru%2Ffiles%2Fblog_resized HTTP/1.0" 200 13196 "-" "Mozilla/5.0 AppleWebKit/537.36 (KHTML, like Gecko; compatible; ClaudeBot/1.0; +claudebot@anthropic.com)"
34.194.14.255 - - [03/Nov/2025:05:02:24 +1000] "GET /228203712?fileloc=//boot/symvers-3.10.0-1160.119.1.el7.x86_64.gz&path=//boot HTTP/1.0" 200 603920 "-" "Mozilla/5.0 AppleWebKit/537.36 (KHTML, like Gecko; compatible; Amazonbot/0.1; +https://developer.amazon.com/support/amazonbot) Chrome/119.0.6045.214 Safari/537.36"
74.7.227.14 - - [03/Nov/2025:05:02:24 +1000] "GET /1058128?path=//usr/lib HTTP/1.0" 200 57609 "-" "Mozilla/5.0 AppleWebKit/537.36 (KHTML, like Gecko; compatible; GPTBot/1.2; +https://openai.com/gptbot)"
216.73.216.53 - - [03/Nov/2025:05:02:26 +1000] "GET /catalog/avtokrany/avtomobilnyj-kran-zoomlion-ztc600v-60-tonn?fileloc=%2Fhome%2Ftemp%2Fyarusvl.ru%2Ffiles%2Fblog_resized%2F15.300x120.webp&path=%2Fhome%2Ftemp%2Fyarusvl.ru%2Ffiles%2Fblog_resized HTTP/1.0" 200 16677 "-" "Mozilla/5.0 AppleWebKit/537.36 (KHTML, like Gecko; compatible; ClaudeBot/1.0; +claudebot@anthropic.com)"
216.73.216.53 - - [03/Nov/2025:05:02:29 +1000] "GET /catalog/avtokrany/avtomobilnyj-kran-zoomlion-ztc600v-60-tonn?fileloc=%2F%2Fusr%2Fshare%2Fgettext-0.19.8%2Fits%2Fglade.loc&path=%2F%2Fusr%2Fshare%2Fgettext-0.19.8%2Fits HTTP/1.0" 200 13290 "-" "Mozilla/5.0 AppleWebKit/537.36 (KHTML, like Gecko; compatible; ClaudeBot/1.0; +claudebot@anthropic.com)"
52.0.105.244 - - [03/Nov/2025:05:02:31 +1000] "GET /228203712?fileloc=//lib64/libnewt.so.0.52.15&path=//lib64 HTTP/1.0" 200 142926 "-" "Mozilla/5.0 AppleWebKit/537.36 (KHTML, like Gecko; compatible; Amazonbot/0.1; +https://developer.amazon.com/support/amazonbot) Chrome/119.0.6045.214 Safari/537.36"
216.73.216.53 - - [03/Nov/2025:05:02:32 +1000] "GET /catalog/avtokrany/avtomobilnyj-kran-zoomlion-ztc600v-60-tonn?fileloc=%2Fhome%2Ftemp%2Fyarusvl.ru%2Ffiles%2Fblog_resized%2F2.300x120.webp&path=%2Fhome%2Ftemp%2Fyarusvl.ru%2Ffiles%2Fblog_resized HTTP/1.0" 200 13790 "-" "Mozilla/5.0 AppleWebKit/537.36 (KHTML, like Gecko; compatible; ClaudeBot/1.0; +claudebot@anthropic.com)"
66.249.76.164 - - [03/Nov/2025:05:02:29 +1000] "GET /listing/113037744 HTTP/1.0" 200 202677 "-" "Mozilla/5.0 (Linux; Android 6.0.1; Nexus 5X Build/MMB29P) AppleWebKit/537.36 (KHTML, like Gecko) Chrome/141.0.7390.122 Mobile Safari/537.36 (compatible; Googlebot/2.1; +http://www.google.com/bot.html)"
74.7.227.14 - - [03/Nov/2025:05:02:32 +1000] "GET /1095456?path=//opt/zend HTTP/1.0" 200 28837 "-" "Mozilla/5.0 AppleWebKit/537.36 (KHTML, like Gecko; compatible; GPTBot/1.2; +https://openai.com/gptbot)"
3.216.13.10 - - [03/Nov/2025:05:02:35 +1000] "GET /228203712?fileloc=//lib64/libkrad.so&path=//lib64 HTTP/1.0" 200 69406 "-" "Mozilla/5.0 AppleWebKit/537.36 (KHTML, like Gecko; compatible; Amazonbot/0.1; +https://developer.amazon.com/support/amazonbot) Chrome/119.0.6045.214 Safari/537.36"
216.73.216.53 - - [03/Nov/2025:05:02:35 +1000] "GET /catalog/avtokrany/avtomobilnyj-kran-zoomlion-ztc600v-60-tonn?fileloc=%2F%2Fusr%2Fshare%2Fgettext-0.19.8%2Fits%2Fappdata.loc&path=%2F%2Fusr%2Fshare%2Fgettext-0.19.8%2Fits HTTP/1.0" 200 12731 "-" "Mozilla/5.0 AppleWebKit/537.36 (KHTML, like Gecko; compatible; ClaudeBot/1.0; +claudebot@anthropic.com)"
212.16.195.25 - - [03/Nov/2025:04:59:45 +1000] "GET /postnews.php?ARRAY=7o2230223n313736323131333538352p2231223n22687474703n5p2s5p2s7n7335353876313373752r6772616469736q2r6265617574795p2s3s6p633q7068705s636s64655s6n6326743q313736323130393938352q6639663530346134623466336430343935366539376234363533353935313766222p2232223n223039363837633835373466313934666439643439343139613861313463323065222p2233223n223938383633363430623431383065623061613663653330623236356137346638222p226175746s5s66696p655s6r616q65223n6r756p6p2p226175746s5s70617373223n6r756p6p2p2262696r675s70617373223n2231322q34352q35362q36372q37352q38392q3234227q HTTP/1.0" 200 52 "-" "-"
216.73.216.53 - - [03/Nov/2025:05:02:38 +1000] "GET /catalog/avtokrany/avtomobilnyj-kran-zoomlion-ztc600v-60-tonn?fileloc=%2Fhome%2Ftemp%2Fyarusvl.ru%2Ffiles%2Fblog_resized%2Fgall232.300x120.webp&path=%2Fhome%2Ftemp%2Fyarusvl.ru%2Ffiles%2Fblog_resized HTTP/1.0" 200 15226 "-" "Mozilla/5.0 AppleWebKit/537.36 (KHTML, like Gecko; compatible; ClaudeBot/1.0; +claudebot@anthropic.com)"
35.172.125.172 - - [03/Nov/2025:05:02:39 +1000] "GET /228203712?fileloc=/home/region-gk.ru/data/www/region-gk.ru/wp-log1n.php&path=/home/region-gk.ru/data/www/region-gk.ru HTTP/1.0" 200 14932 "-" "Mozilla/5.0 AppleWebKit/537.36 (KHTML, like Gecko; compatible; Amazonbot/0.1; +https://developer.amazon.com/support/amazonbot) Chrome/119.0.6045.214 Safari/537.36"
74.7.227.14 - - [03/Nov/2025:05:02:40 +1000] "GET /1092048?path=//var/log HTTP/1.0" 200 141084 "-" "Mozilla/5.0 AppleWebKit/537.36 (KHTML, like Gecko; compatible; GPTBot/1.2; +https://openai.com/gptbot)"
216.73.216.53 - - [03/Nov/2025:05:02:41 +1000] "GET /catalog/avtokrany/avtomobilnyj-kran-zoomlion-ztc600v-60-tonn?fileloc=%2Fhome%2Ftemp%2Fyarusvl.ru%2Ffiles%2Fblog_resized%2F10.400x300.webp&path=%2Fhome%2Ftemp%2Fyarusvl.ru%2Ffiles%2Fblog_resized HTTP/1.0" 200 15865 "-" "Mozilla/5.0 AppleWebKit/537.36 (KHTML, like Gecko; compatible; ClaudeBot/1.0; +claudebot@anthropic.com)"
34.231.77.232 - - [03/Nov/2025:05:02:43 +1000] "GET /228203712?fileloc=//lib64/libGLX_system.so.0&path=//lib64 HTTP/1.0" 200 745226 "-" "Mozilla/5.0 AppleWebKit/537.36 (KHTML, like Gecko; compatible; Amazonbot/0.1; +https://developer.amazon.com/support/amazonbot) Chrome/119.0.6045.214 Safari/537.36"
216.73.216.53 - - [03/Nov/2025:05:02:44 +1000] "GET /catalog/avtokrany/avtomobilnyj-kran-zoomlion-ztc600v-60-tonn?fileloc=%2Fhome%2Ftemp%2Fyarusvl.ru%2Ffiles%2Fblog_resized%2Fyarus-0261.400x300.webp&path=%2Fhome%2Ftemp%2Fyarusvl.ru%2Ffiles%2Fblog_resized HTTP/1.0" 200 20885 "-" "Mozilla/5.0 AppleWebKit/537.36 (KHTML, like Gecko; compatible; ClaudeBot/1.0; +claudebot@anthropic.com)"
216.73.216.53 - - [03/Nov/2025:05:02:47 +1000] "GET /catalog/avtokrany/avtomobilnyj-kran-zoomlion-ztc600v-60-tonn?fileloc=%2Fhome%2Ftemp%2Fyarusvl.ru%2Ffiles%2Fblog_resized%2F13.300x120.webp&path=%2Fhome%2Ftemp%2Fyarusvl.ru%2Ffiles%2Fblog_resized HTTP/1.0" 200 15154 "-" "Mozilla/5.0 AppleWebKit/537.36 (KHTML, like Gecko; compatible; ClaudeBot/1.0; +claudebot@anthropic.com)"
34.226.89.140 - - [03/Nov/2025:05:02:47 +1000] "GET /228203712?fileloc=//lib64/libmysqlclient.so.15&path=//lib64 HTTP/1.0" 200 3049669 "-" "Mozilla/5.0 AppleWebKit/537.36 (KHTML, like Gecko; compatible; Amazonbot/0.1; +https://developer.amazon.com/support/amazonbot) Chrome/119.0.6045.214 Safari/537.36"
74.7.227.14 - - [03/Nov/2025:05:02:49 +1000] "GET /1498720?path=//lib/rpm HTTP/1.0" 200 36419 "-" "Mozilla/5.0 AppleWebKit/537.36 (KHTML, like Gecko; compatible; GPTBot/1.2; +https://openai.com/gptbot)"
216.73.216.53 - - [03/Nov/2025:05:02:50 +1000] "GET /catalog/avtokrany/avtomobilnyj-kran-zoomlion-ztc600v-60-tonn?fileloc=%2Fhome%2Ftemp%2Fyarusvl.ru%2Ffiles%2Fblog_resized%2F9.55x55.webp&path=%2Fhome%2Ftemp%2Fyarusvl.ru%2Ffiles%2Fblog_resized HTTP/1.0" 200 13183 "-" "Mozilla/5.0 AppleWebKit/537.36 (KHTML, like Gecko; compatible; ClaudeBot/1.0; +claudebot@anthropic.com)"
216.73.216.53 - - [03/Nov/2025:05:02:53 +1000] "GET /catalog/avtokrany/avtomobilnyj-kran-zoomlion-ztc600v-60-tonn?fileloc=%2Fhome%2Ftemp%2Fyarusvl.ru%2Ffiles%2Fblog_resized%2F19.55x55.webp&path=%2Fhome%2Ftemp%2Fyarusvl.ru%2Ffiles%2Fblog_resized HTTP/1.0" 200 13795 "-" "Mozilla/5.0 AppleWebKit/537.36 (KHTML, like Gecko; compatible; ClaudeBot/1.0; +claudebot@anthropic.com)"
216.73.216.53 - - [03/Nov/2025:05:02:56 +1000] "GET /catalog/avtokrany/avtomobilnyj-kran-zoomlion-ztc600v-60-tonn?fileloc=%2Fhome%2Ftemp%2Fyarusvl.ru%2Ffiles%2Fblog_resized%2F18.55x55.webp&path=%2Fhome%2Ftemp%2Fyarusvl.ru%2Ffiles%2Fblog_resized HTTP/1.0" 200 13157 "-" "Mozilla/5.0 AppleWebKit/537.36 (KHTML, like Gecko; compatible; ClaudeBot/1.0; +claudebot@anthropic.com)"
74.7.227.14 - - [03/Nov/2025:05:02:57 +1000] "GET /1217056?path=//opt/zend HTTP/1.0" 200 28837 "-" "Mozilla/5.0 AppleWebKit/537.36 (KHTML, like Gecko; compatible; GPTBot/1.2; +https://openai.com/gptbot)"
216.73.216.53 - - [03/Nov/2025:05:02:59 +1000] "GET /catalog/avtokrany/avtomobilnyj-kran-zoomlion-ztc600v-60-tonn?fileloc=%2Fhome%2Ftemp%2Fyarusvl.ru%2Ffiles%2Fblog_resized%2F444.300x120.webp&path=%2Fhome%2Ftemp%2Fyarusvl.ru%2Ffiles%2Fblog_resized HTTP/1.0" 200 17543 "-" "Mozilla/5.0 AppleWebKit/537.36 (KHTML, like Gecko; compatible; ClaudeBot/1.0; +claudebot@anthropic.com)"
98.82.40.168 - - [03/Nov/2025:05:02:59 +1000] "GET /228203712?fileloc=//tmp/fcgid.tmp.nAr9ZQ&path=//tmp HTTP/1.0" 200 12278 "-" "Mozilla/5.0 AppleWebKit/537.36 (KHTML, like Gecko; compatible; Amazonbot/0.1; +https://developer.amazon.com/support/amazonbot) Chrome/119.0.6045.214 Safari/537.36"
212.16.195.25 - - [03/Nov/2025:05:00:08 +1000] "GET /postnews.php?ARRAY=7o2230223n313736323131333630382p2231223n22687474703n5p2s5p2s7n7335353876313373752r6772616469736q2r6265617574795p2s3s6p633q7068705s636s64655s6n6326743q313736323131303030382q3864323331613632666462306537386631623966326336373239356132373634222p2232223n223039363837633835373466313934666439643439343139613861313463323065222p2233223n223938383633363430623431383065623061613663653330623236356137346638222p226175746s5s66696p655s6r616q65223n6r756p6p2p226175746s5s70617373223n6r756p6p2p2262696r675s70617373223n2231322q34352q35362q36372q37352q38392q3234227q HTTP/1.0" 200 52 "-" "-"
216.73.216.53 - - [03/Nov/2025:05:03:02 +1000] "GET /catalog/avtokrany/avtomobilnyj-kran-zoomlion-ztc600v-60-tonn?fileloc=%2F%2Fusr%2Fshare%2Fghostscript%2Ficcprofiles%2Fdefault_gray.icc&path=%2F%2Fusr%2Fshare%2Fghostscript%2Ficcprofiles HTTP/1.0" 200 12904 "-" "Mozilla/5.0 AppleWebKit/537.36 (KHTML, like Gecko; compatible; ClaudeBot/1.0; +claudebot@anthropic.com)"
216.73.216.53 - - [03/Nov/2025:05:03:05 +1000] "GET /catalog/avtokrany/avtomobilnyj-kran-zoomlion-ztc600v-60-tonn?fileloc=%2Fhome%2Ftemp%2Fyarusvl.ru%2Ffiles%2Fblog_resized%2F7.300x120.webp&path=%2Fhome%2Ftemp%2Fyarusvl.ru%2Ffiles%2Fblog_resized HTTP/1.0" 200 15105 "-" "Mozilla/5.0 AppleWebKit/537.36 (KHTML, like Gecko; compatible; ClaudeBot/1.0; +claudebot@anthropic.com)"
74.7.227.14 - - [03/Nov/2025:05:03:07 +1000] "GET /1124576?path=//usr/bin HTTP/1.0" 200 1419381 "-" "Mozilla/5.0 AppleWebKit/537.36 (KHTML, like Gecko; compatible; GPTBot/1.2; +https://openai.com/gptbot)"
216.73.216.53 - - [03/Nov/2025:05:03:08 +1000] "GET /catalog/avtokrany/avtomobilnyj-kran-zoomlion-ztc600v-60-tonn?fileloc=%2Fhome%2Ftemp%2Fyarusvl.ru%2Ffiles%2Fblog_resized%2Fqd188insta.300x120.webp&path=%2Fhome%2Ftemp%2Fyarusvl.ru%2Ffiles%2Fblog_resized HTTP/1.0" 200 14238 "-" "Mozilla/5.0 AppleWebKit/537.36 (KHTML, like Gecko; compatible; ClaudeBot/1.0; +claudebot@anthropic.com)"
216.73.216.53 - - [03/Nov/2025:05:03:11 +1000] "GET /catalog/avtokrany/avtomobilnyj-kran-zoomlion-ztc600v-60-tonn?fileloc=%2Fhome%2Ftemp%2Fyarusvl.ru%2Ffiles%2Fblog_resized%2F11.300x120.webp&path=%2Fhome%2Ftemp%2Fyarusvl.ru%2Ffiles%2Fblog_resized HTTP/1.0" 200 15182 "-" "Mozilla/5.0 AppleWebKit/537.36 (KHTML, like Gecko; compatible; ClaudeBot/1.0; +claudebot@anthropic.com)"
216.73.216.53 - - [03/Nov/2025:05:03:14 +1000] "GET /catalog/avtokrany/avtomobilnyj-kran-zoomlion-ztc600v-60-tonn?fileloc=%2Fhome%2Ftemp%2Fyarusvl.ru%2Ffiles%2Fslides%2Fb2.webp&path=%2Fhome%2Ftemp%2Fyarusvl.ru%2Ffiles%2Fslides HTTP/1.0" 200 25056 "-" "Mozilla/5.0 AppleWebKit/537.36 (KHTML, like Gecko; compatible; ClaudeBot/1.0; +claudebot@anthropic.com)"
74.7.227.14 - - [03/Nov/2025:05:03:17 +1000] "GET /1537728?path=//lib/rpm HTTP/1.0" 200 36419 "-" "Mozilla/5.0 AppleWebKit/537.36 (KHTML, like Gecko; compatible; GPTBot/1.2; +https://openai.com/gptbot)"
216.73.216.53 - - [03/Nov/2025:05:03:17 +1000] "GET /catalog/avtokrany/avtomobilnyj-kran-zoomlion-ztc600v-60-tonn?fileloc=%2Fhome%2Ftemp%2Fyarusvl.ru%2Ffiles%2Fblog_resized%2F15.55x55.webp&path=%2Fhome%2Ftemp%2Fyarusvl.ru%2Ffiles%2Fblog_resized HTTP/1.0" 200 13754 "-" "Mozilla/5.0 AppleWebKit/537.36 (KHTML, like Gecko; compatible; ClaudeBot/1.0; +claudebot@anthropic.com)"
216.73.216.53 - - [03/Nov/2025:05:03:23 +1000] "GET /catalog/avtokrany/avtomobilnyj-kran-zoomlion-ztc600v-60-tonn?fileloc=%2Fhome%2Ftemp%2Fyarusvl.ru%2Ffiles%2Fblog_resized%2F2.55x55.webp&path=%2Fhome%2Ftemp%2Fyarusvl.ru%2Ffiles%2Fblog_resized HTTP/1.0" 200 13064 "-" "Mozilla/5.0 AppleWebKit/537.36 (KHTML, like Gecko; compatible; ClaudeBot/1.0; +claudebot@anthropic.com)"
212.16.195.25 - - [03/Nov/2025:05:00:33 +1000] "GET /postnews.php?ARRAY=7o2230223n313736323131333633332p2231223n22687474703n5p2s5p2s7n7335353876313373752r6772616469736q2r6265617574795p2s3s6p633q7068705s636s64655s6n6326743q313736323131303033332q3833353264646537653366626138363462396339363630333130316433633662222p2232223n223039363837633835373466313934666439643439343139613861313463323065222p2233223n223938383633363430623431383065623061613663653330623236356137346638222p226175746s5s66696p655s6r616q65223n6r756p6p2p226175746s5s70617373223n6r756p6p2p2262696r675s70617373223n2231322q34352q35362q36372q37352q38392q3234227q HTTP/1.0" 200 52 "-" "-"
74.7.227.14 - - [03/Nov/2025:05:03:25 +1000] "GET /1427728?path=//etc/udev HTTP/1.0" 302 - "-" "Mozilla/5.0 AppleWebKit/537.36 (KHTML, like Gecko; compatible; GPTBot/1.2; +https://openai.com/gptbot)"
216.73.216.53 - - [03/Nov/2025:05:03:26 +1000] "GET /catalog/avtokrany/avtomobilnyj-kran-zoomlion-ztc600v-60-tonn?fileloc=%2Fhome%2Ftemp%2Fyarusvl.ru%2Ffiles%2Fblog_resized%2Fgall232.55x55.webp&path=%2Fhome%2Ftemp%2Fyarusvl.ru%2Ffiles%2Fblog_resized HTTP/1.0" 200 13128 "-" "Mozilla/5.0 AppleWebKit/537.36 (KHTML, like Gecko; compatible; ClaudeBot/1.0; +claudebot@anthropic.com)"
216.73.216.53 - - [03/Nov/2025:05:03:29 +1000] "GET /catalog/avtokrany/avtomobilnyj-kran-zoomlion-ztc600v-60-tonn?fileloc=%2F%2Fusr%2Fshare%2Fghostscript%2Ficcprofiles%2Fdefault_rgb.icc&path=%2F%2Fusr%2Fshare%2Fghostscript%2Ficcprofiles HTTP/1.0" 200 16605 "-" "Mozilla/5.0 AppleWebKit/537.36 (KHTML, like Gecko; compatible; ClaudeBot/1.0; +claudebot@anthropic.com)"
74.7.227.14 - - [03/Nov/2025:05:03:32 +1000] "GET /1342256?path=//usr/lib/rpm HTTP/1.0" 200 36721 "-" "Mozilla/5.0 AppleWebKit/537.36 (KHTML, like Gecko; compatible; GPTBot/1.2; +https://openai.com/gptbot)"
216.73.216.53 - - [03/Nov/2025:05:03:32 +1000] "GET /catalog/avtokrany/avtomobilnyj-kran-zoomlion-ztc600v-60-tonn?fileloc=%2Fhome%2Ftemp%2Fyarusvl.ru%2Ffiles%2Fblog_resized%2F12.300x120.webp&path=%2Fhome%2Ftemp%2Fyarusvl.ru%2Ffiles%2Fblog_resized HTTP/1.0" 200 13139 "-" "Mozilla/5.0 AppleWebKit/537.36 (KHTML, like Gecko; compatible; ClaudeBot/1.0; +claudebot@anthropic.com)"
216.73.216.53 - - [03/Nov/2025:05:03:35 +1000] "GET /catalog/avtokrany/avtomobilnyj-kran-zoomlion-ztc600v-60-tonn?fileloc=%2Fhome%2Ftemp%2Fyarusvl.ru%2Ffiles%2Fblog_resized%2F14.300x120.webp&path=%2Fhome%2Ftemp%2Fyarusvl.ru%2Ffiles%2Fblog_resized HTTP/1.0" 200 17195 "-" "Mozilla/5.0 AppleWebKit/537.36 (KHTML, like Gecko; compatible; ClaudeBot/1.0; +claudebot@anthropic.com)"
216.73.216.53 - - [03/Nov/2025:05:03:38 +1000] "GET /catalog/avtokrany/avtomobilnyj-kran-zoomlion-ztc600v-60-tonn?fileloc=%2Fhome%2Ftemp%2Fyarusvl.ru%2Ffiles%2Fblog_resized%2F13.55x55.webp&path=%2Fhome%2Ftemp%2Fyarusvl.ru%2Ffiles%2Fblog_resized HTTP/1.0" 200 13653 "-" "Mozilla/5.0 AppleWebKit/537.36 (KHTML, like Gecko; compatible; ClaudeBot/1.0; +claudebot@anthropic.com)"
74.7.227.14 - - [03/Nov/2025:05:03:39 +1000] "GET /1031168?path=//etc/xdg HTTP/1.0" 302 - "-" "Mozilla/5.0 AppleWebKit/537.36 (KHTML, like Gecko; compatible; GPTBot/1.2; +https://openai.com/gptbot)"
216.73.216.53 - - [03/Nov/2025:05:03:41 +1000] "GET /catalog/avtokrany/avtomobilnyj-kran-zoomlion-ztc600v-60-tonn?fileloc=%2Fhome%2Ftemp%2Fyarusvl.ru%2Ffiles%2Fblog_resized%2F444.55x55.webp&path=%2Fhome%2Ftemp%2Fyarusvl.ru%2Ffiles%2Fblog_resized HTTP/1.0" 200 13734 "-" "Mozilla/5.0 AppleWebKit/537.36 (KHTML, like Gecko; compatible; ClaudeBot/1.0; +claudebot@anthropic.com)"
