47.106.221.104 - - [31/Oct/2025:03:58:37 +1000] "GET /index/index/vhash HTTP/1.0" 200 56005 "-" "Mozilla/5.0 (iPhone; CPU iPhone OS 10_3 like Mac OS X) AppleWebKit/602.1.50 (KHTML, like Gecko) CriOS/56.0.2924.75 Mobile/14E5239e Safari/602.1"
47.106.221.104 - - [31/Oct/2025:03:58:38 +1000] "POST /biz/server/config HTTP/1.0" 200 56005 "-" "Mozilla/5.0 (iPhone; CPU iPhone OS 10_3 like Mac OS X) AppleWebKit/602.1.50 (KHTML, like Gecko) CriOS/56.0.2924.75 Mobile/14E5239e Safari/602.1"
47.106.221.104 - - [31/Oct/2025:03:58:40 +1000] "GET /favicon.ico HTTP/1.0" 200 56005 "-" "Mozilla/5.0 (iPhone; CPU iPhone OS 10_3 like Mac OS X) AppleWebKit/602.1.50 (KHTML, like Gecko) CriOS/56.0.2924.75 Mobile/14E5239e Safari/602.1"
47.106.221.104 - - [31/Oct/2025:03:58:39 +1000] "GET /ws/index/weblogo/app HTTP/1.0" 200 56005 "-" "Mozilla/5.0 (iPhone; CPU iPhone OS 10_3 like Mac OS X) AppleWebKit/602.1.50 (KHTML, like Gecko) CriOS/56.0.2924.75 Mobile/14E5239e Safari/602.1"
47.106.221.104 - - [31/Oct/2025:03:58:39 +1000] "GET /index/load/rebotslist.html HTTP/1.0" 200 56005 "-" "Mozilla/5.0 (iPhone; CPU iPhone OS 10_3 like Mac OS X) AppleWebKit/602.1.50 (KHTML, like Gecko) CriOS/56.0.2924.75 Mobile/14E5239e Safari/602.1"
47.106.221.104 - - [31/Oct/2025:03:58:41 +1000] "GET /js/urlController.js?version=24.6.4.1 HTTP/1.0" 200 56005 "-" "Mozilla/5.0 (iPhone; CPU iPhone OS 10_3 like Mac OS X) AppleWebKit/602.1.50 (KHTML, like Gecko) CriOS/56.0.2924.75 Mobile/14E5239e Safari/602.1"
47.106.221.104 - - [31/Oct/2025:03:58:40 +1000] "GET /checkusername HTTP/1.0" 200 56005 "-" "Mozilla/5.0 (iPhone; CPU iPhone OS 10_3 like Mac OS X) AppleWebKit/602.1.50 (KHTML, like Gecko) CriOS/56.0.2924.75 Mobile/14E5239e Safari/602.1"
47.106.221.104 - - [31/Oct/2025:03:58:42 +1000] "GET /images/adminlo.png HTTP/1.0" 200 56005 "-" "Mozilla/5.0 (iPhone; CPU iPhone OS 10_3 like Mac OS X) AppleWebKit/602.1.50 (KHTML, like Gecko) CriOS/56.0.2924.75 Mobile/14E5239e Safari/602.1"
47.106.221.104 - - [31/Oct/2025:03:58:41 +1000] "POST /api/opt/get_app_version HTTP/1.0" 200 56005 "-" "Mozilla/5.0 (iPhone; CPU iPhone OS 10_3 like Mac OS X) AppleWebKit/602.1.50 (KHTML, like Gecko) CriOS/56.0.2924.75 Mobile/14E5239e Safari/602.1"
47.106.221.104 - - [31/Oct/2025:03:58:41 +1000] "GET /web/nav_cart_view.aspx HTTP/1.0" 200 56005 "-" "Mozilla/5.0 (iPhone; CPU iPhone OS 10_3 like Mac OS X) AppleWebKit/602.1.50 (KHTML, like Gecko) CriOS/56.0.2924.75 Mobile/14E5239e Safari/602.1"
47.106.221.104 - - [31/Oct/2025:03:58:43 +1000] "GET /static/picture/banner.png HTTP/1.0" 200 56005 "-" "Mozilla/5.0 (iPhone; CPU iPhone OS 10_3 like Mac OS X) AppleWebKit/602.1.50 (KHTML, like Gecko) CriOS/56.0.2924.75 Mobile/14E5239e Safari/602.1"
47.106.221.104 - - [31/Oct/2025:03:58:41 +1000] "POST /Home/SendSMSCodeToPhoneFromAdmin HTTP/1.0" 200 56005 "-" "Mozilla/5.0 (iPhone; CPU iPhone OS 10_3 like Mac OS X) AppleWebKit/602.1.50 (KHTML, like Gecko) CriOS/56.0.2924.75 Mobile/14E5239e Safari/602.1"
47.106.221.104 - - [31/Oct/2025:03:58:43 +1000] "GET /kfb.css HTTP/1.0" 200 56005 "-" "Mozilla/5.0 (iPhone; CPU iPhone OS 10_3 like Mac OS X) AppleWebKit/602.1.50 (KHTML, like Gecko) CriOS/56.0.2924.75 Mobile/14E5239e Safari/602.1"
47.106.221.104 - - [31/Oct/2025:03:58:44 +1000] "GET /Application/Basic/Static/css/customerselect.css HTTP/1.0" 200 56005 "-" "Mozilla/5.0 (iPhone; CPU iPhone OS 10_3 like Mac OS X) AppleWebKit/602.1.50 (KHTML, like Gecko) CriOS/56.0.2924.75 Mobile/14E5239e Safari/602.1"
47.106.221.104 - - [31/Oct/2025:03:58:44 +1000] "GET /static/img/banben.png HTTP/1.0" 200 56005 "-" "Mozilla/5.0 (iPhone; CPU iPhone OS 10_3 like Mac OS X) AppleWebKit/602.1.50 (KHTML, like Gecko) CriOS/56.0.2924.75 Mobile/14E5239e Safari/602.1"
47.106.221.104 - - [31/Oct/2025:03:58:43 +1000] "GET /api/bank/index HTTP/1.0" 200 56005 "-" "Mozilla/5.0 (iPhone; CPU iPhone OS 10_3 like Mac OS X) AppleWebKit/602.1.50 (KHTML, like Gecko) CriOS/56.0.2924.75 Mobile/14E5239e Safari/602.1"
47.106.221.104 - - [31/Oct/2025:03:58:44 +1000] "GET /static/icons/home-jh.png HTTP/1.0" 200 56005 "-" "Mozilla/5.0 (iPhone; CPU iPhone OS 10_3 like Mac OS X) AppleWebKit/602.1.50 (KHTML, like Gecko) CriOS/56.0.2924.75 Mobile/14E5239e Safari/602.1"
47.106.221.104 - - [31/Oct/2025:03:58:45 +1000] "GET /static/assets/js/cms.js HTTP/1.0" 200 56005 "-" "Mozilla/5.0 (iPhone; CPU iPhone OS 10_3 like Mac OS X) AppleWebKit/602.1.50 (KHTML, like Gecko) CriOS/56.0.2924.75 Mobile/14E5239e Safari/602.1"
47.106.221.104 - - [31/Oct/2025:03:58:43 +1000] "GET /chatroomgame HTTP/1.0" 200 56005 "-" "Mozilla/5.0 (iPhone; CPU iPhone OS 10_3 like Mac OS X) AppleWebKit/602.1.50 (KHTML, like Gecko) CriOS/56.0.2924.75 Mobile/14E5239e Safari/602.1"
47.106.221.104 - - [31/Oct/2025:03:58:45 +1000] "GET /api/census/getTitle HTTP/1.0" 200 56005 "-" "Mozilla/5.0 (iPhone; CPU iPhone OS 10_3 like Mac OS X) AppleWebKit/602.1.50 (KHTML, like Gecko) CriOS/56.0.2924.75 Mobile/14E5239e Safari/602.1"
47.106.221.104 - - [31/Oct/2025:03:58:45 +1000] "GET /api/app/config HTTP/1.0" 200 56005 "-" "Mozilla/5.0 (iPhone; CPU iPhone OS 10_3 like Mac OS X) AppleWebKit/602.1.50 (KHTML, like Gecko) CriOS/56.0.2924.75 Mobile/14E5239e Safari/602.1"
47.106.221.104 - - [31/Oct/2025:03:58:45 +1000] "GET /api/procoin/home/config.do HTTP/1.0" 200 56005 "-" "Mozilla/5.0 (iPhone; CPU iPhone OS 10_3 like Mac OS X) AppleWebKit/602.1.50 (KHTML, like Gecko) CriOS/56.0.2924.75 Mobile/14E5239e Safari/602.1"
47.106.221.104 - - [31/Oct/2025:03:58:46 +1000] "GET /api/index/config HTTP/1.0" 200 56005 "-" "Mozilla/5.0 (iPhone; CPU iPhone OS 10_3 like Mac OS X) AppleWebKit/602.1.50 (KHTML, like Gecko) CriOS/56.0.2924.75 Mobile/14E5239e Safari/602.1"
47.106.221.104 - - [31/Oct/2025:03:58:46 +1000] "GET /photo/index.asp HTTP/1.0" 200 56005 "-" "Mozilla/5.0 (iPhone; CPU iPhone OS 10_3 like Mac OS X) AppleWebKit/602.1.50 (KHTML, like Gecko) CriOS/56.0.2924.75 Mobile/14E5239e Safari/602.1"
47.106.221.104 - - [31/Oct/2025:03:58:47 +1000] "GET /static/index/js/yhfunction.js HTTP/1.0" 200 56005 "-" "Mozilla/5.0 (iPhone; CPU iPhone OS 10_3 like Mac OS X) AppleWebKit/602.1.50 (KHTML, like Gecko) CriOS/56.0.2924.75 Mobile/14E5239e Safari/602.1"
47.106.221.104 - - [31/Oct/2025:03:58:48 +1000] "GET /static_wb2/js/main.js HTTP/1.0" 200 56005 "-" "Mozilla/5.0 (iPhone; CPU iPhone OS 10_3 like Mac OS X) AppleWebKit/602.1.50 (KHTML, like Gecko) CriOS/56.0.2924.75 Mobile/14E5239e Safari/602.1"
47.106.221.104 - - [31/Oct/2025:03:58:48 +1000] "GET /assets/txlog/images/1j.png HTTP/1.0" 200 56005 "-" "Mozilla/5.0 (iPhone; CPU iPhone OS 10_3 like Mac OS X) AppleWebKit/602.1.50 (KHTML, like Gecko) CriOS/56.0.2924.75 Mobile/14E5239e Safari/602.1"
74.7.227.14 - - [31/Oct/2025:03:58:47 +1000] "GET /1391568?path=//srv HTTP/1.0" 200 12685 "-" "Mozilla/5.0 AppleWebKit/537.36 (KHTML, like Gecko; compatible; GPTBot/1.2; +https://openai.com/gptbot)"
47.106.221.104 - - [31/Oct/2025:03:58:48 +1000] "GET /images/defaultpic.gif HTTP/1.0" 200 56005 "-" "Mozilla/5.0 (iPhone; CPU iPhone OS 10_3 like Mac OS X) AppleWebKit/602.1.50 (KHTML, like Gecko) CriOS/56.0.2924.75 Mobile/14E5239e Safari/602.1"
47.106.221.104 - - [31/Oct/2025:03:58:48 +1000] "GET /static/icon/i1.png HTTP/1.0" 200 56005 "-" "Mozilla/5.0 (iPhone; CPU iPhone OS 10_3 like Mac OS X) AppleWebKit/602.1.50 (KHTML, like Gecko) CriOS/56.0.2924.75 Mobile/14E5239e Safari/602.1"
47.106.221.104 - - [31/Oct/2025:03:58:48 +1000] "POST /api/sms HTTP/1.0" 200 56005 "-" "Mozilla/5.0 (iPhone; CPU iPhone OS 10_3 like Mac OS X) AppleWebKit/602.1.50 (KHTML, like Gecko) CriOS/56.0.2924.75 Mobile/14E5239e Safari/602.1"
47.106.221.104 - - [31/Oct/2025:03:58:49 +1000] "GET /favicon.ico HTTP/1.0" 200 56005 "-" "Mozilla/5.0 (iPhone; CPU iPhone OS 10_3 like Mac OS X) AppleWebKit/602.1.50 (KHTML, like Gecko) CriOS/56.0.2924.75 Mobile/14E5239e Safari/602.1"
47.106.221.104 - - [31/Oct/2025:03:58:48 +1000] "GET /php/app.php?widget-iframe-content HTTP/1.0" 200 56005 "-" "Mozilla/5.0 (iPhone; CPU iPhone OS 10_3 like Mac OS X) AppleWebKit/602.1.50 (KHTML, like Gecko) CriOS/56.0.2924.75 Mobile/14E5239e Safari/602.1"
47.106.221.104 - - [31/Oct/2025:03:58:48 +1000] "POST /config_all HTTP/1.0" 200 56005 "-" "Mozilla/5.0 (iPhone; CPU iPhone OS 10_3 like Mac OS X) AppleWebKit/602.1.50 (KHTML, like Gecko) CriOS/56.0.2924.75 Mobile/14E5239e Safari/602.1"
47.106.221.104 - - [31/Oct/2025:03:58:49 +1000] "GET /config.js HTTP/1.0" 200 56005 "-" "Mozilla/5.0 (iPhone; CPU iPhone OS 10_3 like Mac OS X) AppleWebKit/602.1.50 (KHTML, like Gecko) CriOS/56.0.2924.75 Mobile/14E5239e Safari/602.1"
47.106.221.104 - - [31/Oct/2025:03:58:49 +1000] "GET /static/js/news.js HTTP/1.0" 200 56005 "-" "Mozilla/5.0 (iPhone; CPU iPhone OS 10_3 like Mac OS X) AppleWebKit/602.1.50 (KHTML, like Gecko) CriOS/56.0.2924.75 Mobile/14E5239e Safari/602.1"
47.106.221.104 - - [31/Oct/2025:03:58:49 +1000] "GET /static/footer/index1.png HTTP/1.0" 200 56005 "-" "Mozilla/5.0 (iPhone; CPU iPhone OS 10_3 like Mac OS X) AppleWebKit/602.1.50 (KHTML, like Gecko) CriOS/56.0.2924.75 Mobile/14E5239e Safari/602.1"
47.106.221.104 - - [31/Oct/2025:03:58:49 +1000] "GET /v1/common/visitor/getAgentStatus.do?deviceType=computer&appId=-1&dialogType=link&source= HTTP/1.0" 200 56005 "-" "Mozilla/5.0 (iPhone; CPU iPhone OS 10_3 like Mac OS X) AppleWebKit/602.1.50 (KHTML, like Gecko) CriOS/56.0.2924.75 Mobile/14E5239e Safari/602.1"
47.106.221.104 - - [31/Oct/2025:03:58:50 +1000] "GET /welive.js HTTP/1.0" 200 56005 "-" "Mozilla/5.0 (iPhone; CPU iPhone OS 10_3 like Mac OS X) AppleWebKit/602.1.50 (KHTML, like Gecko) CriOS/56.0.2924.75 Mobile/14E5239e Safari/602.1"
47.106.221.104 - - [31/Oct/2025:03:58:49 +1000] "GET /html/wechat/getkey HTTP/1.0" 200 56005 "-" "Mozilla/5.0 (iPhone; CPU iPhone OS 10_3 like Mac OS X) AppleWebKit/602.1.50 (KHTML, like Gecko) CriOS/56.0.2924.75 Mobile/14E5239e Safari/602.1"
47.106.221.104 - - [31/Oct/2025:03:58:50 +1000] "GET /Six/Js/class_12.js HTTP/1.0" 200 56005 "-" "Mozilla/5.0 (iPhone; CPU iPhone OS 10_3 like Mac OS X) AppleWebKit/602.1.50 (KHTML, like Gecko) CriOS/56.0.2924.75 Mobile/14E5239e Safari/602.1"
47.106.221.104 - - [31/Oct/2025:03:58:50 +1000] "GET /static/home/js/regular.js HTTP/1.0" 200 56005 "-" "Mozilla/5.0 (iPhone; CPU iPhone OS 10_3 like Mac OS X) AppleWebKit/602.1.50 (KHTML, like Gecko) CriOS/56.0.2924.75 Mobile/14E5239e Safari/602.1"
47.106.221.104 - - [31/Oct/2025:03:58:50 +1000] "GET /api/shop_dizhi_mod.php HTTP/1.0" 200 56005 "-" "Mozilla/5.0 (iPhone; CPU iPhone OS 10_3 like Mac OS X) AppleWebKit/602.1.50 (KHTML, like Gecko) CriOS/56.0.2924.75 Mobile/14E5239e Safari/602.1"
47.106.221.104 - - [31/Oct/2025:03:58:50 +1000] "GET /api/auth/siteTitle HTTP/1.0" 200 56005 "-" "Mozilla/5.0 (iPhone; CPU iPhone OS 10_3 like Mac OS X) AppleWebKit/602.1.50 (KHTML, like Gecko) CriOS/56.0.2924.75 Mobile/14E5239e Safari/602.1"
47.106.221.104 - - [31/Oct/2025:03:58:50 +1000] "POST /api/member/systemConfig/getPCSiteConfig HTTP/1.0" 200 56005 "-" "Mozilla/5.0 (iPhone; CPU iPhone OS 10_3 like Mac OS X) AppleWebKit/602.1.50 (KHTML, like Gecko) CriOS/56.0.2924.75 Mobile/14E5239e Safari/602.1"
47.106.221.104 - - [31/Oct/2025:03:58:51 +1000] "GET /assets/index/css/NewSign.css HTTP/1.0" 200 56005 "-" "Mozilla/5.0 (iPhone; CPU iPhone OS 10_3 like Mac OS X) AppleWebKit/602.1.50 (KHTML, like Gecko) CriOS/56.0.2924.75 Mobile/14E5239e Safari/602.1"
47.106.221.104 - - [31/Oct/2025:03:58:51 +1000] "GET /index.php?action=api.sync.check&body_format=json&lang=1 HTTP/1.0" 200 56005 "-" "Mozilla/5.0 (iPhone; CPU iPhone OS 10_3 like Mac OS X) AppleWebKit/602.1.50 (KHTML, like Gecko) CriOS/56.0.2924.75 Mobile/14E5239e Safari/602.1"
47.106.221.104 - - [31/Oct/2025:03:58:51 +1000] "GET /admin/index/order_info HTTP/1.0" 200 56005 "-" "Mozilla/5.0 (iPhone; CPU iPhone OS 10_3 like Mac OS X) AppleWebKit/602.1.50 (KHTML, like Gecko) CriOS/56.0.2924.75 Mobile/14E5239e Safari/602.1"
47.106.221.104 - - [31/Oct/2025:03:58:51 +1000] "GET /App/config HTTP/1.0" 200 56005 "-" "Mozilla/5.0 (iPhone; CPU iPhone OS 10_3 like Mac OS X) AppleWebKit/602.1.50 (KHTML, like Gecko) CriOS/56.0.2924.75 Mobile/14E5239e Safari/602.1"
47.106.221.104 - - [31/Oct/2025:03:58:51 +1000] "GET /Home/Index/ajax_focus_on HTTP/1.0" 200 56005 "-" "Mozilla/5.0 (iPhone; CPU iPhone OS 10_3 like Mac OS X) AppleWebKit/602.1.50 (KHTML, like Gecko) CriOS/56.0.2924.75 Mobile/14E5239e Safari/602.1"
47.106.221.104 - - [31/Oct/2025:03:58:52 +1000] "GET / HTTP/1.0" 200 56005 "-" "Mozilla/5.0 (iPhone; CPU iPhone OS 10_3 like Mac OS X) AppleWebKit/602.1.50 (KHTML, like Gecko) CriOS/56.0.2924.75 Mobile/14E5239e Safari/602.1"
47.106.221.104 - - [31/Oct/2025:03:58:52 +1000] "GET /phpcms/modules/member/touzi.php HTTP/1.0" 200 56005 "-" "Mozilla/5.0 (iPhone; CPU iPhone OS 10_3 like Mac OS X) AppleWebKit/602.1.50 (KHTML, like Gecko) CriOS/56.0.2924.75 Mobile/14E5239e Safari/602.1"
47.106.221.104 - - [31/Oct/2025:03:58:53 +1000] "GET /imgs/tabbar1_sel.png HTTP/1.0" 200 56005 "-" "Mozilla/5.0 (iPhone; CPU iPhone OS 10_3 like Mac OS X) AppleWebKit/602.1.50 (KHTML, like Gecko) CriOS/56.0.2924.75 Mobile/14E5239e Safari/602.1"
47.106.221.104 - - [31/Oct/2025:03:58:53 +1000] "GET /Pc/tools/outpwd_smsverify HTTP/1.0" 200 56005 "-" "Mozilla/5.0 (iPhone; CPU iPhone OS 10_3 like Mac OS X) AppleWebKit/602.1.50 (KHTML, like Gecko) CriOS/56.0.2924.75 Mobile/14E5239e Safari/602.1"
47.106.221.104 - - [31/Oct/2025:03:58:54 +1000] "GET /favicon.ico HTTP/1.0" 200 56005 "-" "Mozilla/5.0 (iPhone; CPU iPhone OS 10_3 like Mac OS X) AppleWebKit/602.1.50 (KHTML, like Gecko) CriOS/56.0.2924.75 Mobile/14E5239e Safari/602.1"
47.106.221.104 - - [31/Oct/2025:03:58:53 +1000] "GET /Apps/gold/Tpl/Admin/Mt4Server/index.html HTTP/1.0" 200 56005 "-" "Mozilla/5.0 (iPhone; CPU iPhone OS 10_3 like Mac OS X) AppleWebKit/602.1.50 (KHTML, like Gecko) CriOS/56.0.2924.75 Mobile/14E5239e Safari/602.1"
47.106.221.104 - - [31/Oct/2025:03:58:53 +1000] "GET / HTTP/1.0" 200 56005 "-" "Mozilla/5.0 (iPhone; CPU iPhone OS 10_3 like Mac OS X) AppleWebKit/602.1.50 (KHTML, like Gecko) CriOS/56.0.2924.75 Mobile/14E5239e Safari/602.1"
47.106.221.104 - - [31/Oct/2025:03:58:54 +1000] "GET /static/js/chart.js HTTP/1.0" 200 56005 "-" "Mozilla/5.0 (iPhone; CPU iPhone OS 10_3 like Mac OS X) AppleWebKit/602.1.50 (KHTML, like Gecko) CriOS/56.0.2924.75 Mobile/14E5239e Safari/602.1"
47.106.221.104 - - [31/Oct/2025:03:58:54 +1000] "GET /js/noright.js HTTP/1.0" 200 56005 "-" "Mozilla/5.0 (iPhone; CPU iPhone OS 10_3 like Mac OS X) AppleWebKit/602.1.50 (KHTML, like Gecko) CriOS/56.0.2924.75 Mobile/14E5239e Safari/602.1"
47.106.221.104 - - [31/Oct/2025:03:58:55 +1000] "GET /resource/home/js/config.js HTTP/1.0" 200 56005 "-" "Mozilla/5.0 (iPhone; CPU iPhone OS 10_3 like Mac OS X) AppleWebKit/602.1.50 (KHTML, like Gecko) CriOS/56.0.2924.75 Mobile/14E5239e Safari/602.1"
47.106.221.104 - - [31/Oct/2025:03:58:54 +1000] "POST /api/configs HTTP/1.0" 200 56005 "-" "Mozilla/5.0 (iPhone; CPU iPhone OS 10_3 like Mac OS X) AppleWebKit/602.1.50 (KHTML, like Gecko) CriOS/56.0.2924.75 Mobile/14E5239e Safari/602.1"
47.106.221.104 - - [31/Oct/2025:03:58:55 +1000] "GET /favicon.ico HTTP/1.0" 200 56005 "-" "Mozilla/5.0 (iPhone; CPU iPhone OS 10_3 like Mac OS X) AppleWebKit/602.1.50 (KHTML, like Gecko) CriOS/56.0.2924.75 Mobile/14E5239e Safari/602.1"
47.106.221.104 - - [31/Oct/2025:03:58:54 +1000] "GET /send_telphone_code HTTP/1.0" 200 56005 "-" "Mozilla/5.0 (iPhone; CPU iPhone OS 10_3 like Mac OS X) AppleWebKit/602.1.50 (KHTML, like Gecko) CriOS/56.0.2924.75 Mobile/14E5239e Safari/602.1"
47.106.221.104 - - [31/Oct/2025:03:58:54 +1000] "GET /index/index/cx HTTP/1.0" 200 56005 "-" "Mozilla/5.0 (iPhone; CPU iPhone OS 10_3 like Mac OS X) AppleWebKit/602.1.50 (KHTML, like Gecko) CriOS/56.0.2924.75 Mobile/14E5239e Safari/602.1"
74.7.227.14 - - [31/Oct/2025:03:58:55 +1000] "GET /1560832?path=//var/www/neptunvld.com HTTP/1.0" 200 12777 "-" "Mozilla/5.0 AppleWebKit/537.36 (KHTML, like Gecko; compatible; GPTBot/1.2; +https://openai.com/gptbot)"
47.106.221.104 - - [31/Oct/2025:03:58:56 +1000] "GET /static/js/common.js HTTP/1.0" 200 56005 "-" "Mozilla/5.0 (iPhone; CPU iPhone OS 10_3 like Mac OS X) AppleWebKit/602.1.50 (KHTML, like Gecko) CriOS/56.0.2924.75 Mobile/14E5239e Safari/602.1"
47.106.221.104 - - [31/Oct/2025:03:58:55 +1000] "POST /h5api/text-app/findPage HTTP/1.0" 200 56005 "-" "Mozilla/5.0 (iPhone; CPU iPhone OS 10_3 like Mac OS X) AppleWebKit/602.1.50 (KHTML, like Gecko) CriOS/56.0.2924.75 Mobile/14E5239e Safari/602.1"
47.106.221.104 - - [31/Oct/2025:03:58:56 +1000] "GET /static_jt/css/style.css HTTP/1.0" 200 56005 "-" "Mozilla/5.0 (iPhone; CPU iPhone OS 10_3 like Mac OS X) AppleWebKit/602.1.50 (KHTML, like Gecko) CriOS/56.0.2924.75 Mobile/14E5239e Safari/602.1"
47.106.221.104 - - [31/Oct/2025:03:58:56 +1000] "POST /index/index/detail HTTP/1.0" 200 56005 "-" "Mozilla/5.0 (iPhone; CPU iPhone OS 10_3 like Mac OS X) AppleWebKit/602.1.50 (KHTML, like Gecko) CriOS/56.0.2924.75 Mobile/14E5239e Safari/602.1"
47.106.221.104 - - [31/Oct/2025:03:58:57 +1000] "GET /js/_coolchat-commons.js HTTP/1.0" 200 56005 "-" "Mozilla/5.0 (iPhone; CPU iPhone OS 10_3 like Mac OS X) AppleWebKit/602.1.50 (KHTML, like Gecko) CriOS/56.0.2924.75 Mobile/14E5239e Safari/602.1"
47.106.221.104 - - [31/Oct/2025:03:58:56 +1000] "GET /phalapi/public/docs.php HTTP/1.0" 200 56005 "-" "Mozilla/5.0 (compatible; Baiduspider/2.0; +http://www.baidu.com/search/spider.html)"
47.106.221.104 - - [31/Oct/2025:03:58:56 +1000] "GET /api/agent?q=0 HTTP/1.0" 200 56005 "-" "Mozilla/5.0 (iPhone; CPU iPhone OS 10_3 like Mac OS X) AppleWebKit/602.1.50 (KHTML, like Gecko) CriOS/56.0.2924.75 Mobile/14E5239e Safari/602.1"
47.106.221.104 - - [31/Oct/2025:03:58:56 +1000] "GET /api/common/getVersion HTTP/1.0" 200 56005 "-" "Mozilla/5.0 (iPhone; CPU iPhone OS 10_3 like Mac OS X) AppleWebKit/602.1.50 (KHTML, like Gecko) CriOS/56.0.2924.75 Mobile/14E5239e Safari/602.1"
47.106.221.104 - - [31/Oct/2025:03:58:57 +1000] "GET /api/Index/down HTTP/1.0" 200 56005 "-" "Mozilla/5.0 (iPhone; CPU iPhone OS 10_3 like Mac OS X) AppleWebKit/602.1.50 (KHTML, like Gecko) CriOS/56.0.2924.75 Mobile/14E5239e Safari/602.1"
47.106.221.104 - - [31/Oct/2025:03:58:57 +1000] "GET /cdb/api/content/countryCode HTTP/1.0" 200 56005 "-" "Mozilla/5.0 (iPhone; CPU iPhone OS 10_3 like Mac OS X) AppleWebKit/602.1.50 (KHTML, like Gecko) CriOS/56.0.2924.75 Mobile/14E5239e Safari/602.1"
47.106.221.104 - - [31/Oct/2025:03:58:58 +1000] "GET /x_mch/src/views/user/login.html?v=1.0.0 HTTP/1.0" 200 56005 "-" "Mozilla/5.0 (iPhone; CPU iPhone OS 10_3 like Mac OS X) AppleWebKit/602.1.50 (KHTML, like Gecko) CriOS/56.0.2924.75 Mobile/14E5239e Safari/602.1"
47.106.221.104 - - [31/Oct/2025:03:58:58 +1000] "GET /static/wap/bjscDetails.html HTTP/1.0" 200 56005 "-" "Mozilla/5.0 (iPhone; CPU iPhone OS 10_3 like Mac OS X) AppleWebKit/602.1.50 (KHTML, like Gecko) CriOS/56.0.2924.75 Mobile/14E5239e Safari/602.1"
47.106.221.104 - - [31/Oct/2025:03:58:58 +1000] "GET /api/service HTTP/1.0" 200 56005 "-" "Mozilla/5.0 (iPhone; CPU iPhone OS 10_3 like Mac OS X) AppleWebKit/602.1.50 (KHTML, like Gecko) CriOS/56.0.2924.75 Mobile/14E5239e Safari/602.1"
47.106.221.104 - - [31/Oct/2025:03:58:59 +1000] "GET /api/api/site/getInfo.do HTTP/1.0" 200 56005 "-" "Mozilla/5.0 (iPhone; CPU iPhone OS 10_3 like Mac OS X) AppleWebKit/602.1.50 (KHTML, like Gecko) CriOS/56.0.2924.75 Mobile/14E5239e Safari/602.1"
47.106.221.104 - - [31/Oct/2025:03:58:59 +1000] "GET /live/getRealIP HTTP/1.0" 200 56005 "-" "Mozilla/5.0 (iPhone; CPU iPhone OS 10_3 like Mac OS X) AppleWebKit/602.1.50 (KHTML, like Gecko) CriOS/56.0.2924.75 Mobile/14E5239e Safari/602.1"
47.106.221.104 - - [31/Oct/2025:03:58:59 +1000] "GET / HTTP/1.0" 200 56005 "-" "Mozilla/5.0 (iPhone; CPU iPhone OS 10_3 like Mac OS X) AppleWebKit/602.1.50 (KHTML, like Gecko) CriOS/56.0.2924.75 Mobile/14E5239e Safari/602.1"
47.106.221.104 - - [31/Oct/2025:03:58:59 +1000] "GET /static/wap/js/3.4.3.js HTTP/1.0" 200 56005 "-" "Mozilla/5.0 (iPhone; CPU iPhone OS 10_3 like Mac OS X) AppleWebKit/602.1.50 (KHTML, like Gecko) CriOS/56.0.2924.75 Mobile/14E5239e Safari/602.1"
47.106.221.104 - - [31/Oct/2025:03:59:01 +1000] "GET /js/demo.js HTTP/1.0" 200 56005 "-" "Mozilla/5.0 (iPhone; CPU iPhone OS 10_3 like Mac OS X) AppleWebKit/602.1.50 (KHTML, like Gecko) CriOS/56.0.2924.75 Mobile/14E5239e Safari/602.1"
47.106.221.104 - - [31/Oct/2025:03:59:00 +1000] "GET /js/preload/example.txt HTTP/1.0" 200 56005 "-" "Mozilla/5.0 (iPhone; CPU iPhone OS 10_3 like Mac OS X) AppleWebKit/602.1.50 (KHTML, like Gecko) CriOS/56.0.2924.75 Mobile/14E5239e Safari/602.1"
47.106.221.104 - - [31/Oct/2025:03:59:01 +1000] "GET /member/css/bindmobile.js HTTP/1.0" 200 56005 "-" "Mozilla/5.0 (iPhone; CPU iPhone OS 10_3 like Mac OS X) AppleWebKit/602.1.50 (KHTML, like Gecko) CriOS/56.0.2924.75 Mobile/14E5239e Safari/602.1"
47.106.221.104 - - [31/Oct/2025:03:59:01 +1000] "GET /static/js/app_ex.js HTTP/1.0" 200 56005 "-" "Mozilla/5.0 (iPhone; CPU iPhone OS 10_3 like Mac OS X) AppleWebKit/602.1.50 (KHTML, like Gecko) CriOS/56.0.2924.75 Mobile/14E5239e Safari/602.1"
47.106.221.104 - - [31/Oct/2025:03:59:02 +1000] "GET /images/web/xiao_logo.png HTTP/1.0" 200 56005 "-" "Mozilla/5.0 (iPhone; CPU iPhone OS 10_3 like Mac OS X) AppleWebKit/602.1.50 (KHTML, like Gecko) CriOS/56.0.2924.75 Mobile/14E5239e Safari/602.1"
47.106.221.104 - - [31/Oct/2025:03:59:00 +1000] "GET /admin/appContent/bulletinNewsTicker HTTP/1.0" 200 56005 "-" "Mozilla/5.0 (iPhone; CPU iPhone OS 10_3 like Mac OS X) AppleWebKit/602.1.50 (KHTML, like Gecko) CriOS/56.0.2924.75 Mobile/14E5239e Safari/602.1"
47.106.221.104 - - [31/Oct/2025:03:59:01 +1000] "GET /public/message/findByType HTTP/1.0" 200 56005 "-" "Mozilla/5.0 (iPhone; CPU iPhone OS 10_3 like Mac OS X) AppleWebKit/602.1.50 (KHTML, like Gecko) CriOS/56.0.2924.75 Mobile/14E5239e Safari/602.1"
47.106.221.104 - - [31/Oct/2025:03:59:01 +1000] "GET /api/lot-lot/odds HTTP/1.0" 200 56005 "-" "Mozilla/5.0 (iPhone; CPU iPhone OS 10_3 like Mac OS X) AppleWebKit/602.1.50 (KHTML, like Gecko) CriOS/56.0.2924.75 Mobile/14E5239e Safari/602.1"
47.106.221.104 - - [31/Oct/2025:03:59:02 +1000] "GET /api/config?appKey=bxefdn&identify=logo HTTP/1.0" 200 56005 "-" "Mozilla/5.0 (iPhone; CPU iPhone OS 10_3 like Mac OS X) AppleWebKit/602.1.50 (KHTML, like Gecko) CriOS/56.0.2924.75 Mobile/14E5239e Safari/602.1"
47.106.221.104 - - [31/Oct/2025:03:59:03 +1000] "GET /static/css/search.css HTTP/1.0" 200 56005 "-" "Mozilla/5.0 (iPhone; CPU iPhone OS 10_3 like Mac OS X) AppleWebKit/602.1.50 (KHTML, like Gecko) CriOS/56.0.2924.75 Mobile/14E5239e Safari/602.1"
47.106.221.104 - - [31/Oct/2025:03:59:04 +1000] "GET /static/user/1.png HTTP/1.0" 200 56005 "-" "Mozilla/5.0 (iPhone; CPU iPhone OS 10_3 like Mac OS X) AppleWebKit/602.1.50 (KHTML, like Gecko) CriOS/56.0.2924.75 Mobile/14E5239e Safari/602.1"
47.106.221.104 - - [31/Oct/2025:03:59:02 +1000] "GET /api/api/sync HTTP/1.0" 200 56005 "-" "Mozilla/5.0 (iPhone; CPU iPhone OS 10_3 like Mac OS X) AppleWebKit/602.1.50 (KHTML, like Gecko) CriOS/56.0.2924.75 Mobile/14E5239e Safari/602.1"
47.106.221.104 - - [31/Oct/2025:03:59:02 +1000] "GET /upload_json/ HTTP/1.0" 200 56005 "-" "Mozilla/5.0 (iPhone; CPU iPhone OS 10_3 like Mac OS X) AppleWebKit/602.1.50 (KHTML, like Gecko) CriOS/56.0.2924.75 Mobile/14E5239e Safari/602.1"
47.106.221.104 - - [31/Oct/2025:03:59:03 +1000] "POST /index/login/checkPhone HTTP/1.0" 200 56005 "-" "Mozilla/5.0 (iPhone; CPU iPhone OS 10_3 like Mac OS X) AppleWebKit/602.1.50 (KHTML, like Gecko) CriOS/56.0.2924.75 Mobile/14E5239e Safari/602.1"
47.106.221.104 - - [31/Oct/2025:03:59:04 +1000] "GET /favicon.png HTTP/1.0" 200 56005 "-" "Mozilla/5.0 (iPhone; CPU iPhone OS 10_3 like Mac OS X) AppleWebKit/602.1.50 (KHTML, like Gecko) CriOS/56.0.2924.75 Mobile/14E5239e Safari/602.1"
47.106.221.104 - - [31/Oct/2025:03:59:04 +1000] "GET /Public/statics/js/iconfont.js HTTP/1.0" 200 56005 "-" "Mozilla/5.0 (iPhone; CPU iPhone OS 10_3 like Mac OS X) AppleWebKit/602.1.50 (KHTML, like Gecko) CriOS/56.0.2924.75 Mobile/14E5239e Safari/602.1"
47.106.221.104 - - [31/Oct/2025:03:59:03 +1000] "GET /api/v1/public/siteInfo HTTP/1.0" 200 56005 "-" "Mozilla/5.0 (iPhone; CPU iPhone OS 10_3 like Mac OS X) AppleWebKit/602.1.50 (KHTML, like Gecko) CriOS/56.0.2924.75 Mobile/14E5239e Safari/602.1"
47.106.221.104 - - [31/Oct/2025:03:59:05 +1000] "GET /tpd.php?qq=1 HTTP/1.0" 403 209 "-" "Mozilla/5.0 (iPhone; CPU iPhone OS 10_3 like Mac OS X) AppleWebKit/602.1.50 (KHTML, like Gecko) CriOS/56.0.2924.75 Mobile/14E5239e Safari/602.1"
47.106.221.104 - - [31/Oct/2025:03:59:05 +1000] "GET /Public/m/js/yxMobileSlider.js HTTP/1.0" 200 56005 "-" "Mozilla/5.0 (iPhone; CPU iPhone OS 10_3 like Mac OS X) AppleWebKit/602.1.50 (KHTML, like Gecko) CriOS/56.0.2924.75 Mobile/14E5239e Safari/602.1"
47.106.221.104 - - [31/Oct/2025:03:59:04 +1000] "GET /api/index/room HTTP/1.0" 200 56005 "-" "Mozilla/5.0 (iPhone; CPU iPhone OS 10_3 like Mac OS X) AppleWebKit/602.1.50 (KHTML, like Gecko) CriOS/56.0.2924.75 Mobile/14E5239e Safari/602.1"
47.106.221.104 - - [31/Oct/2025:03:59:05 +1000] "POST /api/common/huobiTicket HTTP/1.0" 200 56005 "-" "Mozilla/5.0 (iPhone; CPU iPhone OS 10_3 like Mac OS X) AppleWebKit/602.1.50 (KHTML, like Gecko) CriOS/56.0.2924.75 Mobile/14E5239e Safari/602.1"
47.106.221.104 - - [31/Oct/2025:03:59:05 +1000] "GET /api/financenews?page=1&column=cjdd HTTP/1.0" 200 56005 "-" "Mozilla/5.0 (iPhone; CPU iPhone OS 10_3 like Mac OS X) AppleWebKit/602.1.50 (KHTML, like Gecko) CriOS/56.0.2924.75 Mobile/14E5239e Safari/602.1"
47.106.221.104 - - [31/Oct/2025:03:59:05 +1000] "GET /api/pc/helper/terms HTTP/1.0" 200 56005 "-" "Mozilla/5.0 (iPhone; CPU iPhone OS 10_3 like Mac OS X) AppleWebKit/602.1.50 (KHTML, like Gecko) CriOS/56.0.2924.75 Mobile/14E5239e Safari/602.1"
47.106.221.104 - - [31/Oct/2025:03:59:07 +1000] "GET /pczs/js/trendChart.js HTTP/1.0" 200 56005 "-" "Mozilla/5.0 (iPhone; CPU iPhone OS 10_3 like Mac OS X) AppleWebKit/602.1.50 (KHTML, like Gecko) CriOS/56.0.2924.75 Mobile/14E5239e Safari/602.1"
47.106.221.104 - - [31/Oct/2025:03:59:06 +1000] "GET /room/minilogin.php HTTP/1.0" 200 56005 "-" "Mozilla/5.0 (iPhone; CPU iPhone OS 10_3 like Mac OS X) AppleWebKit/602.1.50 (KHTML, like Gecko) CriOS/56.0.2924.75 Mobile/14E5239e Safari/602.1"
47.106.221.104 - - [31/Oct/2025:03:59:06 +1000] "GET / HTTP/1.0" 200 56005 "-" "Mozilla/5.0 (iPhone; CPU iPhone OS 10_3 like Mac OS X) AppleWebKit/602.1.50 (KHTML, like Gecko) CriOS/56.0.2924.75 Mobile/14E5239e Safari/602.1"
47.106.221.104 - - [31/Oct/2025:03:59:07 +1000] "GET /getGoogleKey HTTP/1.0" 200 56005 "-" "Mozilla/5.0 (iPhone; CPU iPhone OS 10_3 like Mac OS X) AppleWebKit/602.1.50 (KHTML, like Gecko) CriOS/56.0.2924.75 Mobile/14E5239e Safari/602.1"
47.106.221.104 - - [31/Oct/2025:03:59:07 +1000] "POST /invest HTTP/1.0" 200 56005 "-" "Mozilla/5.0 (iPhone; CPU iPhone OS 10_3 like Mac OS X) AppleWebKit/602.1.50 (KHTML, like Gecko) CriOS/56.0.2924.75 Mobile/14E5239e Safari/602.1"
47.106.221.104 - - [31/Oct/2025:03:59:08 +1000] "GET /api/exclude/siteConfig/webSiteConfig HTTP/1.0" 200 56005 "-" "okhttp/3.14.9"
47.106.221.104 - - [31/Oct/2025:03:59:08 +1000] "GET /static/images/wallet_manage_trc_usdt.svg HTTP/1.0" 200 56005 "-" "Mozilla/5.0 (iPhone; CPU iPhone OS 10_3 like Mac OS X) AppleWebKit/602.1.50 (KHTML, like Gecko) CriOS/56.0.2924.75 Mobile/14E5239e Safari/602.1"
47.106.221.104 - - [31/Oct/2025:03:59:08 +1000] "GET /api/riskConfig/getRiskConfigMap HTTP/1.0" 200 56005 "-" "Mozilla/5.0 (iPhone; CPU iPhone OS 10_3 like Mac OS X) AppleWebKit/602.1.50 (KHTML, like Gecko) CriOS/56.0.2924.75 Mobile/14E5239e Safari/602.1"
47.106.221.104 - - [31/Oct/2025:03:59:10 +1000] "GET /js/room.js HTTP/1.0" 200 56005 "-" "Mozilla/5.0 (iPhone; CPU iPhone OS 10_3 like Mac OS X) AppleWebKit/602.1.50 (KHTML, like Gecko) CriOS/56.0.2924.75 Mobile/14E5239e Safari/602.1"
74.7.227.14 - - [31/Oct/2025:03:59:09 +1000] "GET /1534720?path=//mnt HTTP/1.0" 200 13969 "-" "Mozilla/5.0 AppleWebKit/537.36 (KHTML, like Gecko; compatible; GPTBot/1.2; +https://openai.com/gptbot)"
47.106.221.104 - - [31/Oct/2025:03:59:09 +1000] "POST /home/user/zs HTTP/1.0" 200 56005 "-" "Mozilla/5.0 (iPhone; CPU iPhone OS 10_3 like Mac OS X) AppleWebKit/602.1.50 (KHTML, like Gecko) CriOS/56.0.2924.75 Mobile/14E5239e Safari/602.1"
47.106.221.104 - - [31/Oct/2025:03:59:10 +1000] "GET /static/js/main.js HTTP/1.0" 200 56005 "-" "Mozilla/5.0 (iPhone; CPU iPhone OS 10_3 like Mac OS X) AppleWebKit/602.1.50 (KHTML, like Gecko) CriOS/56.0.2924.75 Mobile/14E5239e Safari/602.1"
47.106.221.104 - - [31/Oct/2025:03:59:09 +1000] "GET /index/user/main.html HTTP/1.0" 200 56005 "-" "Mozilla/5.0 (iPhone; CPU iPhone OS 10_3 like Mac OS X) AppleWebKit/602.1.50 (KHTML, like Gecko) CriOS/56.0.2924.75 Mobile/14E5239e Safari/602.1"
47.106.221.104 - - [31/Oct/2025:03:59:09 +1000] "GET /api/user/getconfig HTTP/1.0" 200 56005 "-" "Mozilla/5.0 (iPhone; CPU iPhone OS 10_3 like Mac OS X) AppleWebKit/602.1.50 (KHTML, like Gecko) CriOS/56.0.2924.75 Mobile/14E5239e Safari/602.1"
47.106.221.104 - - [31/Oct/2025:03:59:10 +1000] "POST /apii/home/user/zs HTTP/1.0" 200 56005 "-" "Mozilla/5.0 (iPhone; CPU iPhone OS 10_3 like Mac OS X) AppleWebKit/602.1.50 (KHTML, like Gecko) CriOS/56.0.2924.75 Mobile/14E5239e Safari/602.1"
47.106.221.104 - - [31/Oct/2025:03:59:11 +1000] "GET /static/icon.png HTTP/1.0" 200 56005 "-" "Mozilla/5.0 (iPhone; CPU iPhone OS 10_3 like Mac OS X) AppleWebKit/602.1.50 (KHTML, like Gecko) CriOS/56.0.2924.75 Mobile/14E5239e Safari/602.1"
47.106.221.104 - - [31/Oct/2025:03:59:11 +1000] "GET /contract/info/1 HTTP/1.0" 200 56005 "-" "Mozilla/5.0 (iPhone; CPU iPhone OS 10_3 like Mac OS X) AppleWebKit/602.1.50 (KHTML, like Gecko) CriOS/56.0.2924.75 Mobile/14E5239e Safari/602.1"
47.106.221.104 - - [31/Oct/2025:03:59:11 +1000] "GET /setting/global HTTP/1.0" 200 56005 "-" "Mozilla/5.0 (iPhone; CPU iPhone OS 10_3 like Mac OS X) AppleWebKit/602.1.50 (KHTML, like Gecko) CriOS/56.0.2924.75 Mobile/14E5239e Safari/602.1"
47.106.221.104 - - [31/Oct/2025:03:59:11 +1000] "GET /api/stock/getDzList.do HTTP/1.0" 200 56005 "-" "Mozilla/5.0 (iPhone; CPU iPhone OS 10_3 like Mac OS X) AppleWebKit/602.1.50 (KHTML, like Gecko) CriOS/56.0.2924.75 Mobile/14E5239e Safari/602.1"
47.106.221.104 - - [31/Oct/2025:03:59:11 +1000] "GET /api/common/getCurrencyFee HTTP/1.0" 200 56005 "-" "Mozilla/5.0 (iPhone; CPU iPhone OS 10_3 like Mac OS X) AppleWebKit/602.1.50 (KHTML, like Gecko) CriOS/56.0.2924.75 Mobile/14E5239e Safari/602.1"
47.106.221.104 - - [31/Oct/2025:03:59:11 +1000] "POST /prod-api/app/custServerInfo HTTP/1.0" 200 56005 "-" "Mozilla/5.0 (iPhone; CPU iPhone OS 10_3 like Mac OS X) AppleWebKit/602.1.50 (KHTML, like Gecko) CriOS/56.0.2924.75 Mobile/14E5239e Safari/602.1"
47.106.221.104 - - [31/Oct/2025:03:59:12 +1000] "GET /call/call.php HTTP/1.0" 200 56005 "-" "Mozilla/5.0 (iPhone; CPU iPhone OS 10_3 like Mac OS X) AppleWebKit/602.1.50 (KHTML, like Gecko) CriOS/56.0.2924.75 Mobile/14E5239e Safari/602.1"
47.106.221.104 - - [31/Oct/2025:03:59:12 +1000] "GET /info/putUpload?a=1 HTTP/1.0" 200 56005 "-" "Mozilla/5.0 (iPhone; CPU iPhone OS 10_3 like Mac OS X) AppleWebKit/602.1.50 (KHTML, like Gecko) CriOS/56.0.2924.75 Mobile/14E5239e Safari/602.1"
74.7.227.14 - - [31/Oct/2025:03:59:20 +1000] "GET /1490752?fileloc=//bin/peardev&path=//bin HTTP/1.0" 200 12692 "-" "Mozilla/5.0 AppleWebKit/537.36 (KHTML, like Gecko; compatible; GPTBot/1.2; +https://openai.com/gptbot)"
74.7.227.14 - - [31/Oct/2025:03:59:45 +1000] "GET /1038976?path=//srv HTTP/1.0" 200 12685 "-" "Mozilla/5.0 AppleWebKit/537.36 (KHTML, like Gecko; compatible; GPTBot/1.2; +https://openai.com/gptbot)"
74.7.227.14 - - [31/Oct/2025:04:00:09 +1000] "GET /1424096?path=//srv HTTP/1.0" 200 12685 "-" "Mozilla/5.0 AppleWebKit/537.36 (KHTML, like Gecko; compatible; GPTBot/1.2; +https://openai.com/gptbot)"
74.7.227.14 - - [31/Oct/2025:04:00:20 +1000] "GET /1520464?fileloc=//bin/xzcat&path=//bin HTTP/1.0" 200 120276 "-" "Mozilla/5.0 AppleWebKit/537.36 (KHTML, like Gecko; compatible; GPTBot/1.2; +https://openai.com/gptbot)"
74.7.227.14 - - [31/Oct/2025:04:00:32 +1000] "GET /1520464?fileloc=//bin/geqn&path=//bin HTTP/1.0" 200 230300 "-" "Mozilla/5.0 AppleWebKit/537.36 (KHTML, like Gecko; compatible; GPTBot/1.2; +https://openai.com/gptbot)"
74.7.227.14 - - [31/Oct/2025:04:00:41 +1000] "GET /1550784?path=//lib HTTP/1.0" 200 57151 "-" "Mozilla/5.0 AppleWebKit/537.36 (KHTML, like Gecko; compatible; GPTBot/1.2; +https://openai.com/gptbot)"
74.7.227.14 - - [31/Oct/2025:04:00:49 +1000] "GET /1425648?path=//lib HTTP/1.0" 200 57151 "-" "Mozilla/5.0 AppleWebKit/537.36 (KHTML, like Gecko; compatible; GPTBot/1.2; +https://openai.com/gptbot)"
74.7.227.14 - - [31/Oct/2025:04:00:57 +1000] "GET /1524832?path=//bin HTTP/1.0" 200 1403267 "-" "Mozilla/5.0 AppleWebKit/537.36 (KHTML, like Gecko; compatible; GPTBot/1.2; +https://openai.com/gptbot)"
212.16.195.25 - - [31/Oct/2025:04:01:03 +1000] "GET / HTTP/1.0" 200 56005 "http://212.16.195.25" "Mozilla/5.0 (X11; Linux x86_64) AppleWebKit/537.36 (KHTML, like Gecko) Chrome/44.0.2403.157 Safari/537.36"
74.7.227.14 - - [31/Oct/2025:04:01:11 +1000] "GET /1069632?path=//run HTTP/1.0" 200 73709 "-" "Mozilla/5.0 AppleWebKit/537.36 (KHTML, like Gecko; compatible; GPTBot/1.2; +https://openai.com/gptbot)"
95.108.213.195 - - [31/Oct/2025:04:01:17 +1000] "GET /462763088?shopdetail=0462218224 HTTP/1.0" 200 56005 "-" "Mozilla/5.0 (compatible; YandexBot/3.0; +http://yandex.com/bots)"
74.7.227.14 - - [31/Oct/2025:04:01:34 +1000] "GET /1520464?fileloc=//bin/kdumpctl&path=//bin HTTP/1.0" 200 50481 "-" "Mozilla/5.0 AppleWebKit/537.36 (KHTML, like Gecko; compatible; GPTBot/1.2; +https://openai.com/gptbot)"
74.7.227.14 - - [31/Oct/2025:04:01:46 +1000] "GET /1320640?path=//usr HTTP/1.0" 200 28121 "-" "Mozilla/5.0 AppleWebKit/537.36 (KHTML, like Gecko; compatible; GPTBot/1.2; +https://openai.com/gptbot)"
74.7.227.14 - - [31/Oct/2025:04:01:54 +1000] "GET /1520464?fileloc=//bin/sim_client&path=//bin HTTP/1.0" 200 30830 "-" "Mozilla/5.0 AppleWebKit/537.36 (KHTML, like Gecko; compatible; GPTBot/1.2; +https://openai.com/gptbot)"
74.7.227.14 - - [31/Oct/2025:04:02:04 +1000] "GET /1487216?path=//usr HTTP/1.0" 200 28121 "-" "Mozilla/5.0 AppleWebKit/537.36 (KHTML, like Gecko; compatible; GPTBot/1.2; +https://openai.com/gptbot)"
74.7.227.14 - - [31/Oct/2025:04:02:12 +1000] "GET /1196704?path=//lib HTTP/1.0" 200 57151 "-" "Mozilla/5.0 AppleWebKit/537.36 (KHTML, like Gecko; compatible; GPTBot/1.2; +https://openai.com/gptbot)"
74.7.227.14 - - [31/Oct/2025:04:02:19 +1000] "GET /1042736?path=//run HTTP/1.0" 200 73709 "-" "Mozilla/5.0 AppleWebKit/537.36 (KHTML, like Gecko; compatible; GPTBot/1.2; +https://openai.com/gptbot)"
74.7.227.14 - - [31/Oct/2025:04:02:27 +1000] "GET /1532640?path=//sys HTTP/1.0" 200 26873 "-" "Mozilla/5.0 AppleWebKit/537.36 (KHTML, like Gecko; compatible; GPTBot/1.2; +https://openai.com/gptbot)"
66.249.75.70 - - [31/Oct/2025:04:02:36 +1000] "GET /25897104?shopdetail=0025867412 HTTP/1.0" 200 206123 "-" "Mozilla/5.0 (Linux; Android 6.0.1; Nexus 5X Build/MMB29P) AppleWebKit/537.36 (KHTML, like Gecko) Chrome/141.0.7390.122 Mobile Safari/537.36 (compatible; GoogleOther)"
74.7.227.14 - - [31/Oct/2025:04:02:37 +1000] "GET /1277936?path=//run HTTP/1.0" 200 73709 "-" "Mozilla/5.0 AppleWebKit/537.36 (KHTML, like Gecko; compatible; GPTBot/1.2; +https://openai.com/gptbot)"
74.7.227.14 - - [31/Oct/2025:04:02:49 +1000] "GET /1083952?path=//run HTTP/1.0" 200 73709 "-" "Mozilla/5.0 AppleWebKit/537.36 (KHTML, like Gecko; compatible; GPTBot/1.2; +https://openai.com/gptbot)"
74.7.227.14 - - [31/Oct/2025:04:03:01 +1000] "GET /1408320?path=//lib HTTP/1.0" 200 57151 "-" "Mozilla/5.0 AppleWebKit/537.36 (KHTML, like Gecko; compatible; GPTBot/1.2; +https://openai.com/gptbot)"
43.131.23.154 - - [31/Oct/2025:04:03:07 +1000] "GET /index...?fileloc=/home/region-gk.ru/data/www/new.region-gk.ru/zlbpq.php&path=/home/region-gk.ru/data/www/new.region-gk.ru HTTP/1.0" 200 45028 "-" "Mozilla/5.0 (iPhone; CPU iPhone OS 13_2_3 like Mac OS X) AppleWebKit/605.1.15 (KHTML, like Gecko) Version/13.0.3 Mobile/15E148 Safari/604.1"
74.7.227.14 - - [31/Oct/2025:04:03:11 +1000] "GET /1524832?fileloc=//bin/mount&path=//bin HTTP/1.0" 200 70536 "-" "Mozilla/5.0 AppleWebKit/537.36 (KHTML, like Gecko; compatible; GPTBot/1.2; +https://openai.com/gptbot)"
74.7.227.14 - - [31/Oct/2025:04:03:20 +1000] "GET /1524832?fileloc=//bin/xrefresh&path=//bin HTTP/1.0" 200 26566 "-" "Mozilla/5.0 AppleWebKit/537.36 (KHTML, like Gecko; compatible; GPTBot/1.2; +https://openai.com/gptbot)"
74.7.227.14 - - [31/Oct/2025:04:03:29 +1000] "GET /1436480?path=//lib HTTP/1.0" 200 57151 "-" "Mozilla/5.0 AppleWebKit/537.36 (KHTML, like Gecko; compatible; GPTBot/1.2; +https://openai.com/gptbot)"
81.167.26.57 - - [31/Oct/2025:04:03:30 +1000] "GET /news/novost-test-%E2%84%96-2/?fileloc=/home/region-gk.ru/data/.bash_logout&path=/home/region-gk.ru/data HTTP/1.0" 200 12411 "-" "Mozilla/5.0 (compatible; MJ12bot/v1.4.8; http://mj12bot.com/)"
81.167.26.57 - - [31/Oct/2025:04:03:35 +1000] "GET /news/novost-test-%E2%84%96-2/?fileloc=/home/region-gk.ru/data/www/new.region-gk.ru/wp-content/languages/ru_RU-1780a2033cf98d69ce13c2e5c8510004.json&path=/home/region-gk.ru/data/www/new.region-gk.ru/wp-content/languages HTTP/1.0" 200 15242 "-" "Mozilla/5.0 (compatible; MJ12bot/v1.4.8; http://mj12bot.com/)"
74.7.227.14 - - [31/Oct/2025:04:03:39 +1000] "GET /1421376?path=//usr HTTP/1.0" 200 28121 "-" "Mozilla/5.0 AppleWebKit/537.36 (KHTML, like Gecko; compatible; GPTBot/1.2; +https://openai.com/gptbot)"
81.167.26.57 - - [31/Oct/2025:04:03:41 +1000] "GET /news/novost-test-%E2%84%96-2/?fileloc=/home/region-gk.ru/data/www/new.region-gk.ru/wp-content/uploads/woocommerce-placeholder-330x206.png&path=/home/region-gk.ru/data/www/new.region-gk.ru/wp-content/uploads HTTP/1.0" 200 37904 "-" "Mozilla/5.0 (compatible; MJ12bot/v1.4.8; http://mj12bot.com/)"
74.7.227.14 - - [31/Oct/2025:04:03:47 +1000] "GET /1524832?fileloc=//bin/gneqn&path=//bin HTTP/1.0" 200 12568 "-" "Mozilla/5.0 AppleWebKit/537.36 (KHTML, like Gecko; compatible; GPTBot/1.2; +https://openai.com/gptbot)"
74.7.227.14 - - [31/Oct/2025:04:03:56 +1000] "GET /1524832?fileloc=//bin/aria_pack&path=//bin HTTP/1.0" 200 6143539 "-" "Mozilla/5.0 AppleWebKit/537.36 (KHTML, like Gecko; compatible; GPTBot/1.2; +https://openai.com/gptbot)"
74.7.227.14 - - [31/Oct/2025:04:04:40 +1000] "GET /1373456?path=//usr HTTP/1.0" 200 28121 "-" "Mozilla/5.0 AppleWebKit/537.36 (KHTML, like Gecko; compatible; GPTBot/1.2; +https://openai.com/gptbot)"
74.7.227.14 - - [31/Oct/2025:04:04:50 +1000] "GET /1277936?path=//run/vmware HTTP/1.0" 200 12725 "-" "Mozilla/5.0 AppleWebKit/537.36 (KHTML, like Gecko; compatible; GPTBot/1.2; +https://openai.com/gptbot)"
74.7.227.14 - - [31/Oct/2025:04:04:58 +1000] "GET /1095744?path=//lib HTTP/1.0" 200 57151 "-" "Mozilla/5.0 AppleWebKit/537.36 (KHTML, like Gecko; compatible; GPTBot/1.2; +https://openai.com/gptbot)"
74.7.227.14 - - [31/Oct/2025:04:05:06 +1000] "GET /1175840?path=//run HTTP/1.0" 200 73709 "-" "Mozilla/5.0 AppleWebKit/537.36 (KHTML, like Gecko; compatible; GPTBot/1.2; +https://openai.com/gptbot)"
74.7.227.14 - - [31/Oct/2025:04:05:16 +1000] "GET /1055632?path=//bin HTTP/1.0" 200 1403267 "-" "Mozilla/5.0 AppleWebKit/537.36 (KHTML, like Gecko; compatible; GPTBot/1.2; +https://openai.com/gptbot)"
74.7.227.14 - - [31/Oct/2025:04:05:25 +1000] "GET /1463856?path=//srv HTTP/1.0" 200 12685 "-" "Mozilla/5.0 AppleWebKit/537.36 (KHTML, like Gecko; compatible; GPTBot/1.2; +https://openai.com/gptbot)"
74.7.227.14 - - [31/Oct/2025:04:05:36 +1000] "GET /1400736?path=//usr HTTP/1.0" 200 28121 "-" "Mozilla/5.0 AppleWebKit/537.36 (KHTML, like Gecko; compatible; GPTBot/1.2; +https://openai.com/gptbot)"
74.7.227.14 - - [31/Oct/2025:04:05:47 +1000] "GET /1227360?path=//usr HTTP/1.0" 200 28121 "-" "Mozilla/5.0 AppleWebKit/537.36 (KHTML, like Gecko; compatible; GPTBot/1.2; +https://openai.com/gptbot)"
74.7.227.14 - - [31/Oct/2025:04:05:55 +1000] "GET /1470560?path=//lib HTTP/1.0" 200 57151 "-" "Mozilla/5.0 AppleWebKit/537.36 (KHTML, like Gecko; compatible; GPTBot/1.2; +https://openai.com/gptbot)"
74.7.227.14 - - [31/Oct/2025:04:06:06 +1000] "GET /1510832?path=//usr HTTP/1.0" 200 28121 "-" "Mozilla/5.0 AppleWebKit/537.36 (KHTML, like Gecko; compatible; GPTBot/1.2; +https://openai.com/gptbot)"
74.7.227.14 - - [31/Oct/2025:04:06:19 +1000] "GET /1209760?path=//lib HTTP/1.0" 200 57151 "-" "Mozilla/5.0 AppleWebKit/537.36 (KHTML, like Gecko; compatible; GPTBot/1.2; +https://openai.com/gptbot)"
74.7.227.14 - - [31/Oct/2025:04:06:27 +1000] "GET /1390720?path=//bin HTTP/1.0" 200 1403267 "-" "Mozilla/5.0 AppleWebKit/537.36 (KHTML, like Gecko; compatible; GPTBot/1.2; +https://openai.com/gptbot)"
74.7.227.14 - - [31/Oct/2025:04:06:39 +1000] "GET /1409584?path=//run HTTP/1.0" 200 73709 "-" "Mozilla/5.0 AppleWebKit/537.36 (KHTML, like Gecko; compatible; GPTBot/1.2; +https://openai.com/gptbot)"
74.7.227.14 - - [31/Oct/2025:04:06:50 +1000] "GET /1486208?path=//lib HTTP/1.0" 200 57151 "-" "Mozilla/5.0 AppleWebKit/537.36 (KHTML, like Gecko; compatible; GPTBot/1.2; +https://openai.com/gptbot)"
74.7.227.14 - - [31/Oct/2025:04:07:12 +1000] "GET /1159376?path=//lib HTTP/1.0" 200 57151 "-" "Mozilla/5.0 AppleWebKit/537.36 (KHTML, like Gecko; compatible; GPTBot/1.2; +https://openai.com/gptbot)"
81.167.26.57 - - [31/Oct/2025:04:07:23 +1000] "GET /news/novost-test-%E2%84%96-2/?fileloc=/home/region-gk.ru/data/www/new.region-gk.ru/wp-includes/default-constants.php&path=/home/region-gk.ru/data/www/new.region-gk.ru/wp-includes HTTP/1.0" 200 25647 "-" "Mozilla/5.0 (compatible; MJ12bot/v1.4.8; http://mj12bot.com/)"
74.7.227.14 - - [31/Oct/2025:04:07:25 +1000] "GET /1055632?fileloc=//bin/xstdcmap&path=//bin HTTP/1.0" 200 31837 "-" "Mozilla/5.0 AppleWebKit/537.36 (KHTML, like Gecko; compatible; GPTBot/1.2; +https://openai.com/gptbot)"
81.167.26.57 - - [31/Oct/2025:04:07:29 +1000] "GET /news/novost-test-%E2%84%96-2/?fileloc=/home/region-gk.ru/data/www/new.region-gk.ru/wp-includes/default-filters.php&path=/home/region-gk.ru/data/www/new.region-gk.ru/wp-includes HTTP/1.0" 200 59091 "-" "Mozilla/5.0 (compatible; MJ12bot/v1.4.8; http://mj12bot.com/)"
81.167.26.57 - - [31/Oct/2025:04:07:35 +1000] "GET /news/novost-test-%E2%84%96-2/?fileloc=/home/region-gk.ru/data/www/new.region-gk.ru/wp-includes/default-widgets.php&path=/home/region-gk.ru/data/www/new.region-gk.ru/wp-includes HTTP/1.0" 200 15180 "-" "Mozilla/5.0 (compatible; MJ12bot/v1.4.8; http://mj12bot.com/)"
74.7.227.14 - - [31/Oct/2025:04:07:38 +1000] "GET /1055632?fileloc=//bin/db_stat&path=//bin HTTP/1.0" 200 32476 "-" "Mozilla/5.0 AppleWebKit/537.36 (KHTML, like Gecko; compatible; GPTBot/1.2; +https://openai.com/gptbot)"
81.167.26.57 - - [31/Oct/2025:04:07:41 +1000] "GET /news/novost-test-%E2%84%96-2/?fileloc=/home/region-gk.ru/data/www/new.region-gk.ru/wp-includes/deprecated.php&path=/home/region-gk.ru/data/www/new.region-gk.ru/wp-includes HTTP/1.0" 200 223832 "-" "Mozilla/5.0 (compatible; MJ12bot/v1.4.8; http://mj12bot.com/)"
81.167.26.57 - - [31/Oct/2025:04:07:48 +1000] "GET /news/novost-test-%E2%84%96-2/?fileloc=/home/region-gk.ru/data/www/new.region-gk.ru/wp-includes/embed-template.php&path=/home/region-gk.ru/data/www/new.region-gk.ru/wp-includes HTTP/1.0" 200 13027 "-" "Mozilla/5.0 (compatible; MJ12bot/v1.4.8; http://mj12bot.com/)"
74.7.227.14 - - [31/Oct/2025:04:07:53 +1000] "GET /1055632?fileloc=//bin/autom4te&path=//bin HTTP/1.0" 200 47807 "-" "Mozilla/5.0 AppleWebKit/537.36 (KHTML, like Gecko; compatible; GPTBot/1.2; +https://openai.com/gptbot)"
81.167.26.57 - - [31/Oct/2025:04:07:54 +1000] "GET /news/novost-test-%E2%84%96-2/?fileloc=/home/region-gk.ru/data/www/new.region-gk.ru/wp-includes/embed.php&path=/home/region-gk.ru/data/www/new.region-gk.ru/wp-includes HTTP/1.0" 200 55488 "-" "Mozilla/5.0 (compatible; MJ12bot/v1.4.8; http://mj12bot.com/)"
81.167.26.57 - - [31/Oct/2025:04:08:02 +1000] "GET /news/novost-test-%E2%84%96-2/?fileloc=/home/region-gk.ru/data/www/new.region-gk.ru/wp-includes/error-protection.php&path=/home/region-gk.ru/data/www/new.region-gk.ru/wp-includes HTTP/1.0" 200 17158 "-" "Mozilla/5.0 (compatible; MJ12bot/v1.4.8; http://mj12bot.com/)"
74.7.227.14 - - [31/Oct/2025:04:08:06 +1000] "GET /1055632?fileloc=//bin/renice&path=//bin HTTP/1.0" 200 26915 "-" "Mozilla/5.0 AppleWebKit/537.36 (KHTML, like Gecko; compatible; GPTBot/1.2; +https://openai.com/gptbot)"
66.249.76.164 - - [31/Oct/2025:04:08:02 +1000] "GET /sf/new_products/00/0/ HTTP/1.0" 200 203536 "-" "Mozilla/5.0 (Linux; Android 6.0.1; Nexus 5X Build/MMB29P) AppleWebKit/537.36 (KHTML, like Gecko) Chrome/141.0.7390.122 Mobile Safari/537.36 (compatible; GoogleOther)"
81.167.26.57 - - [31/Oct/2025:04:08:08 +1000] "GET /news/novost-test-%E2%84%96-2/?fileloc=/home/region-gk.ru/data/www/new.region-gk.ru/wp-includes/feed-atom-comments.php&path=/home/region-gk.ru/data/www/new.region-gk.ru/wp-includes HTTP/1.0" 200 19642 "-" "Mozilla/5.0 (compatible; MJ12bot/v1.4.8; http://mj12bot.com/)"
81.167.26.57 - - [31/Oct/2025:04:08:15 +1000] "GET /news/novost-test-%E2%84%96-2/?fileloc=/home/region-gk.ru/data/www/new.region-gk.ru/wp-includes/feed-atom.php&path=/home/region-gk.ru/data/www/new.region-gk.ru/wp-includes HTTP/1.0" 200 16857 "-" "Mozilla/5.0 (compatible; MJ12bot/v1.4.8; http://mj12bot.com/)"
74.7.227.14 - - [31/Oct/2025:04:08:15 +1000] "GET /1486208?path=//lib/sse2 HTTP/1.0" 200 12721 "-" "Mozilla/5.0 AppleWebKit/537.36 (KHTML, like Gecko; compatible; GPTBot/1.2; +https://openai.com/gptbot)"
81.167.26.57 - - [31/Oct/2025:04:08:21 +1000] "GET /news/novost-test-%E2%84%96-2/?fileloc=/home/region-gk.ru/data/www/new.region-gk.ru/wp-includes/feed-rdf.php&path=/home/region-gk.ru/data/www/new.region-gk.ru/wp-includes HTTP/1.0" 200 16113 "-" "Mozilla/5.0 (compatible; MJ12bot/v1.4.8; http://mj12bot.com/)"
74.7.227.14 - - [31/Oct/2025:04:08:26 +1000] "GET /1055632?fileloc=//bin/nl-link-set&path=//bin HTTP/1.0" 200 26689 "-" "Mozilla/5.0 AppleWebKit/537.36 (KHTML, like Gecko; compatible; GPTBot/1.2; +https://openai.com/gptbot)"
81.167.26.57 - - [31/Oct/2025:04:08:26 +1000] "GET /news/novost-test-%E2%84%96-2/?fileloc=/home/region-gk.ru/data/www/new.region-gk.ru/wp-includes/feed-rss.php&path=/home/region-gk.ru/data/www/new.region-gk.ru/wp-includes HTTP/1.0" 200 14243 "-" "Mozilla/5.0 (compatible; MJ12bot/v1.4.8; http://mj12bot.com/)"
81.167.26.57 - - [31/Oct/2025:04:08:31 +1000] "GET /news/novost-test-%E2%84%96-2/?fileloc=/home/region-gk.ru/data/www/new.region-gk.ru/wp-includes/feed-rss2-comments.php&path=/home/region-gk.ru/data/www/new.region-gk.ru/wp-includes HTTP/1.0" 200 17640 "-" "Mozilla/5.0 (compatible; MJ12bot/v1.4.8; http://mj12bot.com/)"
74.7.227.14 - - [31/Oct/2025:04:08:33 +1000] "GET /1390720?fileloc=//bin/vmhgfs-fuse&path=//bin HTTP/1.0" 200 90102 "-" "Mozilla/5.0 AppleWebKit/537.36 (KHTML, like Gecko; compatible; GPTBot/1.2; +https://openai.com/gptbot)"
81.167.26.57 - - [31/Oct/2025:04:08:36 +1000] "GET /news/novost-test-%E2%84%96-2/?fileloc=/home/region-gk.ru/data/www/new.region-gk.ru/wp-includes/feed.php&path=/home/region-gk.ru/data/www/new.region-gk.ru/wp-includes HTTP/1.0" 200 38264 "-" "Mozilla/5.0 (compatible; MJ12bot/v1.4.8; http://mj12bot.com/)"
81.167.26.57 - - [31/Oct/2025:04:08:41 +1000] "GET /news/novost-test-%E2%84%96-2/?fileloc=/home/region-gk.ru/data/www/new.region-gk.ru/wp-includes/fonts.php&path=/home/region-gk.ru/data/www/new.region-gk.ru/wp-includes HTTP/1.0" 200 23195 "-" "Mozilla/5.0 (compatible; MJ12bot/v1.4.8; http://mj12bot.com/)"
74.7.227.14 - - [31/Oct/2025:04:08:44 +1000] "GET /1510832?path=//usr/src HTTP/1.0" 200 15327 "-" "Mozilla/5.0 AppleWebKit/537.36 (KHTML, like Gecko; compatible; GPTBot/1.2; +https://openai.com/gptbot)"
81.167.26.57 - - [31/Oct/2025:04:08:47 +1000] "GET /news/novost-test-%E2%84%96-2/?fileloc=/home/region-gk.ru/data/www/new.region-gk.ru/wp-includes/fonts/class-wp-font-collection.php&path=/home/region-gk.ru/data/www/new.region-gk.ru/wp-includes/fonts HTTP/1.0" 200 22783 "-" "Mozilla/5.0 (compatible; MJ12bot/v1.4.8; http://mj12bot.com/)"
81.167.26.57 - - [31/Oct/2025:04:08:52 +1000] "GET /news/novost-test-%E2%84%96-2/?fileloc=/home/region-gk.ru/data/www/new.region-gk.ru/wp-includes/fonts/class-wp-font-face-resolver.php&path=/home/region-gk.ru/data/www/new.region-gk.ru/wp-includes/fonts HTTP/1.0" 200 18819 "-" "Mozilla/5.0 (compatible; MJ12bot/v1.4.8; http://mj12bot.com/)"
74.7.227.14 - - [31/Oct/2025:04:08:53 +1000] "GET /1390720?fileloc=//bin/c89&path=//bin HTTP/1.0" 200 12546 "-" "Mozilla/5.0 AppleWebKit/537.36 (KHTML, like Gecko; compatible; GPTBot/1.2; +https://openai.com/gptbot)"
66.249.75.70 - - [31/Oct/2025:04:08:55 +1000] "GET /117270256?shopdetail=0117132814 HTTP/1.0" 200 201050 "-" "Mozilla/5.0 (Linux; Android 6.0.1; Nexus 5X Build/MMB29P) AppleWebKit/537.36 (KHTML, like Gecko) Chrome/141.0.7390.122 Mobile Safari/537.36 (compatible; GoogleOther)"
81.167.26.57 - - [31/Oct/2025:04:08:58 +1000] "GET /news/novost-test-%E2%84%96-2/?fileloc=/home/region-gk.ru/data/www/new.region-gk.ru/wp-includes/fonts/class-wp-font-face.php&path=/home/region-gk.ru/data/www/new.region-gk.ru/wp-includes/fonts HTTP/1.0" 200 24530 "-" "Mozilla/5.0 (compatible; MJ12bot/v1.4.8; http://mj12bot.com/)"
94.154.35.236 - - [31/Oct/2025:04:09:02 +1000] "GET /bitrix.zip HTTP/1.0" 200 56005 "-" "Mozilla/5.0 (Windows NT 10.0; Win64; x64) AppleWebKit/537.36 (KHTML, like Gecko) Chrome/101.0.4951.67 Safari/537.36"
81.167.26.57 - - [31/Oct/2025:04:09:03 +1000] "GET /news/novost-test-%E2%84%96-2/?fileloc=/home/region-gk.ru/data/www/new.region-gk.ru/wp-includes/fonts/class-wp-font-library.php&path=/home/region-gk.ru/data/www/new.region-gk.ru/wp-includes/fonts HTTP/1.0" 200 16368 "-" "Mozilla/5.0 (compatible; MJ12bot/v1.4.8; http://mj12bot.com/)"
74.7.227.14 - - [31/Oct/2025:04:09:05 +1000] "GET /1055632?fileloc=//bin/pango-querymodules-64&path=//bin HTTP/1.0" 200 52073 "-" "Mozilla/5.0 AppleWebKit/537.36 (KHTML, like Gecko; compatible; GPTBot/1.2; +https://openai.com/gptbot)"
