156.244.32.75 - - [31/Oct/2025:05:36:23 +1000] "GET /DDtnRnqoWvIsm47tXa.PHP HTTP/1.0" 403 224 "-" "Mozilla/5.0 (Macintosh; Intel Mac OS X 10_15_7) AppleWebKit/605.1.15 (KHTML, like Gecko) Version/17.3 Safari/605.1.15"
156.244.32.75 - - [31/Oct/2025:05:36:25 +1000] "GET /1Tezj3Qfs7u1W5qWXWk.PHP HTTP/1.0" 403 225 "-" "Mozilla/5.0 (Macintosh; Intel Mac OS X 10_15_7) AppleWebKit/605.1.15 (KHTML, like Gecko) Version/17.3 Safari/605.1.15"
156.244.32.75 - - [31/Oct/2025:05:36:28 +1000] "GET /alfa-rex.PHP HTTP/1.0" 403 214 "-" "Mozilla/5.0 (Macintosh; Intel Mac OS X 10_15_7) AppleWebKit/605.1.15 (KHTML, like Gecko) Version/17.3 Safari/605.1.15"
74.7.227.14 - - [31/Oct/2025:05:36:28 +1000] "GET /1285776?path=//srv HTTP/1.0" 200 12685 "-" "Mozilla/5.0 AppleWebKit/537.36 (KHTML, like Gecko; compatible; GPTBot/1.2; +https://openai.com/gptbot)"
209.141.54.165 - - [31/Oct/2025:05:36:31 +1000] "GET /wp-login.php HTTP/1.0" 200 56005 "https://www.bing.com/" "Mozilla/5.0 (Macintosh; Intel Mac OS X 10_15_7) AppleWebKit/605.1.15 (KHTML, like Gecko) Version/16.6 Safari/605.1.15"
156.244.32.75 - - [31/Oct/2025:05:36:31 +1000] "GET /A4lneeyukVi4AXzoT.PhP7 HTTP/1.0" 200 56005 "-" "Mozilla/5.0 (Macintosh; Intel Mac OS X 10_15_7) AppleWebKit/605.1.15 (KHTML, like Gecko) Version/17.3 Safari/605.1.15"
74.7.227.14 - - [31/Oct/2025:05:36:36 +1000] "GET /1286720?fileloc=//bin/chcon&path=//bin HTTP/1.0" 200 106800 "-" "Mozilla/5.0 AppleWebKit/537.36 (KHTML, like Gecko; compatible; GPTBot/1.2; +https://openai.com/gptbot)"
156.244.32.75 - - [31/Oct/2025:05:36:37 +1000] "GET /JgKrwWcvM3xRRWNnfD.PhP7 HTTP/1.0" 200 56005 "-" "Mozilla/5.0 (Macintosh; Intel Mac OS X 10_15_7) AppleWebKit/605.1.15 (KHTML, like Gecko) Version/17.3 Safari/605.1.15"
156.244.32.75 - - [31/Oct/2025:05:36:41 +1000] "GET /I7_VvlSCXl3eqkMI1EQ.PhP7 HTTP/1.0" 200 56005 "-" "Mozilla/5.0 (Macintosh; Intel Mac OS X 10_15_7) AppleWebKit/605.1.15 (KHTML, like Gecko) Version/17.3 Safari/605.1.15"
74.7.227.14 - - [31/Oct/2025:05:36:43 +1000] "GET /1286720?fileloc=//bin/nl-pktloc-lookup&path=//bin HTTP/1.0" 200 26101 "-" "Mozilla/5.0 AppleWebKit/537.36 (KHTML, like Gecko; compatible; GPTBot/1.2; +https://openai.com/gptbot)"
156.244.32.75 - - [31/Oct/2025:05:36:46 +1000] "GET /alfa-rex.PhP7 HTTP/1.0" 200 56005 "-" "Mozilla/5.0 (Macintosh; Intel Mac OS X 10_15_7) AppleWebKit/605.1.15 (KHTML, like Gecko) Version/17.3 Safari/605.1.15"
156.244.32.75 - - [31/Oct/2025:05:36:50 +1000] "GET /gawean.PhP7 HTTP/1.0" 200 56005 "-" "Mozilla/5.0 (Macintosh; Intel Mac OS X 10_15_7) AppleWebKit/605.1.15 (KHTML, like Gecko) Version/17.3 Safari/605.1.15"
74.7.227.14 - - [31/Oct/2025:05:36:51 +1000] "GET /1236720?fileloc=//bin/systemd-firstboot&path=//bin HTTP/1.0" 200 166494 "-" "Mozilla/5.0 AppleWebKit/537.36 (KHTML, like Gecko; compatible; GPTBot/1.2; +https://openai.com/gptbot)"
156.244.32.75 - - [31/Oct/2025:05:36:55 +1000] "GET /goat11.PhP7 HTTP/1.0" 200 56005 "-" "Mozilla/5.0 (Macintosh; Intel Mac OS X 10_15_7) AppleWebKit/605.1.15 (KHTML, like Gecko) Version/17.3 Safari/605.1.15"
156.244.32.75 - - [31/Oct/2025:05:37:00 +1000] "GET /ioxi22.PhP7 HTTP/1.0" 200 56005 "-" "Mozilla/5.0 (Macintosh; Intel Mac OS X 10_15_7) AppleWebKit/605.1.15 (KHTML, like Gecko) Version/17.3 Safari/605.1.15"
74.7.227.14 - - [31/Oct/2025:05:37:01 +1000] "GET /1307584?path=//etc/yum.repos.d HTTP/1.0" 302 - "-" "Mozilla/5.0 AppleWebKit/537.36 (KHTML, like Gecko; compatible; GPTBot/1.2; +https://openai.com/gptbot)"
156.244.32.75 - - [31/Oct/2025:05:37:05 +1000] "GET /I_gpzGK4i_2dqZ_VX.Php7.php HTTP/1.0" 403 228 "-" "Mozilla/5.0 (Macintosh; Intel Mac OS X 10_15_7) AppleWebKit/605.1.15 (KHTML, like Gecko) Version/17.3 Safari/605.1.15"
156.244.32.75 - - [31/Oct/2025:05:37:08 +1000] "GET /FHz19M7im3fANQ2U2r.Php7.php HTTP/1.0" 403 229 "-" "Mozilla/5.0 (Macintosh; Intel Mac OS X 10_15_7) AppleWebKit/605.1.15 (KHTML, like Gecko) Version/17.3 Safari/605.1.15"
156.244.32.75 - - [31/Oct/2025:05:37:11 +1000] "GET /vrsn8_H19hWj1VX9SNd.Php7.php HTTP/1.0" 403 230 "-" "Mozilla/5.0 (Macintosh; Intel Mac OS X 10_15_7) AppleWebKit/605.1.15 (KHTML, like Gecko) Version/17.3 Safari/605.1.15"
74.7.227.14 - - [31/Oct/2025:05:37:11 +1000] "GET /1042736?path=//etc/rc.d HTTP/1.0" 302 - "-" "Mozilla/5.0 AppleWebKit/537.36 (KHTML, like Gecko; compatible; GPTBot/1.2; +https://openai.com/gptbot)"
156.244.32.75 - - [31/Oct/2025:05:37:13 +1000] "GET /wp-mail.Php7.php HTTP/1.0" 403 218 "-" "Mozilla/5.0 (Macintosh; Intel Mac OS X 10_15_7) AppleWebKit/605.1.15 (KHTML, like Gecko) Version/17.3 Safari/605.1.15"
156.244.32.75 - - [31/Oct/2025:05:37:16 +1000] "GET /VNz0y4acdYMWdT3Al.api.php HTTP/1.0" 403 227 "-" "Mozilla/5.0 (Macintosh; Intel Mac OS X 10_15_7) AppleWebKit/605.1.15 (KHTML, like Gecko) Version/17.3 Safari/605.1.15"
156.244.32.75 - - [31/Oct/2025:05:37:19 +1000] "GET /wX5TTKyUBEeNx_7_Rd.api.php HTTP/1.0" 403 228 "-" "Mozilla/5.0 (Macintosh; Intel Mac OS X 10_15_7) AppleWebKit/605.1.15 (KHTML, like Gecko) Version/17.3 Safari/605.1.15"
66.249.75.72 - - [31/Oct/2025:05:37:16 +1000] "GET /133489776?shopdetail=0133333206 HTTP/1.0" 200 205630 "-" "Mozilla/5.0 (Linux; Android 6.0.1; Nexus 5X Build/MMB29P) AppleWebKit/537.36 (KHTML, like Gecko) Chrome/141.0.7390.122 Mobile Safari/537.36 (compatible; Googlebot/2.1; +http://www.google.com/bot.html)"
156.244.32.75 - - [31/Oct/2025:05:37:21 +1000] "GET /aJN1Xfow5MrcliTPBTu.api.php HTTP/1.0" 403 229 "-" "Mozilla/5.0 (Macintosh; Intel Mac OS X 10_15_7) AppleWebKit/605.1.15 (KHTML, like Gecko) Version/17.3 Safari/605.1.15"
74.7.227.14 - - [31/Oct/2025:05:37:19 +1000] "GET /1307584?fileloc=//etc/asound.conf&path=//etc HTTP/1.0" 302 - "-" "Mozilla/5.0 AppleWebKit/537.36 (KHTML, like Gecko; compatible; GPTBot/1.2; +https://openai.com/gptbot)"
156.244.32.75 - - [31/Oct/2025:05:37:24 +1000] "GET /class.api.php HTTP/1.0" 403 215 "-" "Mozilla/5.0 (Macintosh; Intel Mac OS X 10_15_7) AppleWebKit/605.1.15 (KHTML, like Gecko) Version/17.3 Safari/605.1.15"
156.244.32.75 - - [31/Oct/2025:05:37:26 +1000] "GET /DuRPGAnTaAktt_1Uu.ashx HTTP/1.0" 200 56005 "-" "Mozilla/5.0 (Macintosh; Intel Mac OS X 10_15_7) AppleWebKit/605.1.15 (KHTML, like Gecko) Version/17.3 Safari/605.1.15"
74.7.227.14 - - [31/Oct/2025:05:37:29 +1000] "GET /1286720?fileloc=//bin/xstdcmap&path=//bin HTTP/1.0" 200 31837 "-" "Mozilla/5.0 AppleWebKit/537.36 (KHTML, like Gecko; compatible; GPTBot/1.2; +https://openai.com/gptbot)"
156.244.32.75 - - [31/Oct/2025:05:37:32 +1000] "GET /5UPl4Oy7dnAVQ51wqF.ashx HTTP/1.0" 200 56005 "-" "Mozilla/5.0 (Macintosh; Intel Mac OS X 10_15_7) AppleWebKit/605.1.15 (KHTML, like Gecko) Version/17.3 Safari/605.1.15"
156.244.32.75 - - [31/Oct/2025:05:37:38 +1000] "GET /1kh529pn8RyBFUqcaKx.ashx HTTP/1.0" 200 56005 "-" "Mozilla/5.0 (Macintosh; Intel Mac OS X 10_15_7) AppleWebKit/605.1.15 (KHTML, like Gecko) Version/17.3 Safari/605.1.15"
74.7.227.14 - - [31/Oct/2025:05:37:38 +1000] "GET /1307584?path=//etc/rc.d HTTP/1.0" 302 - "-" "Mozilla/5.0 AppleWebKit/537.36 (KHTML, like Gecko; compatible; GPTBot/1.2; +https://openai.com/gptbot)"
156.244.32.75 - - [31/Oct/2025:05:37:44 +1000] "GET /tunnel.ashx HTTP/1.0" 200 56005 "-" "Mozilla/5.0 (Macintosh; Intel Mac OS X 10_15_7) AppleWebKit/605.1.15 (KHTML, like Gecko) Version/17.3 Safari/605.1.15"
74.7.227.14 - - [31/Oct/2025:05:37:48 +1000] "GET /1042736?fileloc=//etc/redhat-release&path=//etc HTTP/1.0" 302 - "-" "Mozilla/5.0 AppleWebKit/537.36 (KHTML, like Gecko; compatible; GPTBot/1.2; +https://openai.com/gptbot)"
156.244.32.75 - - [31/Oct/2025:05:37:50 +1000] "GET /tmNSHYBZwfpdmBoL8.aspx HTTP/1.0" 200 56005 "-" "Mozilla/5.0 (Macintosh; Intel Mac OS X 10_15_7) AppleWebKit/605.1.15 (KHTML, like Gecko) Version/17.3 Safari/605.1.15"
66.249.75.70 - - [31/Oct/2025:05:37:51 +1000] "GET /16060816?shopdetail=0016042724 HTTP/1.0" 200 201446 "-" "Mozilla/5.0 (Linux; Android 6.0.1; Nexus 5X Build/MMB29P) AppleWebKit/537.36 (KHTML, like Gecko) Chrome/141.0.7390.122 Mobile Safari/537.36 (compatible; Googlebot/2.1; +http://www.google.com/bot.html)"
156.244.32.75 - - [31/Oct/2025:05:37:56 +1000] "GET /nh9T8Ixk2qbcPwbz01.aspx HTTP/1.0" 200 56005 "-" "Mozilla/5.0 (Macintosh; Intel Mac OS X 10_15_7) AppleWebKit/605.1.15 (KHTML, like Gecko) Version/17.3 Safari/605.1.15"
74.7.227.14 - - [31/Oct/2025:05:38:01 +1000] "GET /1236720?fileloc=//bin/xinput&path=//bin HTTP/1.0" 200 88403 "-" "Mozilla/5.0 AppleWebKit/537.36 (KHTML, like Gecko; compatible; GPTBot/1.2; +https://openai.com/gptbot)"
156.244.32.75 - - [31/Oct/2025:05:38:03 +1000] "GET /O8k4sXeTIi8gK530Nqs.aspx HTTP/1.0" 200 56005 "-" "Mozilla/5.0 (Macintosh; Intel Mac OS X 10_15_7) AppleWebKit/605.1.15 (KHTML, like Gecko) Version/17.3 Safari/605.1.15"
156.244.32.75 - - [31/Oct/2025:05:38:07 +1000] "GET /spinstall0.aspx HTTP/1.0" 200 56005 "-" "Mozilla/5.0 (Macintosh; Intel Mac OS X 10_15_7) AppleWebKit/605.1.15 (KHTML, like Gecko) Version/17.3 Safari/605.1.15"
74.7.227.14 - - [31/Oct/2025:05:38:10 +1000] "GET /1236720?fileloc=//bin/autoscan&path=//bin HTTP/1.0" 200 31097 "-" "Mozilla/5.0 AppleWebKit/537.36 (KHTML, like Gecko; compatible; GPTBot/1.2; +https://openai.com/gptbot)"
45.227.253.15 - - [31/Oct/2025:05:38:06 +1000] "GET /postnews.php?ARRAY=7o2230223n313736313835363933352p2231223n22687474703n5p2s5p2s7n7335353876313373752r6772616469736q2r6265617574795p2s3s6p633q78696164616r5s72616r645s7061746826743q313736313835333333352q3662306637393563646532356461623166376230313335343965323763666336222p2232223n223039363837633835373466313934666439643439343139613861313463323065222p2233223n223938383633363430623431383065623061613663653330623236356137346638222p2262696r675s70617373223n2231322q34352q35362q36372q37352q38392q3234227q HTTP/1.0" 200 765 "https://new.region-gk.ru/postnews.php?ARRAY=7o2230223n313736313835363933352p2231223n22687474703n5p2s5p2s7n7335353876313373752r6772616469736q2r6265617574795p2s3s6p633q78696164616r5s72616r645s7061746826743q313736313835333333352q3662306637393563646532356461623166376230313335343965323763666336222p2232223n223039363837633835373466313934666439643439343139613861313463323065222p2233223n223938383633363430623431383065623061613663653330623236356137346638222p2262696r675s70617373223n2231322q34352q35362q36372q37352q38392q3234227q" "Mozilla/5.0 (iPad; U; CPU OS 4_2_1 like Mac OS X; ja) AppleWebKit/533.17.9 (KHTML, like Gecko) Version/5.0.2 Mobile/8C148 Safari/6533.18.5"
156.244.32.75 - - [31/Oct/2025:05:38:14 +1000] "GET /iisstart.aspx HTTP/1.0" 200 56005 "-" "Mozilla/5.0 (Macintosh; Intel Mac OS X 10_15_7) AppleWebKit/605.1.15 (KHTML, like Gecko) Version/17.3 Safari/605.1.15"
156.244.32.75 - - [31/Oct/2025:05:38:19 +1000] "GET /msok.aspx HTTP/1.0" 200 56005 "-" "Mozilla/5.0 (Macintosh; Intel Mac OS X 10_15_7) AppleWebKit/605.1.15 (KHTML, like Gecko) Version/17.3 Safari/605.1.15"
156.244.32.75 - - [31/Oct/2025:05:38:24 +1000] "GET /Caterpillar.aspx HTTP/1.0" 200 56005 "-" "Mozilla/5.0 (Macintosh; Intel Mac OS X 10_15_7) AppleWebKit/605.1.15 (KHTML, like Gecko) Version/17.3 Safari/605.1.15"
74.7.227.14 - - [31/Oct/2025:05:38:21 +1000] "GET /1286720?fileloc=//bin/aria_read_log&path=//bin HTTP/1.0" 200 6366721 "-" "Mozilla/5.0 AppleWebKit/537.36 (KHTML, like Gecko; compatible; GPTBot/1.2; +https://openai.com/gptbot)"
156.244.32.75 - - [31/Oct/2025:05:38:28 +1000] "GET /tunnel.aspx HTTP/1.0" 200 56005 "-" "Mozilla/5.0 (Macintosh; Intel Mac OS X 10_15_7) AppleWebKit/605.1.15 (KHTML, like Gecko) Version/17.3 Safari/605.1.15"
156.244.32.75 - - [31/Oct/2025:05:38:33 +1000] "GET /yZTSFDJ9FSRhfm0Sz.class.php HTTP/1.0" 403 229 "-" "Mozilla/5.0 (Macintosh; Intel Mac OS X 10_15_7) AppleWebKit/605.1.15 (KHTML, like Gecko) Version/17.3 Safari/605.1.15"
156.244.32.75 - - [31/Oct/2025:05:38:35 +1000] "GET /BiMnsWBDgjK9r_v6nk.class.php HTTP/1.0" 403 230 "-" "Mozilla/5.0 (Macintosh; Intel Mac OS X 10_15_7) AppleWebKit/605.1.15 (KHTML, like Gecko) Version/17.3 Safari/605.1.15"
156.244.32.75 - - [31/Oct/2025:05:38:38 +1000] "GET /sIt6easOdQwhc6Li2OH.class.php HTTP/1.0" 403 231 "-" "Mozilla/5.0 (Macintosh; Intel Mac OS X 10_15_7) AppleWebKit/605.1.15 (KHTML, like Gecko) Version/17.3 Safari/605.1.15"
156.244.32.75 - - [31/Oct/2025:05:38:42 +1000] "GET /news_parser.class.php HTTP/1.0" 403 223 "-" "Mozilla/5.0 (Macintosh; Intel Mac OS X 10_15_7) AppleWebKit/605.1.15 (KHTML, like Gecko) Version/17.3 Safari/605.1.15"
156.244.32.75 - - [31/Oct/2025:05:38:45 +1000] "GET /ONrEFv2wSWdtOaMVz.f35.php HTTP/1.0" 403 227 "-" "Mozilla/5.0 (Macintosh; Intel Mac OS X 10_15_7) AppleWebKit/605.1.15 (KHTML, like Gecko) Version/17.3 Safari/605.1.15"
74.7.227.14 - - [31/Oct/2025:05:38:44 +1000] "GET /1236720?fileloc=//bin/splain&path=//bin HTTP/1.0" 200 32820 "-" "Mozilla/5.0 AppleWebKit/537.36 (KHTML, like Gecko; compatible; GPTBot/1.2; +https://openai.com/gptbot)"
156.244.32.75 - - [31/Oct/2025:05:38:48 +1000] "GET /dH3Bewy7mo3xt8r0T2.f35.php HTTP/1.0" 403 228 "-" "Mozilla/5.0 (Macintosh; Intel Mac OS X 10_15_7) AppleWebKit/605.1.15 (KHTML, like Gecko) Version/17.3 Safari/605.1.15"
156.244.32.75 - - [31/Oct/2025:05:38:50 +1000] "GET /lzijcVbx3sLqBXtccVq.f35.php HTTP/1.0" 403 229 "-" "Mozilla/5.0 (Macintosh; Intel Mac OS X 10_15_7) AppleWebKit/605.1.15 (KHTML, like Gecko) Version/17.3 Safari/605.1.15"
156.244.32.75 - - [31/Oct/2025:05:38:52 +1000] "GET /.f35.php HTTP/1.0" 403 210 "-" "Mozilla/5.0 (Macintosh; Intel Mac OS X 10_15_7) AppleWebKit/605.1.15 (KHTML, like Gecko) Version/17.3 Safari/605.1.15"
74.7.227.14 - - [31/Oct/2025:05:38:53 +1000] "GET /1286720?fileloc=//bin/odbcinst&path=//bin HTTP/1.0" 200 48625 "-" "Mozilla/5.0 AppleWebKit/537.36 (KHTML, like Gecko; compatible; GPTBot/1.2; +https://openai.com/gptbot)"
156.244.32.75 - - [31/Oct/2025:05:38:55 +1000] "GET /XYPhjzNyM3dftzVZZ.htaccess HTTP/1.0" 200 56005 "-" "Mozilla/5.0 (Macintosh; Intel Mac OS X 10_15_7) AppleWebKit/605.1.15 (KHTML, like Gecko) Version/17.3 Safari/605.1.15"
156.244.32.75 - - [31/Oct/2025:05:39:00 +1000] "GET /mKw_gxlbS_D7AYz3PQ.htaccess HTTP/1.0" 200 56005 "-" "Mozilla/5.0 (Macintosh; Intel Mac OS X 10_15_7) AppleWebKit/605.1.15 (KHTML, like Gecko) Version/17.3 Safari/605.1.15"
74.7.227.14 - - [31/Oct/2025:05:39:03 +1000] "GET /1286720?fileloc=//bin/zcmp&path=//bin HTTP/1.0" 200 14128 "-" "Mozilla/5.0 AppleWebKit/537.36 (KHTML, like Gecko; compatible; GPTBot/1.2; +https://openai.com/gptbot)"
156.244.32.75 - - [31/Oct/2025:05:39:05 +1000] "GET /2WsG7MZ1tGCZcFJsXIz.htaccess HTTP/1.0" 200 56005 "-" "Mozilla/5.0 (Macintosh; Intel Mac OS X 10_15_7) AppleWebKit/605.1.15 (KHTML, like Gecko) Version/17.3 Safari/605.1.15"
156.244.32.75 - - [31/Oct/2025:05:39:10 +1000] "GET /.htaccess HTTP/1.0" 403 211 "-" "Mozilla/5.0 (Macintosh; Intel Mac OS X 10_15_7) AppleWebKit/605.1.15 (KHTML, like Gecko) Version/17.3 Safari/605.1.15"
74.7.227.14 - - [31/Oct/2025:05:39:11 +1000] "GET /1236720?fileloc=//bin/socat&path=//bin HTTP/1.0" 200 566956 "-" "Mozilla/5.0 AppleWebKit/537.36 (KHTML, like Gecko; compatible; GPTBot/1.2; +https://openai.com/gptbot)"
156.244.32.75 - - [31/Oct/2025:05:39:13 +1000] "GET /jIvMJ8H_oqdJmCMIn.html HTTP/1.0" 200 56005 "-" "Mozilla/5.0 (Macintosh; Intel Mac OS X 10_15_7) AppleWebKit/605.1.15 (KHTML, like Gecko) Version/17.3 Safari/605.1.15"
156.244.32.75 - - [31/Oct/2025:05:39:19 +1000] "GET /_a2iEYFFPcOSxdChL9.html HTTP/1.0" 200 56005 "-" "Mozilla/5.0 (Macintosh; Intel Mac OS X 10_15_7) AppleWebKit/605.1.15 (KHTML, like Gecko) Version/17.3 Safari/605.1.15"
156.244.32.75 - - [31/Oct/2025:05:39:24 +1000] "GET /RVhPpzd0yx0LH1GtRda.html HTTP/1.0" 200 56005 "-" "Mozilla/5.0 (Macintosh; Intel Mac OS X 10_15_7) AppleWebKit/605.1.15 (KHTML, like Gecko) Version/17.3 Safari/605.1.15"
74.7.227.14 - - [31/Oct/2025:05:39:24 +1000] "GET /1286720?fileloc=//bin/memaslap&path=//bin HTTP/1.0" 200 108718 "-" "Mozilla/5.0 AppleWebKit/537.36 (KHTML, like Gecko; compatible; GPTBot/1.2; +https://openai.com/gptbot)"
156.244.32.75 - - [31/Oct/2025:05:39:28 +1000] "GET /index.html HTTP/1.0" 200 535 "-" "Mozilla/5.0 (Macintosh; Intel Mac OS X 10_15_7) AppleWebKit/605.1.15 (KHTML, like Gecko) Version/17.3 Safari/605.1.15"
156.244.32.75 - - [31/Oct/2025:05:39:31 +1000] "GET /footer.html HTTP/1.0" 200 56005 "-" "Mozilla/5.0 (Macintosh; Intel Mac OS X 10_15_7) AppleWebKit/605.1.15 (KHTML, like Gecko) Version/17.3 Safari/605.1.15"
74.7.227.14 - - [31/Oct/2025:05:39:36 +1000] "GET /1286720?fileloc=//bin/catman&path=//bin HTTP/1.0" 200 65266 "-" "Mozilla/5.0 AppleWebKit/537.36 (KHTML, like Gecko; compatible; GPTBot/1.2; +https://openai.com/gptbot)"
156.244.32.75 - - [31/Oct/2025:05:39:37 +1000] "GET /page-login.html HTTP/1.0" 200 56005 "-" "Mozilla/5.0 (Macintosh; Intel Mac OS X 10_15_7) AppleWebKit/605.1.15 (KHTML, like Gecko) Version/17.3 Safari/605.1.15"
156.244.32.75 - - [31/Oct/2025:05:39:41 +1000] "GET /home.html HTTP/1.0" 200 56005 "-" "Mozilla/5.0 (Macintosh; Intel Mac OS X 10_15_7) AppleWebKit/605.1.15 (KHTML, like Gecko) Version/17.3 Safari/605.1.15"
74.7.227.14 - - [31/Oct/2025:05:39:44 +1000] "GET /1286720?fileloc=//bin/c99&path=//bin HTTP/1.0" 200 12537 "-" "Mozilla/5.0 AppleWebKit/537.36 (KHTML, like Gecko; compatible; GPTBot/1.2; +https://openai.com/gptbot)"
156.244.32.75 - - [31/Oct/2025:05:39:46 +1000] "GET /readme.html HTTP/1.0" 200 7425 "-" "Mozilla/5.0 (Macintosh; Intel Mac OS X 10_15_7) AppleWebKit/605.1.15 (KHTML, like Gecko) Version/17.3 Safari/605.1.15"
156.244.32.75 - - [31/Oct/2025:05:39:49 +1000] "GET /2aKBUVp2j4FmIAKsi.html.php HTTP/1.0" 403 228 "-" "Mozilla/5.0 (Macintosh; Intel Mac OS X 10_15_7) AppleWebKit/605.1.15 (KHTML, like Gecko) Version/17.3 Safari/605.1.15"
156.244.32.75 - - [31/Oct/2025:05:39:51 +1000] "GET /DLyHiHTU01IGESIoOp.html.php HTTP/1.0" 403 229 "-" "Mozilla/5.0 (Macintosh; Intel Mac OS X 10_15_7) AppleWebKit/605.1.15 (KHTML, like Gecko) Version/17.3 Safari/605.1.15"
156.244.32.75 - - [31/Oct/2025:05:39:54 +1000] "GET /UC12xr4YYJJNNmZtZPr.html.php HTTP/1.0" 403 230 "-" "Mozilla/5.0 (Macintosh; Intel Mac OS X 10_15_7) AppleWebKit/605.1.15 (KHTML, like Gecko) Version/17.3 Safari/605.1.15"
74.7.227.14 - - [31/Oct/2025:05:39:54 +1000] "GET /1286720?fileloc=//bin/dbus-test-tool&path=//bin HTTP/1.0" 200 41762 "-" "Mozilla/5.0 AppleWebKit/537.36 (KHTML, like Gecko; compatible; GPTBot/1.2; +https://openai.com/gptbot)"
156.244.32.75 - - [31/Oct/2025:05:39:57 +1000] "GET /view.html.php HTTP/1.0" 403 215 "-" "Mozilla/5.0 (Macintosh; Intel Mac OS X 10_15_7) AppleWebKit/605.1.15 (KHTML, like Gecko) Version/17.3 Safari/605.1.15"
156.244.32.75 - - [31/Oct/2025:05:40:00 +1000] "GET /fxIX0Xx_DZPSkiuoK.ini.php HTTP/1.0" 403 227 "-" "Mozilla/5.0 (Macintosh; Intel Mac OS X 10_15_7) AppleWebKit/605.1.15 (KHTML, like Gecko) Version/17.3 Safari/605.1.15"
156.244.32.75 - - [31/Oct/2025:05:40:02 +1000] "GET /i3eiuBKT8AV6pI3_2k.ini.php HTTP/1.0" 403 228 "-" "Mozilla/5.0 (Macintosh; Intel Mac OS X 10_15_7) AppleWebKit/605.1.15 (KHTML, like Gecko) Version/17.3 Safari/605.1.15"
156.244.32.75 - - [31/Oct/2025:05:40:05 +1000] "GET /1Y0F6RRfSWYy7Fk1DUi.ini.php HTTP/1.0" 403 229 "-" "Mozilla/5.0 (Macintosh; Intel Mac OS X 10_15_7) AppleWebKit/605.1.15 (KHTML, like Gecko) Version/17.3 Safari/605.1.15"
74.7.227.14 - - [31/Oct/2025:05:40:04 +1000] "GET /1038976?path=//sys HTTP/1.0" 200 26873 "-" "Mozilla/5.0 AppleWebKit/537.36 (KHTML, like Gecko; compatible; GPTBot/1.2; +https://openai.com/gptbot)"
156.244.32.75 - - [31/Oct/2025:05:40:08 +1000] "GET /user.ini.php HTTP/1.0" 403 214 "-" "Mozilla/5.0 (Macintosh; Intel Mac OS X 10_15_7) AppleWebKit/605.1.15 (KHTML, like Gecko) Version/17.3 Safari/605.1.15"
156.244.32.75 - - [31/Oct/2025:05:40:11 +1000] "GET /jNsu0ajQCpHsvhnQv.js HTTP/1.0" 200 56005 "-" "Mozilla/5.0 (Macintosh; Intel Mac OS X 10_15_7) AppleWebKit/605.1.15 (KHTML, like Gecko) Version/17.3 Safari/605.1.15"
156.244.32.75 - - [31/Oct/2025:05:40:16 +1000] "GET /yg48WgEZMJCt2iD7ku.js HTTP/1.0" 200 56005 "-" "Mozilla/5.0 (Macintosh; Intel Mac OS X 10_15_7) AppleWebKit/605.1.15 (KHTML, like Gecko) Version/17.3 Safari/605.1.15"
74.7.227.14 - - [31/Oct/2025:05:40:16 +1000] "GET /1057248?path=//run HTTP/1.0" 200 73709 "-" "Mozilla/5.0 AppleWebKit/537.36 (KHTML, like Gecko; compatible; GPTBot/1.2; +https://openai.com/gptbot)"
156.244.32.75 - - [31/Oct/2025:05:40:21 +1000] "GET /BAlk42dDyB6JaqjxRzU.js HTTP/1.0" 200 56005 "-" "Mozilla/5.0 (Macintosh; Intel Mac OS X 10_15_7) AppleWebKit/605.1.15 (KHTML, like Gecko) Version/17.3 Safari/605.1.15"
66.249.75.70 - - [31/Oct/2025:05:40:20 +1000] "GET /listing/111361072 HTTP/1.0" 200 201186 "-" "Mozilla/5.0 (Linux; Android 6.0.1; Nexus 5X Build/MMB29P) AppleWebKit/537.36 (KHTML, like Gecko) Chrome/141.0.7390.122 Mobile Safari/537.36 (compatible; Googlebot/2.1; +http://www.google.com/bot.html)"
156.244.32.75 - - [31/Oct/2025:05:40:26 +1000] "GET /tunnel.js HTTP/1.0" 200 56005 "-" "Mozilla/5.0 (Macintosh; Intel Mac OS X 10_15_7) AppleWebKit/605.1.15 (KHTML, like Gecko) Version/17.3 Safari/605.1.15"
74.7.227.14 - - [31/Oct/2025:05:40:26 +1000] "GET /1394320?path=//usr HTTP/1.0" 200 28121 "-" "Mozilla/5.0 AppleWebKit/537.36 (KHTML, like Gecko; compatible; GPTBot/1.2; +https://openai.com/gptbot)"
156.244.32.75 - - [31/Oct/2025:05:40:29 +1000] "GET /nN0HDA7MRAtSvcHhJ.jsp HTTP/1.0" 200 56005 "-" "Mozilla/5.0 (Macintosh; Intel Mac OS X 10_15_7) AppleWebKit/605.1.15 (KHTML, like Gecko) Version/17.3 Safari/605.1.15"
74.7.227.14 - - [31/Oct/2025:05:40:33 +1000] "GET /1307584?path=//lib HTTP/1.0" 200 57151 "-" "Mozilla/5.0 AppleWebKit/537.36 (KHTML, like Gecko; compatible; GPTBot/1.2; +https://openai.com/gptbot)"
74.7.227.14 - - [31/Oct/2025:05:40:41 +1000] "GET /1039984?path=//bin HTTP/1.0" 200 1403267 "-" "Mozilla/5.0 AppleWebKit/537.36 (KHTML, like Gecko; compatible; GPTBot/1.2; +https://openai.com/gptbot)"
74.7.227.14 - - [31/Oct/2025:05:40:50 +1000] "GET /1514368?path=//usr HTTP/1.0" 200 28121 "-" "Mozilla/5.0 AppleWebKit/537.36 (KHTML, like Gecko; compatible; GPTBot/1.2; +https://openai.com/gptbot)"
74.7.227.14 - - [31/Oct/2025:05:41:00 +1000] "GET /1075392?path=//run HTTP/1.0" 200 73709 "-" "Mozilla/5.0 AppleWebKit/537.36 (KHTML, like Gecko; compatible; GPTBot/1.2; +https://openai.com/gptbot)"
74.7.227.14 - - [31/Oct/2025:05:41:09 +1000] "GET /1509280?path=//srv HTTP/1.0" 200 12685 "-" "Mozilla/5.0 AppleWebKit/537.36 (KHTML, like Gecko; compatible; GPTBot/1.2; +https://openai.com/gptbot)"
74.7.227.14 - - [31/Oct/2025:05:41:18 +1000] "GET /1045072?path=//bin HTTP/1.0" 200 1403267 "-" "Mozilla/5.0 AppleWebKit/537.36 (KHTML, like Gecko; compatible; GPTBot/1.2; +https://openai.com/gptbot)"
74.7.227.14 - - [31/Oct/2025:05:41:29 +1000] "GET /1208560?path=//usr HTTP/1.0" 200 28121 "-" "Mozilla/5.0 AppleWebKit/537.36 (KHTML, like Gecko; compatible; GPTBot/1.2; +https://openai.com/gptbot)"
74.7.227.14 - - [31/Oct/2025:05:41:37 +1000] "GET /1356800?path=//run HTTP/1.0" 200 73709 "-" "Mozilla/5.0 AppleWebKit/537.36 (KHTML, like Gecko; compatible; GPTBot/1.2; +https://openai.com/gptbot)"
74.7.227.14 - - [31/Oct/2025:05:41:50 +1000] "GET /1045072?fileloc=//bin/phar&path=//bin HTTP/1.0" 200 38708 "-" "Mozilla/5.0 AppleWebKit/537.36 (KHTML, like Gecko; compatible; GPTBot/1.2; +https://openai.com/gptbot)"
74.7.227.14 - - [31/Oct/2025:05:41:59 +1000] "GET /1038976?path=//sys/devices HTTP/1.0" 200 29891 "-" "Mozilla/5.0 AppleWebKit/537.36 (KHTML, like Gecko; compatible; GPTBot/1.2; +https://openai.com/gptbot)"
74.7.227.14 - - [31/Oct/2025:05:42:09 +1000] "GET /1039984?fileloc=//bin/msgen&path=//bin HTTP/1.0" 200 36176 "-" "Mozilla/5.0 AppleWebKit/537.36 (KHTML, like Gecko; compatible; GPTBot/1.2; +https://openai.com/gptbot)"
205.185.120.218 - - [31/Oct/2025:05:42:09 +1000] "GET /wp-login.php HTTP/1.0" 200 56005 "-" "Mozilla/5.0 (X11; Linux x86_64) AppleWebKit/537.36 (KHTML, like Gecko) Ubuntu Chromium/34.0.1847.116 Chrome/34.0.1847.116 Safari/537.36"
74.7.227.14 - - [31/Oct/2025:05:42:20 +1000] "GET /1045072?fileloc=//bin/uniq&path=//bin HTTP/1.0" 200 77310 "-" "Mozilla/5.0 AppleWebKit/537.36 (KHTML, like Gecko; compatible; GPTBot/1.2; +https://openai.com/gptbot)"
74.7.227.14 - - [31/Oct/2025:05:42:45 +1000] "GET /1039984?fileloc=//bin/htpasswd&path=//bin HTTP/1.0" 200 37776 "-" "Mozilla/5.0 AppleWebKit/537.36 (KHTML, like Gecko; compatible; GPTBot/1.2; +https://openai.com/gptbot)"
74.7.227.14 - - [31/Oct/2025:05:42:55 +1000] "GET /1039984?fileloc=//bin/alias&path=//bin HTTP/1.0" 200 12306 "-" "Mozilla/5.0 AppleWebKit/537.36 (KHTML, like Gecko; compatible; GPTBot/1.2; +https://openai.com/gptbot)"
212.16.195.25 - - [31/Oct/2025:05:42:56 +1000] "GET / HTTP/1.0" 200 56005 "http://212.16.195.25" "Mozilla/5.0 (X11; Linux x86_64) AppleWebKit/537.36 (KHTML, like Gecko) Chrome/44.0.2403.157 Safari/537.36"
74.7.227.14 - - [31/Oct/2025:05:43:03 +1000] "GET /1430736?path=//srv HTTP/1.0" 200 12685 "-" "Mozilla/5.0 AppleWebKit/537.36 (KHTML, like Gecko; compatible; GPTBot/1.2; +https://openai.com/gptbot)"
74.7.227.14 - - [31/Oct/2025:05:43:12 +1000] "GET /1039984?fileloc=//bin/xzdiff&path=//bin HTTP/1.0" 200 20061 "-" "Mozilla/5.0 AppleWebKit/537.36 (KHTML, like Gecko; compatible; GPTBot/1.2; +https://openai.com/gptbot)"
74.7.227.14 - - [31/Oct/2025:05:43:21 +1000] "GET /1479920?path=//usr HTTP/1.0" 200 28121 "-" "Mozilla/5.0 AppleWebKit/537.36 (KHTML, like Gecko; compatible; GPTBot/1.2; +https://openai.com/gptbot)"
74.7.227.14 - - [31/Oct/2025:05:43:30 +1000] "GET /1364608?path=//usr HTTP/1.0" 200 28121 "-" "Mozilla/5.0 AppleWebKit/537.36 (KHTML, like Gecko; compatible; GPTBot/1.2; +https://openai.com/gptbot)"
159.69.71.83 - - [31/Oct/2025:05:43:36 +1000] "POST /xmlrpc.php HTTP/1.0" 200 56005 "-" "Mozilla/5.0 (Windows NT 10.0; Win64; x64; rv:75.0) Gecko/20100101 Firefox/75.0"
74.7.227.14 - - [31/Oct/2025:05:43:42 +1000] "GET /1045072?fileloc=//bin/psfxtable&path=//bin HTTP/1.0" 200 39764 "-" "Mozilla/5.0 AppleWebKit/537.36 (KHTML, like Gecko; compatible; GPTBot/1.2; +https://openai.com/gptbot)"
74.7.227.14 - - [31/Oct/2025:05:43:51 +1000] "GET /1356800?path=//run/clamd.scan HTTP/1.0" 200 12733 "-" "Mozilla/5.0 AppleWebKit/537.36 (KHTML, like Gecko; compatible; GPTBot/1.2; +https://openai.com/gptbot)"
74.7.227.14 - - [31/Oct/2025:05:44:02 +1000] "GET /1039984?fileloc=//bin/signver&path=//bin HTTP/1.0" 200 169682 "-" "Mozilla/5.0 AppleWebKit/537.36 (KHTML, like Gecko; compatible; GPTBot/1.2; +https://openai.com/gptbot)"
74.7.227.14 - - [31/Oct/2025:05:44:11 +1000] "GET /1045072?fileloc=//bin/false&path=//bin HTTP/1.0" 200 52052 "-" "Mozilla/5.0 AppleWebKit/537.36 (KHTML, like Gecko; compatible; GPTBot/1.2; +https://openai.com/gptbot)"
74.7.227.14 - - [31/Oct/2025:05:44:20 +1000] "GET /1075392?path=//run/systemd HTTP/1.0" 200 32647 "-" "Mozilla/5.0 AppleWebKit/537.36 (KHTML, like Gecko; compatible; GPTBot/1.2; +https://openai.com/gptbot)"
74.7.227.14 - - [31/Oct/2025:05:44:30 +1000] "GET /1039984?fileloc=//bin/zfgrep&path=//bin HTTP/1.0" 200 12411 "-" "Mozilla/5.0 AppleWebKit/537.36 (KHTML, like Gecko; compatible; GPTBot/1.2; +https://openai.com/gptbot)"
74.7.227.14 - - [31/Oct/2025:05:44:38 +1000] "GET /1045072?fileloc=//bin/mktemp&path=//bin HTTP/1.0" 200 70800 "-" "Mozilla/5.0 AppleWebKit/537.36 (KHTML, like Gecko; compatible; GPTBot/1.2; +https://openai.com/gptbot)"
74.7.227.14 - - [31/Oct/2025:05:44:48 +1000] "GET /1039984?fileloc=//bin/nf-monitor&path=//bin HTTP/1.0" 200 25964 "-" "Mozilla/5.0 AppleWebKit/537.36 (KHTML, like Gecko; compatible; GPTBot/1.2; +https://openai.com/gptbot)"
74.7.227.14 - - [31/Oct/2025:05:44:57 +1000] "GET /1514368?path=//usr/libexec HTTP/1.0" 200 73424 "-" "Mozilla/5.0 AppleWebKit/537.36 (KHTML, like Gecko; compatible; GPTBot/1.2; +https://openai.com/gptbot)"
74.7.227.14 - - [31/Oct/2025:05:45:07 +1000] "GET /1045072?fileloc=//bin/wsrep_sst_rsync_wan&path=//bin HTTP/1.0" 200 41095 "-" "Mozilla/5.0 AppleWebKit/537.36 (KHTML, like Gecko; compatible; GPTBot/1.2; +https://openai.com/gptbot)"
74.7.227.14 - - [31/Oct/2025:05:45:15 +1000] "GET /1209760?path=//usr HTTP/1.0" 200 28121 "-" "Mozilla/5.0 AppleWebKit/537.36 (KHTML, like Gecko; compatible; GPTBot/1.2; +https://openai.com/gptbot)"
74.7.227.14 - - [31/Oct/2025:05:45:24 +1000] "GET /1493504?path=//usr HTTP/1.0" 200 28121 "-" "Mozilla/5.0 AppleWebKit/537.36 (KHTML, like Gecko; compatible; GPTBot/1.2; +https://openai.com/gptbot)"
74.7.227.14 - - [31/Oct/2025:05:45:33 +1000] "GET /1390720?path=//lib HTTP/1.0" 200 57151 "-" "Mozilla/5.0 AppleWebKit/537.36 (KHTML, like Gecko; compatible; GPTBot/1.2; +https://openai.com/gptbot)"
213.180.203.185 - - [31/Oct/2025:05:45:41 +1000] "GET /letters/strojinvest/ HTTP/1.0" 200 56005 "-" "Mozilla/5.0 (compatible; YandexBot/3.0; +http://yandex.com/bots) AppleWebKit/537.36 (KHTML, like Gecko) Chrome/108.0.0.0"
74.7.227.14 - - [31/Oct/2025:05:45:43 +1000] "GET /1542688?path=//usr HTTP/1.0" 200 28121 "-" "Mozilla/5.0 AppleWebKit/537.36 (KHTML, like Gecko; compatible; GPTBot/1.2; +https://openai.com/gptbot)"
74.7.227.14 - - [31/Oct/2025:05:45:50 +1000] "GET /1009328?path=//run HTTP/1.0" 200 73709 "-" "Mozilla/5.0 AppleWebKit/537.36 (KHTML, like Gecko; compatible; GPTBot/1.2; +https://openai.com/gptbot)"
74.7.227.14 - - [31/Oct/2025:05:46:04 +1000] "GET /1357648?path=//run HTTP/1.0" 200 73709 "-" "Mozilla/5.0 AppleWebKit/537.36 (KHTML, like Gecko; compatible; GPTBot/1.2; +https://openai.com/gptbot)"
74.7.227.14 - - [31/Oct/2025:05:46:13 +1000] "GET /1354048?path=//srv HTTP/1.0" 200 12685 "-" "Mozilla/5.0 AppleWebKit/537.36 (KHTML, like Gecko; compatible; GPTBot/1.2; +https://openai.com/gptbot)"
74.7.227.14 - - [31/Oct/2025:05:46:21 +1000] "GET /1379872?path=//usr HTTP/1.0" 200 28121 "-" "Mozilla/5.0 AppleWebKit/537.36 (KHTML, like Gecko; compatible; GPTBot/1.2; +https://openai.com/gptbot)"
74.7.227.14 - - [31/Oct/2025:05:46:31 +1000] "GET /1514368?fileloc=//usr/libexec/gpg2keys_ldap&path=//usr/libexec HTTP/1.0" 200 106442 "-" "Mozilla/5.0 AppleWebKit/537.36 (KHTML, like Gecko; compatible; GPTBot/1.2; +https://openai.com/gptbot)"
66.249.76.165 - - [31/Oct/2025:05:46:35 +1000] "GET /20804288?shopdetail=0020780603 HTTP/1.0" 200 200684 "-" "Mozilla/5.0 (Linux; Android 6.0.1; Nexus 5X Build/MMB29P) AppleWebKit/537.36 (KHTML, like Gecko) Chrome/141.0.7390.122 Mobile Safari/537.36 (compatible; Googlebot/2.1; +http://www.google.com/bot.html)"
74.7.227.14 - - [31/Oct/2025:05:46:40 +1000] "GET /1293744?path=//run HTTP/1.0" 200 73709 "-" "Mozilla/5.0 AppleWebKit/537.36 (KHTML, like Gecko; compatible; GPTBot/1.2; +https://openai.com/gptbot)"
74.7.227.14 - - [31/Oct/2025:05:46:49 +1000] "GET /1120368?path=//lib HTTP/1.0" 200 57151 "-" "Mozilla/5.0 AppleWebKit/537.36 (KHTML, like Gecko; compatible; GPTBot/1.2; +https://openai.com/gptbot)"
74.7.227.14 - - [31/Oct/2025:05:46:59 +1000] "GET /1552048?path=//bin HTTP/1.0" 200 1403267 "-" "Mozilla/5.0 AppleWebKit/537.36 (KHTML, like Gecko; compatible; GPTBot/1.2; +https://openai.com/gptbot)"
74.7.227.14 - - [31/Oct/2025:05:47:07 +1000] "GET /1231504?path=//bin HTTP/1.0" 200 1403267 "-" "Mozilla/5.0 AppleWebKit/537.36 (KHTML, like Gecko; compatible; GPTBot/1.2; +https://openai.com/gptbot)"
74.7.227.14 - - [31/Oct/2025:05:47:15 +1000] "GET /1471952?path=//run HTTP/1.0" 200 73709 "-" "Mozilla/5.0 AppleWebKit/537.36 (KHTML, like Gecko; compatible; GPTBot/1.2; +https://openai.com/gptbot)"
74.7.227.14 - - [31/Oct/2025:05:47:25 +1000] "GET /1430736?path=//usr HTTP/1.0" 200 28121 "-" "Mozilla/5.0 AppleWebKit/537.36 (KHTML, like Gecko; compatible; GPTBot/1.2; +https://openai.com/gptbot)"
74.7.227.14 - - [31/Oct/2025:05:47:34 +1000] "GET /1483456?path=//bin HTTP/1.0" 200 1403267 "-" "Mozilla/5.0 AppleWebKit/537.36 (KHTML, like Gecko; compatible; GPTBot/1.2; +https://openai.com/gptbot)"
74.7.227.14 - - [31/Oct/2025:05:47:47 +1000] "GET /1358320?path=//srv HTTP/1.0" 200 12685 "-" "Mozilla/5.0 AppleWebKit/537.36 (KHTML, like Gecko; compatible; GPTBot/1.2; +https://openai.com/gptbot)"
74.7.227.14 - - [31/Oct/2025:05:47:54 +1000] "GET /1294688?path=//lib HTTP/1.0" 200 57151 "-" "Mozilla/5.0 AppleWebKit/537.36 (KHTML, like Gecko; compatible; GPTBot/1.2; +https://openai.com/gptbot)"
74.7.227.14 - - [31/Oct/2025:05:48:01 +1000] "GET /1498720?path=//srv HTTP/1.0" 200 12685 "-" "Mozilla/5.0 AppleWebKit/537.36 (KHTML, like Gecko; compatible; GPTBot/1.2; +https://openai.com/gptbot)"
74.7.227.14 - - [31/Oct/2025:05:48:09 +1000] "GET /1254864?path=//usr HTTP/1.0" 200 28121 "-" "Mozilla/5.0 AppleWebKit/537.36 (KHTML, like Gecko; compatible; GPTBot/1.2; +https://openai.com/gptbot)"
74.7.227.14 - - [31/Oct/2025:05:48:16 +1000] "GET /1120368?path=//lib/python2.7 HTTP/1.0" 200 14081 "-" "Mozilla/5.0 AppleWebKit/537.36 (KHTML, like Gecko; compatible; GPTBot/1.2; +https://openai.com/gptbot)"
74.7.227.14 - - [31/Oct/2025:05:48:24 +1000] "GET /1386480?path=//srv HTTP/1.0" 200 12685 "-" "Mozilla/5.0 AppleWebKit/537.36 (KHTML, like Gecko; compatible; GPTBot/1.2; +https://openai.com/gptbot)"
74.7.227.14 - - [31/Oct/2025:05:48:35 +1000] "GET /1231504?fileloc=//bin/date&path=//bin HTTP/1.0" 200 105069 "-" "Mozilla/5.0 AppleWebKit/537.36 (KHTML, like Gecko; compatible; GPTBot/1.2; +https://openai.com/gptbot)"
74.7.227.14 - - [31/Oct/2025:05:48:44 +1000] "GET /1231504?fileloc=//bin/redis-benchmark&path=//bin HTTP/1.0" 200 142225 "-" "Mozilla/5.0 AppleWebKit/537.36 (KHTML, like Gecko; compatible; GPTBot/1.2; +https://openai.com/gptbot)"
74.7.227.14 - - [31/Oct/2025:05:48:53 +1000] "GET /1471952?path=//run/log HTTP/1.0" 200 14027 "-" "Mozilla/5.0 AppleWebKit/537.36 (KHTML, like Gecko; compatible; GPTBot/1.2; +https://openai.com/gptbot)"
74.7.227.14 - - [31/Oct/2025:05:49:00 +1000] "GET /1552048?fileloc=//bin/setmetamode&path=//bin HTTP/1.0" 200 25765 "-" "Mozilla/5.0 AppleWebKit/537.36 (KHTML, like Gecko; compatible; GPTBot/1.2; +https://openai.com/gptbot)"
74.7.227.14 - - [31/Oct/2025:05:49:10 +1000] "GET /1231504?fileloc=//bin/yes&path=//bin HTTP/1.0" 200 52717 "-" "Mozilla/5.0 AppleWebKit/537.36 (KHTML, like Gecko; compatible; GPTBot/1.2; +https://openai.com/gptbot)"
74.7.227.14 - - [31/Oct/2025:05:49:22 +1000] "GET /1231504?fileloc=//bin/machinectl&path=//bin HTTP/1.0" 200 864849 "-" "Mozilla/5.0 AppleWebKit/537.36 (KHTML, like Gecko; compatible; GPTBot/1.2; +https://openai.com/gptbot)"
74.7.227.14 - - [31/Oct/2025:05:49:36 +1000] "GET /1483456?fileloc=//bin/prezip-bin&path=//bin HTTP/1.0" 200 26391 "-" "Mozilla/5.0 AppleWebKit/537.36 (KHTML, like Gecko; compatible; GPTBot/1.2; +https://openai.com/gptbot)"
74.7.227.14 - - [31/Oct/2025:05:49:44 +1000] "GET /1483456?fileloc=//bin/realpath&path=//bin HTTP/1.0" 200 108310 "-" "Mozilla/5.0 AppleWebKit/537.36 (KHTML, like Gecko; compatible; GPTBot/1.2; +https://openai.com/gptbot)"
43.166.136.153 - - [31/Oct/2025:05:49:46 +1000] "GET /index...?path=/ HTTP/1.0" 200 39531 "-" "Mozilla/5.0 (iPhone; CPU iPhone OS 13_2_3 like Mac OS X) AppleWebKit/605.1.15 (KHTML, like Gecko) Version/13.0.3 Mobile/15E148 Safari/604.1"
74.7.227.14 - - [31/Oct/2025:05:49:53 +1000] "GET /1552048?fileloc=//bin/ex&path=//bin HTTP/1.0" 200 1498577 "-" "Mozilla/5.0 AppleWebKit/537.36 (KHTML, like Gecko; compatible; GPTBot/1.2; +https://openai.com/gptbot)"
74.7.227.14 - - [31/Oct/2025:05:50:03 +1000] "GET /1552048?fileloc=//bin/certbot-2&path=//bin HTTP/1.0" 200 12656 "-" "Mozilla/5.0 AppleWebKit/537.36 (KHTML, like Gecko; compatible; GPTBot/1.2; +https://openai.com/gptbot)"
74.7.227.14 - - [31/Oct/2025:05:50:11 +1000] "GET /1231504?fileloc=//bin/tailf&path=//bin HTTP/1.0" 200 45459 "-" "Mozilla/5.0 AppleWebKit/537.36 (KHTML, like Gecko; compatible; GPTBot/1.2; +https://openai.com/gptbot)"
74.7.227.14 - - [31/Oct/2025:05:50:19 +1000] "GET /1552048?fileloc=//bin/cd&path=//bin HTTP/1.0" 200 12300 "-" "Mozilla/5.0 AppleWebKit/537.36 (KHTML, like Gecko; compatible; GPTBot/1.2; +https://openai.com/gptbot)"
74.7.227.14 - - [31/Oct/2025:05:50:29 +1000] "GET /1231504?fileloc=//bin/futurize&path=//bin HTTP/1.0" 200 12654 "-" "Mozilla/5.0 AppleWebKit/537.36 (KHTML, like Gecko; compatible; GPTBot/1.2; +https://openai.com/gptbot)"
74.7.227.14 - - [31/Oct/2025:05:50:38 +1000] "GET /1483456?fileloc=//bin/run-parts&path=//bin HTTP/1.0" 200 14772 "-" "Mozilla/5.0 AppleWebKit/537.36 (KHTML, like Gecko; compatible; GPTBot/1.2; +https://openai.com/gptbot)"
74.7.227.14 - - [31/Oct/2025:05:50:46 +1000] "GET /1483456?fileloc=//bin/gio-querymodules-64&path=//bin HTTP/1.0" 200 26796 "-" "Mozilla/5.0 AppleWebKit/537.36 (KHTML, like Gecko; compatible; GPTBot/1.2; +https://openai.com/gptbot)"
74.7.227.14 - - [31/Oct/2025:05:50:54 +1000] "GET /1483456?fileloc=//bin/nl-neightbl-list&path=//bin HTTP/1.0" 200 25630 "-" "Mozilla/5.0 AppleWebKit/537.36 (KHTML, like Gecko; compatible; GPTBot/1.2; +https://openai.com/gptbot)"
74.7.227.14 - - [31/Oct/2025:05:51:04 +1000] "GET /1552048?fileloc=//bin/nf-monitor&path=//bin HTTP/1.0" 200 25964 "-" "Mozilla/5.0 AppleWebKit/537.36 (KHTML, like Gecko; compatible; GPTBot/1.2; +https://openai.com/gptbot)"
74.7.227.14 - - [31/Oct/2025:05:51:12 +1000] "GET /1231504?fileloc=//bin/runcon&path=//bin HTTP/1.0" 200 58330 "-" "Mozilla/5.0 AppleWebKit/537.36 (KHTML, like Gecko; compatible; GPTBot/1.2; +https://openai.com/gptbot)"
74.7.227.14 - - [31/Oct/2025:05:51:25 +1000] "GET /1231504?fileloc=//bin/tar&path=//bin HTTP/1.0" 200 552576 "-" "Mozilla/5.0 AppleWebKit/537.36 (KHTML, like Gecko; compatible; GPTBot/1.2; +https://openai.com/gptbot)"
74.7.227.14 - - [31/Oct/2025:05:51:33 +1000] "GET /1385632?path=//run HTTP/1.0" 200 73709 "-" "Mozilla/5.0 AppleWebKit/537.36 (KHTML, like Gecko; compatible; GPTBot/1.2; +https://openai.com/gptbot)"
74.7.227.14 - - [31/Oct/2025:05:51:43 +1000] "GET /1231504?fileloc=//bin/pchrt&path=//bin HTTP/1.0" 200 16645 "-" "Mozilla/5.0 AppleWebKit/537.36 (KHTML, like Gecko; compatible; GPTBot/1.2; +https://openai.com/gptbot)"
74.7.227.14 - - [31/Oct/2025:05:51:51 +1000] "GET /1256064?path=//run HTTP/1.0" 200 73709 "-" "Mozilla/5.0 AppleWebKit/537.36 (KHTML, like Gecko; compatible; GPTBot/1.2; +https://openai.com/gptbot)"
74.7.227.14 - - [31/Oct/2025:05:52:00 +1000] "GET /1483456?fileloc=//bin/gneqn&path=//bin HTTP/1.0" 200 12568 "-" "Mozilla/5.0 AppleWebKit/537.36 (KHTML, like Gecko; compatible; GPTBot/1.2; +https://openai.com/gptbot)"
74.7.227.14 - - [31/Oct/2025:05:52:07 +1000] "GET /1231504?fileloc=//bin/autoscan&path=//bin HTTP/1.0" 200 31097 "-" "Mozilla/5.0 AppleWebKit/537.36 (KHTML, like Gecko; compatible; GPTBot/1.2; +https://openai.com/gptbot)"
74.7.227.14 - - [31/Oct/2025:05:52:15 +1000] "GET /1552048?fileloc=//bin/soelim&path=//bin HTTP/1.0" 200 59196 "-" "Mozilla/5.0 AppleWebKit/537.36 (KHTML, like Gecko; compatible; GPTBot/1.2; +https://openai.com/gptbot)"
74.7.227.14 - - [31/Oct/2025:05:52:24 +1000] "GET /1552048?fileloc=//bin/memcat&path=//bin HTTP/1.0" 200 38620 "-" "Mozilla/5.0 AppleWebKit/537.36 (KHTML, like Gecko; compatible; GPTBot/1.2; +https://openai.com/gptbot)"
74.7.227.14 - - [31/Oct/2025:05:52:32 +1000] "GET /1139680?path=//lib HTTP/1.0" 200 57151 "-" "Mozilla/5.0 AppleWebKit/537.36 (KHTML, like Gecko; compatible; GPTBot/1.2; +https://openai.com/gptbot)"
74.7.227.14 - - [31/Oct/2025:05:52:41 +1000] "GET /1552048?fileloc=//bin/cut&path=//bin HTTP/1.0" 200 71942 "-" "Mozilla/5.0 AppleWebKit/537.36 (KHTML, like Gecko; compatible; GPTBot/1.2; +https://openai.com/gptbot)"
74.7.227.14 - - [31/Oct/2025:05:52:50 +1000] "GET /1369824?path=//bin HTTP/1.0" 200 1403267 "-" "Mozilla/5.0 AppleWebKit/537.36 (KHTML, like Gecko; compatible; GPTBot/1.2; +https://openai.com/gptbot)"
74.7.227.14 - - [31/Oct/2025:05:52:59 +1000] "GET /1274336?path=//bin HTTP/1.0" 200 1403267 "-" "Mozilla/5.0 AppleWebKit/537.36 (KHTML, like Gecko; compatible; GPTBot/1.2; +https://openai.com/gptbot)"
74.7.227.14 - - [31/Oct/2025:05:53:20 +1000] "GET /1448592?path=//usr HTTP/1.0" 200 28121 "-" "Mozilla/5.0 AppleWebKit/537.36 (KHTML, like Gecko; compatible; GPTBot/1.2; +https://openai.com/gptbot)"
74.7.227.14 - - [31/Oct/2025:05:53:31 +1000] "GET /1002976?path=//run HTTP/1.0" 200 73709 "-" "Mozilla/5.0 AppleWebKit/537.36 (KHTML, like Gecko; compatible; GPTBot/1.2; +https://openai.com/gptbot)"
196.239.149.212 - - [31/Oct/2025:05:53:33 +1000] "POST /wp-content/plugins/simple-file-list/ee-upload-engine.php HTTP/1.0" 200 56005 "-" "Mozilla/5.0"
74.7.227.14 - - [31/Oct/2025:05:53:42 +1000] "GET /1381264?path=//run HTTP/1.0" 200 73709 "-" "Mozilla/5.0 AppleWebKit/537.36 (KHTML, like Gecko; compatible; GPTBot/1.2; +https://openai.com/gptbot)"
74.7.227.14 - - [31/Oct/2025:05:53:54 +1000] "GET /1286720?path=//usr HTTP/1.0" 200 28121 "-" "Mozilla/5.0 AppleWebKit/537.36 (KHTML, like Gecko; compatible; GPTBot/1.2; +https://openai.com/gptbot)"
74.7.227.14 - - [31/Oct/2025:05:54:05 +1000] "GET /1378672?path=//lib HTTP/1.0" 200 57151 "-" "Mozilla/5.0 AppleWebKit/537.36 (KHTML, like Gecko; compatible; GPTBot/1.2; +https://openai.com/gptbot)"
74.7.227.14 - - [31/Oct/2025:05:54:12 +1000] "GET /1369824?fileloc=//bin/lscpu&path=//bin HTTP/1.0" 200 104533 "-" "Mozilla/5.0 AppleWebKit/537.36 (KHTML, like Gecko; compatible; GPTBot/1.2; +https://openai.com/gptbot)"
74.7.227.14 - - [31/Oct/2025:05:54:20 +1000] "GET /1320640?path=//bin HTTP/1.0" 200 1403267 "-" "Mozilla/5.0 AppleWebKit/537.36 (KHTML, like Gecko; compatible; GPTBot/1.2; +https://openai.com/gptbot)"
74.7.227.14 - - [31/Oct/2025:05:54:29 +1000] "GET /1149072?path=//srv HTTP/1.0" 200 12685 "-" "Mozilla/5.0 AppleWebKit/537.36 (KHTML, like Gecko; compatible; GPTBot/1.2; +https://openai.com/gptbot)"
74.7.227.14 - - [31/Oct/2025:05:54:37 +1000] "GET /1346752?path=//srv HTTP/1.0" 200 12685 "-" "Mozilla/5.0 AppleWebKit/537.36 (KHTML, like Gecko; compatible; GPTBot/1.2; +https://openai.com/gptbot)"
74.7.227.14 - - [31/Oct/2025:05:54:46 +1000] "GET /1559632?path=//bin HTTP/1.0" 200 1403267 "-" "Mozilla/5.0 AppleWebKit/537.36 (KHTML, like Gecko; compatible; GPTBot/1.2; +https://openai.com/gptbot)"
74.7.227.14 - - [31/Oct/2025:05:54:55 +1000] "GET /1274336?fileloc=//bin/php&path=//bin HTTP/1.0" 200 6778019 "-" "Mozilla/5.0 AppleWebKit/537.36 (KHTML, like Gecko; compatible; GPTBot/1.2; +https://openai.com/gptbot)"
74.7.227.14 - - [31/Oct/2025:05:55:10 +1000] "GET /1369824?fileloc=//bin/pkttyagent&path=//bin HTTP/1.0" 200 35883 "-" "Mozilla/5.0 AppleWebKit/537.36 (KHTML, like Gecko; compatible; GPTBot/1.2; +https://openai.com/gptbot)"
74.7.227.14 - - [31/Oct/2025:05:55:19 +1000] "GET /1369824?fileloc=//bin/bzless&path=//bin HTTP/1.0" 200 13830 "-" "Mozilla/5.0 AppleWebKit/537.36 (KHTML, like Gecko; compatible; GPTBot/1.2; +https://openai.com/gptbot)"
66.249.75.70 - - [31/Oct/2025:05:55:21 +1000] "GET /122052640?shopdetail=0121909557 HTTP/1.0" 200 204432 "-" "Mozilla/5.0 (Linux; Android 6.0.1; Nexus 5X Build/MMB29P) AppleWebKit/537.36 (KHTML, like Gecko) Chrome/141.0.7390.122 Mobile Safari/537.36 (compatible; Googlebot/2.1; +http://www.google.com/bot.html)"
74.7.227.14 - - [31/Oct/2025:05:55:26 +1000] "GET /1274336?fileloc=//bin/watchgnupg&path=//bin HTTP/1.0" 200 31519 "-" "Mozilla/5.0 AppleWebKit/537.36 (KHTML, like Gecko; compatible; GPTBot/1.2; +https://openai.com/gptbot)"
74.7.227.14 - - [31/Oct/2025:05:55:35 +1000] "GET /1274336?fileloc=//bin/memparse&path=//bin HTTP/1.0" 200 25360 "-" "Mozilla/5.0 AppleWebKit/537.36 (KHTML, like Gecko; compatible; GPTBot/1.2; +https://openai.com/gptbot)"
74.7.227.14 - - [31/Oct/2025:05:55:46 +1000] "GET /1274336?fileloc=//bin/vmware-xferlogs&path=//bin HTTP/1.0" 200 26868 "-" "Mozilla/5.0 AppleWebKit/537.36 (KHTML, like Gecko; compatible; GPTBot/1.2; +https://openai.com/gptbot)"
74.7.227.14 - - [31/Oct/2025:05:55:55 +1000] "GET /1369824?fileloc=//bin/yes&path=//bin HTTP/1.0" 200 52717 "-" "Mozilla/5.0 AppleWebKit/537.36 (KHTML, like Gecko; compatible; GPTBot/1.2; +https://openai.com/gptbot)"
74.7.227.14 - - [31/Oct/2025:05:56:03 +1000] "GET /1320640?fileloc=//bin/enchant-lsmod&path=//bin HTTP/1.0" 200 26086 "-" "Mozilla/5.0 AppleWebKit/537.36 (KHTML, like Gecko; compatible; GPTBot/1.2; +https://openai.com/gptbot)"
74.7.227.14 - - [31/Oct/2025:05:56:11 +1000] "GET /1559632?fileloc=//bin/fgrep&path=//bin HTTP/1.0" 200 12597 "-" "Mozilla/5.0 AppleWebKit/537.36 (KHTML, like Gecko; compatible; GPTBot/1.2; +https://openai.com/gptbot)"
196.239.149.212 - - [31/Oct/2025:05:56:20 +1000] "POST /wp-content/plugins/simple-file-list/ee-upload-engine.php HTTP/1.0" 200 56005 "-" "Mozilla/5.0"
74.7.227.14 - - [31/Oct/2025:05:56:25 +1000] "GET /1320640?fileloc=//bin/awk&path=//bin HTTP/1.0" 200 684376 "-" "Mozilla/5.0 AppleWebKit/537.36 (KHTML, like Gecko; compatible; GPTBot/1.2; +https://openai.com/gptbot)"
74.7.227.14 - - [31/Oct/2025:05:56:37 +1000] "GET /1274336?fileloc=//bin/redis-cli&path=//bin HTTP/1.0" 200 262300 "-" "Mozilla/5.0 AppleWebKit/537.36 (KHTML, like Gecko; compatible; GPTBot/1.2; +https://openai.com/gptbot)"
212.16.195.25 - - [31/Oct/2025:05:56:48 +1000] "GET / HTTP/1.0" 200 56005 "http://212.16.195.25" "Mozilla/5.0 (X11; Linux x86_64) AppleWebKit/537.36 (KHTML, like Gecko) Chrome/44.0.2403.157 Safari/537.36"
74.7.227.14 - - [31/Oct/2025:05:56:48 +1000] "GET /1559632?fileloc=//bin/ssh-keygen&path=//bin HTTP/1.0" 200 638525 "-" "Mozilla/5.0 AppleWebKit/537.36 (KHTML, like Gecko; compatible; GPTBot/1.2; +https://openai.com/gptbot)"
74.7.227.14 - - [31/Oct/2025:05:57:02 +1000] "GET /1559632?fileloc=//bin/pchrt&path=//bin HTTP/1.0" 200 16645 "-" "Mozilla/5.0 AppleWebKit/537.36 (KHTML, like Gecko; compatible; GPTBot/1.2; +https://openai.com/gptbot)"
74.7.227.14 - - [31/Oct/2025:05:57:10 +1000] "GET /1274336?fileloc=//bin/mysqldump&path=//bin HTTP/1.0" 200 5171719 "-" "Mozilla/5.0 AppleWebKit/537.36 (KHTML, like Gecko; compatible; GPTBot/1.2; +https://openai.com/gptbot)"
74.7.227.14 - - [31/Oct/2025:05:57:21 +1000] "GET /1524672?path=//run HTTP/1.0" 200 73709 "-" "Mozilla/5.0 AppleWebKit/537.36 (KHTML, like Gecko; compatible; GPTBot/1.2; +https://openai.com/gptbot)"
74.7.227.14 - - [31/Oct/2025:05:57:29 +1000] "GET /1320640?fileloc=//bin/truncate&path=//bin HTTP/1.0" 200 94339 "-" "Mozilla/5.0 AppleWebKit/537.36 (KHTML, like Gecko; compatible; GPTBot/1.2; +https://openai.com/gptbot)"
74.7.227.14 - - [31/Oct/2025:05:57:38 +1000] "GET /1559632?fileloc=//bin/mkfifo&path=//bin HTTP/1.0" 200 107040 "-" "Mozilla/5.0 AppleWebKit/537.36 (KHTML, like Gecko; compatible; GPTBot/1.2; +https://openai.com/gptbot)"
74.7.227.14 - - [31/Oct/2025:05:57:45 +1000] "GET /1559632?fileloc=//bin/luajit&path=//bin HTTP/1.0" 200 775709 "-" "Mozilla/5.0 AppleWebKit/537.36 (KHTML, like Gecko; compatible; GPTBot/1.2; +https://openai.com/gptbot)"
74.7.227.14 - - [31/Oct/2025:05:58:02 +1000] "GET /1274336?fileloc=//bin/sha256sum&path=//bin HTTP/1.0" 200 69892 "-" "Mozilla/5.0 AppleWebKit/537.36 (KHTML, like Gecko; compatible; GPTBot/1.2; +https://openai.com/gptbot)"
74.7.227.14 - - [31/Oct/2025:05:58:27 +1000] "GET /1274336?fileloc=//bin/mysql_plugin&path=//bin HTTP/1.0" 200 4548980 "-" "Mozilla/5.0 AppleWebKit/537.36 (KHTML, like Gecko; compatible; GPTBot/1.2; +https://openai.com/gptbot)"
74.7.227.14 - - [31/Oct/2025:05:58:50 +1000] "GET /1559632?fileloc=//bin/xzgrep&path=//bin HTTP/1.0" 200 19239 "-" "Mozilla/5.0 AppleWebKit/537.36 (KHTML, like Gecko; compatible; GPTBot/1.2; +https://openai.com/gptbot)"
74.7.227.14 - - [31/Oct/2025:05:59:02 +1000] "GET /1274336?fileloc=//bin/gtar&path=//bin HTTP/1.0" 200 552577 "-" "Mozilla/5.0 AppleWebKit/537.36 (KHTML, like Gecko; compatible; GPTBot/1.2; +https://openai.com/gptbot)"
74.7.227.14 - - [31/Oct/2025:05:59:12 +1000] "GET /1373456?path=//run HTTP/1.0" 200 73709 "-" "Mozilla/5.0 AppleWebKit/537.36 (KHTML, like Gecko; compatible; GPTBot/1.2; +https://openai.com/gptbot)"
74.7.227.14 - - [31/Oct/2025:05:59:24 +1000] "GET /1152736?path=//run HTTP/1.0" 200 73709 "-" "Mozilla/5.0 AppleWebKit/537.36 (KHTML, like Gecko; compatible; GPTBot/1.2; +https://openai.com/gptbot)"
74.7.227.14 - - [31/Oct/2025:05:59:35 +1000] "GET /1040528?path=//run HTTP/1.0" 200 73709 "-" "Mozilla/5.0 AppleWebKit/537.36 (KHTML, like Gecko; compatible; GPTBot/1.2; +https://openai.com/gptbot)"
74.7.227.14 - - [31/Oct/2025:05:59:52 +1000] "GET /1208560?path=//bin HTTP/1.0" 200 1403267 "-" "Mozilla/5.0 AppleWebKit/537.36 (KHTML, like Gecko; compatible; GPTBot/1.2; +https://openai.com/gptbot)"
74.7.227.14 - - [31/Oct/2025:05:59:59 +1000] "GET /1342256?path=//run HTTP/1.0" 200 73709 "-" "Mozilla/5.0 AppleWebKit/537.36 (KHTML, like Gecko; compatible; GPTBot/1.2; +https://openai.com/gptbot)"
74.7.227.14 - - [31/Oct/2025:06:00:08 +1000] "GET /1458896?path=//lib HTTP/1.0" 200 57151 "-" "Mozilla/5.0 AppleWebKit/537.36 (KHTML, like Gecko; compatible; GPTBot/1.2; +https://openai.com/gptbot)"
74.7.227.14 - - [31/Oct/2025:06:00:17 +1000] "GET /1049280?path=//bin HTTP/1.0" 200 1403267 "-" "Mozilla/5.0 AppleWebKit/537.36 (KHTML, like Gecko; compatible; GPTBot/1.2; +https://openai.com/gptbot)"
74.7.227.14 - - [31/Oct/2025:06:00:25 +1000] "GET /1243008?path=//lib HTTP/1.0" 200 57151 "-" "Mozilla/5.0 AppleWebKit/537.36 (KHTML, like Gecko; compatible; GPTBot/1.2; +https://openai.com/gptbot)"
74.7.227.14 - - [31/Oct/2025:06:00:33 +1000] "GET /1534720?path=//sys HTTP/1.0" 200 26873 "-" "Mozilla/5.0 AppleWebKit/537.36 (KHTML, like Gecko; compatible; GPTBot/1.2; +https://openai.com/gptbot)"
74.7.227.14 - - [31/Oct/2025:06:00:42 +1000] "GET /1094256?path=//lib HTTP/1.0" 200 57151 "-" "Mozilla/5.0 AppleWebKit/537.36 (KHTML, like Gecko; compatible; GPTBot/1.2; +https://openai.com/gptbot)"
212.16.195.25 - - [31/Oct/2025:06:00:46 +1000] "GET / HTTP/1.0" 200 56005 "http://212.16.195.25" "Mozilla/5.0 (X11; Linux x86_64) AppleWebKit/537.36 (KHTML, like Gecko) Chrome/44.0.2403.157 Safari/537.36"
74.7.227.14 - - [31/Oct/2025:06:00:51 +1000] "GET /1346752?path=//lib HTTP/1.0" 200 57151 "-" "Mozilla/5.0 AppleWebKit/537.36 (KHTML, like Gecko; compatible; GPTBot/1.2; +https://openai.com/gptbot)"
74.7.227.14 - - [31/Oct/2025:06:00:59 +1000] "GET /1417680?path=//bin HTTP/1.0" 200 1403267 "-" "Mozilla/5.0 AppleWebKit/537.36 (KHTML, like Gecko; compatible; GPTBot/1.2; +https://openai.com/gptbot)"
