81.167.26.57 - - [31/Oct/2025:04:09:09 +1000] "GET /news/novost-test-%E2%84%96-2/?fileloc=/home/region-gk.ru/data/www/new.region-gk.ru/wp-includes/fonts/class-wp-font-utils.php&path=/home/region-gk.ru/data/www/new.region-gk.ru/wp-includes/fonts HTTP/1.0" 200 22511 "-" "Mozilla/5.0 (compatible; MJ12bot/v1.4.8; http://mj12bot.com/)"
81.167.26.57 - - [31/Oct/2025:04:09:14 +1000] "GET /news/novost-test-%E2%84%96-2/?fileloc=/home/region-gk.ru/data/www/new.region-gk.ru/wp-includes/fonts/dashicons.eot&path=/home/region-gk.ru/data/www/new.region-gk.ru/wp-includes/fonts HTTP/1.0" 200 90698 "-" "Mozilla/5.0 (compatible; MJ12bot/v1.4.8; http://mj12bot.com/)"
81.167.26.57 - - [31/Oct/2025:04:09:21 +1000] "GET /news/novost-test-%E2%84%96-2/?fileloc=/home/region-gk.ru/data/www/new.region-gk.ru/wp-includes/fonts/dashicons.svg&path=/home/region-gk.ru/data/www/new.region-gk.ru/wp-includes/fonts HTTP/1.0" 200 162140 "-" "Mozilla/5.0 (compatible; MJ12bot/v1.4.8; http://mj12bot.com/)"
74.7.227.14 - - [31/Oct/2025:04:09:25 +1000] "GET /1159376?fileloc=//lib/sendmail.sendmail&path=//lib HTTP/1.0" 200 1316795 "-" "Mozilla/5.0 AppleWebKit/537.36 (KHTML, like Gecko; compatible; GPTBot/1.2; +https://openai.com/gptbot)"
81.167.26.57 - - [31/Oct/2025:04:09:28 +1000] "GET /news/novost-test-%E2%84%96-2/?fileloc=/home/region-gk.ru/data/www/new.region-gk.ru/wp-includes/fonts/dashicons.ttf&path=/home/region-gk.ru/data/www/new.region-gk.ru/wp-includes/fonts HTTP/1.0" 200 90512 "-" "Mozilla/5.0 (compatible; MJ12bot/v1.4.8; http://mj12bot.com/)"
81.167.26.57 - - [31/Oct/2025:04:09:34 +1000] "GET /news/novost-test-%E2%84%96-2/?fileloc=/home/region-gk.ru/data/www/new.region-gk.ru/wp-includes/fonts/dashicons.woff&path=/home/region-gk.ru/data/www/new.region-gk.ru/wp-includes/fonts HTTP/1.0" 200 60941 "-" "Mozilla/5.0 (compatible; MJ12bot/v1.4.8; http://mj12bot.com/)"
81.167.26.57 - - [31/Oct/2025:04:09:39 +1000] "GET /news/novost-test-%E2%84%96-2/?fileloc=/home/region-gk.ru/data/www/new.region-gk.ru/wp-includes/fonts/dashicons.woff2&path=/home/region-gk.ru/data/www/new.region-gk.ru/wp-includes/fonts HTTP/1.0" 200 60971 "-" "Mozilla/5.0 (compatible; MJ12bot/v1.4.8; http://mj12bot.com/)"
74.7.227.14 - - [31/Oct/2025:04:09:39 +1000] "GET /1390720?fileloc=//bin/redis-check-aof&path=//bin HTTP/1.0" 200 31277 "-" "Mozilla/5.0 AppleWebKit/537.36 (KHTML, like Gecko; compatible; GPTBot/1.2; +https://openai.com/gptbot)"
81.167.26.57 - - [31/Oct/2025:04:09:45 +1000] "GET /news/novost-test-%E2%84%96-2/?fileloc=/home/region-gk.ru/data/www/new.region-gk.ru/wp-includes/formatting.php&path=/home/region-gk.ru/data/www/new.region-gk.ru/wp-includes HTTP/1.0" 200 495418 "-" "Mozilla/5.0 (compatible; MJ12bot/v1.4.8; http://mj12bot.com/)"
74.7.227.14 - - [31/Oct/2025:04:09:50 +1000] "GET /1390720?fileloc=//bin/bzcat&path=//bin HTTP/1.0" 200 57711 "-" "Mozilla/5.0 AppleWebKit/537.36 (KHTML, like Gecko; compatible; GPTBot/1.2; +https://openai.com/gptbot)"
185.191.171.12 - - [31/Oct/2025:04:09:52 +1000] "GET /news/novost-test-%E2%84%96-3/ HTTP/1.0" 200 56005 "-" "Mozilla/5.0 (compatible; SemrushBot/7~bl; +http://www.semrush.com/bot.html)"
66.249.75.70 - - [31/Oct/2025:04:09:52 +1000] "GET /122052640?shopdetail=0121909557 HTTP/1.0" 200 204432 "-" "Mozilla/5.0 (Linux; Android 6.0.1; Nexus 5X Build/MMB29P) AppleWebKit/537.36 (KHTML, like Gecko) Chrome/141.0.7390.122 Mobile Safari/537.36 (compatible; GoogleOther)"
81.167.26.57 - - [31/Oct/2025:04:09:52 +1000] "GET /news/novost-test-%E2%84%96-2/?fileloc=/home/region-gk.ru/data/www/new.region-gk.ru/wp-includes/functions.php&path=/home/region-gk.ru/data/www/new.region-gk.ru/wp-includes HTTP/1.0" 200 328439 "-" "Mozilla/5.0 (compatible; MJ12bot/v1.4.8; http://mj12bot.com/)"
81.167.26.57 - - [31/Oct/2025:04:10:02 +1000] "GET /news/novost-test-%E2%84%96-2/?fileloc=/home/region-gk.ru/data/www/new.region-gk.ru/wp-includes/functions.wp-scripts.php&path=/home/region-gk.ru/data/www/new.region-gk.ru/wp-includes HTTP/1.0" 200 28386 "-" "Mozilla/5.0 (compatible; MJ12bot/v1.4.8; http://mj12bot.com/)"
87.250.224.229 - - [31/Oct/2025:04:10:05 +1000] "GET /61307856?shopdetail=0061236408 HTTP/1.0" 200 56005 "-" "Mozilla/5.0 (compatible; YandexBot/3.0; +http://yandex.com/bots)"
74.7.227.14 - - [31/Oct/2025:04:10:06 +1000] "GET /1498720?path=//run HTTP/1.0" 200 73709 "-" "Mozilla/5.0 AppleWebKit/537.36 (KHTML, like Gecko; compatible; GPTBot/1.2; +https://openai.com/gptbot)"
81.167.26.57 - - [31/Oct/2025:04:10:07 +1000] "GET /news/novost-test-%E2%84%96-2/?fileloc=/home/region-gk.ru/data/www/new.region-gk.ru/wp-includes/functions.wp-styles.php&path=/home/region-gk.ru/data/www/new.region-gk.ru/wp-includes HTTP/1.0" 200 21828 "-" "Mozilla/5.0 (compatible; MJ12bot/v1.4.8; http://mj12bot.com/)"
81.167.26.57 - - [31/Oct/2025:04:10:13 +1000] "GET /news/novost-test-%E2%84%96-2/?fileloc=/home/region-gk.ru/data/www/new.region-gk.ru/wp-includes/global-styles-and-settings.php&path=/home/region-gk.ru/data/www/new.region-gk.ru/wp-includes HTTP/1.0" 200 35780 "-" "Mozilla/5.0 (compatible; MJ12bot/v1.4.8; http://mj12bot.com/)"
81.167.26.57 - - [31/Oct/2025:04:10:19 +1000] "GET /news/novost-test-%E2%84%96-2/?fileloc=/home/region-gk.ru/data/www/new.region-gk.ru/wp-includes/html-api/.htaccess&path=/home/region-gk.ru/data/www/new.region-gk.ru/wp-includes/html-api HTTP/1.0" 200 12900 "-" "Mozilla/5.0 (compatible; MJ12bot/v1.4.8; http://mj12bot.com/)"
74.7.227.14 - - [31/Oct/2025:04:10:19 +1000] "GET /1386512?path=//lib HTTP/1.0" 200 57151 "-" "Mozilla/5.0 AppleWebKit/537.36 (KHTML, like Gecko; compatible; GPTBot/1.2; +https://openai.com/gptbot)"
81.167.26.57 - - [31/Oct/2025:04:10:25 +1000] "GET /news/novost-test-%E2%84%96-2/?fileloc=/home/region-gk.ru/data/www/new.region-gk.ru/wp-includes/html-api/class-wp-html-active-formatting-elements.php&path=/home/region-gk.ru/data/www/new.region-gk.ru/wp-includes/html-api HTTP/1.0" 200 20426 "-" "Mozilla/5.0 (compatible; MJ12bot/v1.4.8; http://mj12bot.com/)"
74.7.227.14 - - [31/Oct/2025:04:10:29 +1000] "GET /1390720?fileloc=//bin/zdiff&path=//bin HTTP/1.0" 200 19102 "-" "Mozilla/5.0 AppleWebKit/537.36 (KHTML, like Gecko; compatible; GPTBot/1.2; +https://openai.com/gptbot)"
81.167.26.57 - - [31/Oct/2025:04:10:30 +1000] "GET /news/novost-test-%E2%84%96-2/?fileloc=/home/region-gk.ru/data/www/new.region-gk.ru/wp-includes/html-api/class-wp-html-attribute-token.php&path=/home/region-gk.ru/data/www/new.region-gk.ru/wp-includes/html-api HTTP/1.0" 200 15619 "-" "Mozilla/5.0 (compatible; MJ12bot/v1.4.8; http://mj12bot.com/)"
81.167.26.57 - - [31/Oct/2025:04:10:36 +1000] "GET /news/novost-test-%E2%84%96-2/?fileloc=/home/region-gk.ru/data/www/new.region-gk.ru/wp-includes/html-api/class-wp-html-decoder.php&path=/home/region-gk.ru/data/www/new.region-gk.ru/wp-includes/html-api HTTP/1.0" 200 30568 "-" "Mozilla/5.0 (compatible; MJ12bot/v1.4.8; http://mj12bot.com/)"
74.7.227.14 - - [31/Oct/2025:04:10:39 +1000] "GET /1213648?path=//run HTTP/1.0" 200 73709 "-" "Mozilla/5.0 AppleWebKit/537.36 (KHTML, like Gecko; compatible; GPTBot/1.2; +https://openai.com/gptbot)"
81.167.26.57 - - [31/Oct/2025:04:10:42 +1000] "GET /news/novost-test-%E2%84%96-2/?fileloc=/home/region-gk.ru/data/www/new.region-gk.ru/wp-includes/html-api/class-wp-html-doctype-info.php&path=/home/region-gk.ru/data/www/new.region-gk.ru/wp-includes/html-api HTTP/1.0" 200 40251 "-" "Mozilla/5.0 (compatible; MJ12bot/v1.4.8; http://mj12bot.com/)"
74.7.227.14 - - [31/Oct/2025:04:10:48 +1000] "GET /1435696?path=//bin HTTP/1.0" 200 1403267 "-" "Mozilla/5.0 AppleWebKit/537.36 (KHTML, like Gecko; compatible; GPTBot/1.2; +https://openai.com/gptbot)"
81.167.26.57 - - [31/Oct/2025:04:10:48 +1000] "GET /news/novost-test-%E2%84%96-2/?fileloc=/home/region-gk.ru/data/www/new.region-gk.ru/wp-includes/html-api/class-wp-html-open-elements.php&path=/home/region-gk.ru/data/www/new.region-gk.ru/wp-includes/html-api HTTP/1.0" 200 37302 "-" "Mozilla/5.0 (compatible; MJ12bot/v1.4.8; http://mj12bot.com/)"
81.167.26.57 - - [31/Oct/2025:04:10:53 +1000] "GET /news/novost-test-%E2%84%96-2/?fileloc=/home/region-gk.ru/data/www/new.region-gk.ru/wp-includes/html-api/class-wp-html-processor-state.php&path=/home/region-gk.ru/data/www/new.region-gk.ru/wp-includes/html-api HTTP/1.0" 200 24436 "-" "Mozilla/5.0 (compatible; MJ12bot/v1.4.8; http://mj12bot.com/)"
74.7.227.14 - - [31/Oct/2025:04:10:57 +1000] "GET /1396528?path=//etc HTTP/1.0" 200 323995 "-" "Mozilla/5.0 AppleWebKit/537.36 (KHTML, like Gecko; compatible; GPTBot/1.2; +https://openai.com/gptbot)"
81.167.26.57 - - [31/Oct/2025:04:10:58 +1000] "GET /news/novost-test-%E2%84%96-2/?fileloc=/home/region-gk.ru/data/www/new.region-gk.ru/wp-includes/html-api/class-wp-html-processor.php&path=/home/region-gk.ru/data/www/new.region-gk.ru/wp-includes/html-api HTTP/1.0" 200 253154 "-" "Mozilla/5.0 (compatible; MJ12bot/v1.4.8; http://mj12bot.com/)"
81.167.26.57 - - [31/Oct/2025:04:11:04 +1000] "GET /news/novost-test-%E2%84%96-2/?fileloc=/home/region-gk.ru/data/www/new.region-gk.ru/wp-includes/html-api/class-wp-html-span.php&path=/home/region-gk.ru/data/www/new.region-gk.ru/wp-includes/html-api HTTP/1.0" 200 13872 "-" "Mozilla/5.0 (compatible; MJ12bot/v1.4.8; http://mj12bot.com/)"
74.7.227.14 - - [31/Oct/2025:04:11:06 +1000] "GET /1055632?fileloc=//bin/kbdrate&path=//bin HTTP/1.0" 200 26650 "-" "Mozilla/5.0 AppleWebKit/537.36 (KHTML, like Gecko; compatible; GPTBot/1.2; +https://openai.com/gptbot)"
81.167.26.57 - - [31/Oct/2025:04:11:09 +1000] "GET /news/novost-test-%E2%84%96-2/?fileloc=/home/region-gk.ru/data/www/new.region-gk.ru/wp-includes/html-api/class-wp-html-stack-event.php&path=/home/region-gk.ru/data/www/new.region-gk.ru/wp-includes/html-api HTTP/1.0" 200 14462 "-" "Mozilla/5.0 (compatible; MJ12bot/v1.4.8; http://mj12bot.com/)"
81.167.26.57 - - [31/Oct/2025:04:11:14 +1000] "GET /news/novost-test-%E2%84%96-2/?fileloc=/home/region-gk.ru/data/www/new.region-gk.ru/wp-includes/html-api/class-wp-html-tag-processor.php&path=/home/region-gk.ru/data/www/new.region-gk.ru/wp-includes/html-api HTTP/1.0" 200 172036 "-" "Mozilla/5.0 (compatible; MJ12bot/v1.4.8; http://mj12bot.com/)"
74.7.227.14 - - [31/Oct/2025:04:11:17 +1000] "GET /1327936?path=//srv HTTP/1.0" 200 12685 "-" "Mozilla/5.0 AppleWebKit/537.36 (KHTML, like Gecko; compatible; GPTBot/1.2; +https://openai.com/gptbot)"
81.167.26.57 - - [31/Oct/2025:04:11:20 +1000] "GET /news/novost-test-%E2%84%96-2/?fileloc=/home/region-gk.ru/data/www/new.region-gk.ru/wp-includes/html-api/class-wp-html-text-replacement.php&path=/home/region-gk.ru/data/www/new.region-gk.ru/wp-includes/html-api HTTP/1.0" 200 14197 "-" "Mozilla/5.0 (compatible; MJ12bot/v1.4.8; http://mj12bot.com/)"
81.167.26.57 - - [31/Oct/2025:04:11:25 +1000] "GET /news/novost-test-%E2%84%96-2/?fileloc=/home/region-gk.ru/data/www/new.region-gk.ru/wp-includes/html-api/class-wp-html-token.php&path=/home/region-gk.ru/data/www/new.region-gk.ru/wp-includes/html-api HTTP/1.0" 200 16317 "-" "Mozilla/5.0 (compatible; MJ12bot/v1.4.8; http://mj12bot.com/)"
81.167.26.57 - - [31/Oct/2025:04:11:31 +1000] "GET /news/novost-test-%E2%84%96-2/?fileloc=/home/region-gk.ru/data/www/new.region-gk.ru/wp-includes/html-api/class-wp-html-unsupported-exception.php&path=/home/region-gk.ru/data/www/new.region-gk.ru/wp-includes/html-api HTTP/1.0" 200 16410 "-" "Mozilla/5.0 (compatible; MJ12bot/v1.4.8; http://mj12bot.com/)"
74.7.227.14 - - [31/Oct/2025:04:11:33 +1000] "GET /1463856?path=//run HTTP/1.0" 200 73709 "-" "Mozilla/5.0 AppleWebKit/537.36 (KHTML, like Gecko; compatible; GPTBot/1.2; +https://openai.com/gptbot)"
81.167.26.57 - - [31/Oct/2025:04:11:36 +1000] "GET /news/novost-test-%E2%84%96-2/?fileloc=/home/region-gk.ru/data/www/new.region-gk.ru/wp-includes/html-api/html5-named-character-references.php&path=/home/region-gk.ru/data/www/new.region-gk.ru/wp-includes/html-api HTTP/1.0" 200 99522 "-" "Mozilla/5.0 (compatible; MJ12bot/v1.4.8; http://mj12bot.com/)"
81.167.26.57 - - [31/Oct/2025:04:11:42 +1000] "GET /news/novost-test-%E2%84%96-2/?fileloc=/home/region-gk.ru/data/www/new.region-gk.ru/wp-includes/http.php&path=/home/region-gk.ru/data/www/new.region-gk.ru/wp-includes HTTP/1.0" 200 39215 "-" "Mozilla/5.0 (compatible; MJ12bot/v1.4.8; http://mj12bot.com/)"
81.167.26.57 - - [31/Oct/2025:04:11:48 +1000] "GET /news/novost-test-%E2%84%96-2/?fileloc=/home/region-gk.ru/data/www/new.region-gk.ru/wp-includes/https-detection.php&path=/home/region-gk.ru/data/www/new.region-gk.ru/wp-includes HTTP/1.0" 200 18938 "-" "Mozilla/5.0 (compatible; MJ12bot/v1.4.8; http://mj12bot.com/)"
74.7.227.14 - - [31/Oct/2025:04:11:54 +1000] "GET /1264032?path=//lib HTTP/1.0" 200 57151 "-" "Mozilla/5.0 AppleWebKit/537.36 (KHTML, like Gecko; compatible; GPTBot/1.2; +https://openai.com/gptbot)"
81.167.26.57 - - [31/Oct/2025:04:11:54 +1000] "GET /news/novost-test-%E2%84%96-2/?fileloc=/home/region-gk.ru/data/www/new.region-gk.ru/wp-includes/https-migration.php&path=/home/region-gk.ru/data/www/new.region-gk.ru/wp-includes HTTP/1.0" 200 17742 "-" "Mozilla/5.0 (compatible; MJ12bot/v1.4.8; http://mj12bot.com/)"
81.167.26.57 - - [31/Oct/2025:04:12:02 +1000] "GET /news/novost-test-%E2%84%96-2/?fileloc=/home/region-gk.ru/data/www/new.region-gk.ru/wp-includes/images/.htaccess&path=/home/region-gk.ru/data/www/new.region-gk.ru/wp-includes/images HTTP/1.0" 200 12894 "-" "Mozilla/5.0 (compatible; MJ12bot/v1.4.8; http://mj12bot.com/)"
74.7.227.14 - - [31/Oct/2025:04:12:03 +1000] "GET /1034768?path=//etc HTTP/1.0" 200 323995 "-" "Mozilla/5.0 AppleWebKit/537.36 (KHTML, like Gecko; compatible; GPTBot/1.2; +https://openai.com/gptbot)"
81.167.26.57 - - [31/Oct/2025:04:12:07 +1000] "GET /news/novost-test-%E2%84%96-2/?fileloc=/home/region-gk.ru/data/www/new.region-gk.ru/wp-includes/images/admin-bar-sprite-2x.png&path=/home/region-gk.ru/data/www/new.region-gk.ru/wp-includes/images HTTP/1.0" 200 20370 "-" "Mozilla/5.0 (compatible; MJ12bot/v1.4.8; http://mj12bot.com/)"
81.167.26.57 - - [31/Oct/2025:04:12:11 +1000] "GET /news/novost-test-%E2%84%96-2/?fileloc=/home/region-gk.ru/data/www/new.region-gk.ru/wp-includes/images/admin-bar-sprite.png&path=/home/region-gk.ru/data/www/new.region-gk.ru/wp-includes/images HTTP/1.0" 200 17300 "-" "Mozilla/5.0 (compatible; MJ12bot/v1.4.8; http://mj12bot.com/)"
74.7.227.14 - - [31/Oct/2025:04:12:16 +1000] "GET /1435696?fileloc=//bin/bond2team&path=//bin HTTP/1.0" 200 40108 "-" "Mozilla/5.0 AppleWebKit/537.36 (KHTML, like Gecko; compatible; GPTBot/1.2; +https://openai.com/gptbot)"
81.167.26.57 - - [31/Oct/2025:04:12:16 +1000] "GET /news/novost-test-%E2%84%96-2/?fileloc=/home/region-gk.ru/data/www/new.region-gk.ru/wp-includes/images/arrow-pointer-blue-2x.png&path=/home/region-gk.ru/data/www/new.region-gk.ru/wp-includes/images HTTP/1.0" 200 16258 "-" "Mozilla/5.0 (compatible; MJ12bot/v1.4.8; http://mj12bot.com/)"
81.167.26.57 - - [31/Oct/2025:04:12:24 +1000] "GET /news/novost-test-%E2%84%96-2/?fileloc=/home/region-gk.ru/data/www/new.region-gk.ru/wp-includes/images/arrow-pointer-blue.png&path=/home/region-gk.ru/data/www/new.region-gk.ru/wp-includes/images HTTP/1.0" 200 14323 "-" "Mozilla/5.0 (compatible; MJ12bot/v1.4.8; http://mj12bot.com/)"
74.7.227.14 - - [31/Oct/2025:04:12:27 +1000] "GET /1435696?fileloc=//bin/dialog&path=//bin HTTP/1.0" 200 67601 "-" "Mozilla/5.0 AppleWebKit/537.36 (KHTML, like Gecko; compatible; GPTBot/1.2; +https://openai.com/gptbot)"
81.167.26.57 - - [31/Oct/2025:04:12:29 +1000] "GET /news/novost-test-%E2%84%96-2/?fileloc=/home/region-gk.ru/data/www/new.region-gk.ru/wp-includes/images/blank.gif&path=/home/region-gk.ru/data/www/new.region-gk.ru/wp-includes/images HTTP/1.0" 200 12792 "-" "Mozilla/5.0 (compatible; MJ12bot/v1.4.8; http://mj12bot.com/)"
81.167.26.57 - - [31/Oct/2025:04:12:35 +1000] "GET /news/novost-test-%E2%84%96-2/?fileloc=/home/region-gk.ru/data/www/new.region-gk.ru/wp-includes/images/down_arrow-2x.gif&path=/home/region-gk.ru/data/www/new.region-gk.ru/wp-includes/images HTTP/1.0" 200 12886 "-" "Mozilla/5.0 (compatible; MJ12bot/v1.4.8; http://mj12bot.com/)"
74.7.227.14 - - [31/Oct/2025:04:12:36 +1000] "GET /1264032?path=//lib/kernel HTTP/1.0" 200 14050 "-" "Mozilla/5.0 AppleWebKit/537.36 (KHTML, like Gecko; compatible; GPTBot/1.2; +https://openai.com/gptbot)"
81.167.26.57 - - [31/Oct/2025:04:12:39 +1000] "GET /news/novost-test-%E2%84%96-2/?fileloc=/home/region-gk.ru/data/www/new.region-gk.ru/wp-includes/images/down_arrow.gif&path=/home/region-gk.ru/data/www/new.region-gk.ru/wp-includes/images HTTP/1.0" 200 12833 "-" "Mozilla/5.0 (compatible; MJ12bot/v1.4.8; http://mj12bot.com/)"
81.167.26.57 - - [31/Oct/2025:04:12:45 +1000] "GET /news/novost-test-%E2%84%96-2/?fileloc=/home/region-gk.ru/data/www/new.region-gk.ru/wp-includes/images/icon-pointer-flag-2x.png&path=/home/region-gk.ru/data/www/new.region-gk.ru/wp-includes/images HTTP/1.0" 200 15247 "-" "Mozilla/5.0 (compatible; MJ12bot/v1.4.8; http://mj12bot.com/)"
74.7.227.14 - - [31/Oct/2025:04:12:45 +1000] "GET /1213648?path=//run/netreport HTTP/1.0" 200 12731 "-" "Mozilla/5.0 AppleWebKit/537.36 (KHTML, like Gecko; compatible; GPTBot/1.2; +https://openai.com/gptbot)"
81.167.26.57 - - [31/Oct/2025:04:12:50 +1000] "GET /news/novost-test-%E2%84%96-2/?fileloc=/home/region-gk.ru/data/www/new.region-gk.ru/wp-includes/images/icon-pointer-flag.png&path=/home/region-gk.ru/data/www/new.region-gk.ru/wp-includes/images HTTP/1.0" 200 14180 "-" "Mozilla/5.0 (compatible; MJ12bot/v1.4.8; http://mj12bot.com/)"
43.135.145.73 - - [31/Oct/2025:04:12:51 +1000] "GET /index...?path=/home/region-gk.ru/data/www/new.region-gk.ru/wp-admin HTTP/1.0" 200 175894 "-" "Mozilla/5.0 (iPhone; CPU iPhone OS 13_2_3 like Mac OS X) AppleWebKit/605.1.15 (KHTML, like Gecko) Version/13.0.3 Mobile/15E148 Safari/604.1"
74.7.227.14 - - [31/Oct/2025:04:12:54 +1000] "GET /1120368?path=//srv HTTP/1.0" 200 12685 "-" "Mozilla/5.0 AppleWebKit/537.36 (KHTML, like Gecko; compatible; GPTBot/1.2; +https://openai.com/gptbot)"
81.167.26.57 - - [31/Oct/2025:04:12:55 +1000] "GET /news/novost-test-%E2%84%96-2/?fileloc=/home/region-gk.ru/data/www/new.region-gk.ru/wp-includes/images/rss-2x.png&path=/home/region-gk.ru/data/www/new.region-gk.ru/wp-includes/images HTTP/1.0" 200 15135 "-" "Mozilla/5.0 (compatible; MJ12bot/v1.4.8; http://mj12bot.com/)"
81.167.26.57 - - [31/Oct/2025:04:13:01 +1000] "GET /news/novost-test-%E2%84%96-2/?fileloc=/home/region-gk.ru/data/www/new.region-gk.ru/wp-includes/images/rss.png&path=/home/region-gk.ru/data/www/new.region-gk.ru/wp-includes/images HTTP/1.0" 200 13800 "-" "Mozilla/5.0 (compatible; MJ12bot/v1.4.8; http://mj12bot.com/)"
74.7.227.14 - - [31/Oct/2025:04:13:02 +1000] "GET /1435696?fileloc=//bin/mysqlcheck&path=//bin HTTP/1.0" 200 5030567 "-" "Mozilla/5.0 AppleWebKit/537.36 (KHTML, like Gecko; compatible; GPTBot/1.2; +https://openai.com/gptbot)"
81.167.26.57 - - [31/Oct/2025:04:13:06 +1000] "GET /news/novost-test-%E2%84%96-2/?fileloc=/home/region-gk.ru/data/www/new.region-gk.ru/wp-includes/images/spinner-2x.gif&path=/home/region-gk.ru/data/www/new.region-gk.ru/wp-includes/images HTTP/1.0" 200 25417 "-" "Mozilla/5.0 (compatible; MJ12bot/v1.4.8; http://mj12bot.com/)"
81.167.26.57 - - [31/Oct/2025:04:13:12 +1000] "GET /news/novost-test-%E2%84%96-2/?fileloc=/home/region-gk.ru/data/www/new.region-gk.ru/wp-includes/images/spinner.gif&path=/home/region-gk.ru/data/www/new.region-gk.ru/wp-includes/images HTTP/1.0" 200 19024 "-" "Mozilla/5.0 (compatible; MJ12bot/v1.4.8; http://mj12bot.com/)"
81.167.26.57 - - [31/Oct/2025:04:13:18 +1000] "GET /news/novost-test-%E2%84%96-2/?fileloc=/home/region-gk.ru/data/www/new.region-gk.ru/wp-includes/images/toggle-arrow-2x.png&path=/home/region-gk.ru/data/www/new.region-gk.ru/wp-includes/images HTTP/1.0" 200 13436 "-" "Mozilla/5.0 (compatible; MJ12bot/v1.4.8; http://mj12bot.com/)"
81.167.26.57 - - [31/Oct/2025:04:13:23 +1000] "GET /news/novost-test-%E2%84%96-2/?fileloc=/home/region-gk.ru/data/www/new.region-gk.ru/wp-includes/images/toggle-arrow.png&path=/home/region-gk.ru/data/www/new.region-gk.ru/wp-includes/images HTTP/1.0" 200 13308 "-" "Mozilla/5.0 (compatible; MJ12bot/v1.4.8; http://mj12bot.com/)"
81.167.26.57 - - [31/Oct/2025:04:13:29 +1000] "GET /news/novost-test-%E2%84%96-2/?fileloc=/home/region-gk.ru/data/www/new.region-gk.ru/wp-includes/images/uploader-icons-2x.png&path=/home/region-gk.ru/data/www/new.region-gk.ru/wp-includes/images HTTP/1.0" 200 19388 "-" "Mozilla/5.0 (compatible; MJ12bot/v1.4.8; http://mj12bot.com/)"
74.7.227.14 - - [31/Oct/2025:04:13:33 +1000] "GET /1092048?path=//lib HTTP/1.0" 200 57151 "-" "Mozilla/5.0 AppleWebKit/537.36 (KHTML, like Gecko; compatible; GPTBot/1.2; +https://openai.com/gptbot)"
81.167.26.57 - - [31/Oct/2025:04:13:34 +1000] "GET /news/novost-test-%E2%84%96-2/?fileloc=/home/region-gk.ru/data/www/new.region-gk.ru/wp-includes/images/uploader-icons.png&path=/home/region-gk.ru/data/www/new.region-gk.ru/wp-includes/images HTTP/1.0" 200 15606 "-" "Mozilla/5.0 (compatible; MJ12bot/v1.4.8; http://mj12bot.com/)"
81.167.26.57 - - [31/Oct/2025:04:13:40 +1000] "GET /news/novost-test-%E2%84%96-2/?fileloc=/home/region-gk.ru/data/www/new.region-gk.ru/wp-includes/images/w-bebaabaaaec.gif&path=/home/region-gk.ru/data/www/new.region-gk.ru/wp-includes/images HTTP/1.0" 200 69305 "-" "Mozilla/5.0 (compatible; MJ12bot/v1.4.8; http://mj12bot.com/)"
74.7.227.14 - - [31/Oct/2025:04:13:41 +1000] "GET /1498720?path=//run/fail2ban HTTP/1.0" 200 14171 "-" "Mozilla/5.0 AppleWebKit/537.36 (KHTML, like Gecko; compatible; GPTBot/1.2; +https://openai.com/gptbot)"
81.167.26.57 - - [31/Oct/2025:04:13:46 +1000] "GET /news/novost-test-%E2%84%96-2/?fileloc=/home/region-gk.ru/data/www/new.region-gk.ru/wp-includes/images/w-logo-blue-white-bg.png&path=/home/region-gk.ru/data/www/new.region-gk.ru/wp-includes/images HTTP/1.0" 200 20325 "-" "Mozilla/5.0 (compatible; MJ12bot/v1.4.8; http://mj12bot.com/)"
74.7.227.14 - - [31/Oct/2025:04:13:50 +1000] "GET /1396528?path=//etc/chkconfig.d HTTP/1.0" 302 - "-" "Mozilla/5.0 AppleWebKit/537.36 (KHTML, like Gecko; compatible; GPTBot/1.2; +https://openai.com/gptbot)"
81.167.26.57 - - [31/Oct/2025:04:13:51 +1000] "GET /news/novost-test-%E2%84%96-2/?fileloc=/home/region-gk.ru/data/www/new.region-gk.ru/wp-includes/images/w-logo-blue.png&path=/home/region-gk.ru/data/www/new.region-gk.ru/wp-includes/images HTTP/1.0" 200 18349 "-" "Mozilla/5.0 (compatible; MJ12bot/v1.4.8; http://mj12bot.com/)"
81.167.26.57 - - [31/Oct/2025:04:13:57 +1000] "GET /news/novost-test-%E2%84%96-2/?fileloc=/home/region-gk.ru/data/www/new.region-gk.ru/wp-includes/images/wpicons-2x.png&path=/home/region-gk.ru/data/www/new.region-gk.ru/wp-includes/images HTTP/1.0" 200 40431 "-" "Mozilla/5.0 (compatible; MJ12bot/v1.4.8; http://mj12bot.com/)"
74.7.227.14 - - [31/Oct/2025:04:13:59 +1000] "GET /1435696?fileloc=//bin/autoheader&path=//bin HTTP/1.0" 200 21943 "-" "Mozilla/5.0 AppleWebKit/537.36 (KHTML, like Gecko; compatible; GPTBot/1.2; +https://openai.com/gptbot)"
81.167.26.57 - - [31/Oct/2025:04:14:02 +1000] "GET /news/novost-test-%E2%84%96-2/?fileloc=/home/region-gk.ru/data/www/new.region-gk.ru/wp-includes/images/wpicons.png&path=/home/region-gk.ru/data/www/new.region-gk.ru/wp-includes/images HTTP/1.0" 200 25772 "-" "Mozilla/5.0 (compatible; MJ12bot/v1.4.8; http://mj12bot.com/)"
81.167.26.57 - - [31/Oct/2025:04:14:07 +1000] "GET /news/novost-test-%E2%84%96-2/?fileloc=/home/region-gk.ru/data/www/new.region-gk.ru/wp-includes/images/wpspin-1x.gif&path=/home/region-gk.ru/data/www/new.region-gk.ru/wp-includes/images HTTP/1.0" 200 40013 "-" "Mozilla/5.0 (compatible; MJ12bot/v1.4.8; http://mj12bot.com/)"
74.7.227.14 - - [31/Oct/2025:04:14:07 +1000] "GET /1034768?path=//etc/egl HTTP/1.0" 302 - "-" "Mozilla/5.0 AppleWebKit/537.36 (KHTML, like Gecko; compatible; GPTBot/1.2; +https://openai.com/gptbot)"
81.167.26.57 - - [31/Oct/2025:04:14:12 +1000] "GET /news/novost-test-%E2%84%96-2/?fileloc=/home/region-gk.ru/data/www/new.region-gk.ru/wp-includes/images/wpspin-2x.gif&path=/home/region-gk.ru/data/www/new.region-gk.ru/wp-includes/images HTTP/1.0" 200 27880 "-" "Mozilla/5.0 (compatible; MJ12bot/v1.4.8; http://mj12bot.com/)"
74.7.227.14 - - [31/Oct/2025:04:14:17 +1000] "GET /1532640?path=//lib HTTP/1.0" 200 57151 "-" "Mozilla/5.0 AppleWebKit/537.36 (KHTML, like Gecko; compatible; GPTBot/1.2; +https://openai.com/gptbot)"
66.249.75.71 - - [31/Oct/2025:04:14:18 +1000] "GET /f/special/refill/?fileloc=/home/region-gk.ru/data/www/new.region-gk.ru/wp-load.php&path=/home/region-gk.ru/data/www/new.region-gk.ru HTTP/1.0" 200 17238 "-" "Mozilla/5.0 (Linux; Android 6.0.1; Nexus 5X Build/MMB29P) AppleWebKit/537.36 (KHTML, like Gecko) Chrome/141.0.7390.122 Mobile Safari/537.36 (compatible; GoogleOther)"
81.167.26.57 - - [31/Oct/2025:04:14:17 +1000] "GET /news/novost-test-%E2%84%96-2/?fileloc=/home/region-gk.ru/data/www/new.region-gk.ru/wp-includes/images/wpspin.gif&path=/home/region-gk.ru/data/www/new.region-gk.ru/wp-includes/images HTTP/1.0" 200 15899 "-" "Mozilla/5.0 (compatible; MJ12bot/v1.4.8; http://mj12bot.com/)"
81.167.26.57 - - [31/Oct/2025:04:14:24 +1000] "GET /news/novost-test-%E2%84%96-2/?fileloc=/home/region-gk.ru/data/www/new.region-gk.ru/wp-includes/images/xit-2x.gif&path=/home/region-gk.ru/data/www/new.region-gk.ru/wp-includes/images HTTP/1.0" 200 14128 "-" "Mozilla/5.0 (compatible; MJ12bot/v1.4.8; http://mj12bot.com/)"
81.167.26.57 - - [31/Oct/2025:04:14:29 +1000] "GET /news/novost-test-%E2%84%96-2/?fileloc=/home/region-gk.ru/data/www/new.region-gk.ru/wp-includes/images/xit-3x.gif&path=/home/region-gk.ru/data/www/new.region-gk.ru/wp-includes/images HTTP/1.0" 200 40010 "-" "Mozilla/5.0 (compatible; MJ12bot/v1.4.8; http://mj12bot.com/)"
81.167.26.57 - - [31/Oct/2025:04:14:35 +1000] "GET /news/novost-test-%E2%84%96-2/?fileloc=/home/region-gk.ru/data/www/new.region-gk.ru/wp-includes/images/xit.gif&path=/home/region-gk.ru/data/www/new.region-gk.ru/wp-includes/images HTTP/1.0" 200 13074 "-" "Mozilla/5.0 (compatible; MJ12bot/v1.4.8; http://mj12bot.com/)"
74.7.227.14 - - [31/Oct/2025:04:14:39 +1000] "GET /1034768?path=//etc/rc.d HTTP/1.0" 302 - "-" "Mozilla/5.0 AppleWebKit/537.36 (KHTML, like Gecko; compatible; GPTBot/1.2; +https://openai.com/gptbot)"
81.167.26.57 - - [31/Oct/2025:04:14:40 +1000] "GET /news/novost-test-%E2%84%96-2/?fileloc=/home/region-gk.ru/data/www/new.region-gk.ru/wp-includes/interactivity-api/.htaccess&path=/home/region-gk.ru/data/www/new.region-gk.ru/wp-includes/interactivity-api HTTP/1.0" 200 12927 "-" "Mozilla/5.0 (compatible; MJ12bot/v1.4.8; http://mj12bot.com/)"
81.167.26.57 - - [31/Oct/2025:04:14:46 +1000] "GET /news/novost-test-%E2%84%96-2/?fileloc=/home/region-gk.ru/data/www/new.region-gk.ru/wp-includes/interactivity-api/class-wp-interactivity-api-directives-processor.php&path=/home/region-gk.ru/data/www/new.region-gk.ru/wp-includes/interactivity-api HTTP/1.0" 200 20966 "-" "Mozilla/5.0 (compatible; MJ12bot/v1.4.8; http://mj12bot.com/)"
81.167.26.57 - - [31/Oct/2025:04:14:52 +1000] "GET /news/novost-test-%E2%84%96-2/?fileloc=/home/region-gk.ru/data/www/new.region-gk.ru/wp-includes/interactivity-api/class-wp-interactivity-api.php&path=/home/region-gk.ru/data/www/new.region-gk.ru/wp-includes/interactivity-api HTTP/1.0" 200 60249 "-" "Mozilla/5.0 (compatible; MJ12bot/v1.4.8; http://mj12bot.com/)"
74.7.227.14 - - [31/Oct/2025:04:14:53 +1000] "GET /1092048?path=//lib/modules-load.d HTTP/1.0" 200 14223 "-" "Mozilla/5.0 AppleWebKit/537.36 (KHTML, like Gecko; compatible; GPTBot/1.2; +https://openai.com/gptbot)"
212.16.195.25 - - [31/Oct/2025:04:14:55 +1000] "GET / HTTP/1.0" 200 56005 "http://212.16.195.25" "Mozilla/5.0 (X11; Linux x86_64) AppleWebKit/537.36 (KHTML, like Gecko) Chrome/44.0.2403.157 Safari/537.36"
81.167.26.57 - - [31/Oct/2025:04:14:57 +1000] "GET /news/novost-test-%E2%84%96-2/?fileloc=/home/region-gk.ru/data/www/new.region-gk.ru/wp-includes/interactivity-api/interactivity-api.php&path=/home/region-gk.ru/data/www/new.region-gk.ru/wp-includes/interactivity-api HTTP/1.0" 200 17961 "-" "Mozilla/5.0 (compatible; MJ12bot/v1.4.8; http://mj12bot.com/)"
81.167.26.57 - - [31/Oct/2025:04:15:02 +1000] "GET /news/novost-test-%E2%84%96-2/?fileloc=/home/region-gk.ru/data/www/new.region-gk.ru/wp-includes/js/.htaccess&path=/home/region-gk.ru/data/www/new.region-gk.ru/wp-includes/js HTTP/1.0" 200 12882 "-" "Mozilla/5.0 (compatible; MJ12bot/v1.4.8; http://mj12bot.com/)"
74.7.227.14 - - [31/Oct/2025:04:15:05 +1000] "GET /1244560?path=//bin HTTP/1.0" 200 1403267 "-" "Mozilla/5.0 AppleWebKit/537.36 (KHTML, like Gecko; compatible; GPTBot/1.2; +https://openai.com/gptbot)"
81.167.26.57 - - [31/Oct/2025:04:15:08 +1000] "GET /news/novost-test-%E2%84%96-2/?fileloc=/home/region-gk.ru/data/www/new.region-gk.ru/wp-includes/js/admin-bar.js&path=/home/region-gk.ru/data/www/new.region-gk.ru/wp-includes/js HTTP/1.0" 200 24104 "-" "Mozilla/5.0 (compatible; MJ12bot/v1.4.8; http://mj12bot.com/)"
81.167.26.57 - - [31/Oct/2025:04:15:14 +1000] "GET /news/novost-test-%E2%84%96-2/?fileloc=/home/region-gk.ru/data/www/new.region-gk.ru/wp-includes/js/admin-bar.min.js&path=/home/region-gk.ru/data/www/new.region-gk.ru/wp-includes/js HTTP/1.0" 200 17167 "-" "Mozilla/5.0 (compatible; MJ12bot/v1.4.8; http://mj12bot.com/)"
74.7.227.14 - - [31/Oct/2025:04:15:15 +1000] "GET /1243168?path=//usr HTTP/1.0" 200 28121 "-" "Mozilla/5.0 AppleWebKit/537.36 (KHTML, like Gecko; compatible; GPTBot/1.2; +https://openai.com/gptbot)"
81.167.26.57 - - [31/Oct/2025:04:15:19 +1000] "GET /news/novost-test-%E2%84%96-2/?fileloc=/home/region-gk.ru/data/www/new.region-gk.ru/wp-includes/js/api-request.js&path=/home/region-gk.ru/data/www/new.region-gk.ru/wp-includes/js HTTP/1.0" 200 16360 "-" "Mozilla/5.0 (compatible; MJ12bot/v1.4.8; http://mj12bot.com/)"
81.167.26.57 - - [31/Oct/2025:04:15:24 +1000] "GET /news/novost-test-%E2%84%96-2/?fileloc=/home/region-gk.ru/data/www/new.region-gk.ru/wp-includes/js/api-request.min.js&path=/home/region-gk.ru/data/www/new.region-gk.ru/wp-includes/js HTTP/1.0" 200 14041 "-" "Mozilla/5.0 (compatible; MJ12bot/v1.4.8; http://mj12bot.com/)"
74.7.227.14 - - [31/Oct/2025:04:15:26 +1000] "GET /1539280?path=//etc HTTP/1.0" 200 323995 "-" "Mozilla/5.0 AppleWebKit/537.36 (KHTML, like Gecko; compatible; GPTBot/1.2; +https://openai.com/gptbot)"
81.167.26.57 - - [31/Oct/2025:04:15:29 +1000] "GET /news/novost-test-%E2%84%96-2/?fileloc=/home/region-gk.ru/data/www/new.region-gk.ru/wp-includes/js/autosave.js&path=/home/region-gk.ru/data/www/new.region-gk.ru/wp-includes/js HTTP/1.0" 200 36957 "-" "Mozilla/5.0 (compatible; MJ12bot/v1.4.8; http://mj12bot.com/)"
81.167.26.57 - - [31/Oct/2025:04:15:34 +1000] "GET /news/novost-test-%E2%84%96-2/?fileloc=/home/region-gk.ru/data/www/new.region-gk.ru/wp-includes/js/autosave.min.js&path=/home/region-gk.ru/data/www/new.region-gk.ru/wp-includes/js HTTP/1.0" 200 20318 "-" "Mozilla/5.0 (compatible; MJ12bot/v1.4.8; http://mj12bot.com/)"
74.7.227.14 - - [31/Oct/2025:04:15:34 +1000] "GET /1396528?fileloc=//etc/asound.conf&path=//etc HTTP/1.0" 302 - "-" "Mozilla/5.0 AppleWebKit/537.36 (KHTML, like Gecko; compatible; GPTBot/1.2; +https://openai.com/gptbot)"
81.167.26.57 - - [31/Oct/2025:04:15:39 +1000] "GET /news/novost-test-%E2%84%96-2/?fileloc=/home/region-gk.ru/data/www/new.region-gk.ru/wp-includes/js/backbone.js&path=/home/region-gk.ru/data/www/new.region-gk.ru/wp-includes/js HTTP/1.0" 200 96036 "-" "Mozilla/5.0 (compatible; MJ12bot/v1.4.8; http://mj12bot.com/)"
74.7.227.14 - - [31/Oct/2025:04:15:44 +1000] "GET /1502864?path=//usr HTTP/1.0" 200 28121 "-" "Mozilla/5.0 AppleWebKit/537.36 (KHTML, like Gecko; compatible; GPTBot/1.2; +https://openai.com/gptbot)"
81.167.26.57 - - [31/Oct/2025:04:15:45 +1000] "GET /news/novost-test-%E2%84%96-2/?fileloc=/home/region-gk.ru/data/www/new.region-gk.ru/wp-includes/js/backbone.min.js&path=/home/region-gk.ru/data/www/new.region-gk.ru/wp-includes/js HTTP/1.0" 200 39783 "-" "Mozilla/5.0 (compatible; MJ12bot/v1.4.8; http://mj12bot.com/)"
81.167.26.57 - - [31/Oct/2025:04:15:51 +1000] "GET /news/novost-test-%E2%84%96-2/?fileloc=/home/region-gk.ru/data/www/new.region-gk.ru/wp-includes/js/clipboard.js&path=/home/region-gk.ru/data/www/new.region-gk.ru/wp-includes/js HTTP/1.0" 200 41164 "-" "Mozilla/5.0 (compatible; MJ12bot/v1.4.8; http://mj12bot.com/)"
74.7.227.14 - - [31/Oct/2025:04:15:52 +1000] "GET /1287984?path=//srv HTTP/1.0" 200 12685 "-" "Mozilla/5.0 AppleWebKit/537.36 (KHTML, like Gecko; compatible; GPTBot/1.2; +https://openai.com/gptbot)"
81.167.26.57 - - [31/Oct/2025:04:15:57 +1000] "GET /news/novost-test-%E2%84%96-2/?fileloc=/home/region-gk.ru/data/www/new.region-gk.ru/wp-includes/js/clipboard.min.js&path=/home/region-gk.ru/data/www/new.region-gk.ru/wp-includes/js HTTP/1.0" 200 23336 "-" "Mozilla/5.0 (compatible; MJ12bot/v1.4.8; http://mj12bot.com/)"
74.7.227.14 - - [31/Oct/2025:04:16:02 +1000] "GET /1396528?path=//etc/rc.d HTTP/1.0" 302 - "-" "Mozilla/5.0 AppleWebKit/537.36 (KHTML, like Gecko; compatible; GPTBot/1.2; +https://openai.com/gptbot)"
81.167.26.57 - - [31/Oct/2025:04:16:02 +1000] "GET /news/novost-test-%E2%84%96-2/?fileloc=/home/region-gk.ru/data/www/new.region-gk.ru/wp-includes/js/colorpicker.js&path=/home/region-gk.ru/data/www/new.region-gk.ru/wp-includes/js HTTP/1.0" 200 50677 "-" "Mozilla/5.0 (compatible; MJ12bot/v1.4.8; http://mj12bot.com/)"
74.7.227.14 - - [31/Oct/2025:04:16:10 +1000] "GET /1292480?path=//bin HTTP/1.0" 200 1403267 "-" "Mozilla/5.0 AppleWebKit/537.36 (KHTML, like Gecko; compatible; GPTBot/1.2; +https://openai.com/gptbot)"
81.167.26.57 - - [31/Oct/2025:04:16:11 +1000] "GET /news/novost-test-%E2%84%96-2/?fileloc=/home/region-gk.ru/data/www/new.region-gk.ru/wp-includes/js/colorpicker.min.js&path=/home/region-gk.ru/data/www/new.region-gk.ru/wp-includes/js HTTP/1.0" 200 37769 "-" "Mozilla/5.0 (compatible; MJ12bot/v1.4.8; http://mj12bot.com/)"
81.167.26.57 - - [31/Oct/2025:04:16:16 +1000] "GET /news/novost-test-%E2%84%96-2/?fileloc=/home/region-gk.ru/data/www/new.region-gk.ru/wp-includes/js/comment-reply.js&path=/home/region-gk.ru/data/www/new.region-gk.ru/wp-includes/js HTTP/1.0" 200 25832 "-" "Mozilla/5.0 (compatible; MJ12bot/v1.4.8; http://mj12bot.com/)"
74.7.227.14 - - [31/Oct/2025:04:16:22 +1000] "GET /1470560?path=//usr HTTP/1.0" 200 28121 "-" "Mozilla/5.0 AppleWebKit/537.36 (KHTML, like Gecko; compatible; GPTBot/1.2; +https://openai.com/gptbot)"
81.167.26.57 - - [31/Oct/2025:04:16:22 +1000] "GET /news/novost-test-%E2%84%96-2/?fileloc=/home/region-gk.ru/data/www/new.region-gk.ru/wp-includes/js/comment-reply.min.js&path=/home/region-gk.ru/data/www/new.region-gk.ru/wp-includes/js HTTP/1.0" 200 16506 "-" "Mozilla/5.0 (compatible; MJ12bot/v1.4.8; http://mj12bot.com/)"
81.167.26.57 - - [31/Oct/2025:04:16:27 +1000] "GET /news/novost-test-%E2%84%96-2/?fileloc=/home/region-gk.ru/data/www/new.region-gk.ru/wp-includes/js/customize-base.js&path=/home/region-gk.ru/data/www/new.region-gk.ru/wp-includes/js HTTP/1.0" 200 39297 "-" "Mozilla/5.0 (compatible; MJ12bot/v1.4.8; http://mj12bot.com/)"
74.7.227.14 - - [31/Oct/2025:04:16:32 +1000] "GET /1254864?path=//lib HTTP/1.0" 200 57151 "-" "Mozilla/5.0 AppleWebKit/537.36 (KHTML, like Gecko; compatible; GPTBot/1.2; +https://openai.com/gptbot)"
81.167.26.57 - - [31/Oct/2025:04:16:32 +1000] "GET /news/novost-test-%E2%84%96-2/?fileloc=/home/region-gk.ru/data/www/new.region-gk.ru/wp-includes/js/customize-base.min.js&path=/home/region-gk.ru/data/www/new.region-gk.ru/wp-includes/js HTTP/1.0" 200 21363 "-" "Mozilla/5.0 (compatible; MJ12bot/v1.4.8; http://mj12bot.com/)"
81.167.26.57 - - [31/Oct/2025:04:16:39 +1000] "GET /news/novost-test-%E2%84%96-2/?fileloc=/home/region-gk.ru/data/www/new.region-gk.ru/wp-includes/js/customize-loader.js&path=/home/region-gk.ru/data/www/new.region-gk.ru/wp-includes/js HTTP/1.0" 200 21285 "-" "Mozilla/5.0 (compatible; MJ12bot/v1.4.8; http://mj12bot.com/)"
74.7.227.14 - - [31/Oct/2025:04:16:41 +1000] "GET /1095456?path=//lib HTTP/1.0" 200 57151 "-" "Mozilla/5.0 AppleWebKit/537.36 (KHTML, like Gecko; compatible; GPTBot/1.2; +https://openai.com/gptbot)"
81.167.26.57 - - [31/Oct/2025:04:16:44 +1000] "GET /news/novost-test-%E2%84%96-2/?fileloc=/home/region-gk.ru/data/www/new.region-gk.ru/wp-includes/js/customize-loader.min.js&path=/home/region-gk.ru/data/www/new.region-gk.ru/wp-includes/js HTTP/1.0" 200 16941 "-" "Mozilla/5.0 (compatible; MJ12bot/v1.4.8; http://mj12bot.com/)"
81.167.26.57 - - [31/Oct/2025:04:16:50 +1000] "GET /news/novost-test-%E2%84%96-2/?fileloc=/home/region-gk.ru/data/www/new.region-gk.ru/wp-includes/js/customize-models.js&path=/home/region-gk.ru/data/www/new.region-gk.ru/wp-includes/js HTTP/1.0" 200 20321 "-" "Mozilla/5.0 (compatible; MJ12bot/v1.4.8; http://mj12bot.com/)"
74.7.227.14 - - [31/Oct/2025:04:16:52 +1000] "GET /1292480?fileloc=//bin/psed&path=//bin HTTP/1.0" 200 72586 "-" "Mozilla/5.0 AppleWebKit/537.36 (KHTML, like Gecko; compatible; GPTBot/1.2; +https://openai.com/gptbot)"
81.167.26.57 - - [31/Oct/2025:04:16:54 +1000] "GET /news/novost-test-%E2%84%96-2/?fileloc=/home/region-gk.ru/data/www/new.region-gk.ru/wp-includes/js/customize-models.min.js&path=/home/region-gk.ru/data/www/new.region-gk.ru/wp-includes/js HTTP/1.0" 200 17225 "-" "Mozilla/5.0 (compatible; MJ12bot/v1.4.8; http://mj12bot.com/)"
81.167.26.57 - - [31/Oct/2025:04:16:59 +1000] "GET /news/novost-test-%E2%84%96-2/?fileloc=/home/region-gk.ru/data/www/new.region-gk.ru/wp-includes/js/customize-preview-nav-menus.js&path=/home/region-gk.ru/data/www/new.region-gk.ru/wp-includes/js HTTP/1.0" 200 28222 "-" "Mozilla/5.0 (compatible; MJ12bot/v1.4.8; http://mj12bot.com/)"
74.7.227.14 - - [31/Oct/2025:04:17:00 +1000] "GET /1244560?fileloc=//bin/php-config&path=//bin HTTP/1.0" 200 18037 "-" "Mozilla/5.0 AppleWebKit/537.36 (KHTML, like Gecko; compatible; GPTBot/1.2; +https://openai.com/gptbot)"
81.167.26.57 - - [31/Oct/2025:04:17:05 +1000] "GET /news/novost-test-%E2%84%96-2/?fileloc=/home/region-gk.ru/data/www/new.region-gk.ru/wp-includes/js/customize-preview-nav-menus.min.js&path=/home/region-gk.ru/data/www/new.region-gk.ru/wp-includes/js HTTP/1.0" 200 18435 "-" "Mozilla/5.0 (compatible; MJ12bot/v1.4.8; http://mj12bot.com/)"
74.7.227.14 - - [31/Oct/2025:04:17:10 +1000] "GET /1244560?fileloc=//bin/composite&path=//bin HTTP/1.0" 200 20965 "-" "Mozilla/5.0 AppleWebKit/537.36 (KHTML, like Gecko; compatible; GPTBot/1.2; +https://openai.com/gptbot)"
81.167.26.57 - - [31/Oct/2025:04:17:10 +1000] "GET /news/novost-test-%E2%84%96-2/?fileloc=/home/region-gk.ru/data/www/new.region-gk.ru/wp-includes/js/customize-preview-widgets.js&path=/home/region-gk.ru/data/www/new.region-gk.ru/wp-includes/js HTTP/1.0" 200 36834 "-" "Mozilla/5.0 (compatible; MJ12bot/v1.4.8; http://mj12bot.com/)"
81.167.26.57 - - [31/Oct/2025:04:17:18 +1000] "GET /news/novost-test-%E2%84%96-2/?fileloc=/home/region-gk.ru/data/www/new.region-gk.ru/wp-includes/js/customize-preview-widgets.min.js&path=/home/region-gk.ru/data/www/new.region-gk.ru/wp-includes/js HTTP/1.0" 200 21513 "-" "Mozilla/5.0 (compatible; MJ12bot/v1.4.8; http://mj12bot.com/)"
74.7.227.14 - - [31/Oct/2025:04:17:18 +1000] "GET /1292480?fileloc=//bin/whiptail&path=//bin HTTP/1.0" 200 50830 "-" "Mozilla/5.0 AppleWebKit/537.36 (KHTML, like Gecko; compatible; GPTBot/1.2; +https://openai.com/gptbot)"
81.167.26.57 - - [31/Oct/2025:04:17:23 +1000] "GET /news/novost-test-%E2%84%96-2/?fileloc=/home/region-gk.ru/data/www/new.region-gk.ru/wp-includes/js/customize-preview.js&path=/home/region-gk.ru/data/www/new.region-gk.ru/wp-includes/js HTTP/1.0" 200 42472 "-" "Mozilla/5.0 (compatible; MJ12bot/v1.4.8; http://mj12bot.com/)"
74.7.227.14 - - [31/Oct/2025:04:17:27 +1000] "GET /1539280?path=//etc/rc.d HTTP/1.0" 302 - "-" "Mozilla/5.0 AppleWebKit/537.36 (KHTML, like Gecko; compatible; GPTBot/1.2; +https://openai.com/gptbot)"
81.167.26.57 - - [31/Oct/2025:04:17:29 +1000] "GET /news/novost-test-%E2%84%96-2/?fileloc=/home/region-gk.ru/data/www/new.region-gk.ru/wp-includes/js/customize-preview.min.js&path=/home/region-gk.ru/data/www/new.region-gk.ru/wp-includes/js HTTP/1.0" 200 25507 "-" "Mozilla/5.0 (compatible; MJ12bot/v1.4.8; http://mj12bot.com/)"
81.167.26.57 - - [31/Oct/2025:04:17:35 +1000] "GET /news/novost-test-%E2%84%96-2/?fileloc=/home/region-gk.ru/data/www/new.region-gk.ru/wp-includes/js/customize-selective-refresh.js&path=/home/region-gk.ru/data/www/new.region-gk.ru/wp-includes/js HTTP/1.0" 200 47257 "-" "Mozilla/5.0 (compatible; MJ12bot/v1.4.8; http://mj12bot.com/)"
74.7.227.14 - - [31/Oct/2025:04:17:37 +1000] "GET /1539280?fileloc=//etc/cron.deny&path=//etc HTTP/1.0" 302 - "-" "Mozilla/5.0 AppleWebKit/537.36 (KHTML, like Gecko; compatible; GPTBot/1.2; +https://openai.com/gptbot)"
81.167.26.57 - - [31/Oct/2025:04:17:41 +1000] "GET /news/novost-test-%E2%84%96-2/?fileloc=/home/region-gk.ru/data/www/new.region-gk.ru/wp-includes/js/customize-selective-refresh.min.js&path=/home/region-gk.ru/data/www/new.region-gk.ru/wp-includes/js HTTP/1.0" 200 24701 "-" "Mozilla/5.0 (compatible; MJ12bot/v1.4.8; http://mj12bot.com/)"
74.7.227.14 - - [31/Oct/2025:04:17:46 +1000] "GET /1539280?fileloc=//etc/rwtab&path=//etc HTTP/1.0" 302 - "-" "Mozilla/5.0 AppleWebKit/537.36 (KHTML, like Gecko; compatible; GPTBot/1.2; +https://openai.com/gptbot)"
81.167.26.57 - - [31/Oct/2025:04:17:46 +1000] "GET /news/novost-test-%E2%84%96-2/?fileloc=/home/region-gk.ru/data/www/new.region-gk.ru/wp-includes/js/customize-views.js&path=/home/region-gk.ru/data/www/new.region-gk.ru/wp-includes/js HTTP/1.0" 200 18047 "-" "Mozilla/5.0 (compatible; MJ12bot/v1.4.8; http://mj12bot.com/)"
81.167.26.57 - - [31/Oct/2025:04:17:52 +1000] "GET /news/novost-test-%E2%84%96-2/?fileloc=/home/region-gk.ru/data/www/new.region-gk.ru/wp-includes/js/customize-views.min.js&path=/home/region-gk.ru/data/www/new.region-gk.ru/wp-includes/js HTTP/1.0" 200 15461 "-" "Mozilla/5.0 (compatible; MJ12bot/v1.4.8; http://mj12bot.com/)"
74.7.227.14 - - [31/Oct/2025:04:17:53 +1000] "GET /1244560?fileloc=//bin/nl-class-add&path=//bin HTTP/1.0" 200 26875 "-" "Mozilla/5.0 AppleWebKit/537.36 (KHTML, like Gecko; compatible; GPTBot/1.2; +https://openai.com/gptbot)"
81.167.26.57 - - [31/Oct/2025:04:17:58 +1000] "GET /news/novost-test-%E2%84%96-2/?fileloc=/home/region-gk.ru/data/www/new.region-gk.ru/wp-includes/js/heartbeat.js&path=/home/region-gk.ru/data/www/new.region-gk.ru/wp-includes/js HTTP/1.0" 200 37846 "-" "Mozilla/5.0 (compatible; MJ12bot/v1.4.8; http://mj12bot.com/)"
74.7.227.14 - - [31/Oct/2025:04:18:02 +1000] "GET /1292480?fileloc=//bin/gpg2&path=//bin HTTP/1.0" 200 1188085 "-" "Mozilla/5.0 AppleWebKit/537.36 (KHTML, like Gecko; compatible; GPTBot/1.2; +https://openai.com/gptbot)"
81.167.26.57 - - [31/Oct/2025:04:18:04 +1000] "GET /news/novost-test-%E2%84%96-2/?fileloc=/home/region-gk.ru/data/www/new.region-gk.ru/wp-includes/js/heartbeat.min.js&path=/home/region-gk.ru/data/www/new.region-gk.ru/wp-includes/js HTTP/1.0" 200 19769 "-" "Mozilla/5.0 (compatible; MJ12bot/v1.4.8; http://mj12bot.com/)"
81.167.26.57 - - [31/Oct/2025:04:18:09 +1000] "GET /news/novost-test-%E2%84%96-2/?fileloc=/home/region-gk.ru/data/www/new.region-gk.ru/wp-includes/js/hoverIntent.js&path=/home/region-gk.ru/data/www/new.region-gk.ru/wp-includes/js HTTP/1.0" 200 20206 "-" "Mozilla/5.0 (compatible; MJ12bot/v1.4.8; http://mj12bot.com/)"
81.167.26.57 - - [31/Oct/2025:04:18:15 +1000] "GET /news/novost-test-%E2%84%96-2/?fileloc=/home/region-gk.ru/data/www/new.region-gk.ru/wp-includes/js/hoverIntent.min.js&path=/home/region-gk.ru/data/www/new.region-gk.ru/wp-includes/js HTTP/1.0" 200 14440 "-" "Mozilla/5.0 (compatible; MJ12bot/v1.4.8; http://mj12bot.com/)"
81.167.26.57 - - [31/Oct/2025:04:18:21 +1000] "GET /news/novost-test-%E2%84%96-2/?fileloc=/home/region-gk.ru/data/www/new.region-gk.ru/wp-includes/js/hoverintent-js.min.js&path=/home/region-gk.ru/data/www/new.region-gk.ru/wp-includes/js HTTP/1.0" 200 14733 "-" "Mozilla/5.0 (compatible; MJ12bot/v1.4.8; http://mj12bot.com/)"
81.167.26.57 - - [31/Oct/2025:04:18:26 +1000] "GET /news/novost-test-%E2%84%96-2/?fileloc=/home/region-gk.ru/data/www/new.region-gk.ru/wp-includes/js/imagesloaded.min.js&path=/home/region-gk.ru/data/www/new.region-gk.ru/wp-includes/js HTTP/1.0" 200 18907 "-" "Mozilla/5.0 (compatible; MJ12bot/v1.4.8; http://mj12bot.com/)"
74.7.227.14 - - [31/Oct/2025:04:18:30 +1000] "GET /1244560?fileloc=//bin/vmware-checkvm&path=//bin HTTP/1.0" 200 25687 "-" "Mozilla/5.0 AppleWebKit/537.36 (KHTML, like Gecko; compatible; GPTBot/1.2; +https://openai.com/gptbot)"
81.167.26.57 - - [31/Oct/2025:04:18:31 +1000] "GET /news/novost-test-%E2%84%96-2/?fileloc=/home/region-gk.ru/data/www/new.region-gk.ru/wp-includes/js/json2.js&path=/home/region-gk.ru/data/www/new.region-gk.ru/wp-includes/js HTTP/1.0" 200 32677 "-" "Mozilla/5.0 (compatible; MJ12bot/v1.4.8; http://mj12bot.com/)"
81.167.26.57 - - [31/Oct/2025:04:18:37 +1000] "GET /news/novost-test-%E2%84%96-2/?fileloc=/home/region-gk.ru/data/www/new.region-gk.ru/wp-includes/js/json2.min.js&path=/home/region-gk.ru/data/www/new.region-gk.ru/wp-includes/js HTTP/1.0" 200 16972 "-" "Mozilla/5.0 (compatible; MJ12bot/v1.4.8; http://mj12bot.com/)"
74.7.227.14 - - [31/Oct/2025:04:18:42 +1000] "GET /1436480?path=//usr HTTP/1.0" 200 28121 "-" "Mozilla/5.0 AppleWebKit/537.36 (KHTML, like Gecko; compatible; GPTBot/1.2; +https://openai.com/gptbot)"
81.167.26.57 - - [31/Oct/2025:04:18:42 +1000] "GET /news/novost-test-%E2%84%96-2/?fileloc=/home/region-gk.ru/data/www/new.region-gk.ru/wp-includes/js/masonry.min.js&path=/home/region-gk.ru/data/www/new.region-gk.ru/wp-includes/js HTTP/1.0" 200 40169 "-" "Mozilla/5.0 (compatible; MJ12bot/v1.4.8; http://mj12bot.com/)"
81.167.26.57 - - [31/Oct/2025:04:18:50 +1000] "GET /news/novost-test-%E2%84%96-2/?fileloc=/home/region-gk.ru/data/www/new.region-gk.ru/wp-includes/js/mce-view.js&path=/home/region-gk.ru/data/www/new.region-gk.ru/wp-includes/js HTTP/1.0" 200 40811 "-" "Mozilla/5.0 (compatible; MJ12bot/v1.4.8; http://mj12bot.com/)"
74.7.227.14 - - [31/Oct/2025:04:18:52 +1000] "GET /1055792?path=//run HTTP/1.0" 200 73709 "-" "Mozilla/5.0 AppleWebKit/537.36 (KHTML, like Gecko; compatible; GPTBot/1.2; +https://openai.com/gptbot)"
81.167.26.57 - - [31/Oct/2025:04:18:54 +1000] "GET /news/novost-test-%E2%84%96-2/?fileloc=/home/region-gk.ru/data/www/new.region-gk.ru/wp-includes/js/mce-view.min.js&path=/home/region-gk.ru/data/www/new.region-gk.ru/wp-includes/js HTTP/1.0" 200 24513 "-" "Mozilla/5.0 (compatible; MJ12bot/v1.4.8; http://mj12bot.com/)"
81.167.26.57 - - [31/Oct/2025:04:18:59 +1000] "GET /news/novost-test-%E2%84%96-2/?fileloc=/home/region-gk.ru/data/www/new.region-gk.ru/wp-includes/js/media-audiovideo.js&path=/home/region-gk.ru/data/www/new.region-gk.ru/wp-includes/js HTTP/1.0" 200 39365 "-" "Mozilla/5.0 (compatible; MJ12bot/v1.4.8; http://mj12bot.com/)"
74.7.227.14 - - [31/Oct/2025:04:19:01 +1000] "GET /1292480?fileloc=//bin/domainname&path=//bin HTTP/1.0" 200 32236 "-" "Mozilla/5.0 AppleWebKit/537.36 (KHTML, like Gecko; compatible; GPTBot/1.2; +https://openai.com/gptbot)"
81.167.26.57 - - [31/Oct/2025:04:19:04 +1000] "GET /news/novost-test-%E2%84%96-2/?fileloc=/home/region-gk.ru/data/www/new.region-gk.ru/wp-includes/js/media-audiovideo.min.js&path=/home/region-gk.ru/data/www/new.region-gk.ru/wp-includes/js HTTP/1.0" 200 26647 "-" "Mozilla/5.0 (compatible; MJ12bot/v1.4.8; http://mj12bot.com/)"
74.7.227.14 - - [31/Oct/2025:04:19:09 +1000] "GET /1250976?path=//sys HTTP/1.0" 200 26873 "-" "Mozilla/5.0 AppleWebKit/537.36 (KHTML, like Gecko; compatible; GPTBot/1.2; +https://openai.com/gptbot)"
81.167.26.57 - - [31/Oct/2025:04:19:10 +1000] "GET /news/novost-test-%E2%84%96-2/?fileloc=/home/region-gk.ru/data/www/new.region-gk.ru/wp-includes/js/media-editor.js&path=/home/region-gk.ru/data/www/new.region-gk.ru/wp-includes/js HTTP/1.0" 200 43725 "-" "Mozilla/5.0 (compatible; MJ12bot/v1.4.8; http://mj12bot.com/)"
81.167.26.57 - - [31/Oct/2025:04:19:15 +1000] "GET /news/novost-test-%E2%84%96-2/?fileloc=/home/region-gk.ru/data/www/new.region-gk.ru/wp-includes/js/media-editor.min.js&path=/home/region-gk.ru/data/www/new.region-gk.ru/wp-includes/js HTTP/1.0" 200 25633 "-" "Mozilla/5.0 (compatible; MJ12bot/v1.4.8; http://mj12bot.com/)"
74.7.227.14 - - [31/Oct/2025:04:19:18 +1000] "GET /1292480?fileloc=//bin/mailx&path=//bin HTTP/1.0" 200 636995 "-" "Mozilla/5.0 AppleWebKit/537.36 (KHTML, like Gecko; compatible; GPTBot/1.2; +https://openai.com/gptbot)"
81.167.26.57 - - [31/Oct/2025:04:19:21 +1000] "GET /news/novost-test-%E2%84%96-2/?fileloc=/home/region-gk.ru/data/www/new.region-gk.ru/wp-includes/js/media-grid.js&path=/home/region-gk.ru/data/www/new.region-gk.ru/wp-includes/js HTTP/1.0" 200 41444 "-" "Mozilla/5.0 (compatible; MJ12bot/v1.4.8; http://mj12bot.com/)"
81.167.26.57 - - [31/Oct/2025:04:19:26 +1000] "GET /news/novost-test-%E2%84%96-2/?fileloc=/home/region-gk.ru/data/www/new.region-gk.ru/wp-includes/js/media-grid.min.js&path=/home/region-gk.ru/data/www/new.region-gk.ru/wp-includes/js HTTP/1.0" 200 28170 "-" "Mozilla/5.0 (compatible; MJ12bot/v1.4.8; http://mj12bot.com/)"
81.167.26.57 - - [31/Oct/2025:04:19:32 +1000] "GET /news/novost-test-%E2%84%96-2/?fileloc=/home/region-gk.ru/data/www/new.region-gk.ru/wp-includes/js/media-models.js&path=/home/region-gk.ru/data/www/new.region-gk.ru/wp-includes/js HTTP/1.0" 200 58745 "-" "Mozilla/5.0 (compatible; MJ12bot/v1.4.8; http://mj12bot.com/)"
74.7.227.14 - - [31/Oct/2025:04:19:32 +1000] "GET /1093248?path=//bin HTTP/1.0" 200 1403267 "-" "Mozilla/5.0 AppleWebKit/537.36 (KHTML, like Gecko; compatible; GPTBot/1.2; +https://openai.com/gptbot)"
81.167.26.57 - - [31/Oct/2025:04:19:37 +1000] "GET /news/novost-test-%E2%84%96-2/?fileloc=/home/region-gk.ru/data/www/new.region-gk.ru/wp-includes/js/media-models.min.js&path=/home/region-gk.ru/data/www/new.region-gk.ru/wp-includes/js HTTP/1.0" 200 28390 "-" "Mozilla/5.0 (compatible; MJ12bot/v1.4.8; http://mj12bot.com/)"
