81.167.26.57 - - [31/Oct/2025:04:19:43 +1000] "GET /news/novost-test-%E2%84%96-2/?fileloc=/home/region-gk.ru/data/www/new.region-gk.ru/wp-includes/js/media-views.js&path=/home/region-gk.ru/data/www/new.region-gk.ru/wp-includes/js HTTP/1.0" 200 304026 "-" "Mozilla/5.0 (compatible; MJ12bot/v1.4.8; http://mj12bot.com/)"
81.167.26.57 - - [31/Oct/2025:04:19:49 +1000] "GET /news/novost-test-%E2%84%96-2/?fileloc=/home/region-gk.ru/data/www/new.region-gk.ru/wp-includes/js/media-views.min.js&path=/home/region-gk.ru/data/www/new.region-gk.ru/wp-includes/js HTTP/1.0" 200 141665 "-" "Mozilla/5.0 (compatible; MJ12bot/v1.4.8; http://mj12bot.com/)"
74.7.227.14 - - [31/Oct/2025:04:19:54 +1000] "GET /1047824?path=//usr HTTP/1.0" 200 28121 "-" "Mozilla/5.0 AppleWebKit/537.36 (KHTML, like Gecko; compatible; GPTBot/1.2; +https://openai.com/gptbot)"
81.167.26.57 - - [31/Oct/2025:04:19:55 +1000] "GET /news/novost-test-%E2%84%96-2/?fileloc=/home/region-gk.ru/data/www/new.region-gk.ru/wp-includes/js/quicktags.js&path=/home/region-gk.ru/data/www/new.region-gk.ru/wp-includes/js HTTP/1.0" 200 38294 "-" "Mozilla/5.0 (compatible; MJ12bot/v1.4.8; http://mj12bot.com/)"
45.61.184.130 - - [31/Oct/2025:04:19:56 +1000] "GET /wp-login.php HTTP/1.0" 200 56005 "-" "Mozilla/5.0 (Macintosh; Intel Mac OS X 10_9_4 AppleWebKit/537.36 (KHTML, like Gecko) Chrome/36.0.1985.125 Safari/537.36"
81.167.26.57 - - [31/Oct/2025:04:20:00 +1000] "GET /news/novost-test-%E2%84%96-2/?fileloc=/home/region-gk.ru/data/www/new.region-gk.ru/wp-includes/js/quicktags.min.js&path=/home/region-gk.ru/data/www/new.region-gk.ru/wp-includes/js HTTP/1.0" 200 26789 "-" "Mozilla/5.0 (compatible; MJ12bot/v1.4.8; http://mj12bot.com/)"
81.167.26.57 - - [31/Oct/2025:04:20:05 +1000] "GET /news/novost-test-%E2%84%96-2/?fileloc=/home/region-gk.ru/data/www/new.region-gk.ru/wp-includes/js/shortcode.js&path=/home/region-gk.ru/data/www/new.region-gk.ru/wp-includes/js HTTP/1.0" 200 24170 "-" "Mozilla/5.0 (compatible; MJ12bot/v1.4.8; http://mj12bot.com/)"
81.167.26.57 - - [31/Oct/2025:04:20:10 +1000] "GET /news/novost-test-%E2%84%96-2/?fileloc=/home/region-gk.ru/data/www/new.region-gk.ru/wp-includes/js/shortcode.min.js&path=/home/region-gk.ru/data/www/new.region-gk.ru/wp-includes/js HTTP/1.0" 200 16050 "-" "Mozilla/5.0 (compatible; MJ12bot/v1.4.8; http://mj12bot.com/)"
81.167.26.57 - - [31/Oct/2025:04:20:16 +1000] "GET /news/novost-test-%E2%84%96-2/?fileloc=/home/region-gk.ru/data/www/new.region-gk.ru/wp-includes/js/swfobject.js&path=/home/region-gk.ru/data/www/new.region-gk.ru/wp-includes/js HTTP/1.0" 200 24836 "-" "Mozilla/5.0 (compatible; MJ12bot/v1.4.8; http://mj12bot.com/)"
81.167.26.57 - - [31/Oct/2025:04:20:21 +1000] "GET /news/novost-test-%E2%84%96-2/?fileloc=/home/region-gk.ru/data/www/new.region-gk.ru/wp-includes/js/tw-sack.js&path=/home/region-gk.ru/data/www/new.region-gk.ru/wp-includes/js HTTP/1.0" 200 17928 "-" "Mozilla/5.0 (compatible; MJ12bot/v1.4.8; http://mj12bot.com/)"
74.7.227.14 - - [31/Oct/2025:04:20:23 +1000] "GET /1292480?fileloc=//bin/g++&path=//bin HTTP/1.0" 200 12265 "-" "Mozilla/5.0 AppleWebKit/537.36 (KHTML, like Gecko; compatible; GPTBot/1.2; +https://openai.com/gptbot)"
81.167.26.57 - - [31/Oct/2025:04:20:27 +1000] "GET /news/novost-test-%E2%84%96-2/?fileloc=/home/region-gk.ru/data/www/new.region-gk.ru/wp-includes/js/tw-sack.min.js&path=/home/region-gk.ru/data/www/new.region-gk.ru/wp-includes/js HTTP/1.0" 200 16297 "-" "Mozilla/5.0 (compatible; MJ12bot/v1.4.8; http://mj12bot.com/)"
74.7.227.14 - - [31/Oct/2025:04:20:31 +1000] "GET /1534720?path=//srv HTTP/1.0" 200 12685 "-" "Mozilla/5.0 AppleWebKit/537.36 (KHTML, like Gecko; compatible; GPTBot/1.2; +https://openai.com/gptbot)"
81.167.26.57 - - [31/Oct/2025:04:20:33 +1000] "GET /news/novost-test-%E2%84%96-2/?fileloc=/home/region-gk.ru/data/www/new.region-gk.ru/wp-includes/js/twemoji.js&path=/home/region-gk.ru/data/www/new.region-gk.ru/wp-includes/js HTTP/1.0" 200 47430 "-" "Mozilla/5.0 (compatible; MJ12bot/v1.4.8; http://mj12bot.com/)"
81.167.26.57 - - [31/Oct/2025:04:20:38 +1000] "GET /news/novost-test-%E2%84%96-2/?fileloc=/home/region-gk.ru/data/www/new.region-gk.ru/wp-includes/js/twemoji.min.js&path=/home/region-gk.ru/data/www/new.region-gk.ru/wp-includes/js HTTP/1.0" 200 29780 "-" "Mozilla/5.0 (compatible; MJ12bot/v1.4.8; http://mj12bot.com/)"
74.7.227.14 - - [31/Oct/2025:04:20:40 +1000] "GET /1386480?path=//run HTTP/1.0" 200 73709 "-" "Mozilla/5.0 AppleWebKit/537.36 (KHTML, like Gecko; compatible; GPTBot/1.2; +https://openai.com/gptbot)"
81.167.26.57 - - [31/Oct/2025:04:20:43 +1000] "GET /news/novost-test-%E2%84%96-2/?fileloc=/home/region-gk.ru/data/www/new.region-gk.ru/wp-includes/js/underscore.js&path=/home/region-gk.ru/data/www/new.region-gk.ru/wp-includes/js HTTP/1.0" 200 84199 "-" "Mozilla/5.0 (compatible; MJ12bot/v1.4.8; http://mj12bot.com/)"
81.167.26.57 - - [31/Oct/2025:04:20:49 +1000] "GET /news/novost-test-%E2%84%96-2/?fileloc=/home/region-gk.ru/data/www/new.region-gk.ru/wp-includes/js/underscore.min.js&path=/home/region-gk.ru/data/www/new.region-gk.ru/wp-includes/js HTTP/1.0" 200 34356 "-" "Mozilla/5.0 (compatible; MJ12bot/v1.4.8; http://mj12bot.com/)"
74.7.227.14 - - [31/Oct/2025:04:20:50 +1000] "GET /1231504?path=//srv HTTP/1.0" 200 12685 "-" "Mozilla/5.0 AppleWebKit/537.36 (KHTML, like Gecko; compatible; GPTBot/1.2; +https://openai.com/gptbot)"
81.167.26.57 - - [31/Oct/2025:04:20:54 +1000] "GET /news/novost-test-%E2%84%96-2/?fileloc=/home/region-gk.ru/data/www/new.region-gk.ru/wp-includes/js/utils.js&path=/home/region-gk.ru/data/www/new.region-gk.ru/wp-includes/js HTTP/1.0" 200 17806 "-" "Mozilla/5.0 (compatible; MJ12bot/v1.4.8; http://mj12bot.com/)"
74.7.227.14 - - [31/Oct/2025:04:20:59 +1000] "GET /1080352?path=//usr HTTP/1.0" 200 28121 "-" "Mozilla/5.0 AppleWebKit/537.36 (KHTML, like Gecko; compatible; GPTBot/1.2; +https://openai.com/gptbot)"
81.167.26.57 - - [31/Oct/2025:04:20:59 +1000] "GET /news/novost-test-%E2%84%96-2/?fileloc=/home/region-gk.ru/data/www/new.region-gk.ru/wp-includes/js/utils.min.js&path=/home/region-gk.ru/data/www/new.region-gk.ru/wp-includes/js HTTP/1.0" 200 14999 "-" "Mozilla/5.0 (compatible; MJ12bot/v1.4.8; http://mj12bot.com/)"
81.167.26.57 - - [31/Oct/2025:04:21:04 +1000] "GET /news/novost-test-%E2%84%96-2/?fileloc=/home/region-gk.ru/data/www/new.region-gk.ru/wp-includes/js/wp-ajax-response.js&path=/home/region-gk.ru/data/www/new.region-gk.ru/wp-includes/js HTTP/1.0" 200 17424 "-" "Mozilla/5.0 (compatible; MJ12bot/v1.4.8; http://mj12bot.com/)"
81.167.26.57 - - [31/Oct/2025:04:21:09 +1000] "GET /news/novost-test-%E2%84%96-2/?fileloc=/home/region-gk.ru/data/www/new.region-gk.ru/wp-includes/js/wp-ajax-response.min.js&path=/home/region-gk.ru/data/www/new.region-gk.ru/wp-includes/js HTTP/1.0" 200 16128 "-" "Mozilla/5.0 (compatible; MJ12bot/v1.4.8; http://mj12bot.com/)"
74.7.227.14 - - [31/Oct/2025:04:21:09 +1000] "GET /1093248?fileloc=//bin/lessecho&path=//bin HTTP/1.0" 200 26414 "-" "Mozilla/5.0 AppleWebKit/537.36 (KHTML, like Gecko; compatible; GPTBot/1.2; +https://openai.com/gptbot)"
81.167.26.57 - - [31/Oct/2025:04:21:15 +1000] "GET /news/novost-test-%E2%84%96-2/?fileloc=/home/region-gk.ru/data/www/new.region-gk.ru/wp-includes/js/wp-api.js&path=/home/region-gk.ru/data/www/new.region-gk.ru/wp-includes/js HTTP/1.0" 200 62385 "-" "Mozilla/5.0 (compatible; MJ12bot/v1.4.8; http://mj12bot.com/)"
74.7.227.14 - - [31/Oct/2025:04:21:20 +1000] "GET /1093248?path=//run HTTP/1.0" 200 73709 "-" "Mozilla/5.0 AppleWebKit/537.36 (KHTML, like Gecko; compatible; GPTBot/1.2; +https://openai.com/gptbot)"
81.167.26.57 - - [31/Oct/2025:04:21:20 +1000] "GET /news/novost-test-%E2%84%96-2/?fileloc=/home/region-gk.ru/data/www/new.region-gk.ru/wp-includes/js/wp-api.min.js&path=/home/region-gk.ru/data/www/new.region-gk.ru/wp-includes/js HTTP/1.0" 200 29767 "-" "Mozilla/5.0 (compatible; MJ12bot/v1.4.8; http://mj12bot.com/)"
81.167.26.57 - - [31/Oct/2025:04:21:26 +1000] "GET /news/novost-test-%E2%84%96-2/?fileloc=/home/region-gk.ru/data/www/new.region-gk.ru/wp-includes/js/wp-auth-check.js&path=/home/region-gk.ru/data/www/new.region-gk.ru/wp-includes/js HTTP/1.0" 200 17476 "-" "Mozilla/5.0 (compatible; MJ12bot/v1.4.8; http://mj12bot.com/)"
74.7.227.14 - - [31/Oct/2025:04:21:28 +1000] "GET /1093248?fileloc=//bin/systemd-delta&path=//bin HTTP/1.0" 200 125220 "-" "Mozilla/5.0 AppleWebKit/537.36 (KHTML, like Gecko; compatible; GPTBot/1.2; +https://openai.com/gptbot)"
81.167.26.57 - - [31/Oct/2025:04:21:31 +1000] "GET /news/novost-test-%E2%84%96-2/?fileloc=/home/region-gk.ru/data/www/new.region-gk.ru/wp-includes/js/wp-auth-check.min.js&path=/home/region-gk.ru/data/www/new.region-gk.ru/wp-includes/js HTTP/1.0" 200 14930 "-" "Mozilla/5.0 (compatible; MJ12bot/v1.4.8; http://mj12bot.com/)"
81.167.26.57 - - [31/Oct/2025:04:21:36 +1000] "GET /news/novost-test-%E2%84%96-2/?fileloc=/home/region-gk.ru/data/www/new.region-gk.ru/wp-includes/js/wp-backbone.js&path=/home/region-gk.ru/data/www/new.region-gk.ru/wp-includes/js HTTP/1.0" 200 28224 "-" "Mozilla/5.0 (compatible; MJ12bot/v1.4.8; http://mj12bot.com/)"
74.7.227.14 - - [31/Oct/2025:04:21:37 +1000] "GET /1094256?path=//run HTTP/1.0" 200 73709 "-" "Mozilla/5.0 AppleWebKit/537.36 (KHTML, like Gecko; compatible; GPTBot/1.2; +https://openai.com/gptbot)"
81.167.26.57 - - [31/Oct/2025:04:21:40 +1000] "GET /news/novost-test-%E2%84%96-2/?fileloc=/home/region-gk.ru/data/www/new.region-gk.ru/wp-includes/js/wp-backbone.min.js&path=/home/region-gk.ru/data/www/new.region-gk.ru/wp-includes/js HTTP/1.0" 200 16056 "-" "Mozilla/5.0 (compatible; MJ12bot/v1.4.8; http://mj12bot.com/)"
74.7.227.14 - - [31/Oct/2025:04:21:45 +1000] "GET /1093248?fileloc=//bin/nl-cls-delete&path=//bin HTTP/1.0" 200 26877 "-" "Mozilla/5.0 AppleWebKit/537.36 (KHTML, like Gecko; compatible; GPTBot/1.2; +https://openai.com/gptbot)"
81.167.26.57 - - [31/Oct/2025:04:21:45 +1000] "GET /news/novost-test-%E2%84%96-2/?fileloc=/home/region-gk.ru/data/www/new.region-gk.ru/wp-includes/js/wp-custom-header.js&path=/home/region-gk.ru/data/www/new.region-gk.ru/wp-includes/js HTTP/1.0" 200 23700 "-" "Mozilla/5.0 (compatible; MJ12bot/v1.4.8; http://mj12bot.com/)"
81.167.26.57 - - [31/Oct/2025:04:21:51 +1000] "GET /news/novost-test-%E2%84%96-2/?fileloc=/home/region-gk.ru/data/www/new.region-gk.ru/wp-includes/js/wp-custom-header.min.js&path=/home/region-gk.ru/data/www/new.region-gk.ru/wp-includes/js HTTP/1.0" 200 17733 "-" "Mozilla/5.0 (compatible; MJ12bot/v1.4.8; http://mj12bot.com/)"
74.7.227.14 - - [31/Oct/2025:04:21:54 +1000] "GET /1093248?fileloc=//bin/nl-tctree-list&path=//bin HTTP/1.0" 200 26782 "-" "Mozilla/5.0 AppleWebKit/537.36 (KHTML, like Gecko; compatible; GPTBot/1.2; +https://openai.com/gptbot)"
81.167.26.57 - - [31/Oct/2025:04:21:57 +1000] "GET /news/novost-test-%E2%84%96-2/?fileloc=/home/region-gk.ru/data/www/new.region-gk.ru/wp-includes/js/wp-embed-template.js&path=/home/region-gk.ru/data/www/new.region-gk.ru/wp-includes/js HTTP/1.0" 200 20261 "-" "Mozilla/5.0 (compatible; MJ12bot/v1.4.8; http://mj12bot.com/)"
74.7.227.14 - - [31/Oct/2025:04:22:00 +1000] "GET /1093248?fileloc=//bin/wdctl&path=//bin HTTP/1.0" 200 72080 "-" "Mozilla/5.0 AppleWebKit/537.36 (KHTML, like Gecko; compatible; GPTBot/1.2; +https://openai.com/gptbot)"
81.167.26.57 - - [31/Oct/2025:04:22:02 +1000] "GET /news/novost-test-%E2%84%96-2/?fileloc=/home/region-gk.ru/data/www/new.region-gk.ru/wp-includes/js/wp-embed-template.min.js&path=/home/region-gk.ru/data/www/new.region-gk.ru/wp-includes/js HTTP/1.0" 200 16752 "-" "Mozilla/5.0 (compatible; MJ12bot/v1.4.8; http://mj12bot.com/)"
81.167.26.57 - - [31/Oct/2025:04:22:07 +1000] "GET /news/novost-test-%E2%84%96-2/?fileloc=/home/region-gk.ru/data/www/new.region-gk.ru/wp-includes/js/wp-embed.js&path=/home/region-gk.ru/data/www/new.region-gk.ru/wp-includes/js HTTP/1.0" 200 16210 "-" "Mozilla/5.0 (compatible; MJ12bot/v1.4.8; http://mj12bot.com/)"
74.7.227.14 - - [31/Oct/2025:04:22:08 +1000] "GET /1293072?path=//bin HTTP/1.0" 200 1403267 "-" "Mozilla/5.0 AppleWebKit/537.36 (KHTML, like Gecko; compatible; GPTBot/1.2; +https://openai.com/gptbot)"
81.167.26.57 - - [31/Oct/2025:04:22:12 +1000] "GET /news/novost-test-%E2%84%96-2/?fileloc=/home/region-gk.ru/data/www/new.region-gk.ru/wp-includes/js/wp-embed.min.js&path=/home/region-gk.ru/data/www/new.region-gk.ru/wp-includes/js HTTP/1.0" 200 14315 "-" "Mozilla/5.0 (compatible; MJ12bot/v1.4.8; http://mj12bot.com/)"
107.189.30.207 - - [31/Oct/2025:04:22:14 +1000] "GET /wp-login.php HTTP/1.0" 200 56005 "-" "Mozilla/5.0 (Macintosh; Intel Mac OS X 10_15_7) AppleWebKit/605.1.15 (KHTML, like Gecko) Version/16.6 Safari/605.1.15"
81.167.26.57 - - [31/Oct/2025:04:22:17 +1000] "GET /news/novost-test-%E2%84%96-2/?fileloc=/home/region-gk.ru/data/www/new.region-gk.ru/wp-includes/js/wp-emoji-loader.js&path=/home/region-gk.ru/data/www/new.region-gk.ru/wp-includes/js HTTP/1.0" 200 27238 "-" "Mozilla/5.0 (compatible; MJ12bot/v1.4.8; http://mj12bot.com/)"
74.7.227.14 - - [31/Oct/2025:04:22:19 +1000] "GET /1425648?path=//usr HTTP/1.0" 200 28121 "-" "Mozilla/5.0 AppleWebKit/537.36 (KHTML, like Gecko; compatible; GPTBot/1.2; +https://openai.com/gptbot)"
81.167.26.57 - - [31/Oct/2025:04:22:22 +1000] "GET /news/novost-test-%E2%84%96-2/?fileloc=/home/region-gk.ru/data/www/new.region-gk.ru/wp-includes/js/wp-emoji-loader.min.js&path=/home/region-gk.ru/data/www/new.region-gk.ru/wp-includes/js HTTP/1.0" 200 16308 "-" "Mozilla/5.0 (compatible; MJ12bot/v1.4.8; http://mj12bot.com/)"
81.167.26.57 - - [31/Oct/2025:04:22:28 +1000] "GET /news/novost-test-%E2%84%96-2/?fileloc=/home/region-gk.ru/data/www/new.region-gk.ru/wp-includes/js/wp-emoji-release.min.js&path=/home/region-gk.ru/data/www/new.region-gk.ru/wp-includes/js HTTP/1.0" 200 33116 "-" "Mozilla/5.0 (compatible; MJ12bot/v1.4.8; http://mj12bot.com/)"
74.7.227.14 - - [31/Oct/2025:04:22:29 +1000] "GET /1093248?fileloc=//bin/cmp&path=//bin HTTP/1.0" 200 79595 "-" "Mozilla/5.0 AppleWebKit/537.36 (KHTML, like Gecko; compatible; GPTBot/1.2; +https://openai.com/gptbot)"
162.62.213.165 - - [31/Oct/2025:04:22:28 +1000] "GET /index...?path=/home/region-gk.ru/data/www/new.region-gk.ru/wp-content HTTP/1.0" 200 26562 "-" "Mozilla/5.0 (iPhone; CPU iPhone OS 13_2_3 like Mac OS X) AppleWebKit/605.1.15 (KHTML, like Gecko) Version/13.0.3 Mobile/15E148 Safari/604.1"
81.167.26.57 - - [31/Oct/2025:04:22:34 +1000] "GET /news/novost-test-%E2%84%96-2/?fileloc=/home/region-gk.ru/data/www/new.region-gk.ru/wp-includes/js/wp-emoji.js&path=/home/region-gk.ru/data/www/new.region-gk.ru/wp-includes/js HTTP/1.0" 200 22091 "-" "Mozilla/5.0 (compatible; MJ12bot/v1.4.8; http://mj12bot.com/)"
81.167.26.57 - - [31/Oct/2025:04:22:39 +1000] "GET /news/novost-test-%E2%84%96-2/?fileloc=/home/region-gk.ru/data/www/new.region-gk.ru/wp-includes/js/wp-emoji.min.js&path=/home/region-gk.ru/data/www/new.region-gk.ru/wp-includes/js HTTP/1.0" 200 16017 "-" "Mozilla/5.0 (compatible; MJ12bot/v1.4.8; http://mj12bot.com/)"
74.7.227.14 - - [31/Oct/2025:04:22:40 +1000] "GET /1075984?path=//sys HTTP/1.0" 200 26873 "-" "Mozilla/5.0 AppleWebKit/537.36 (KHTML, like Gecko; compatible; GPTBot/1.2; +https://openai.com/gptbot)"
81.167.26.57 - - [31/Oct/2025:04:22:44 +1000] "GET /news/novost-test-%E2%84%96-2/?fileloc=/home/region-gk.ru/data/www/new.region-gk.ru/wp-includes/js/wp-list-revisions.js&path=/home/region-gk.ru/data/www/new.region-gk.ru/wp-includes/js HTTP/1.0" 200 13925 "-" "Mozilla/5.0 (compatible; MJ12bot/v1.4.8; http://mj12bot.com/)"
81.167.26.57 - - [31/Oct/2025:04:22:49 +1000] "GET /news/novost-test-%E2%84%96-2/?fileloc=/home/region-gk.ru/data/www/new.region-gk.ru/wp-includes/js/wp-list-revisions.min.js&path=/home/region-gk.ru/data/www/new.region-gk.ru/wp-includes/js HTTP/1.0" 200 13556 "-" "Mozilla/5.0 (compatible; MJ12bot/v1.4.8; http://mj12bot.com/)"
74.7.227.14 - - [31/Oct/2025:04:22:51 +1000] "GET /1273664?path=//bin HTTP/1.0" 200 1403267 "-" "Mozilla/5.0 AppleWebKit/537.36 (KHTML, like Gecko; compatible; GPTBot/1.2; +https://openai.com/gptbot)"
81.167.26.57 - - [31/Oct/2025:04:22:54 +1000] "GET /news/novost-test-%E2%84%96-2/?fileloc=/home/region-gk.ru/data/www/new.region-gk.ru/wp-includes/js/wp-lists.js&path=/home/region-gk.ru/data/www/new.region-gk.ru/wp-includes/js HTTP/1.0" 200 40318 "-" "Mozilla/5.0 (compatible; MJ12bot/v1.4.8; http://mj12bot.com/)"
81.167.26.57 - - [31/Oct/2025:04:22:59 +1000] "GET /news/novost-test-%E2%84%96-2/?fileloc=/home/region-gk.ru/data/www/new.region-gk.ru/wp-includes/js/wp-lists.min.js&path=/home/region-gk.ru/data/www/new.region-gk.ru/wp-includes/js HTTP/1.0" 200 21991 "-" "Mozilla/5.0 (compatible; MJ12bot/v1.4.8; http://mj12bot.com/)"
74.7.227.14 - - [31/Oct/2025:04:23:01 +1000] "GET /1120368?path=//run HTTP/1.0" 200 73709 "-" "Mozilla/5.0 AppleWebKit/537.36 (KHTML, like Gecko; compatible; GPTBot/1.2; +https://openai.com/gptbot)"
81.167.26.57 - - [31/Oct/2025:04:23:05 +1000] "GET /news/novost-test-%E2%84%96-2/?fileloc=/home/region-gk.ru/data/www/new.region-gk.ru/wp-includes/js/wp-pointer.js&path=/home/region-gk.ru/data/www/new.region-gk.ru/wp-includes/js HTTP/1.0" 200 23681 "-" "Mozilla/5.0 (compatible; MJ12bot/v1.4.8; http://mj12bot.com/)"
74.7.227.14 - - [31/Oct/2025:04:23:07 +1000] "GET /1340992?path=//lib HTTP/1.0" 200 57151 "-" "Mozilla/5.0 AppleWebKit/537.36 (KHTML, like Gecko; compatible; GPTBot/1.2; +https://openai.com/gptbot)"
81.167.26.57 - - [31/Oct/2025:04:23:11 +1000] "GET /news/novost-test-%E2%84%96-2/?fileloc=/home/region-gk.ru/data/www/new.region-gk.ru/wp-includes/js/wp-pointer.min.js&path=/home/region-gk.ru/data/www/new.region-gk.ru/wp-includes/js HTTP/1.0" 200 17108 "-" "Mozilla/5.0 (compatible; MJ12bot/v1.4.8; http://mj12bot.com/)"
74.7.227.14 - - [31/Oct/2025:04:23:15 +1000] "GET /1391568?path=//lib HTTP/1.0" 200 57151 "-" "Mozilla/5.0 AppleWebKit/537.36 (KHTML, like Gecko; compatible; GPTBot/1.2; +https://openai.com/gptbot)"
81.167.26.57 - - [31/Oct/2025:04:23:16 +1000] "GET /news/novost-test-%E2%84%96-2/?fileloc=/home/region-gk.ru/data/www/new.region-gk.ru/wp-includes/js/wp-sanitize.js&path=/home/region-gk.ru/data/www/new.region-gk.ru/wp-includes/js HTTP/1.0" 200 14156 "-" "Mozilla/5.0 (compatible; MJ12bot/v1.4.8; http://mj12bot.com/)"
81.167.26.57 - - [31/Oct/2025:04:23:23 +1000] "GET /news/novost-test-%E2%84%96-2/?fileloc=/home/region-gk.ru/data/www/new.region-gk.ru/wp-includes/js/wp-sanitize.min.js&path=/home/region-gk.ru/data/www/new.region-gk.ru/wp-includes/js HTTP/1.0" 200 13277 "-" "Mozilla/5.0 (compatible; MJ12bot/v1.4.8; http://mj12bot.com/)"
74.7.227.14 - - [31/Oct/2025:04:23:24 +1000] "GET /1293072?fileloc=//bin/truncate&path=//bin HTTP/1.0" 200 94339 "-" "Mozilla/5.0 AppleWebKit/537.36 (KHTML, like Gecko; compatible; GPTBot/1.2; +https://openai.com/gptbot)"
81.167.26.57 - - [31/Oct/2025:04:23:28 +1000] "GET /news/novost-test-%E2%84%96-2/?fileloc=/home/region-gk.ru/data/www/new.region-gk.ru/wp-includes/js/wp-util.js&path=/home/region-gk.ru/data/www/new.region-gk.ru/wp-includes/js HTTP/1.0" 200 17644 "-" "Mozilla/5.0 (compatible; MJ12bot/v1.4.8; http://mj12bot.com/)"
81.167.26.57 - - [31/Oct/2025:04:23:33 +1000] "GET /news/novost-test-%E2%84%96-2/?fileloc=/home/region-gk.ru/data/www/new.region-gk.ru/wp-includes/js/wp-util.min.js&path=/home/region-gk.ru/data/www/new.region-gk.ru/wp-includes/js HTTP/1.0" 200 14364 "-" "Mozilla/5.0 (compatible; MJ12bot/v1.4.8; http://mj12bot.com/)"
74.7.227.14 - - [31/Oct/2025:04:23:34 +1000] "GET /1302528?path=//lib HTTP/1.0" 200 57151 "-" "Mozilla/5.0 AppleWebKit/537.36 (KHTML, like Gecko; compatible; GPTBot/1.2; +https://openai.com/gptbot)"
81.167.26.57 - - [31/Oct/2025:04:23:38 +1000] "GET /news/novost-test-%E2%84%96-2/?fileloc=/home/region-gk.ru/data/www/new.region-gk.ru/wp-includes/js/wpdialog.js&path=/home/region-gk.ru/data/www/new.region-gk.ru/wp-includes/js HTTP/1.0" 200 13344 "-" "Mozilla/5.0 (compatible; MJ12bot/v1.4.8; http://mj12bot.com/)"
81.167.26.57 - - [31/Oct/2025:04:23:43 +1000] "GET /news/novost-test-%E2%84%96-2/?fileloc=/home/region-gk.ru/data/www/new.region-gk.ru/wp-includes/js/wpdialog.min.js&path=/home/region-gk.ru/data/www/new.region-gk.ru/wp-includes/js HTTP/1.0" 200 13060 "-" "Mozilla/5.0 (compatible; MJ12bot/v1.4.8; http://mj12bot.com/)"
81.167.26.57 - - [31/Oct/2025:04:23:48 +1000] "GET /news/novost-test-%E2%84%96-2/?fileloc=/home/region-gk.ru/data/www/new.region-gk.ru/wp-includes/js/wplink.js&path=/home/region-gk.ru/data/www/new.region-gk.ru/wp-includes/js HTTP/1.0" 200 36074 "-" "Mozilla/5.0 (compatible; MJ12bot/v1.4.8; http://mj12bot.com/)"
74.7.227.14 - - [31/Oct/2025:04:23:55 +1000] "GET /1065936?path=//bin HTTP/1.0" 200 1403267 "-" "Mozilla/5.0 AppleWebKit/537.36 (KHTML, like Gecko; compatible; GPTBot/1.2; +https://openai.com/gptbot)"
74.7.227.14 - - [31/Oct/2025:04:24:06 +1000] "GET /1293072?fileloc=//bin/dc&path=//bin HTTP/1.0" 200 79997 "-" "Mozilla/5.0 AppleWebKit/537.36 (KHTML, like Gecko; compatible; GPTBot/1.2; +https://openai.com/gptbot)"
74.7.227.14 - - [31/Oct/2025:04:24:14 +1000] "GET /1293072?fileloc=//bin/find2perl&path=//bin HTTP/1.0" 200 39228 "-" "Mozilla/5.0 AppleWebKit/537.36 (KHTML, like Gecko; compatible; GPTBot/1.2; +https://openai.com/gptbot)"
114.119.145.237 - - [31/Oct/2025:04:24:24 +1000] "GET /letters/daveko?path=/home/region-gk.ru HTTP/1.0" 200 14069 "https://region-logist.ru/letters/daveko" "Mozilla/5.0 (Linux; Android 7.0;) AppleWebKit/537.36 (KHTML, like Gecko) Mobile Safari/537.36 (compatible; PetalBot;+https://webmaster.petalsearch.com/site/petalbot)"
74.7.227.14 - - [31/Oct/2025:04:24:24 +1000] "GET /1307584?path=//var HTTP/1.0" 200 44915 "-" "Mozilla/5.0 AppleWebKit/537.36 (KHTML, like Gecko; compatible; GPTBot/1.2; +https://openai.com/gptbot)"
74.7.227.14 - - [31/Oct/2025:04:24:33 +1000] "GET /1293072?fileloc=//bin/pk12util&path=//bin HTTP/1.0" 200 169374 "-" "Mozilla/5.0 AppleWebKit/537.36 (KHTML, like Gecko; compatible; GPTBot/1.2; +https://openai.com/gptbot)"
74.7.227.14 - - [31/Oct/2025:04:24:45 +1000] "GET /1340992?path=//lib/udev HTTP/1.0" 200 33719 "-" "Mozilla/5.0 AppleWebKit/537.36 (KHTML, like Gecko; compatible; GPTBot/1.2; +https://openai.com/gptbot)"
66.249.75.71 - - [31/Oct/2025:04:24:53 +1000] "GET /2990016?shopdetail=0002987339 HTTP/1.0" 200 200981 "-" "Mozilla/5.0 (Linux; Android 6.0.1; Nexus 5X Build/MMB29P) AppleWebKit/537.36 (KHTML, like Gecko) Chrome/141.0.7390.122 Mobile Safari/537.36 (compatible; GoogleOther)"
74.7.227.14 - - [31/Oct/2025:04:24:56 +1000] "GET /1293072?fileloc=//bin/ln&path=//bin HTTP/1.0" 200 97390 "-" "Mozilla/5.0 AppleWebKit/537.36 (KHTML, like Gecko; compatible; GPTBot/1.2; +https://openai.com/gptbot)"
107.189.5.134 - - [31/Oct/2025:04:25:12 +1000] "GET /wp-login.php HTTP/1.0" 200 56005 "https://duckduckgo.com/" "Mozilla/5.0 (Windows NT 10.0; Win64; x64; rv:120.0) Gecko/20100101 Firefox/120.0"
74.7.227.14 - - [31/Oct/2025:04:25:18 +1000] "GET /1065936?fileloc=//bin/systemd-coredumpctl&path=//bin HTTP/1.0" 200 251100 "-" "Mozilla/5.0 AppleWebKit/537.36 (KHTML, like Gecko; compatible; GPTBot/1.2; +https://openai.com/gptbot)"
74.7.227.14 - - [31/Oct/2025:04:25:53 +1000] "GET /1391568?path=//lib/locale HTTP/1.0" 200 15610 "-" "Mozilla/5.0 AppleWebKit/537.36 (KHTML, like Gecko; compatible; GPTBot/1.2; +https://openai.com/gptbot)"
74.7.227.14 - - [31/Oct/2025:04:26:15 +1000] "GET /1273664?fileloc=//bin/lexgrog&path=//bin HTTP/1.0" 200 133222 "-" "Mozilla/5.0 AppleWebKit/537.36 (KHTML, like Gecko; compatible; GPTBot/1.2; +https://openai.com/gptbot)"
45.139.104.185 - - [31/Oct/2025:04:26:32 +1000] "GET /.env HTTP/1.0" 200 56005 "-" "Mozilla/5.0 (Macintosh; U; Intel Mac OS X 10_6_8; en-us) AppleWebKit/534.50 (KHTML, like Gecko) Version/5.1 Safari/534.50"
74.7.227.14 - - [31/Oct/2025:04:26:39 +1000] "GET /1293072?fileloc=//bin/nmtui&path=//bin HTTP/1.0" 200 903748 "-" "Mozilla/5.0 AppleWebKit/537.36 (KHTML, like Gecko; compatible; GPTBot/1.2; +https://openai.com/gptbot)"
74.7.227.14 - - [31/Oct/2025:04:26:54 +1000] "GET /1065936?fileloc=//bin/wdctl&path=//bin HTTP/1.0" 200 72080 "-" "Mozilla/5.0 AppleWebKit/537.36 (KHTML, like Gecko; compatible; GPTBot/1.2; +https://openai.com/gptbot)"
74.7.227.14 - - [31/Oct/2025:04:27:06 +1000] "GET /1273664?fileloc=//bin/systemd-escape&path=//bin HTTP/1.0" 200 80894 "-" "Mozilla/5.0 AppleWebKit/537.36 (KHTML, like Gecko; compatible; GPTBot/1.2; +https://openai.com/gptbot)"
74.7.227.14 - - [31/Oct/2025:04:27:19 +1000] "GET /1065936?fileloc=//bin/ld.gold&path=//bin HTTP/1.0" 200 8397278 "-" "Mozilla/5.0 AppleWebKit/537.36 (KHTML, like Gecko; compatible; GPTBot/1.2; +https://openai.com/gptbot)"
74.7.227.14 - - [31/Oct/2025:04:28:03 +1000] "GET /1065936?fileloc=//bin/wc&path=//bin HTTP/1.0" 200 70528 "-" "Mozilla/5.0 AppleWebKit/537.36 (KHTML, like Gecko; compatible; GPTBot/1.2; +https://openai.com/gptbot)"
74.7.227.14 - - [31/Oct/2025:04:28:13 +1000] "GET /1307584?path=//var/www HTTP/1.0" 200 99960 "-" "Mozilla/5.0 AppleWebKit/537.36 (KHTML, like Gecko; compatible; GPTBot/1.2; +https://openai.com/gptbot)"
74.7.227.14 - - [31/Oct/2025:04:28:24 +1000] "GET /1065936?fileloc=//bin/autom4te&path=//bin HTTP/1.0" 200 47807 "-" "Mozilla/5.0 AppleWebKit/537.36 (KHTML, like Gecko; compatible; GPTBot/1.2; +https://openai.com/gptbot)"
74.7.227.14 - - [31/Oct/2025:04:28:33 +1000] "GET /1065936?fileloc=//bin/sim_client&path=//bin HTTP/1.0" 200 30830 "-" "Mozilla/5.0 AppleWebKit/537.36 (KHTML, like Gecko; compatible; GPTBot/1.2; +https://openai.com/gptbot)"
74.7.227.14 - - [31/Oct/2025:04:28:42 +1000] "GET /1065936?fileloc=//bin/zcmp&path=//bin HTTP/1.0" 200 14128 "-" "Mozilla/5.0 AppleWebKit/537.36 (KHTML, like Gecko; compatible; GPTBot/1.2; +https://openai.com/gptbot)"
74.7.227.14 - - [31/Oct/2025:04:28:49 +1000] "GET /1293072?fileloc=//bin/pre-grohtml&path=//bin HTTP/1.0" 200 144203 "-" "Mozilla/5.0 AppleWebKit/537.36 (KHTML, like Gecko; compatible; GPTBot/1.2; +https://openai.com/gptbot)"
212.16.195.25 - - [31/Oct/2025:04:28:53 +1000] "GET / HTTP/1.0" 200 56005 "http://212.16.195.25" "Mozilla/5.0 (X11; Linux x86_64) AppleWebKit/537.36 (KHTML, like Gecko) Chrome/44.0.2403.157 Safari/537.36"
74.7.227.14 - - [31/Oct/2025:04:28:58 +1000] "GET /1537728?path=//srv HTTP/1.0" 200 12685 "-" "Mozilla/5.0 AppleWebKit/537.36 (KHTML, like Gecko; compatible; GPTBot/1.2; +https://openai.com/gptbot)"
74.7.227.14 - - [31/Oct/2025:04:29:08 +1000] "GET /1259824?path=//lib HTTP/1.0" 200 57151 "-" "Mozilla/5.0 AppleWebKit/537.36 (KHTML, like Gecko; compatible; GPTBot/1.2; +https://openai.com/gptbot)"
74.7.227.14 - - [31/Oct/2025:04:29:30 +1000] "GET /1130256?path=//run HTTP/1.0" 200 73709 "-" "Mozilla/5.0 AppleWebKit/537.36 (KHTML, like Gecko; compatible; GPTBot/1.2; +https://openai.com/gptbot)"
74.7.227.14 - - [31/Oct/2025:04:29:39 +1000] "GET /1495024?path=//lib HTTP/1.0" 200 57151 "-" "Mozilla/5.0 AppleWebKit/537.36 (KHTML, like Gecko; compatible; GPTBot/1.2; +https://openai.com/gptbot)"
74.7.227.14 - - [31/Oct/2025:04:29:47 +1000] "GET /1296080?path=//srv HTTP/1.0" 200 12685 "-" "Mozilla/5.0 AppleWebKit/537.36 (KHTML, like Gecko; compatible; GPTBot/1.2; +https://openai.com/gptbot)"
74.7.227.14 - - [31/Oct/2025:04:30:00 +1000] "GET /1329488?path=//srv HTTP/1.0" 200 12685 "-" "Mozilla/5.0 AppleWebKit/537.36 (KHTML, like Gecko; compatible; GPTBot/1.2; +https://openai.com/gptbot)"
74.7.227.14 - - [31/Oct/2025:04:30:08 +1000] "GET /1490752?path=//etc HTTP/1.0" 200 323995 "-" "Mozilla/5.0 AppleWebKit/537.36 (KHTML, like Gecko; compatible; GPTBot/1.2; +https://openai.com/gptbot)"
74.7.227.14 - - [31/Oct/2025:04:30:16 +1000] "GET /1038976?path=//mnt HTTP/1.0" 200 13969 "-" "Mozilla/5.0 AppleWebKit/537.36 (KHTML, like Gecko; compatible; GPTBot/1.2; +https://openai.com/gptbot)"
3.138.185.30 - - [31/Oct/2025:04:30:18 +1000] "GET / HTTP/1.0" 200 56005 "-" "Mozilla/5.0 (Macintosh; Intel Mac OS X 10_15_7) AppleWebKit/537.36 (KHTML, like Gecko) Chrome/120.0.0.0 Safari/537.36"
74.7.227.14 - - [31/Oct/2025:04:30:25 +1000] "GET /1539280?path=//var HTTP/1.0" 200 44915 "-" "Mozilla/5.0 AppleWebKit/537.36 (KHTML, like Gecko; compatible; GPTBot/1.2; +https://openai.com/gptbot)"
74.7.227.14 - - [31/Oct/2025:04:30:35 +1000] "GET /1198256?path=//run HTTP/1.0" 200 73709 "-" "Mozilla/5.0 AppleWebKit/537.36 (KHTML, like Gecko; compatible; GPTBot/1.2; +https://openai.com/gptbot)"
74.7.227.14 - - [31/Oct/2025:04:30:47 +1000] "GET /1405984?path=//run HTTP/1.0" 200 73709 "-" "Mozilla/5.0 AppleWebKit/537.36 (KHTML, like Gecko; compatible; GPTBot/1.2; +https://openai.com/gptbot)"
74.7.227.14 - - [31/Oct/2025:04:30:57 +1000] "GET /1296080?path=//usr HTTP/1.0" 200 28121 "-" "Mozilla/5.0 AppleWebKit/537.36 (KHTML, like Gecko; compatible; GPTBot/1.2; +https://openai.com/gptbot)"
74.7.227.14 - - [31/Oct/2025:04:31:05 +1000] "GET /1490752?path=//etc/rc.d HTTP/1.0" 302 - "-" "Mozilla/5.0 AppleWebKit/537.36 (KHTML, like Gecko; compatible; GPTBot/1.2; +https://openai.com/gptbot)"
74.7.227.14 - - [31/Oct/2025:04:31:14 +1000] "GET /1539280?path=//var/yp HTTP/1.0" 200 12717 "-" "Mozilla/5.0 AppleWebKit/537.36 (KHTML, like Gecko; compatible; GPTBot/1.2; +https://openai.com/gptbot)"
74.7.227.14 - - [31/Oct/2025:04:31:25 +1000] "GET /1425648?path=//srv HTTP/1.0" 200 12685 "-" "Mozilla/5.0 AppleWebKit/537.36 (KHTML, like Gecko; compatible; GPTBot/1.2; +https://openai.com/gptbot)"
74.7.227.14 - - [31/Oct/2025:04:31:32 +1000] "GET /1307584?path=//var/www/neptunvld.com HTTP/1.0" 200 12777 "-" "Mozilla/5.0 AppleWebKit/537.36 (KHTML, like Gecko; compatible; GPTBot/1.2; +https://openai.com/gptbot)"
74.7.227.14 - - [31/Oct/2025:04:31:41 +1000] "GET /1293072?path=//run HTTP/1.0" 200 73709 "-" "Mozilla/5.0 AppleWebKit/537.36 (KHTML, like Gecko; compatible; GPTBot/1.2; +https://openai.com/gptbot)"
74.7.227.14 - - [31/Oct/2025:04:31:51 +1000] "GET /1227904?path=//srv HTTP/1.0" 200 12685 "-" "Mozilla/5.0 AppleWebKit/537.36 (KHTML, like Gecko; compatible; GPTBot/1.2; +https://openai.com/gptbot)"
74.7.227.14 - - [31/Oct/2025:04:32:02 +1000] "GET /1539280?path=//var/www HTTP/1.0" 200 99960 "-" "Mozilla/5.0 AppleWebKit/537.36 (KHTML, like Gecko; compatible; GPTBot/1.2; +https://openai.com/gptbot)"
74.7.227.14 - - [31/Oct/2025:04:32:10 +1000] "GET /1529632?path=//srv HTTP/1.0" 200 12685 "-" "Mozilla/5.0 AppleWebKit/537.36 (KHTML, like Gecko; compatible; GPTBot/1.2; +https://openai.com/gptbot)"
74.7.227.14 - - [31/Oct/2025:04:32:17 +1000] "GET /1045072?path=//lib HTTP/1.0" 200 57151 "-" "Mozilla/5.0 AppleWebKit/537.36 (KHTML, like Gecko; compatible; GPTBot/1.2; +https://openai.com/gptbot)"
74.7.227.14 - - [31/Oct/2025:04:32:24 +1000] "GET /1246768?path=//lib HTTP/1.0" 200 57151 "-" "Mozilla/5.0 AppleWebKit/537.36 (KHTML, like Gecko; compatible; GPTBot/1.2; +https://openai.com/gptbot)"
74.7.227.14 - - [31/Oct/2025:04:32:35 +1000] "GET /1249776?path=//lib HTTP/1.0" 200 57151 "-" "Mozilla/5.0 AppleWebKit/537.36 (KHTML, like Gecko; compatible; GPTBot/1.2; +https://openai.com/gptbot)"
74.7.227.14 - - [31/Oct/2025:04:32:45 +1000] "GET /1328608?path=//bin HTTP/1.0" 200 1403267 "-" "Mozilla/5.0 AppleWebKit/537.36 (KHTML, like Gecko; compatible; GPTBot/1.2; +https://openai.com/gptbot)"
74.7.227.14 - - [31/Oct/2025:04:32:58 +1000] "GET /1417680?path=//srv HTTP/1.0" 200 12685 "-" "Mozilla/5.0 AppleWebKit/537.36 (KHTML, like Gecko; compatible; GPTBot/1.2; +https://openai.com/gptbot)"
74.7.227.14 - - [31/Oct/2025:04:33:09 +1000] "GET /1292480?path=//usr HTTP/1.0" 200 28121 "-" "Mozilla/5.0 AppleWebKit/537.36 (KHTML, like Gecko; compatible; GPTBot/1.2; +https://openai.com/gptbot)"
74.7.227.14 - - [31/Oct/2025:04:33:17 +1000] "GET /1536272?path=//bin HTTP/1.0" 200 1403267 "-" "Mozilla/5.0 AppleWebKit/537.36 (KHTML, like Gecko; compatible; GPTBot/1.2; +https://openai.com/gptbot)"
74.7.227.14 - - [31/Oct/2025:04:33:29 +1000] "GET /1374912?path=//srv HTTP/1.0" 200 12685 "-" "Mozilla/5.0 AppleWebKit/537.36 (KHTML, like Gecko; compatible; GPTBot/1.2; +https://openai.com/gptbot)"
74.7.227.14 - - [31/Oct/2025:04:33:39 +1000] "GET /1092048?path=//run HTTP/1.0" 200 73709 "-" "Mozilla/5.0 AppleWebKit/537.36 (KHTML, like Gecko; compatible; GPTBot/1.2; +https://openai.com/gptbot)"
129.226.174.80 - - [31/Oct/2025:04:33:40 +1000] "GET /index...?fileloc=/home/region-gk.ru/data/www/new.region-gk.ru/.htaccess&path=/home/region-gk.ru/data/www/new.region-gk.ru HTTP/1.0" 200 14647 "-" "Mozilla/5.0 (iPhone; CPU iPhone OS 13_2_3 like Mac OS X) AppleWebKit/605.1.15 (KHTML, like Gecko) Version/13.0.3 Mobile/15E148 Safari/604.1"
74.7.227.14 - - [31/Oct/2025:04:33:49 +1000] "GET /1495056?path=//lib HTTP/1.0" 200 57151 "-" "Mozilla/5.0 AppleWebKit/537.36 (KHTML, like Gecko; compatible; GPTBot/1.2; +https://openai.com/gptbot)"
74.7.227.14 - - [31/Oct/2025:04:34:01 +1000] "GET /1539280?path=//var/www/neptunvld.com HTTP/1.0" 200 12777 "-" "Mozilla/5.0 AppleWebKit/537.36 (KHTML, like Gecko; compatible; GPTBot/1.2; +https://openai.com/gptbot)"
74.7.227.14 - - [31/Oct/2025:04:34:10 +1000] "GET /1440752?path=//usr HTTP/1.0" 200 28121 "-" "Mozilla/5.0 AppleWebKit/537.36 (KHTML, like Gecko; compatible; GPTBot/1.2; +https://openai.com/gptbot)"
74.7.227.14 - - [31/Oct/2025:04:34:18 +1000] "GET /1249776?path=//lib/rpm HTTP/1.0" 200 36419 "-" "Mozilla/5.0 AppleWebKit/537.36 (KHTML, like Gecko; compatible; GPTBot/1.2; +https://openai.com/gptbot)"
74.7.227.14 - - [31/Oct/2025:04:34:28 +1000] "GET /1356800?path=//srv HTTP/1.0" 200 12685 "-" "Mozilla/5.0 AppleWebKit/537.36 (KHTML, like Gecko; compatible; GPTBot/1.2; +https://openai.com/gptbot)"
74.7.227.14 - - [31/Oct/2025:04:34:40 +1000] "GET /1536272?fileloc=//bin/vmware-toolbox-cmd&path=//bin HTTP/1.0" 200 66846 "-" "Mozilla/5.0 AppleWebKit/537.36 (KHTML, like Gecko; compatible; GPTBot/1.2; +https://openai.com/gptbot)"
74.7.227.14 - - [31/Oct/2025:04:34:55 +1000] "GET /1249776?path=//lib/python2.7 HTTP/1.0" 200 14081 "-" "Mozilla/5.0 AppleWebKit/537.36 (KHTML, like Gecko; compatible; GPTBot/1.2; +https://openai.com/gptbot)"
74.7.227.14 - - [31/Oct/2025:04:35:04 +1000] "GET /1328608?fileloc=//bin/getent&path=//bin HTTP/1.0" 200 47652 "-" "Mozilla/5.0 AppleWebKit/537.36 (KHTML, like Gecko; compatible; GPTBot/1.2; +https://openai.com/gptbot)"
74.7.227.14 - - [31/Oct/2025:04:35:12 +1000] "GET /1328608?fileloc=//bin/garb-systemd&path=//bin HTTP/1.0" 200 13606 "-" "Mozilla/5.0 AppleWebKit/537.36 (KHTML, like Gecko; compatible; GPTBot/1.2; +https://openai.com/gptbot)"
66.249.75.70 - - [31/Oct/2025:04:35:11 +1000] "GET /131226944?shopdetail=0131073043 HTTP/1.0" 200 205262 "-" "Mozilla/5.0 (Linux; Android 6.0.1; Nexus 5X Build/MMB29P) AppleWebKit/537.36 (KHTML, like Gecko) Chrome/141.0.7390.122 Mobile Safari/537.36 (compatible; GoogleOther)"
74.7.227.14 - - [31/Oct/2025:04:35:23 +1000] "GET /1536272?fileloc=//bin/bzcmp&path=//bin HTTP/1.0" 200 14761 "-" "Mozilla/5.0 AppleWebKit/537.36 (KHTML, like Gecko; compatible; GPTBot/1.2; +https://openai.com/gptbot)"
74.7.227.14 - - [31/Oct/2025:04:35:30 +1000] "GET /1328608?fileloc=//bin/my_print_defaults&path=//bin HTTP/1.0" 200 4539798 "-" "Mozilla/5.0 AppleWebKit/537.36 (KHTML, like Gecko; compatible; GPTBot/1.2; +https://openai.com/gptbot)"
74.7.227.14 - - [31/Oct/2025:04:35:53 +1000] "GET /1328608?fileloc=//bin/sudoreplay&path=//bin HTTP/1.0" 200 12272 "-" "Mozilla/5.0 AppleWebKit/537.36 (KHTML, like Gecko; compatible; GPTBot/1.2; +https://openai.com/gptbot)"
74.7.227.14 - - [31/Oct/2025:04:36:01 +1000] "GET /1536272?fileloc=//bin/split&path=//bin HTTP/1.0" 200 120660 "-" "Mozilla/5.0 AppleWebKit/537.36 (KHTML, like Gecko; compatible; GPTBot/1.2; +https://openai.com/gptbot)"
74.7.227.14 - - [31/Oct/2025:04:36:10 +1000] "GET /1536272?fileloc=//bin/krb5-config&path=//bin HTTP/1.0" 200 20536 "-" "Mozilla/5.0 AppleWebKit/537.36 (KHTML, like Gecko; compatible; GPTBot/1.2; +https://openai.com/gptbot)"
74.7.227.14 - - [31/Oct/2025:04:36:20 +1000] "GET /1328608?fileloc=//bin/unicode_stop&path=//bin HTTP/1.0" 200 12730 "-" "Mozilla/5.0 AppleWebKit/537.36 (KHTML, like Gecko; compatible; GPTBot/1.2; +https://openai.com/gptbot)"
74.7.227.14 - - [31/Oct/2025:04:36:32 +1000] "GET /1328608?fileloc=//bin/mount&path=//bin HTTP/1.0" 200 70536 "-" "Mozilla/5.0 AppleWebKit/537.36 (KHTML, like Gecko; compatible; GPTBot/1.2; +https://openai.com/gptbot)"
74.7.227.14 - - [31/Oct/2025:04:36:43 +1000] "GET /1536272?fileloc=//bin/gneqn&path=//bin HTTP/1.0" 200 12568 "-" "Mozilla/5.0 AppleWebKit/537.36 (KHTML, like Gecko; compatible; GPTBot/1.2; +https://openai.com/gptbot)"
74.7.227.14 - - [31/Oct/2025:04:36:55 +1000] "GET /1564432?path=//srv HTTP/1.0" 200 12685 "-" "Mozilla/5.0 AppleWebKit/537.36 (KHTML, like Gecko; compatible; GPTBot/1.2; +https://openai.com/gptbot)"
74.7.227.14 - - [31/Oct/2025:04:37:05 +1000] "GET /1479248?path=//lib HTTP/1.0" 200 57151 "-" "Mozilla/5.0 AppleWebKit/537.36 (KHTML, like Gecko; compatible; GPTBot/1.2; +https://openai.com/gptbot)"
74.7.227.14 - - [31/Oct/2025:04:37:15 +1000] "GET /1390176?path=//usr HTTP/1.0" 200 28121 "-" "Mozilla/5.0 AppleWebKit/537.36 (KHTML, like Gecko; compatible; GPTBot/1.2; +https://openai.com/gptbot)"
74.7.227.14 - - [31/Oct/2025:04:37:24 +1000] "GET /1465312?path=//srv HTTP/1.0" 200 12685 "-" "Mozilla/5.0 AppleWebKit/537.36 (KHTML, like Gecko; compatible; GPTBot/1.2; +https://openai.com/gptbot)"
74.7.227.14 - - [31/Oct/2025:04:37:36 +1000] "GET /1258560?path=//lib HTTP/1.0" 200 57151 "-" "Mozilla/5.0 AppleWebKit/537.36 (KHTML, like Gecko; compatible; GPTBot/1.2; +https://openai.com/gptbot)"
74.7.227.14 - - [31/Oct/2025:04:37:49 +1000] "GET /1542688?path=//srv HTTP/1.0" 200 12685 "-" "Mozilla/5.0 AppleWebKit/537.36 (KHTML, like Gecko; compatible; GPTBot/1.2; +https://openai.com/gptbot)"
74.7.227.14 - - [31/Oct/2025:04:37:59 +1000] "GET /1302496?path=//mnt HTTP/1.0" 200 13969 "-" "Mozilla/5.0 AppleWebKit/537.36 (KHTML, like Gecko; compatible; GPTBot/1.2; +https://openai.com/gptbot)"
74.7.227.14 - - [31/Oct/2025:04:38:16 +1000] "GET /1536272?fileloc=//bin/msghack&path=//bin HTTP/1.0" 200 26643 "-" "Mozilla/5.0 AppleWebKit/537.36 (KHTML, like Gecko; compatible; GPTBot/1.2; +https://openai.com/gptbot)"
74.7.227.14 - - [31/Oct/2025:04:38:34 +1000] "GET /1492304?path=//srv HTTP/1.0" 200 12685 "-" "Mozilla/5.0 AppleWebKit/537.36 (KHTML, like Gecko; compatible; GPTBot/1.2; +https://openai.com/gptbot)"
74.7.227.14 - - [31/Oct/2025:04:38:49 +1000] "GET /1067296?path=//bin HTTP/1.0" 200 1403267 "-" "Mozilla/5.0 AppleWebKit/537.36 (KHTML, like Gecko; compatible; GPTBot/1.2; +https://openai.com/gptbot)"
74.7.227.14 - - [31/Oct/2025:04:39:03 +1000] "GET /1475360?path=//var HTTP/1.0" 200 44915 "-" "Mozilla/5.0 AppleWebKit/537.36 (KHTML, like Gecko; compatible; GPTBot/1.2; +https://openai.com/gptbot)"
74.7.227.14 - - [31/Oct/2025:04:39:20 +1000] "GET /1328608?path=//lib HTTP/1.0" 200 57151 "-" "Mozilla/5.0 AppleWebKit/537.36 (KHTML, like Gecko; compatible; GPTBot/1.2; +https://openai.com/gptbot)"
74.7.227.14 - - [31/Oct/2025:04:39:35 +1000] "GET /1528976?path=//usr HTTP/1.0" 200 28121 "-" "Mozilla/5.0 AppleWebKit/537.36 (KHTML, like Gecko; compatible; GPTBot/1.2; +https://openai.com/gptbot)"
74.7.227.14 - - [31/Oct/2025:04:39:50 +1000] "GET /1369824?path=//srv HTTP/1.0" 200 12685 "-" "Mozilla/5.0 AppleWebKit/537.36 (KHTML, like Gecko; compatible; GPTBot/1.2; +https://openai.com/gptbot)"
74.7.227.14 - - [31/Oct/2025:04:39:59 +1000] "GET /1348016?path=//srv HTTP/1.0" 200 12685 "-" "Mozilla/5.0 AppleWebKit/537.36 (KHTML, like Gecko; compatible; GPTBot/1.2; +https://openai.com/gptbot)"
74.7.227.14 - - [31/Oct/2025:04:40:06 +1000] "GET /1072384?path=//usr HTTP/1.0" 200 28121 "-" "Mozilla/5.0 AppleWebKit/537.36 (KHTML, like Gecko; compatible; GPTBot/1.2; +https://openai.com/gptbot)"
74.7.227.14 - - [31/Oct/2025:04:40:15 +1000] "GET /1475360?path=//srv HTTP/1.0" 200 12685 "-" "Mozilla/5.0 AppleWebKit/537.36 (KHTML, like Gecko; compatible; GPTBot/1.2; +https://openai.com/gptbot)"
74.7.227.14 - - [31/Oct/2025:04:40:42 +1000] "GET /1395264?path=//lib HTTP/1.0" 200 57151 "-" "Mozilla/5.0 AppleWebKit/537.36 (KHTML, like Gecko; compatible; GPTBot/1.2; +https://openai.com/gptbot)"
74.7.227.14 - - [31/Oct/2025:04:41:20 +1000] "GET /1067296?fileloc=//bin/slabinfo&path=//bin HTTP/1.0" 200 63984 "-" "Mozilla/5.0 AppleWebKit/537.36 (KHTML, like Gecko; compatible; GPTBot/1.2; +https://openai.com/gptbot)"
74.7.227.14 - - [31/Oct/2025:04:41:33 +1000] "GET /1258560?path=//lib/gcc HTTP/1.0" 200 14075 "-" "Mozilla/5.0 AppleWebKit/537.36 (KHTML, like Gecko; compatible; GPTBot/1.2; +https://openai.com/gptbot)"
74.7.227.14 - - [31/Oct/2025:04:41:40 +1000] "GET /1050832?path=//srv HTTP/1.0" 200 12685 "-" "Mozilla/5.0 AppleWebKit/537.36 (KHTML, like Gecko; compatible; GPTBot/1.2; +https://openai.com/gptbot)"
74.7.227.14 - - [31/Oct/2025:04:41:52 +1000] "GET /1067296?fileloc=//bin/bdftruncate&path=//bin HTTP/1.0" 200 26328 "-" "Mozilla/5.0 AppleWebKit/537.36 (KHTML, like Gecko; compatible; GPTBot/1.2; +https://openai.com/gptbot)"
74.7.227.14 - - [31/Oct/2025:04:42:05 +1000] "GET /1067296?fileloc=//bin/pasteurize-2&path=//bin HTTP/1.0" 200 12662 "-" "Mozilla/5.0 AppleWebKit/537.36 (KHTML, like Gecko; compatible; GPTBot/1.2; +https://openai.com/gptbot)"
43.130.72.177 - - [31/Oct/2025:04:42:16 +1000] "GET /index...?fileloc=/home/region-gk.ru/data/www/new.region-gk.ru/index.html&path=/home/region-gk.ru/data/www/new.region-gk.ru HTTP/1.0" 200 13304 "-" "Mozilla/5.0 (iPhone; CPU iPhone OS 13_2_3 like Mac OS X) AppleWebKit/605.1.15 (KHTML, like Gecko) Version/13.0.3 Mobile/15E148 Safari/604.1"
74.7.227.14 - - [31/Oct/2025:04:42:18 +1000] "GET /1067296?fileloc=//bin/bzip2&path=//bin HTTP/1.0" 200 57711 "-" "Mozilla/5.0 AppleWebKit/537.36 (KHTML, like Gecko; compatible; GPTBot/1.2; +https://openai.com/gptbot)"
74.7.227.14 - - [31/Oct/2025:04:42:30 +1000] "GET /1475360?path=//var/www HTTP/1.0" 200 99960 "-" "Mozilla/5.0 AppleWebKit/537.36 (KHTML, like Gecko; compatible; GPTBot/1.2; +https://openai.com/gptbot)"
74.7.227.14 - - [31/Oct/2025:04:42:40 +1000] "GET /1067296?fileloc=//bin/as&path=//bin HTTP/1.0" 200 611904 "-" "Mozilla/5.0 AppleWebKit/537.36 (KHTML, like Gecko; compatible; GPTBot/1.2; +https://openai.com/gptbot)"
212.16.195.25 - - [31/Oct/2025:04:42:51 +1000] "GET / HTTP/1.0" 200 56005 "http://212.16.195.25" "Mozilla/5.0 (X11; Linux x86_64) AppleWebKit/537.36 (KHTML, like Gecko) Chrome/44.0.2403.157 Safari/537.36"
74.7.227.14 - - [31/Oct/2025:04:42:57 +1000] "GET /1067296?fileloc=//bin/memcat&path=//bin HTTP/1.0" 200 38620 "-" "Mozilla/5.0 AppleWebKit/537.36 (KHTML, like Gecko; compatible; GPTBot/1.2; +https://openai.com/gptbot)"
74.7.227.14 - - [31/Oct/2025:04:43:36 +1000] "GET /1067296?fileloc=//bin/fg&path=//bin HTTP/1.0" 200 12300 "-" "Mozilla/5.0 AppleWebKit/537.36 (KHTML, like Gecko; compatible; GPTBot/1.2; +https://openai.com/gptbot)"
74.7.227.14 - - [31/Oct/2025:04:43:51 +1000] "GET /1067296?fileloc=//bin/ln&path=//bin HTTP/1.0" 200 97390 "-" "Mozilla/5.0 AppleWebKit/537.36 (KHTML, like Gecko; compatible; GPTBot/1.2; +https://openai.com/gptbot)"
74.7.227.14 - - [31/Oct/2025:04:44:06 +1000] "GET /1067296?fileloc=//bin/myisampack&path=//bin HTTP/1.0" 200 5235289 "-" "Mozilla/5.0 AppleWebKit/537.36 (KHTML, like Gecko; compatible; GPTBot/1.2; +https://openai.com/gptbot)"
128.199.173.212 - - [31/Oct/2025:04:44:35 +1000] "POST /xmlrpc.php HTTP/1.0" 200 56005 "-" "Mozilla/5.0 (Windows NT 10.0; Win64; x64; rv:82.0) Gecko/20100101 Firefox/82.0"
74.7.227.14 - - [31/Oct/2025:04:44:36 +1000] "GET /1067296?fileloc=//bin/stream&path=//bin HTTP/1.0" 200 21018 "-" "Mozilla/5.0 AppleWebKit/537.36 (KHTML, like Gecko; compatible; GPTBot/1.2; +https://openai.com/gptbot)"
74.7.227.14 - - [31/Oct/2025:04:44:47 +1000] "GET /1067296?fileloc=//bin/grub2-mkrelpath&path=//bin HTTP/1.0" 200 421343 "-" "Mozilla/5.0 AppleWebKit/537.36 (KHTML, like Gecko; compatible; GPTBot/1.2; +https://openai.com/gptbot)"
162.0.208.67 - - [31/Oct/2025:04:44:52 +1000] "GET /wp-login.php HTTP/1.0" 200 56005 "-" "Mozilla/5.0 (X11; Ubuntu; Linux x86_64; rv:85.0) Gecko/20100101 Firefox/91.0"
162.0.208.67 - - [31/Oct/2025:04:44:53 +1000] "POST /wp-login.php HTTP/1.0" 200 56005 "-" "Mozilla/5.0 (X11; Ubuntu; Linux x86_64; rv:85.0) Gecko/20100101 Firefox/91.0"
74.7.227.14 - - [31/Oct/2025:04:45:06 +1000] "GET /1067296?fileloc=//bin/mysqlaccess&path=//bin HTTP/1.0" 200 138733 "-" "Mozilla/5.0 AppleWebKit/537.36 (KHTML, like Gecko; compatible; GPTBot/1.2; +https://openai.com/gptbot)"
52.0.204.207 - - [31/Oct/2025:04:45:34 +1000] "GET /index.html HTTP/1.0" 200 535 "-" "WordPress/6.8.3; https://hacknotice.com"
52.0.204.207 - - [31/Oct/2025:04:45:36 +1000] "GET /index.html HTTP/1.0" 200 535 "-" "WordPress/6.8.3; https://hacknotice.com"
52.0.204.207 - - [31/Oct/2025:04:45:38 +1000] "GET /index.html HTTP/1.0" 200 535 "-" "WordPress/6.8.3; https://hacknotice.com"
74.7.227.14 - - [31/Oct/2025:04:45:37 +1000] "GET /1002976?path=//bin HTTP/1.0" 200 1403267 "-" "Mozilla/5.0 AppleWebKit/537.36 (KHTML, like Gecko; compatible; GPTBot/1.2; +https://openai.com/gptbot)"
74.7.227.14 - - [31/Oct/2025:04:46:17 +1000] "GET /1483456?path=//usr HTTP/1.0" 200 28121 "-" "Mozilla/5.0 AppleWebKit/537.36 (KHTML, like Gecko; compatible; GPTBot/1.2; +https://openai.com/gptbot)"
95.108.213.119 - - [31/Oct/2025:04:46:25 +1000] "GET /999753872?shopdetail=0998575764 HTTP/1.0" 200 56005 "-" "Mozilla/5.0 (compatible; YandexBot/3.0; +http://yandex.com/bots)"
74.7.227.14 - - [31/Oct/2025:04:46:40 +1000] "GET /1357648?path=//var HTTP/1.0" 200 44915 "-" "Mozilla/5.0 AppleWebKit/537.36 (KHTML, like Gecko; compatible; GPTBot/1.2; +https://openai.com/gptbot)"
74.7.227.14 - - [31/Oct/2025:04:46:52 +1000] "GET /1528976?path=//etc HTTP/1.0" 200 323995 "-" "Mozilla/5.0 AppleWebKit/537.36 (KHTML, like Gecko; compatible; GPTBot/1.2; +https://openai.com/gptbot)"
74.7.227.14 - - [31/Oct/2025:04:47:10 +1000] "GET /1159376?path=//srv HTTP/1.0" 200 12685 "-" "Mozilla/5.0 AppleWebKit/537.36 (KHTML, like Gecko; compatible; GPTBot/1.2; +https://openai.com/gptbot)"
74.7.227.14 - - [31/Oct/2025:04:47:33 +1000] "GET /1046272?path=//srv HTTP/1.0" 200 12685 "-" "Mozilla/5.0 AppleWebKit/537.36 (KHTML, like Gecko; compatible; GPTBot/1.2; +https://openai.com/gptbot)"
74.7.227.14 - - [31/Oct/2025:04:47:55 +1000] "GET /1258560?path=//bin HTTP/1.0" 200 1403267 "-" "Mozilla/5.0 AppleWebKit/537.36 (KHTML, like Gecko; compatible; GPTBot/1.2; +https://openai.com/gptbot)"
74.7.227.14 - - [31/Oct/2025:04:48:15 +1000] "GET /1002976?path=//srv HTTP/1.0" 200 12685 "-" "Mozilla/5.0 AppleWebKit/537.36 (KHTML, like Gecko; compatible; GPTBot/1.2; +https://openai.com/gptbot)"
74.7.227.14 - - [31/Oct/2025:04:48:34 +1000] "GET /1475360?path=//var/www/neptunvld.com HTTP/1.0" 200 12777 "-" "Mozilla/5.0 AppleWebKit/537.36 (KHTML, like Gecko; compatible; GPTBot/1.2; +https://openai.com/gptbot)"
74.7.227.14 - - [31/Oct/2025:04:48:59 +1000] "GET /1070896?path=//run HTTP/1.0" 200 73709 "-" "Mozilla/5.0 AppleWebKit/537.36 (KHTML, like Gecko; compatible; GPTBot/1.2; +https://openai.com/gptbot)"
74.7.227.14 - - [31/Oct/2025:04:49:10 +1000] "GET /1450208?path=//usr HTTP/1.0" 200 28121 "-" "Mozilla/5.0 AppleWebKit/537.36 (KHTML, like Gecko; compatible; GPTBot/1.2; +https://openai.com/gptbot)"
87.250.224.127 - - [31/Oct/2025:04:49:18 +1000] "GET /999803056?shopdetail=0998624890 HTTP/1.0" 200 56005 "-" "Mozilla/5.0 (compatible; YandexBot/3.0; +http://yandex.com/bots)"
74.7.227.14 - - [31/Oct/2025:04:49:19 +1000] "GET /1002976?fileloc=//bin/fc-scan&path=//bin HTTP/1.0" 200 26151 "-" "Mozilla/5.0 AppleWebKit/537.36 (KHTML, like Gecko; compatible; GPTBot/1.2; +https://openai.com/gptbot)"
74.7.227.14 - - [31/Oct/2025:04:49:34 +1000] "GET /1528976?path=//etc/rc4.d HTTP/1.0" 302 - "-" "Mozilla/5.0 AppleWebKit/537.36 (KHTML, like Gecko; compatible; GPTBot/1.2; +https://openai.com/gptbot)"
74.7.227.14 - - [31/Oct/2025:04:49:47 +1000] "GET /1258560?fileloc=//bin/db_checkpoint&path=//bin HTTP/1.0" 200 27836 "-" "Mozilla/5.0 AppleWebKit/537.36 (KHTML, like Gecko; compatible; GPTBot/1.2; +https://openai.com/gptbot)"
74.7.227.14 - - [31/Oct/2025:04:49:57 +1000] "GET /1002976?fileloc=//bin/which&path=//bin HTTP/1.0" 200 45646 "-" "Mozilla/5.0 AppleWebKit/537.36 (KHTML, like Gecko; compatible; GPTBot/1.2; +https://openai.com/gptbot)"
74.7.227.14 - - [31/Oct/2025:04:50:19 +1000] "GET /1258560?fileloc=//bin/enchant&path=//bin HTTP/1.0" 200 32424 "-" "Mozilla/5.0 AppleWebKit/537.36 (KHTML, like Gecko; compatible; GPTBot/1.2; +https://openai.com/gptbot)"
95.108.213.192 - - [31/Oct/2025:04:50:25 +1000] "GET /950464048?shopdetail=0949344066 HTTP/1.0" 200 56005 "-" "Mozilla/5.0 (compatible; YandexBot/3.0; +http://yandex.com/bots)"
74.7.227.14 - - [31/Oct/2025:04:50:43 +1000] "GET /1528976?fileloc=//etc/fstab&path=//etc HTTP/1.0" 302 - "-" "Mozilla/5.0 AppleWebKit/537.36 (KHTML, like Gecko; compatible; GPTBot/1.2; +https://openai.com/gptbot)"
74.7.227.14 - - [31/Oct/2025:04:50:53 +1000] "GET /1002976?fileloc=//bin/nl-class-list&path=//bin HTTP/1.0" 200 26158 "-" "Mozilla/5.0 AppleWebKit/537.36 (KHTML, like Gecko; compatible; GPTBot/1.2; +https://openai.com/gptbot)"
74.7.227.14 - - [31/Oct/2025:04:51:07 +1000] "GET /1258560?fileloc=//bin/nl-pktloc-lookup&path=//bin HTTP/1.0" 200 26101 "-" "Mozilla/5.0 AppleWebKit/537.36 (KHTML, like Gecko; compatible; GPTBot/1.2; +https://openai.com/gptbot)"
66.249.76.163 - - [31/Oct/2025:04:51:17 +1000] "GET /20811584?shopdetail=0020787891 HTTP/1.0" 200 201679 "-" "Mozilla/5.0 (Linux; Android 6.0.1; Nexus 5X Build/MMB29P) AppleWebKit/537.36 (KHTML, like Gecko) Chrome/141.0.7390.122 Mobile Safari/537.36 (compatible; Googlebot/2.1; +http://www.google.com/bot.html)"
74.7.227.14 - - [31/Oct/2025:04:51:21 +1000] "GET /1258560?fileloc=//bin/vmware-namespace-cmd&path=//bin HTTP/1.0" 200 37020 "-" "Mozilla/5.0 AppleWebKit/537.36 (KHTML, like Gecko; compatible; GPTBot/1.2; +https://openai.com/gptbot)"
74.7.227.14 - - [31/Oct/2025:04:51:32 +1000] "GET /1002976?fileloc=//bin/mysqlaccess&path=//bin HTTP/1.0" 200 138733 "-" "Mozilla/5.0 AppleWebKit/537.36 (KHTML, like Gecko; compatible; GPTBot/1.2; +https://openai.com/gptbot)"
