66.249.75.70 - - [31/Oct/2025:04:51:39 +1000] "GET /113312096?shopdetail=0113179321 HTTP/1.0" 200 205163 "-" "Mozilla/5.0 (Linux; Android 6.0.1; Nexus 5X Build/MMB29P) AppleWebKit/537.36 (KHTML, like Gecko) Chrome/141.0.7390.122 Mobile Safari/537.36 (compatible; Googlebot/2.1; +http://www.google.com/bot.html)"
74.7.227.14 - - [31/Oct/2025:04:51:43 +1000] "GET /1258560?fileloc=//bin/teamd&path=//bin HTTP/1.0" 200 244280 "-" "Mozilla/5.0 AppleWebKit/537.36 (KHTML, like Gecko; compatible; GPTBot/1.2; +https://openai.com/gptbot)"
74.7.227.14 - - [31/Oct/2025:04:51:57 +1000] "GET /1258560?fileloc=//bin/gpg-zip&path=//bin HTTP/1.0" 200 15852 "-" "Mozilla/5.0 AppleWebKit/537.36 (KHTML, like Gecko; compatible; GPTBot/1.2; +https://openai.com/gptbot)"
74.7.227.14 - - [31/Oct/2025:04:52:08 +1000] "GET /1258560?fileloc=//bin/ul&path=//bin HTTP/1.0" 200 38692 "-" "Mozilla/5.0 AppleWebKit/537.36 (KHTML, like Gecko; compatible; GPTBot/1.2; +https://openai.com/gptbot)"
74.7.227.14 - - [31/Oct/2025:04:52:21 +1000] "GET /1258560?fileloc=//bin/gencat&path=//bin HTTP/1.0" 200 42790 "-" "Mozilla/5.0 AppleWebKit/537.36 (KHTML, like Gecko; compatible; GPTBot/1.2; +https://openai.com/gptbot)"
74.7.227.14 - - [31/Oct/2025:04:52:32 +1000] "GET /1002976?fileloc=//bin/split&path=//bin HTTP/1.0" 200 120660 "-" "Mozilla/5.0 AppleWebKit/537.36 (KHTML, like Gecko; compatible; GPTBot/1.2; +https://openai.com/gptbot)"
74.7.227.14 - - [31/Oct/2025:04:52:43 +1000] "GET /1002976?fileloc=//bin/nproc&path=//bin HTTP/1.0" 200 58114 "-" "Mozilla/5.0 AppleWebKit/537.36 (KHTML, like Gecko; compatible; GPTBot/1.2; +https://openai.com/gptbot)"
74.7.227.14 - - [31/Oct/2025:04:52:53 +1000] "GET /1002976?fileloc=//bin/csplit&path=//bin HTTP/1.0" 200 84889 "-" "Mozilla/5.0 AppleWebKit/537.36 (KHTML, like Gecko; compatible; GPTBot/1.2; +https://openai.com/gptbot)"
74.7.227.14 - - [31/Oct/2025:04:53:06 +1000] "GET /1258560?fileloc=//bin/lsscsi&path=//bin HTTP/1.0" 200 98297 "-" "Mozilla/5.0 AppleWebKit/537.36 (KHTML, like Gecko; compatible; GPTBot/1.2; +https://openai.com/gptbot)"
74.7.227.14 - - [31/Oct/2025:04:53:17 +1000] "GET /1357648?path=//var/www HTTP/1.0" 200 99960 "-" "Mozilla/5.0 AppleWebKit/537.36 (KHTML, like Gecko; compatible; GPTBot/1.2; +https://openai.com/gptbot)"
74.7.227.14 - - [31/Oct/2025:04:53:26 +1000] "GET /1258560?fileloc=//bin/mysqldumpslow&path=//bin HTTP/1.0" 200 21277 "-" "Mozilla/5.0 AppleWebKit/537.36 (KHTML, like Gecko; compatible; GPTBot/1.2; +https://openai.com/gptbot)"
74.7.227.14 - - [31/Oct/2025:04:53:36 +1000] "GET /1002976?fileloc=//bin/gpg&path=//bin HTTP/1.0" 200 1188084 "-" "Mozilla/5.0 AppleWebKit/537.36 (KHTML, like Gecko; compatible; GPTBot/1.2; +https://openai.com/gptbot)"
74.7.227.14 - - [31/Oct/2025:04:53:53 +1000] "GET /1002976?fileloc=//bin/perror&path=//bin HTTP/1.0" 200 4746595 "-" "Mozilla/5.0 AppleWebKit/537.36 (KHTML, like Gecko; compatible; GPTBot/1.2; +https://openai.com/gptbot)"
74.7.227.14 - - [31/Oct/2025:04:54:42 +1000] "GET /1539280?path=//run HTTP/1.0" 200 73709 "-" "Mozilla/5.0 AppleWebKit/537.36 (KHTML, like Gecko; compatible; GPTBot/1.2; +https://openai.com/gptbot)"
74.7.227.14 - - [31/Oct/2025:04:55:22 +1000] "GET /1357648?path=//var/www/neptunvld.com HTTP/1.0" 200 12777 "-" "Mozilla/5.0 AppleWebKit/537.36 (KHTML, like Gecko; compatible; GPTBot/1.2; +https://openai.com/gptbot)"
74.7.227.14 - - [31/Oct/2025:04:55:34 +1000] "GET /1258560?fileloc=//bin/udevadm&path=//bin HTTP/1.0" 200 632715 "-" "Mozilla/5.0 AppleWebKit/537.36 (KHTML, like Gecko; compatible; GPTBot/1.2; +https://openai.com/gptbot)"
74.7.227.14 - - [31/Oct/2025:04:55:45 +1000] "GET /1528976?path=//etc/rc.d HTTP/1.0" 302 - "-" "Mozilla/5.0 AppleWebKit/537.36 (KHTML, like Gecko; compatible; GPTBot/1.2; +https://openai.com/gptbot)"
66.249.75.71 - - [31/Oct/2025:04:55:53 +1000] "GET /124352256?shopdetail=0124206463 HTTP/1.0" 200 198894 "-" "Mozilla/5.0 (Linux; Android 6.0.1; Nexus 5X Build/MMB29P) AppleWebKit/537.36 (KHTML, like Gecko) Chrome/141.0.7390.122 Mobile Safari/537.36 (compatible; GoogleOther)"
74.7.227.14 - - [31/Oct/2025:04:55:56 +1000] "GET /1379872?path=//srv HTTP/1.0" 200 12685 "-" "Mozilla/5.0 AppleWebKit/537.36 (KHTML, like Gecko; compatible; GPTBot/1.2; +https://openai.com/gptbot)"
213.180.203.132 - - [31/Oct/2025:04:56:13 +1000] "GET /259496304?shopdetail=0259191142 HTTP/1.0" 200 56005 "-" "Mozilla/5.0 (compatible; YandexBot/3.0; +http://yandex.com/bots)"
74.7.227.14 - - [31/Oct/2025:04:56:16 +1000] "GET /1123904?path=//srv HTTP/1.0" 200 12685 "-" "Mozilla/5.0 AppleWebKit/537.36 (KHTML, like Gecko; compatible; GPTBot/1.2; +https://openai.com/gptbot)"
74.7.227.14 - - [31/Oct/2025:04:56:34 +1000] "GET /1357648?path=//lib HTTP/1.0" 200 57151 "-" "Mozilla/5.0 AppleWebKit/537.36 (KHTML, like Gecko; compatible; GPTBot/1.2; +https://openai.com/gptbot)"
74.7.227.14 - - [31/Oct/2025:04:56:45 +1000] "GET /1165792?path=//usr HTTP/1.0" 200 28121 "-" "Mozilla/5.0 AppleWebKit/537.36 (KHTML, like Gecko; compatible; GPTBot/1.2; +https://openai.com/gptbot)"
74.7.227.14 - - [31/Oct/2025:04:56:57 +1000] "GET /1002976?fileloc=//bin/kbdrate&path=//bin HTTP/1.0" 200 26650 "-" "Mozilla/5.0 AppleWebKit/537.36 (KHTML, like Gecko; compatible; GPTBot/1.2; +https://openai.com/gptbot)"
212.16.195.25 - - [31/Oct/2025:04:56:59 +1000] "GET / HTTP/1.0" 200 56005 "http://212.16.195.25" "Mozilla/5.0 (X11; Linux x86_64) AppleWebKit/537.36 (KHTML, like Gecko) Chrome/44.0.2403.157 Safari/537.36"
74.7.227.14 - - [31/Oct/2025:04:57:08 +1000] "GET /1002976?fileloc=//bin/pstruct&path=//bin HTTP/1.0" 200 54276 "-" "Mozilla/5.0 AppleWebKit/537.36 (KHTML, like Gecko; compatible; GPTBot/1.2; +https://openai.com/gptbot)"
74.7.227.14 - - [31/Oct/2025:04:57:21 +1000] "GET /1549296?path=//bin HTTP/1.0" 200 1403267 "-" "Mozilla/5.0 AppleWebKit/537.36 (KHTML, like Gecko; compatible; GPTBot/1.2; +https://openai.com/gptbot)"
74.7.227.14 - - [31/Oct/2025:04:57:33 +1000] "GET /1386512?path=//bin HTTP/1.0" 200 1403267 "-" "Mozilla/5.0 AppleWebKit/537.36 (KHTML, like Gecko; compatible; GPTBot/1.2; +https://openai.com/gptbot)"
104.244.73.57 - - [31/Oct/2025:04:57:43 +1000] "GET /wp-login.php HTTP/1.0" 200 56005 "https://www.google.com/" "Mozilla/5.0 (Windows NT 10.0; Win64; x64) AppleWebKit/537.36 (KHTML, like Gecko) Chrome/118.0.5993.90 Safari/537.36 Edg/118.0.2088.76"
74.7.227.14 - - [31/Oct/2025:04:57:46 +1000] "GET /1448592?path=//srv HTTP/1.0" 200 12685 "-" "Mozilla/5.0 AppleWebKit/537.36 (KHTML, like Gecko; compatible; GPTBot/1.2; +https://openai.com/gptbot)"
74.7.227.14 - - [31/Oct/2025:04:57:59 +1000] "GET /1337456?path=//lib HTTP/1.0" 200 57151 "-" "Mozilla/5.0 AppleWebKit/537.36 (KHTML, like Gecko; compatible; GPTBot/1.2; +https://openai.com/gptbot)"
95.108.213.129 - - [31/Oct/2025:04:58:04 +1000] "GET /651979552?shopdetail=0651211557 HTTP/1.0" 200 56005 "-" "Mozilla/5.0 (compatible; YandexBot/3.0; +http://yandex.com/bots)"
87.250.224.115 - - [31/Oct/2025:04:58:07 +1000] "GET /652220544?shopdetail=0651452263 HTTP/1.0" 200 56005 "-" "Mozilla/5.0 (compatible; YandexBot/3.0; +http://yandex.com/bots)"
95.108.213.1 - - [31/Oct/2025:04:58:09 +1000] "GET /652220544?shopdetail=0651452263 HTTP/1.0" 200 56005 "-" "Mozilla/5.0 (compatible; YandexBot/3.0; +http://yandex.com/bots)"
74.7.227.14 - - [31/Oct/2025:04:58:09 +1000] "GET /1357648?path=//lib/firewalld HTTP/1.0" 200 19361 "-" "Mozilla/5.0 AppleWebKit/537.36 (KHTML, like Gecko; compatible; GPTBot/1.2; +https://openai.com/gptbot)"
74.7.227.14 - - [31/Oct/2025:04:58:23 +1000] "GET /1538992?path=//srv HTTP/1.0" 200 12685 "-" "Mozilla/5.0 AppleWebKit/537.36 (KHTML, like Gecko; compatible; GPTBot/1.2; +https://openai.com/gptbot)"
74.7.227.14 - - [31/Oct/2025:04:58:32 +1000] "GET /1421376?path=//srv HTTP/1.0" 200 12685 "-" "Mozilla/5.0 AppleWebKit/537.36 (KHTML, like Gecko; compatible; GPTBot/1.2; +https://openai.com/gptbot)"
74.7.227.14 - - [31/Oct/2025:04:58:42 +1000] "GET /1413792?path=//srv HTTP/1.0" 200 12685 "-" "Mozilla/5.0 AppleWebKit/537.36 (KHTML, like Gecko; compatible; GPTBot/1.2; +https://openai.com/gptbot)"
66.249.76.165 - - [31/Oct/2025:04:58:50 +1000] "GET /131283968?shopdetail=0131129999 HTTP/1.0" 200 202718 "-" "Mozilla/5.0 (Linux; Android 6.0.1; Nexus 5X Build/MMB29P) AppleWebKit/537.36 (KHTML, like Gecko) Chrome/141.0.7390.122 Mobile Safari/537.36 (compatible; Googlebot/2.1; +http://www.google.com/bot.html)"
74.7.227.14 - - [31/Oct/2025:04:59:00 +1000] "GET /1243008?path=//usr HTTP/1.0" 200 28121 "-" "Mozilla/5.0 AppleWebKit/537.36 (KHTML, like Gecko; compatible; GPTBot/1.2; +https://openai.com/gptbot)"
74.7.227.14 - - [31/Oct/2025:04:59:32 +1000] "GET /1267920?path=//bin HTTP/1.0" 200 1403267 "-" "Mozilla/5.0 AppleWebKit/537.36 (KHTML, like Gecko; compatible; GPTBot/1.2; +https://openai.com/gptbot)"
74.7.227.14 - - [31/Oct/2025:05:00:00 +1000] "GET /1026928?path=//usr HTTP/1.0" 200 28121 "-" "Mozilla/5.0 AppleWebKit/537.36 (KHTML, like Gecko; compatible; GPTBot/1.2; +https://openai.com/gptbot)"
74.7.227.14 - - [31/Oct/2025:05:00:26 +1000] "GET /1549296?fileloc=//bin/mc&path=//bin HTTP/1.0" 200 1801823 "-" "Mozilla/5.0 AppleWebKit/537.36 (KHTML, like Gecko; compatible; GPTBot/1.2; +https://openai.com/gptbot)"
212.16.195.25 - - [31/Oct/2025:05:00:56 +1000] "GET / HTTP/1.0" 200 56005 "http://212.16.195.25" "Mozilla/5.0 (X11; Linux x86_64) AppleWebKit/537.36 (KHTML, like Gecko) Chrome/44.0.2403.157 Safari/537.36"
74.7.227.14 - - [31/Oct/2025:05:01:05 +1000] "GET /1386512?fileloc=//bin/linux64&path=//bin HTTP/1.0" 200 32032 "-" "Mozilla/5.0 AppleWebKit/537.36 (KHTML, like Gecko; compatible; GPTBot/1.2; +https://openai.com/gptbot)"
74.7.227.14 - - [31/Oct/2025:05:01:24 +1000] "GET /1549296?fileloc=//bin/iconv&path=//bin HTTP/1.0" 200 103674 "-" "Mozilla/5.0 AppleWebKit/537.36 (KHTML, like Gecko; compatible; GPTBot/1.2; +https://openai.com/gptbot)"
5.255.231.115 - - [31/Oct/2025:05:01:38 +1000] "GET /723027360?shopdetail=0722175581 HTTP/1.0" 200 56005 "-" "Mozilla/5.0 (compatible; YandexBot/3.0; +http://yandex.com/bots)"
43.130.102.7 - - [31/Oct/2025:05:01:48 +1000] "GET /index...?path=/home/region-gk.ru/data/www HTTP/1.0" 200 17137 "-" "Mozilla/5.0 (iPhone; CPU iPhone OS 13_2_3 like Mac OS X) AppleWebKit/605.1.15 (KHTML, like Gecko) Version/13.0.3 Mobile/15E148 Safari/604.1"
74.7.227.14 - - [31/Oct/2025:05:01:53 +1000] "GET /1549296?fileloc=//bin/ssh-agent&path=//bin HTTP/1.0" 200 12271 "-" "Mozilla/5.0 AppleWebKit/537.36 (KHTML, like Gecko; compatible; GPTBot/1.2; +https://openai.com/gptbot)"
87.250.224.72 - - [31/Oct/2025:05:02:03 +1000] "GET /947573984?shopdetail=0946457409 HTTP/1.0" 200 56005 "-" "Mozilla/5.0 (compatible; YandexBot/3.0; +http://yandex.com/bots)"
74.7.227.14 - - [31/Oct/2025:05:02:12 +1000] "GET /1386512?fileloc=//bin/ausyscall&path=//bin HTTP/1.0" 200 26207 "-" "Mozilla/5.0 AppleWebKit/537.36 (KHTML, like Gecko; compatible; GPTBot/1.2; +https://openai.com/gptbot)"
74.7.227.14 - - [31/Oct/2025:05:02:24 +1000] "GET /1549296?fileloc=//bin/grotty&path=//bin HTTP/1.0" 200 162235 "-" "Mozilla/5.0 AppleWebKit/537.36 (KHTML, like Gecko; compatible; GPTBot/1.2; +https://openai.com/gptbot)"
74.7.227.14 - - [31/Oct/2025:05:02:37 +1000] "GET /1549296?fileloc=//bin/pear&path=//bin HTTP/1.0" 200 12652 "-" "Mozilla/5.0 AppleWebKit/537.36 (KHTML, like Gecko; compatible; GPTBot/1.2; +https://openai.com/gptbot)"
74.7.227.14 - - [31/Oct/2025:05:02:47 +1000] "GET /1549296?fileloc=//bin/auvirt&path=//bin HTTP/1.0" 200 58584 "-" "Mozilla/5.0 AppleWebKit/537.36 (KHTML, like Gecko; compatible; GPTBot/1.2; +https://openai.com/gptbot)"
74.7.227.14 - - [31/Oct/2025:05:02:59 +1000] "GET /1386512?fileloc=//bin/ssh-agent&path=//bin HTTP/1.0" 200 12271 "-" "Mozilla/5.0 AppleWebKit/537.36 (KHTML, like Gecko; compatible; GPTBot/1.2; +https://openai.com/gptbot)"
74.7.227.14 - - [31/Oct/2025:05:03:15 +1000] "GET /1267920?fileloc=//bin/ssh-agent&path=//bin HTTP/1.0" 200 12271 "-" "Mozilla/5.0 AppleWebKit/537.36 (KHTML, like Gecko; compatible; GPTBot/1.2; +https://openai.com/gptbot)"
74.7.227.14 - - [31/Oct/2025:05:03:27 +1000] "GET /1267920?fileloc=//bin/dd&path=//bin HTTP/1.0" 200 128434 "-" "Mozilla/5.0 AppleWebKit/537.36 (KHTML, like Gecko; compatible; GPTBot/1.2; +https://openai.com/gptbot)"
144.217.58.82 - - [31/Oct/2025:05:03:34 +1000] "POST /xmlrpc.php HTTP/1.0" 200 56005 "-" "Mozilla/5.0 (Windows NT 10.0; Win64; x64; rv:78.0) Gecko/20100101 Firefox/78.0"
74.7.227.14 - - [31/Oct/2025:05:03:46 +1000] "GET /1549296?fileloc=//bin/geqn&path=//bin HTTP/1.0" 200 230300 "-" "Mozilla/5.0 AppleWebKit/537.36 (KHTML, like Gecko; compatible; GPTBot/1.2; +https://openai.com/gptbot)"
74.7.227.14 - - [31/Oct/2025:05:04:00 +1000] "GET /1549296?fileloc=//bin/pasteurize-2&path=//bin HTTP/1.0" 200 12662 "-" "Mozilla/5.0 AppleWebKit/537.36 (KHTML, like Gecko; compatible; GPTBot/1.2; +https://openai.com/gptbot)"
209.141.47.135 - - [31/Oct/2025:05:04:08 +1000] "GET /wp-login.php HTTP/1.0" 200 56005 "https://www.yahoo.com/" "Mozilla/5.0 (Windows NT 10.0; Win64; x64; rv:120.0) Gecko/20100101 Firefox/120.0"
74.7.227.14 - - [31/Oct/2025:05:04:12 +1000] "GET /1386512?fileloc=//bin/jemalloc.sh&path=//bin HTTP/1.0" 200 12408 "-" "Mozilla/5.0 AppleWebKit/537.36 (KHTML, like Gecko; compatible; GPTBot/1.2; +https://openai.com/gptbot)"
74.7.227.14 - - [31/Oct/2025:05:04:23 +1000] "GET /1243008?path=//usr/games HTTP/1.0" 200 12723 "-" "Mozilla/5.0 AppleWebKit/537.36 (KHTML, like Gecko; compatible; GPTBot/1.2; +https://openai.com/gptbot)"
74.7.227.14 - - [31/Oct/2025:05:04:39 +1000] "GET /1267920?fileloc=//bin/fonttosfnt&path=//bin HTTP/1.0" 200 67298 "-" "Mozilla/5.0 AppleWebKit/537.36 (KHTML, like Gecko; compatible; GPTBot/1.2; +https://openai.com/gptbot)"
74.7.227.14 - - [31/Oct/2025:05:05:23 +1000] "GET /1549296?fileloc=//bin/msgcat&path=//bin HTTP/1.0" 200 40462 "-" "Mozilla/5.0 AppleWebKit/537.36 (KHTML, like Gecko; compatible; GPTBot/1.2; +https://openai.com/gptbot)"
74.7.227.14 - - [31/Oct/2025:05:05:54 +1000] "GET /1549296?fileloc=//bin/soelim&path=//bin HTTP/1.0" 200 59196 "-" "Mozilla/5.0 AppleWebKit/537.36 (KHTML, like Gecko; compatible; GPTBot/1.2; +https://openai.com/gptbot)"
74.7.227.14 - - [31/Oct/2025:05:06:05 +1000] "GET /1267920?fileloc=//bin/memcp&path=//bin HTTP/1.0" 200 38451 "-" "Mozilla/5.0 AppleWebKit/537.36 (KHTML, like Gecko; compatible; GPTBot/1.2; +https://openai.com/gptbot)"
74.7.227.14 - - [31/Oct/2025:05:06:12 +1000] "GET /1337456?path=//lib/yum-plugins HTTP/1.0" 200 17131 "-" "Mozilla/5.0 AppleWebKit/537.36 (KHTML, like Gecko; compatible; GPTBot/1.2; +https://openai.com/gptbot)"
74.7.227.14 - - [31/Oct/2025:05:06:22 +1000] "GET /1386512?fileloc=//bin/memcat&path=//bin HTTP/1.0" 200 38620 "-" "Mozilla/5.0 AppleWebKit/537.36 (KHTML, like Gecko; compatible; GPTBot/1.2; +https://openai.com/gptbot)"
74.7.227.14 - - [31/Oct/2025:05:06:32 +1000] "GET /1549296?fileloc=//bin/ul&path=//bin HTTP/1.0" 200 38692 "-" "Mozilla/5.0 AppleWebKit/537.36 (KHTML, like Gecko; compatible; GPTBot/1.2; +https://openai.com/gptbot)"
74.7.227.14 - - [31/Oct/2025:05:07:01 +1000] "GET /1003856?path=//usr HTTP/1.0" 200 28121 "-" "Mozilla/5.0 AppleWebKit/537.36 (KHTML, like Gecko; compatible; GPTBot/1.2; +https://openai.com/gptbot)"
74.7.227.14 - - [31/Oct/2025:05:07:21 +1000] "GET /1437152?path=//run HTTP/1.0" 200 73709 "-" "Mozilla/5.0 AppleWebKit/537.36 (KHTML, like Gecko; compatible; GPTBot/1.2; +https://openai.com/gptbot)"
74.7.227.14 - - [31/Oct/2025:05:07:51 +1000] "GET /1306128?path=//srv HTTP/1.0" 200 12685 "-" "Mozilla/5.0 AppleWebKit/537.36 (KHTML, like Gecko; compatible; GPTBot/1.2; +https://openai.com/gptbot)"
74.7.227.14 - - [31/Oct/2025:05:08:27 +1000] "GET /1379872?path=//run HTTP/1.0" 200 73709 "-" "Mozilla/5.0 AppleWebKit/537.36 (KHTML, like Gecko; compatible; GPTBot/1.2; +https://openai.com/gptbot)"
74.7.227.14 - - [31/Oct/2025:05:08:44 +1000] "GET /1267920?fileloc=//bin/xmodmap&path=//bin HTTP/1.0" 200 57427 "-" "Mozilla/5.0 AppleWebKit/537.36 (KHTML, like Gecko; compatible; GPTBot/1.2; +https://openai.com/gptbot)"
74.7.227.14 - - [31/Oct/2025:05:08:55 +1000] "GET /1424976?path=//run HTTP/1.0" 200 73709 "-" "Mozilla/5.0 AppleWebKit/537.36 (KHTML, like Gecko; compatible; GPTBot/1.2; +https://openai.com/gptbot)"
74.7.227.14 - - [31/Oct/2025:05:09:09 +1000] "GET /1532640?path=//usr HTTP/1.0" 200 28121 "-" "Mozilla/5.0 AppleWebKit/537.36 (KHTML, like Gecko; compatible; GPTBot/1.2; +https://openai.com/gptbot)"
74.7.227.14 - - [31/Oct/2025:05:09:19 +1000] "GET /1057248?path=//usr HTTP/1.0" 200 28121 "-" "Mozilla/5.0 AppleWebKit/537.36 (KHTML, like Gecko; compatible; GPTBot/1.2; +https://openai.com/gptbot)"
74.7.227.14 - - [31/Oct/2025:05:09:42 +1000] "GET /1549296?fileloc=//bin/msguniq&path=//bin HTTP/1.0" 200 36156 "-" "Mozilla/5.0 AppleWebKit/537.36 (KHTML, like Gecko; compatible; GPTBot/1.2; +https://openai.com/gptbot)"
74.7.227.14 - - [31/Oct/2025:05:10:09 +1000] "GET /1294688?path=//usr HTTP/1.0" 200 28121 "-" "Mozilla/5.0 AppleWebKit/537.36 (KHTML, like Gecko; compatible; GPTBot/1.2; +https://openai.com/gptbot)"
74.7.227.14 - - [31/Oct/2025:05:10:25 +1000] "GET /1130256?path=//lib HTTP/1.0" 200 57151 "-" "Mozilla/5.0 AppleWebKit/537.36 (KHTML, like Gecko; compatible; GPTBot/1.2; +https://openai.com/gptbot)"
74.7.227.14 - - [31/Oct/2025:05:10:43 +1000] "GET /1510832?path=//lib HTTP/1.0" 200 57151 "-" "Mozilla/5.0 AppleWebKit/537.36 (KHTML, like Gecko; compatible; GPTBot/1.2; +https://openai.com/gptbot)"
74.7.227.14 - - [31/Oct/2025:05:10:54 +1000] "GET /1379872?fileloc=//run/xtables.lock&path=//run HTTP/1.0" 200 12274 "-" "Mozilla/5.0 AppleWebKit/537.36 (KHTML, like Gecko; compatible; GPTBot/1.2; +https://openai.com/gptbot)"
74.7.227.14 - - [31/Oct/2025:05:11:04 +1000] "GET /1034768?path=//run HTTP/1.0" 200 73709 "-" "Mozilla/5.0 AppleWebKit/537.36 (KHTML, like Gecko; compatible; GPTBot/1.2; +https://openai.com/gptbot)"
74.7.227.14 - - [31/Oct/2025:05:11:15 +1000] "GET /1346752?path=//sys HTTP/1.0" 200 26873 "-" "Mozilla/5.0 AppleWebKit/537.36 (KHTML, like Gecko; compatible; GPTBot/1.2; +https://openai.com/gptbot)"
74.7.227.14 - - [31/Oct/2025:05:11:24 +1000] "GET /1509568?path=//bin HTTP/1.0" 200 1403267 "-" "Mozilla/5.0 AppleWebKit/537.36 (KHTML, like Gecko; compatible; GPTBot/1.2; +https://openai.com/gptbot)"
74.7.227.14 - - [31/Oct/2025:05:11:50 +1000] "GET /1396528?path=//srv HTTP/1.0" 200 12685 "-" "Mozilla/5.0 AppleWebKit/537.36 (KHTML, like Gecko; compatible; GPTBot/1.2; +https://openai.com/gptbot)"
74.7.227.14 - - [31/Oct/2025:05:12:25 +1000] "GET /1453808?path=//bin HTTP/1.0" 200 1403267 "-" "Mozilla/5.0 AppleWebKit/537.36 (KHTML, like Gecko; compatible; GPTBot/1.2; +https://openai.com/gptbot)"
74.7.227.14 - - [31/Oct/2025:05:12:45 +1000] "GET /1250976?path=//usr HTTP/1.0" 200 28121 "-" "Mozilla/5.0 AppleWebKit/537.36 (KHTML, like Gecko; compatible; GPTBot/1.2; +https://openai.com/gptbot)"
74.7.227.14 - - [31/Oct/2025:05:12:55 +1000] "GET /1259824?path=//srv HTTP/1.0" 200 12685 "-" "Mozilla/5.0 AppleWebKit/537.36 (KHTML, like Gecko; compatible; GPTBot/1.2; +https://openai.com/gptbot)"
74.7.227.14 - - [31/Oct/2025:05:13:03 +1000] "GET /1501472?path=//usr HTTP/1.0" 200 28121 "-" "Mozilla/5.0 AppleWebKit/537.36 (KHTML, like Gecko; compatible; GPTBot/1.2; +https://openai.com/gptbot)"
74.7.227.14 - - [31/Oct/2025:05:13:13 +1000] "GET /1009328?path=//usr HTTP/1.0" 200 28121 "-" "Mozilla/5.0 AppleWebKit/537.36 (KHTML, like Gecko; compatible; GPTBot/1.2; +https://openai.com/gptbot)"
74.7.227.14 - - [31/Oct/2025:05:13:23 +1000] "GET /1034768?fileloc=//run/sm-client.pid&path=//run HTTP/1.0" 200 12324 "-" "Mozilla/5.0 AppleWebKit/537.36 (KHTML, like Gecko; compatible; GPTBot/1.2; +https://openai.com/gptbot)"
74.7.227.14 - - [31/Oct/2025:05:13:36 +1000] "GET /1391728?path=//lib HTTP/1.0" 200 57151 "-" "Mozilla/5.0 AppleWebKit/537.36 (KHTML, like Gecko; compatible; GPTBot/1.2; +https://openai.com/gptbot)"
74.7.227.14 - - [31/Oct/2025:05:13:46 +1000] "GET /1453808?fileloc=//bin/raw&path=//bin HTTP/1.0" 200 31623 "-" "Mozilla/5.0 AppleWebKit/537.36 (KHTML, like Gecko; compatible; GPTBot/1.2; +https://openai.com/gptbot)"
74.7.227.14 - - [31/Oct/2025:05:14:08 +1000] "GET /1453808?fileloc=//bin/db_stat&path=//bin HTTP/1.0" 200 32476 "-" "Mozilla/5.0 AppleWebKit/537.36 (KHTML, like Gecko; compatible; GPTBot/1.2; +https://openai.com/gptbot)"
43.135.144.81 - - [31/Oct/2025:05:14:10 +1000] "GET /index...?path=/home/region-gk.ru/data/www/new.region-gk.ru/wp-admin/maint HTTP/1.0" 200 17764 "-" "Mozilla/5.0 (iPhone; CPU iPhone OS 13_2_3 like Mac OS X) AppleWebKit/605.1.15 (KHTML, like Gecko) Version/13.0.3 Mobile/15E148 Safari/604.1"
74.7.227.14 - - [31/Oct/2025:05:14:40 +1000] "GET /1509568?fileloc=//bin/rvi&path=//bin HTTP/1.0" 200 1498578 "-" "Mozilla/5.0 AppleWebKit/537.36 (KHTML, like Gecko; compatible; GPTBot/1.2; +https://openai.com/gptbot)"
212.16.195.25 - - [31/Oct/2025:05:14:56 +1000] "GET / HTTP/1.0" 200 56005 "http://212.16.195.25" "Mozilla/5.0 (X11; Linux x86_64) AppleWebKit/537.36 (KHTML, like Gecko) Chrome/44.0.2403.157 Safari/537.36"
74.7.227.14 - - [31/Oct/2025:05:15:19 +1000] "GET /1453808?fileloc=//bin/vmtoolsd&path=//bin HTTP/1.0" 200 95404 "-" "Mozilla/5.0 AppleWebKit/537.36 (KHTML, like Gecko; compatible; GPTBot/1.2; +https://openai.com/gptbot)"
74.7.227.14 - - [31/Oct/2025:05:15:32 +1000] "GET /1453808?fileloc=//bin/dsync&path=//bin HTTP/1.0" 200 895380 "-" "Mozilla/5.0 AppleWebKit/537.36 (KHTML, like Gecko; compatible; GPTBot/1.2; +https://openai.com/gptbot)"
74.7.227.14 - - [31/Oct/2025:05:15:55 +1000] "GET /1039984?path=//srv HTTP/1.0" 200 12685 "-" "Mozilla/5.0 AppleWebKit/537.36 (KHTML, like Gecko; compatible; GPTBot/1.2; +https://openai.com/gptbot)"
74.7.227.14 - - [31/Oct/2025:05:16:06 +1000] "GET /1509568?fileloc=//bin/domainname&path=//bin HTTP/1.0" 200 32236 "-" "Mozilla/5.0 AppleWebKit/537.36 (KHTML, like Gecko; compatible; GPTBot/1.2; +https://openai.com/gptbot)"
74.7.227.14 - - [31/Oct/2025:05:16:14 +1000] "GET /1378672?path=//srv HTTP/1.0" 200 12685 "-" "Mozilla/5.0 AppleWebKit/537.36 (KHTML, like Gecko; compatible; GPTBot/1.2; +https://openai.com/gptbot)"
74.7.227.14 - - [31/Oct/2025:05:16:26 +1000] "GET /1453808?fileloc=//bin/phpize&path=//bin HTTP/1.0" 200 17674 "-" "Mozilla/5.0 AppleWebKit/537.36 (KHTML, like Gecko; compatible; GPTBot/1.2; +https://openai.com/gptbot)"
74.7.227.14 - - [31/Oct/2025:05:16:41 +1000] "GET /1509568?fileloc=//bin/xkill&path=//bin HTTP/1.0" 200 31938 "-" "Mozilla/5.0 AppleWebKit/537.36 (KHTML, like Gecko; compatible; GPTBot/1.2; +https://openai.com/gptbot)"
74.7.227.14 - - [31/Oct/2025:05:16:58 +1000] "GET /1149728?path=//bin HTTP/1.0" 200 1403267 "-" "Mozilla/5.0 AppleWebKit/537.36 (KHTML, like Gecko; compatible; GPTBot/1.2; +https://openai.com/gptbot)"
74.7.227.14 - - [31/Oct/2025:05:17:23 +1000] "GET /1095456?path=//usr HTTP/1.0" 200 28121 "-" "Mozilla/5.0 AppleWebKit/537.36 (KHTML, like Gecko; compatible; GPTBot/1.2; +https://openai.com/gptbot)"
74.7.227.14 - - [31/Oct/2025:05:17:42 +1000] "GET /1187536?path=//lib HTTP/1.0" 200 57151 "-" "Mozilla/5.0 AppleWebKit/537.36 (KHTML, like Gecko; compatible; GPTBot/1.2; +https://openai.com/gptbot)"
74.7.227.14 - - [31/Oct/2025:05:17:56 +1000] "GET /1289472?path=//srv HTTP/1.0" 200 12685 "-" "Mozilla/5.0 AppleWebKit/537.36 (KHTML, like Gecko; compatible; GPTBot/1.2; +https://openai.com/gptbot)"
74.7.227.14 - - [31/Oct/2025:05:18:06 +1000] "GET /1305248?path=//lib HTTP/1.0" 200 57151 "-" "Mozilla/5.0 AppleWebKit/537.36 (KHTML, like Gecko; compatible; GPTBot/1.2; +https://openai.com/gptbot)"
74.7.227.14 - - [31/Oct/2025:05:18:14 +1000] "GET /1537728?path=//usr HTTP/1.0" 200 28121 "-" "Mozilla/5.0 AppleWebKit/537.36 (KHTML, like Gecko; compatible; GPTBot/1.2; +https://openai.com/gptbot)"
74.7.227.14 - - [31/Oct/2025:05:18:23 +1000] "GET /1487216?path=//run HTTP/1.0" 200 73709 "-" "Mozilla/5.0 AppleWebKit/537.36 (KHTML, like Gecko; compatible; GPTBot/1.2; +https://openai.com/gptbot)"
5.255.231.31 - - [31/Oct/2025:05:18:29 +1000] "GET /news/?add-to-cart=525 HTTP/1.0" 200 56005 "-" "Mozilla/5.0 (compatible; YandexBot/3.0; +http://yandex.com/bots) AppleWebKit/537.36 (KHTML, like Gecko) Chrome/108.0.0.0"
74.7.227.14 - - [31/Oct/2025:05:18:44 +1000] "GET /1045072?path=//usr HTTP/1.0" 200 28121 "-" "Mozilla/5.0 AppleWebKit/537.36 (KHTML, like Gecko; compatible; GPTBot/1.2; +https://openai.com/gptbot)"
213.180.203.8 - - [31/Oct/2025:05:19:14 +1000] "GET /?yadirect&etext=2202.WZwXfysyytqrGLfAlpI7-8fBvlBTEAiZblkZpurYPN5uYXdsaXdhdnBrcmVjb21k.05404012da9f95b5691899018537c1f8288a55e4 HTTP/1.0" 200 56005 "-" "Mozilla/5.0 (compatible; YandexBot/3.0; +http://yandex.com/bots) AppleWebKit/537.36 (KHTML, like Gecko) Chrome/108.0.0.0"
74.7.227.14 - - [31/Oct/2025:05:19:22 +1000] "GET /1509568?fileloc=//bin/xzfgrep&path=//bin HTTP/1.0" 200 19240 "-" "Mozilla/5.0 AppleWebKit/537.36 (KHTML, like Gecko; compatible; GPTBot/1.2; +https://openai.com/gptbot)"
74.7.227.14 - - [31/Oct/2025:05:19:55 +1000] "GET /1453808?fileloc=//bin/nmtui&path=//bin HTTP/1.0" 200 903748 "-" "Mozilla/5.0 AppleWebKit/537.36 (KHTML, like Gecko; compatible; GPTBot/1.2; +https://openai.com/gptbot)"
74.7.227.14 - - [31/Oct/2025:05:20:15 +1000] "GET /1149728?fileloc=//bin/comm&path=//bin HTTP/1.0" 200 64408 "-" "Mozilla/5.0 AppleWebKit/537.36 (KHTML, like Gecko; compatible; GPTBot/1.2; +https://openai.com/gptbot)"
74.7.227.14 - - [31/Oct/2025:05:20:26 +1000] "GET /1149728?fileloc=//bin/db_tuner&path=//bin HTTP/1.0" 200 40019 "-" "Mozilla/5.0 AppleWebKit/537.36 (KHTML, like Gecko; compatible; GPTBot/1.2; +https://openai.com/gptbot)"
74.7.227.14 - - [31/Oct/2025:05:20:37 +1000] "GET /1406832?path=//sys HTTP/1.0" 200 26873 "-" "Mozilla/5.0 AppleWebKit/537.36 (KHTML, like Gecko; compatible; GPTBot/1.2; +https://openai.com/gptbot)"
74.7.227.14 - - [31/Oct/2025:05:20:46 +1000] "GET /1149728?fileloc=//bin/iusql&path=//bin HTTP/1.0" 200 45062 "-" "Mozilla/5.0 AppleWebKit/537.36 (KHTML, like Gecko; compatible; GPTBot/1.2; +https://openai.com/gptbot)"
74.7.227.14 - - [31/Oct/2025:05:21:00 +1000] "GET /1149728?fileloc=//bin/split&path=//bin HTTP/1.0" 200 120660 "-" "Mozilla/5.0 AppleWebKit/537.36 (KHTML, like Gecko; compatible; GPTBot/1.2; +https://openai.com/gptbot)"
74.7.227.14 - - [31/Oct/2025:05:21:12 +1000] "GET /1149728?fileloc=//bin/dbus-monitor&path=//bin HTTP/1.0" 200 44106 "-" "Mozilla/5.0 AppleWebKit/537.36 (KHTML, like Gecko; compatible; GPTBot/1.2; +https://openai.com/gptbot)"
23.132.164.205 - - [31/Oct/2025:05:21:30 +1000] "GET / HTTP/1.0" 200 56005 "-" "python-requests/2.32.5"
23.132.164.205 - - [31/Oct/2025:05:21:33 +1000] "GET /.env HTTP/1.0" 200 56005 "-" "python-requests/2.32.5"
74.7.227.14 - - [31/Oct/2025:05:21:34 +1000] "GET /1149728?fileloc=//bin/mcdiff&path=//bin HTTP/1.0" 200 1801827 "-" "Mozilla/5.0 AppleWebKit/537.36 (KHTML, like Gecko; compatible; GPTBot/1.2; +https://openai.com/gptbot)"
74.7.227.14 - - [31/Oct/2025:05:21:51 +1000] "GET /1149728?fileloc=//bin/secon&path=//bin HTTP/1.0" 200 42478 "-" "Mozilla/5.0 AppleWebKit/537.36 (KHTML, like Gecko; compatible; GPTBot/1.2; +https://openai.com/gptbot)"
74.7.227.14 - - [31/Oct/2025:05:22:09 +1000] "GET /1095456?path=//run HTTP/1.0" 200 73709 "-" "Mozilla/5.0 AppleWebKit/537.36 (KHTML, like Gecko; compatible; GPTBot/1.2; +https://openai.com/gptbot)"
74.7.227.14 - - [31/Oct/2025:05:22:20 +1000] "GET /1149728?fileloc=//bin/db_dump&path=//bin HTTP/1.0" 200 32990 "-" "Mozilla/5.0 AppleWebKit/537.36 (KHTML, like Gecko; compatible; GPTBot/1.2; +https://openai.com/gptbot)"
74.7.227.14 - - [31/Oct/2025:05:22:32 +1000] "GET /1356768?path=//bin HTTP/1.0" 200 1403267 "-" "Mozilla/5.0 AppleWebKit/537.36 (KHTML, like Gecko; compatible; GPTBot/1.2; +https://openai.com/gptbot)"
74.7.227.14 - - [31/Oct/2025:05:22:43 +1000] "GET /1356800?path=//lib HTTP/1.0" 200 57151 "-" "Mozilla/5.0 AppleWebKit/537.36 (KHTML, like Gecko; compatible; GPTBot/1.2; +https://openai.com/gptbot)"
74.7.227.14 - - [31/Oct/2025:05:22:52 +1000] "GET /1197584?path=//lib HTTP/1.0" 200 57151 "-" "Mozilla/5.0 AppleWebKit/537.36 (KHTML, like Gecko; compatible; GPTBot/1.2; +https://openai.com/gptbot)"
213.171.8.14 - - [31/Oct/2025:05:22:58 +1000] "GET / HTTP/1.0" 200 56005 "-" "Mozilla/5.0 (Windows NT 11.0; Win64; x64) AppleWebKit/537.36 (KHTML, like Gecko) Chrome/134.0.6998.166 Safari/537.36"
74.7.227.14 - - [31/Oct/2025:05:22:59 +1000] "GET /1510832?path=//bin HTTP/1.0" 200 1403267 "-" "Mozilla/5.0 AppleWebKit/537.36 (KHTML, like Gecko; compatible; GPTBot/1.2; +https://openai.com/gptbot)"
74.7.227.14 - - [31/Oct/2025:05:23:09 +1000] "GET /1095456?path=//run/chrony HTTP/1.0" 200 12725 "-" "Mozilla/5.0 AppleWebKit/537.36 (KHTML, like Gecko; compatible; GPTBot/1.2; +https://openai.com/gptbot)"
203.188.220.226 - - [31/Oct/2025:05:23:15 +1000] "GET / HTTP/1.0" 200 56005 "-" "Mozilla/5.0 (Linux; Android 10; K) AppleWebKit/537.36 (KHTML, like Gecko) Chrome/140.0.0.0 Mobile Safari/537.36"
74.7.227.14 - - [31/Oct/2025:05:23:17 +1000] "GET /1236720?path=//lib HTTP/1.0" 200 57151 "-" "Mozilla/5.0 AppleWebKit/537.36 (KHTML, like Gecko; compatible; GPTBot/1.2; +https://openai.com/gptbot)"
74.7.227.14 - - [31/Oct/2025:05:23:24 +1000] "GET /1373456?path=//bin HTTP/1.0" 200 1403267 "-" "Mozilla/5.0 AppleWebKit/537.36 (KHTML, like Gecko; compatible; GPTBot/1.2; +https://openai.com/gptbot)"
74.7.227.14 - - [31/Oct/2025:05:23:33 +1000] "GET /1340992?path=//usr HTTP/1.0" 200 28121 "-" "Mozilla/5.0 AppleWebKit/537.36 (KHTML, like Gecko; compatible; GPTBot/1.2; +https://openai.com/gptbot)"
203.188.220.226 - - [31/Oct/2025:05:23:42 +1000] "GET /p1ic56sgmDzG0WbRbQ HTTP/1.0" 200 56005 "-" "Mozilla/5.0 (Linux; Android 10; K) AppleWebKit/537.36 (KHTML, like Gecko) Chrome/140.0.0.0 Mobile Safari/537.36"
74.7.227.14 - - [31/Oct/2025:05:23:44 +1000] "GET /1528432?path=//lib HTTP/1.0" 200 57151 "-" "Mozilla/5.0 AppleWebKit/537.36 (KHTML, like Gecko; compatible; GPTBot/1.2; +https://openai.com/gptbot)"
43.135.36.201 - - [31/Oct/2025:05:23:53 +1000] "GET /index...?path=/home/region-gk.ru/data/www/new.region-gk.ru HTTP/1.0" 200 56005 "-" "Mozilla/5.0 (iPhone; CPU iPhone OS 13_2_3 like Mac OS X) AppleWebKit/605.1.15 (KHTML, like Gecko) Version/13.0.3 Mobile/15E148 Safari/604.1"
74.7.227.14 - - [31/Oct/2025:05:24:08 +1000] "GET /1243008?path=//srv HTTP/1.0" 200 12685 "-" "Mozilla/5.0 AppleWebKit/537.36 (KHTML, like Gecko; compatible; GPTBot/1.2; +https://openai.com/gptbot)"
74.7.227.14 - - [31/Oct/2025:05:24:31 +1000] "GET /1462592?path=//srv HTTP/1.0" 200 12685 "-" "Mozilla/5.0 AppleWebKit/537.36 (KHTML, like Gecko; compatible; GPTBot/1.2; +https://openai.com/gptbot)"
74.7.227.14 - - [31/Oct/2025:05:24:46 +1000] "GET /1356768?fileloc=//bin/bzgrep&path=//bin HTTP/1.0" 200 14361 "-" "Mozilla/5.0 AppleWebKit/537.36 (KHTML, like Gecko; compatible; GPTBot/1.2; +https://openai.com/gptbot)"
74.7.227.14 - - [31/Oct/2025:05:24:54 +1000] "GET /1356768?fileloc=//bin/nl-neigh-add&path=//bin HTTP/1.0" 200 26237 "-" "Mozilla/5.0 AppleWebKit/537.36 (KHTML, like Gecko; compatible; GPTBot/1.2; +https://openai.com/gptbot)"
74.7.227.14 - - [31/Oct/2025:05:25:01 +1000] "GET /1356768?fileloc=//bin/ex&path=//bin HTTP/1.0" 200 1498577 "-" "Mozilla/5.0 AppleWebKit/537.36 (KHTML, like Gecko; compatible; GPTBot/1.2; +https://openai.com/gptbot)"
74.7.227.14 - - [31/Oct/2025:05:25:18 +1000] "GET /1373456?fileloc=//bin/fc-conflist&path=//bin HTTP/1.0" 200 25709 "-" "Mozilla/5.0 AppleWebKit/537.36 (KHTML, like Gecko; compatible; GPTBot/1.2; +https://openai.com/gptbot)"
74.7.227.14 - - [31/Oct/2025:05:25:27 +1000] "GET /1373456?fileloc=//bin/sudoedit&path=//bin HTTP/1.0" 200 12270 "-" "Mozilla/5.0 AppleWebKit/537.36 (KHTML, like Gecko; compatible; GPTBot/1.2; +https://openai.com/gptbot)"
74.7.227.14 - - [31/Oct/2025:05:25:35 +1000] "GET /1373456?fileloc=//bin/mktemp&path=//bin HTTP/1.0" 200 70800 "-" "Mozilla/5.0 AppleWebKit/537.36 (KHTML, like Gecko; compatible; GPTBot/1.2; +https://openai.com/gptbot)"
74.7.227.14 - - [31/Oct/2025:05:25:46 +1000] "GET /1510832?fileloc=//bin/newgrp&path=//bin HTTP/1.0" 200 70111 "-" "Mozilla/5.0 AppleWebKit/537.36 (KHTML, like Gecko; compatible; GPTBot/1.2; +https://openai.com/gptbot)"
74.7.227.14 - - [31/Oct/2025:05:25:57 +1000] "GET /1510832?fileloc=//bin/comm&path=//bin HTTP/1.0" 200 64408 "-" "Mozilla/5.0 AppleWebKit/537.36 (KHTML, like Gecko; compatible; GPTBot/1.2; +https://openai.com/gptbot)"
74.7.227.14 - - [31/Oct/2025:05:26:06 +1000] "GET /1340992?path=//usr/tmp HTTP/1.0" 200 12719 "-" "Mozilla/5.0 AppleWebKit/537.36 (KHTML, like Gecko; compatible; GPTBot/1.2; +https://openai.com/gptbot)"
74.7.227.14 - - [31/Oct/2025:05:26:15 +1000] "GET /1510832?fileloc=//bin/ranlib&path=//bin HTTP/1.0" 200 102643 "-" "Mozilla/5.0 AppleWebKit/537.36 (KHTML, like Gecko; compatible; GPTBot/1.2; +https://openai.com/gptbot)"
74.7.227.14 - - [31/Oct/2025:05:26:25 +1000] "GET /1510832?fileloc=//bin/zcmp&path=//bin HTTP/1.0" 200 14128 "-" "Mozilla/5.0 AppleWebKit/537.36 (KHTML, like Gecko; compatible; GPTBot/1.2; +https://openai.com/gptbot)"
74.7.227.14 - - [31/Oct/2025:05:26:37 +1000] "GET /1042736?path=//srv HTTP/1.0" 200 12685 "-" "Mozilla/5.0 AppleWebKit/537.36 (KHTML, like Gecko; compatible; GPTBot/1.2; +https://openai.com/gptbot)"
74.7.227.14 - - [31/Oct/2025:05:26:46 +1000] "GET /1094256?path=//srv HTTP/1.0" 200 12685 "-" "Mozilla/5.0 AppleWebKit/537.36 (KHTML, like Gecko; compatible; GPTBot/1.2; +https://openai.com/gptbot)"
74.7.227.14 - - [31/Oct/2025:05:26:55 +1000] "GET /1510832?fileloc=//bin/nproc&path=//bin HTTP/1.0" 200 58114 "-" "Mozilla/5.0 AppleWebKit/537.36 (KHTML, like Gecko; compatible; GPTBot/1.2; +https://openai.com/gptbot)"
74.7.227.14 - - [31/Oct/2025:05:27:05 +1000] "GET /1231504?path=//run HTTP/1.0" 200 73709 "-" "Mozilla/5.0 AppleWebKit/537.36 (KHTML, like Gecko; compatible; GPTBot/1.2; +https://openai.com/gptbot)"
74.7.227.14 - - [31/Oct/2025:05:27:15 +1000] "GET /1356768?fileloc=//bin/aria_pack&path=//bin HTTP/1.0" 200 6143539 "-" "Mozilla/5.0 AppleWebKit/537.36 (KHTML, like Gecko; compatible; GPTBot/1.2; +https://openai.com/gptbot)"
74.7.227.14 - - [31/Oct/2025:05:27:43 +1000] "GET /1093248?path=//etc HTTP/1.0" 200 323995 "-" "Mozilla/5.0 AppleWebKit/537.36 (KHTML, like Gecko; compatible; GPTBot/1.2; +https://openai.com/gptbot)"
74.7.227.14 - - [31/Oct/2025:05:27:58 +1000] "GET /1356768?fileloc=//bin/nroff&path=//bin HTTP/1.0" 200 15932 "-" "Mozilla/5.0 AppleWebKit/537.36 (KHTML, like Gecko; compatible; GPTBot/1.2; +https://openai.com/gptbot)"
74.7.227.14 - - [31/Oct/2025:05:28:14 +1000] "GET /1510832?fileloc=//bin/csplit&path=//bin HTTP/1.0" 200 84889 "-" "Mozilla/5.0 AppleWebKit/537.36 (KHTML, like Gecko; compatible; GPTBot/1.2; +https://openai.com/gptbot)"
74.7.227.14 - - [31/Oct/2025:05:28:23 +1000] "GET /1528976?path=//mnt HTTP/1.0" 200 13969 "-" "Mozilla/5.0 AppleWebKit/537.36 (KHTML, like Gecko; compatible; GPTBot/1.2; +https://openai.com/gptbot)"
74.7.227.14 - - [31/Oct/2025:05:28:34 +1000] "GET /1510832?fileloc=//bin/tracepath&path=//bin HTTP/1.0" 200 32033 "-" "Mozilla/5.0 AppleWebKit/537.36 (KHTML, like Gecko; compatible; GPTBot/1.2; +https://openai.com/gptbot)"
74.7.227.14 - - [31/Oct/2025:05:28:45 +1000] "GET /1458896?path=//run HTTP/1.0" 200 73709 "-" "Mozilla/5.0 AppleWebKit/537.36 (KHTML, like Gecko; compatible; GPTBot/1.2; +https://openai.com/gptbot)"
74.7.227.14 - - [31/Oct/2025:05:28:57 +1000] "GET /1476912?path=//usr HTTP/1.0" 200 28121 "-" "Mozilla/5.0 AppleWebKit/537.36 (KHTML, like Gecko; compatible; GPTBot/1.2; +https://openai.com/gptbot)"
212.16.195.25 - - [31/Oct/2025:05:28:59 +1000] "GET / HTTP/1.0" 200 56005 "http://212.16.195.25" "Mozilla/5.0 (X11; Linux x86_64) AppleWebKit/537.36 (KHTML, like Gecko) Chrome/44.0.2403.157 Safari/537.36"
74.7.227.14 - - [31/Oct/2025:05:29:07 +1000] "GET /1093248?path=//etc/cron.daily HTTP/1.0" 302 - "-" "Mozilla/5.0 AppleWebKit/537.36 (KHTML, like Gecko; compatible; GPTBot/1.2; +https://openai.com/gptbot)"
74.7.227.14 - - [31/Oct/2025:05:29:16 +1000] "GET /1406832?path=//srv HTTP/1.0" 200 12685 "-" "Mozilla/5.0 AppleWebKit/537.36 (KHTML, like Gecko; compatible; GPTBot/1.2; +https://openai.com/gptbot)"
74.7.227.14 - - [31/Oct/2025:05:29:25 +1000] "GET /1325600?path=//run HTTP/1.0" 200 73709 "-" "Mozilla/5.0 AppleWebKit/537.36 (KHTML, like Gecko; compatible; GPTBot/1.2; +https://openai.com/gptbot)"
74.7.227.14 - - [31/Oct/2025:05:29:34 +1000] "GET /1396528?path=//bin HTTP/1.0" 200 1403267 "-" "Mozilla/5.0 AppleWebKit/537.36 (KHTML, like Gecko; compatible; GPTBot/1.2; +https://openai.com/gptbot)"
74.7.227.14 - - [31/Oct/2025:05:29:44 +1000] "GET /1093248?path=//etc/rc.d HTTP/1.0" 302 - "-" "Mozilla/5.0 AppleWebKit/537.36 (KHTML, like Gecko; compatible; GPTBot/1.2; +https://openai.com/gptbot)"
74.7.227.14 - - [31/Oct/2025:05:29:52 +1000] "GET /1072384?path=//srv HTTP/1.0" 200 12685 "-" "Mozilla/5.0 AppleWebKit/537.36 (KHTML, like Gecko; compatible; GPTBot/1.2; +https://openai.com/gptbot)"
74.7.227.14 - - [31/Oct/2025:05:30:01 +1000] "GET /1305248?path=//etc HTTP/1.0" 200 323995 "-" "Mozilla/5.0 AppleWebKit/537.36 (KHTML, like Gecko; compatible; GPTBot/1.2; +https://openai.com/gptbot)"
74.7.227.14 - - [31/Oct/2025:05:30:09 +1000] "GET /1093248?fileloc=//etc/GeoIP.conf&path=//etc HTTP/1.0" 302 - "-" "Mozilla/5.0 AppleWebKit/537.36 (KHTML, like Gecko; compatible; GPTBot/1.2; +https://openai.com/gptbot)"
74.7.227.14 - - [31/Oct/2025:05:30:17 +1000] "GET /1340992?path=//bin HTTP/1.0" 200 1403267 "-" "Mozilla/5.0 AppleWebKit/537.36 (KHTML, like Gecko; compatible; GPTBot/1.2; +https://openai.com/gptbot)"
74.7.227.14 - - [31/Oct/2025:05:30:29 +1000] "GET /1458896?fileloc=//run/sendmail.pid&path=//run HTTP/1.0" 200 12274 "-" "Mozilla/5.0 AppleWebKit/537.36 (KHTML, like Gecko; compatible; GPTBot/1.2; +https://openai.com/gptbot)"
74.7.227.14 - - [31/Oct/2025:05:30:41 +1000] "GET /1286720?path=//lib HTTP/1.0" 200 57151 "-" "Mozilla/5.0 AppleWebKit/537.36 (KHTML, like Gecko; compatible; GPTBot/1.2; +https://openai.com/gptbot)"
74.7.227.14 - - [31/Oct/2025:05:30:49 +1000] "GET /1463856?path=//lib HTTP/1.0" 200 57151 "-" "Mozilla/5.0 AppleWebKit/537.36 (KHTML, like Gecko; compatible; GPTBot/1.2; +https://openai.com/gptbot)"
74.7.227.14 - - [31/Oct/2025:05:30:59 +1000] "GET /1396528?fileloc=//bin/nl-tctree-list&path=//bin HTTP/1.0" 200 26782 "-" "Mozilla/5.0 AppleWebKit/537.36 (KHTML, like Gecko; compatible; GPTBot/1.2; +https://openai.com/gptbot)"
74.7.227.14 - - [31/Oct/2025:05:31:06 +1000] "GET /1396528?fileloc=//bin/whatis&path=//bin HTTP/1.0" 200 80725 "-" "Mozilla/5.0 AppleWebKit/537.36 (KHTML, like Gecko; compatible; GPTBot/1.2; +https://openai.com/gptbot)"
74.7.227.14 - - [31/Oct/2025:05:31:18 +1000] "GET /1325600?path=//run/user HTTP/1.0" 200 12721 "-" "Mozilla/5.0 AppleWebKit/537.36 (KHTML, like Gecko; compatible; GPTBot/1.2; +https://openai.com/gptbot)"
74.7.227.14 - - [31/Oct/2025:05:31:28 +1000] "GET /1396528?fileloc=//bin/ping&path=//bin HTTP/1.0" 200 108393 "-" "Mozilla/5.0 AppleWebKit/537.36 (KHTML, like Gecko; compatible; GPTBot/1.2; +https://openai.com/gptbot)"
74.7.227.14 - - [31/Oct/2025:05:31:40 +1000] "GET /1254864?path=//run HTTP/1.0" 200 73709 "-" "Mozilla/5.0 AppleWebKit/537.36 (KHTML, like Gecko; compatible; GPTBot/1.2; +https://openai.com/gptbot)"
74.7.227.14 - - [31/Oct/2025:05:31:51 +1000] "GET /1325600?path=//run/dbus HTTP/1.0" 200 12721 "-" "Mozilla/5.0 AppleWebKit/537.36 (KHTML, like Gecko; compatible; GPTBot/1.2; +https://openai.com/gptbot)"
74.7.227.14 - - [31/Oct/2025:05:32:00 +1000] "GET /1396528?fileloc=//bin/gpic&path=//bin HTTP/1.0" 200 294782 "-" "Mozilla/5.0 AppleWebKit/537.36 (KHTML, like Gecko; compatible; GPTBot/1.2; +https://openai.com/gptbot)"
95.108.213.161 - - [31/Oct/2025:05:32:06 +1000] "GET /.well-known/assetlinks.json HTTP/1.0" 200 56005 "-" "Mozilla/5.0 (compatible; YaDirectFetcher/1.0; +http://yandex.com/bots) AppleWebKit/537.36 (KHTML, like Gecko) Chrome/108.0.0.0"
74.7.227.14 - - [31/Oct/2025:05:32:10 +1000] "GET /1340992?fileloc=//bin/coredumpctl&path=//bin HTTP/1.0" 200 251092 "-" "Mozilla/5.0 AppleWebKit/537.36 (KHTML, like Gecko; compatible; GPTBot/1.2; +https://openai.com/gptbot)"
74.7.227.14 - - [31/Oct/2025:05:32:21 +1000] "GET /1305248?fileloc=//etc/inittab&path=//etc HTTP/1.0" 302 - "-" "Mozilla/5.0 AppleWebKit/537.36 (KHTML, like Gecko; compatible; GPTBot/1.2; +https://openai.com/gptbot)"
45.61.184.130 - - [31/Oct/2025:05:32:23 +1000] "GET /wp-login.php HTTP/1.0" 200 56005 "-" "Mozilla/5.0 (Windows NT 6.1; WOW64; Trident/7.0; rv:11.0) like Gecko"
74.7.227.14 - - [31/Oct/2025:05:32:35 +1000] "GET /1305248?fileloc=//etc/mke2fs.conf&path=//etc HTTP/1.0" 302 - "-" "Mozilla/5.0 AppleWebKit/537.36 (KHTML, like Gecko; compatible; GPTBot/1.2; +https://openai.com/gptbot)"
74.7.227.14 - - [31/Oct/2025:05:32:43 +1000] "GET /1340992?fileloc=//bin/bzcat&path=//bin HTTP/1.0" 200 57711 "-" "Mozilla/5.0 AppleWebKit/537.36 (KHTML, like Gecko; compatible; GPTBot/1.2; +https://openai.com/gptbot)"
74.7.227.14 - - [31/Oct/2025:05:32:53 +1000] "GET /1340992?fileloc=//bin/[&path=//bin HTTP/1.0" 200 70705 "-" "Mozilla/5.0 AppleWebKit/537.36 (KHTML, like Gecko; compatible; GPTBot/1.2; +https://openai.com/gptbot)"
74.7.227.14 - - [31/Oct/2025:05:33:03 +1000] "GET /1396528?fileloc=//bin/objdump&path=//bin HTTP/1.0" 200 574175 "-" "Mozilla/5.0 AppleWebKit/537.36 (KHTML, like Gecko; compatible; GPTBot/1.2; +https://openai.com/gptbot)"
74.7.227.14 - - [31/Oct/2025:05:33:14 +1000] "GET /1396528?fileloc=//bin/bdftopcf&path=//bin HTTP/1.0" 200 79811 "-" "Mozilla/5.0 AppleWebKit/537.36 (KHTML, like Gecko; compatible; GPTBot/1.2; +https://openai.com/gptbot)"
74.7.227.14 - - [31/Oct/2025:05:33:24 +1000] "GET /1396528?fileloc=//bin/fc-scan&path=//bin HTTP/1.0" 200 26151 "-" "Mozilla/5.0 AppleWebKit/537.36 (KHTML, like Gecko; compatible; GPTBot/1.2; +https://openai.com/gptbot)"
107.189.4.81 - - [31/Oct/2025:05:33:30 +1000] "GET /wp-login.php HTTP/1.0" 200 56005 "https://duckduckgo.com/" "Mozilla/5.0 (Windows NT 10.0; Win64; x64) AppleWebKit/537.36 (KHTML, like Gecko) Chrome/118.0.5993.117 Safari/537.36"
74.7.227.14 - - [31/Oct/2025:05:33:33 +1000] "GET /1396528?fileloc=//bin/msgcomm&path=//bin HTTP/1.0" 200 36365 "-" "Mozilla/5.0 AppleWebKit/537.36 (KHTML, like Gecko; compatible; GPTBot/1.2; +https://openai.com/gptbot)"
43.130.14.245 - - [31/Oct/2025:05:33:40 +1000] "GET /index...?path=/home HTTP/1.0" 200 99139 "-" "Mozilla/5.0 (iPhone; CPU iPhone OS 13_2_3 like Mac OS X) AppleWebKit/605.1.15 (KHTML, like Gecko) Version/13.0.3 Mobile/15E148 Safari/604.1"
74.7.227.14 - - [31/Oct/2025:05:33:43 +1000] "GET /1254864?path=//run/dbus HTTP/1.0" 200 12721 "-" "Mozilla/5.0 AppleWebKit/537.36 (KHTML, like Gecko; compatible; GPTBot/1.2; +https://openai.com/gptbot)"
74.7.227.14 - - [31/Oct/2025:05:33:50 +1000] "GET /1463856?path=//lib/kernel HTTP/1.0" 200 14050 "-" "Mozilla/5.0 AppleWebKit/537.36 (KHTML, like Gecko; compatible; GPTBot/1.2; +https://openai.com/gptbot)"
74.7.227.14 - - [31/Oct/2025:05:33:58 +1000] "GET /1305248?fileloc=//etc/rwtab&path=//etc HTTP/1.0" 302 - "-" "Mozilla/5.0 AppleWebKit/537.36 (KHTML, like Gecko; compatible; GPTBot/1.2; +https://openai.com/gptbot)"
83.217.72.249 - - [31/Oct/2025:05:34:00 +1000] "GET /wp-login.php HTTP/1.0" 200 56005 "-" "Mozilla/5.0 (X11; Ubuntu; Linux x86_64; rv:85.0) Gecko/20100101 Firefox/91.0"
83.217.72.249 - - [31/Oct/2025:05:34:01 +1000] "POST /wp-login.php HTTP/1.0" 200 56005 "-" "Mozilla/5.0 (X11; Ubuntu; Linux x86_64; rv:85.0) Gecko/20100101 Firefox/91.0"
74.7.227.14 - - [31/Oct/2025:05:34:06 +1000] "GET /1396528?fileloc=//bin/pstruct&path=//bin HTTP/1.0" 200 54276 "-" "Mozilla/5.0 AppleWebKit/537.36 (KHTML, like Gecko; compatible; GPTBot/1.2; +https://openai.com/gptbot)"
74.7.227.14 - - [31/Oct/2025:05:34:16 +1000] "GET /1297280?path=//run HTTP/1.0" 200 73709 "-" "Mozilla/5.0 AppleWebKit/537.36 (KHTML, like Gecko; compatible; GPTBot/1.2; +https://openai.com/gptbot)"
74.7.227.14 - - [31/Oct/2025:05:34:27 +1000] "GET /1448592?path=//run HTTP/1.0" 200 73709 "-" "Mozilla/5.0 AppleWebKit/537.36 (KHTML, like Gecko; compatible; GPTBot/1.2; +https://openai.com/gptbot)"
74.7.227.14 - - [31/Oct/2025:05:34:40 +1000] "GET /1302496?path=//run HTTP/1.0" 200 73709 "-" "Mozilla/5.0 AppleWebKit/537.36 (KHTML, like Gecko; compatible; GPTBot/1.2; +https://openai.com/gptbot)"
74.7.227.14 - - [31/Oct/2025:05:34:49 +1000] "GET /1307584?path=//etc HTTP/1.0" 200 323995 "-" "Mozilla/5.0 AppleWebKit/537.36 (KHTML, like Gecko; compatible; GPTBot/1.2; +https://openai.com/gptbot)"
74.7.227.14 - - [31/Oct/2025:05:34:57 +1000] "GET /1042736?path=//etc HTTP/1.0" 200 323995 "-" "Mozilla/5.0 AppleWebKit/537.36 (KHTML, like Gecko; compatible; GPTBot/1.2; +https://openai.com/gptbot)"
74.7.227.14 - - [31/Oct/2025:05:35:08 +1000] "GET /1509280?path=//run HTTP/1.0" 200 73709 "-" "Mozilla/5.0 AppleWebKit/537.36 (KHTML, like Gecko; compatible; GPTBot/1.2; +https://openai.com/gptbot)"
74.7.227.14 - - [31/Oct/2025:05:35:19 +1000] "GET /1032688?path=//srv HTTP/1.0" 200 12685 "-" "Mozilla/5.0 AppleWebKit/537.36 (KHTML, like Gecko; compatible; GPTBot/1.2; +https://openai.com/gptbot)"
156.244.32.75 - - [31/Oct/2025:05:35:25 +1000] "GET /31CG1oK2YF9nhL1KRR9 HTTP/1.0" 200 56005 "-" "Mozilla/5.0 (Macintosh; Intel Mac OS X 10_15_7) AppleWebKit/605.1.15 (KHTML, like Gecko) Version/17.3 Safari/605.1.15"
74.7.227.14 - - [31/Oct/2025:05:35:28 +1000] "GET /1305248?path=//etc/rc.d HTTP/1.0" 302 - "-" "Mozilla/5.0 AppleWebKit/537.36 (KHTML, like Gecko; compatible; GPTBot/1.2; +https://openai.com/gptbot)"
156.244.32.75 - - [31/Oct/2025:05:35:31 +1000] "GET /error_log HTTP/1.0" 200 56005 "-" "Mozilla/5.0 (Macintosh; Intel Mac OS X 10_15_7) AppleWebKit/605.1.15 (KHTML, like Gecko) Version/17.3 Safari/605.1.15"
74.7.227.14 - - [31/Oct/2025:05:35:35 +1000] "GET /1286720?path=//bin HTTP/1.0" 200 1403267 "-" "Mozilla/5.0 AppleWebKit/537.36 (KHTML, like Gecko; compatible; GPTBot/1.2; +https://openai.com/gptbot)"
156.244.32.75 - - [31/Oct/2025:05:35:35 +1000] "GET /home HTTP/1.0" 200 56005 "-" "Mozilla/5.0 (Macintosh; Intel Mac OS X 10_15_7) AppleWebKit/605.1.15 (KHTML, like Gecko) Version/17.3 Safari/605.1.15"
156.244.32.75 - - [31/Oct/2025:05:35:42 +1000] "GET /shsspnwyl HTTP/1.0" 200 56005 "-" "Mozilla/5.0 (Macintosh; Intel Mac OS X 10_15_7) AppleWebKit/605.1.15 (KHTML, like Gecko) Version/17.3 Safari/605.1.15"
74.7.227.14 - - [31/Oct/2025:05:35:45 +1000] "GET /1539280?path=//sys HTTP/1.0" 200 26873 "-" "Mozilla/5.0 AppleWebKit/537.36 (KHTML, like Gecko; compatible; GPTBot/1.2; +https://openai.com/gptbot)"
156.244.32.75 - - [31/Oct/2025:05:35:47 +1000] "GET /jSVOfJjVEmiJQFrZs.0.php HTTP/1.0" 403 225 "-" "Mozilla/5.0 (Macintosh; Intel Mac OS X 10_15_7) AppleWebKit/605.1.15 (KHTML, like Gecko) Version/17.3 Safari/605.1.15"
156.244.32.75 - - [31/Oct/2025:05:35:50 +1000] "GET /DMeHII7Aahg10sPSbp.0.php HTTP/1.0" 403 226 "-" "Mozilla/5.0 (Macintosh; Intel Mac OS X 10_15_7) AppleWebKit/605.1.15 (KHTML, like Gecko) Version/17.3 Safari/605.1.15"
156.244.32.75 - - [31/Oct/2025:05:35:53 +1000] "GET /eGDpwAnO6Q36HUqkxNh.0.php HTTP/1.0" 403 227 "-" "Mozilla/5.0 (Macintosh; Intel Mac OS X 10_15_7) AppleWebKit/605.1.15 (KHTML, like Gecko) Version/17.3 Safari/605.1.15"
74.7.227.14 - - [31/Oct/2025:05:35:54 +1000] "GET /1359520?path=//usr HTTP/1.0" 200 28121 "-" "Mozilla/5.0 AppleWebKit/537.36 (KHTML, like Gecko; compatible; GPTBot/1.2; +https://openai.com/gptbot)"
156.244.32.75 - - [31/Oct/2025:05:35:56 +1000] "GET /alexusMailer_v2.0.php HTTP/1.0" 403 223 "-" "Mozilla/5.0 (Macintosh; Intel Mac OS X 10_15_7) AppleWebKit/605.1.15 (KHTML, like Gecko) Version/17.3 Safari/605.1.15"
156.244.32.75 - - [31/Oct/2025:05:35:59 +1000] "GET /kqm5FYkrdznZ3iMfy.8.php HTTP/1.0" 403 225 "-" "Mozilla/5.0 (Macintosh; Intel Mac OS X 10_15_7) AppleWebKit/605.1.15 (KHTML, like Gecko) Version/17.3 Safari/605.1.15"
156.244.32.75 - - [31/Oct/2025:05:36:02 +1000] "GET /m8lDYhqr5ISd8mPwLE.8.php HTTP/1.0" 403 226 "-" "Mozilla/5.0 (Macintosh; Intel Mac OS X 10_15_7) AppleWebKit/605.1.15 (KHTML, like Gecko) Version/17.3 Safari/605.1.15"
156.244.32.75 - - [31/Oct/2025:05:36:04 +1000] "GET /7zsyXol1EpicghScX4L.8.php HTTP/1.0" 403 227 "-" "Mozilla/5.0 (Macintosh; Intel Mac OS X 10_15_7) AppleWebKit/605.1.15 (KHTML, like Gecko) Version/17.3 Safari/605.1.15"
74.7.227.14 - - [31/Oct/2025:05:36:05 +1000] "GET /1236720?path=//bin HTTP/1.0" 200 1403267 "-" "Mozilla/5.0 AppleWebKit/537.36 (KHTML, like Gecko; compatible; GPTBot/1.2; +https://openai.com/gptbot)"
156.244.32.75 - - [31/Oct/2025:05:36:07 +1000] "GET /leafmailer2.8.php HTTP/1.0" 403 219 "-" "Mozilla/5.0 (Macintosh; Intel Mac OS X 10_15_7) AppleWebKit/605.1.15 (KHTML, like Gecko) Version/17.3 Safari/605.1.15"
156.244.32.75 - - [31/Oct/2025:05:36:09 +1000] "GET /P3ih1Jvh8UJ7v1iRm.LuFix-983426.php HTTP/1.0" 403 236 "-" "Mozilla/5.0 (Macintosh; Intel Mac OS X 10_15_7) AppleWebKit/605.1.15 (KHTML, like Gecko) Version/17.3 Safari/605.1.15"
156.244.32.75 - - [31/Oct/2025:05:36:12 +1000] "GET /O6ZQA6uLF0ozRsNMbu.LuFix-983426.php HTTP/1.0" 403 237 "-" "Mozilla/5.0 (Macintosh; Intel Mac OS X 10_15_7) AppleWebKit/605.1.15 (KHTML, like Gecko) Version/17.3 Safari/605.1.15"
156.244.32.75 - - [31/Oct/2025:05:36:14 +1000] "GET /JuoizSXdcEiQxRUFjMy.LuFix-983426.php HTTP/1.0" 403 238 "-" "Mozilla/5.0 (Macintosh; Intel Mac OS X 10_15_7) AppleWebKit/605.1.15 (KHTML, like Gecko) Version/17.3 Safari/605.1.15"
74.7.227.14 - - [31/Oct/2025:05:36:15 +1000] "GET /1083952?path=//srv HTTP/1.0" 200 12685 "-" "Mozilla/5.0 AppleWebKit/537.36 (KHTML, like Gecko; compatible; GPTBot/1.2; +https://openai.com/gptbot)"
156.244.32.75 - - [31/Oct/2025:05:36:17 +1000] "GET /.LuFix-983426.php HTTP/1.0" 403 219 "-" "Mozilla/5.0 (Macintosh; Intel Mac OS X 10_15_7) AppleWebKit/605.1.15 (KHTML, like Gecko) Version/17.3 Safari/605.1.15"
156.244.32.75 - - [31/Oct/2025:05:36:20 +1000] "GET /z76NbpECAEXobC_k4.PHP HTTP/1.0" 403 223 "-" "Mozilla/5.0 (Macintosh; Intel Mac OS X 10_15_7) AppleWebKit/605.1.15 (KHTML, like Gecko) Version/17.3 Safari/605.1.15"
