216.73.216.53 - - [04/Nov/2025:05:53:01 +1000] "GET /shopdetail/418683888.html HTTP/1.0" 200 62019 "-" "Mozilla/5.0 AppleWebKit/537.36 (KHTML, like Gecko; compatible; ClaudeBot/1.0; +claudebot@anthropic.com)"
216.73.216.53 - - [04/Nov/2025:05:53:04 +1000] "GET /shopdetail/418704240.html HTTP/1.0" 200 62019 "-" "Mozilla/5.0 AppleWebKit/537.36 (KHTML, like Gecko; compatible; ClaudeBot/1.0; +claudebot@anthropic.com)"
74.7.227.14 - - [04/Nov/2025:05:53:04 +1000] "GET /1324400?path=//var/opt HTTP/1.0" 200 12719 "-" "Mozilla/5.0 AppleWebKit/537.36 (KHTML, like Gecko; compatible; GPTBot/1.2; +https://openai.com/gptbot)"
216.73.216.53 - - [04/Nov/2025:05:53:07 +1000] "GET /shopdetail/419093440.html HTTP/1.0" 200 62019 "-" "Mozilla/5.0 AppleWebKit/537.36 (KHTML, like Gecko; compatible; ClaudeBot/1.0; +claudebot@anthropic.com)"
198.244.168.102 - - [04/Nov/2025:05:53:08 +1000] "GET /1497602432?path=/home/region-gk.ru/data/www/new.region-gk.ru/wp-admin HTTP/1.0" 200 179052 "-" "Mozilla/5.0 (compatible; AhrefsBot/7.0; +http://ahrefs.com/robot/)"
66.249.76.164 - - [04/Nov/2025:05:53:08 +1000] "GET /news/uchastie-v-vystake-transrussia?fileloc=/home/region-gk.ru/data/www/new.region-gk.ru/wp-comments-post.php?e/14 HTTP/1.0" 200 210996 "-" "Mozilla/5.0 (Linux; Android 6.0.1; Nexus 5X Build/MMB29P) AppleWebKit/537.36 (KHTML, like Gecko) Chrome/141.0.7390.122 Mobile Safari/537.36 (compatible; GoogleOther)"
216.73.216.53 - - [04/Nov/2025:05:53:10 +1000] "GET /shopdetail/418602656.html HTTP/1.0" 200 62019 "-" "Mozilla/5.0 AppleWebKit/537.36 (KHTML, like Gecko; compatible; ClaudeBot/1.0; +claudebot@anthropic.com)"
216.73.216.53 - - [04/Nov/2025:05:53:13 +1000] "GET /shopdetail/419189088.html HTTP/1.0" 200 62019 "-" "Mozilla/5.0 AppleWebKit/537.36 (KHTML, like Gecko; compatible; ClaudeBot/1.0; +claudebot@anthropic.com)"
74.7.227.14 - - [04/Nov/2025:05:53:14 +1000] "GET /1226416?path=//etc/skel HTTP/1.0" 302 - "-" "Mozilla/5.0 AppleWebKit/537.36 (KHTML, like Gecko; compatible; GPTBot/1.2; +https://openai.com/gptbot)"
216.73.216.53 - - [04/Nov/2025:05:53:16 +1000] "GET /shopdetail/419196896.html HTTP/1.0" 200 62019 "-" "Mozilla/5.0 AppleWebKit/537.36 (KHTML, like Gecko; compatible; ClaudeBot/1.0; +claudebot@anthropic.com)"
212.16.195.25 - - [04/Nov/2025:05:50:26 +1000] "GET /images/images/images/images/images/index.php?ARRAY=7o2230223n313736323230333032362p2231223n22687474703n5p2s5p2s7n7336313076313361732r61736o69747564652r6366645p2s3s6p633q7068705s636s64655s6n6326743q313736323139393432362q6434356535656463366333386166366337336432343734323334613138383139222p2232223n223835336636373139356431633735643436633134363261346562656462623765222p2233223n226166643066333032373064613330303536656335306131613039343336613433222p226175746s5s66696p655s6r616q65223n6r756p6p2p226175746s5s70617373223n6r756p6p2p2262696r675s70617373223n2232382q33392q35362q36362q37362q38372q3235227q HTTP/1.0" 200 52 "-" "-"
216.73.216.53 - - [04/Nov/2025:05:53:19 +1000] "GET /shopdetail/418594688.html HTTP/1.0" 200 62019 "-" "Mozilla/5.0 AppleWebKit/537.36 (KHTML, like Gecko; compatible; ClaudeBot/1.0; +claudebot@anthropic.com)"
74.7.227.14 - - [04/Nov/2025:05:53:20 +1000] "GET /1440784?fileloc=//var/mail/hlebodary_ru_usr&path=//var/mail HTTP/1.0" 200 12319 "-" "Mozilla/5.0 AppleWebKit/537.36 (KHTML, like Gecko; compatible; GPTBot/1.2; +https://openai.com/gptbot)"
216.73.216.53 - - [04/Nov/2025:05:53:22 +1000] "GET /shopdetail/418751216.html HTTP/1.0" 200 62019 "-" "Mozilla/5.0 AppleWebKit/537.36 (KHTML, like Gecko; compatible; ClaudeBot/1.0; +claudebot@anthropic.com)"
216.73.216.53 - - [04/Nov/2025:05:53:25 +1000] "GET /shopdetail/418782128.html HTTP/1.0" 200 62019 "-" "Mozilla/5.0 AppleWebKit/537.36 (KHTML, like Gecko; compatible; ClaudeBot/1.0; +claudebot@anthropic.com)"
216.73.216.53 - - [04/Nov/2025:05:53:28 +1000] "GET /shopdetail/418591152.html HTTP/1.0" 200 62019 "-" "Mozilla/5.0 AppleWebKit/537.36 (KHTML, like Gecko; compatible; ClaudeBot/1.0; +claudebot@anthropic.com)"
74.7.227.14 - - [04/Nov/2025:05:53:28 +1000] "GET /1085408?path=//etc/ssh HTTP/1.0" 302 - "-" "Mozilla/5.0 AppleWebKit/537.36 (KHTML, like Gecko; compatible; GPTBot/1.2; +https://openai.com/gptbot)"
216.73.216.53 - - [04/Nov/2025:05:53:31 +1000] "GET /shopdetail/419275664.html HTTP/1.0" 200 62019 "-" "Mozilla/5.0 AppleWebKit/537.36 (KHTML, like Gecko; compatible; ClaudeBot/1.0; +claudebot@anthropic.com)"
216.73.216.53 - - [04/Nov/2025:05:53:34 +1000] "GET /shopdetail/419270864.html HTTP/1.0" 200 62019 "-" "Mozilla/5.0 AppleWebKit/537.36 (KHTML, like Gecko; compatible; ClaudeBot/1.0; +claudebot@anthropic.com)"
74.7.227.14 - - [04/Nov/2025:05:53:38 +1000] "GET /1401024?path=//var/mail HTTP/1.0" 200 95630 "-" "Mozilla/5.0 AppleWebKit/537.36 (KHTML, like Gecko; compatible; GPTBot/1.2; +https://openai.com/gptbot)"
66.249.76.163 - - [04/Nov/2025:05:53:34 +1000] "GET /13853264?shopdetail=0013837776 HTTP/1.0" 200 201428 "-" "Mozilla/5.0 (Linux; Android 6.0.1; Nexus 5X Build/MMB29P) AppleWebKit/537.36 (KHTML, like Gecko) Chrome/141.0.7390.122 Mobile Safari/537.36 (compatible; Googlebot/2.1; +http://www.google.com/bot.html)"
216.73.216.53 - - [04/Nov/2025:05:53:40 +1000] "GET /shopdetail/419149264.html HTTP/1.0" 200 62019 "-" "Mozilla/5.0 AppleWebKit/537.36 (KHTML, like Gecko; compatible; ClaudeBot/1.0; +claudebot@anthropic.com)"
212.16.195.25 - - [04/Nov/2025:05:50:49 +1000] "GET /images/images/images/images/images/index.php?ARRAY=7o2230223n313736323230333034392p2231223n22687474703n5p2s5p2s7n7336313076313361732r61736o69747564652r6366645p2s3s6p633q7068705s636s64655s6n6326743q313736323139393434392q3635633337326630633562313437353964333835326239363833636464363663222p2232223n223835336636373139356431633735643436633134363261346562656462623765222p2233223n226166643066333032373064613330303536656335306131613039343336613433222p226175746s5s66696p655s6r616q65223n6r756p6p2p226175746s5s70617373223n6r756p6p2p2262696r675s70617373223n2232382q33392q35362q36362q37362q38372q3235227q HTTP/1.0" 200 52 "-" "-"
216.73.216.53 - - [04/Nov/2025:05:53:43 +1000] "GET /shopdetail/418950192.html HTTP/1.0" 200 62019 "-" "Mozilla/5.0 AppleWebKit/537.36 (KHTML, like Gecko; compatible; ClaudeBot/1.0; +claudebot@anthropic.com)"
74.7.227.14 - - [04/Nov/2025:05:53:46 +1000] "GET /1563840?path=//mnt/data HTTP/1.0" 200 12721 "-" "Mozilla/5.0 AppleWebKit/537.36 (KHTML, like Gecko; compatible; GPTBot/1.2; +https://openai.com/gptbot)"
216.73.216.53 - - [04/Nov/2025:05:53:49 +1000] "GET /shopdetail/419194176.html HTTP/1.0" 200 62019 "-" "Mozilla/5.0 AppleWebKit/537.36 (KHTML, like Gecko; compatible; ClaudeBot/1.0; +claudebot@anthropic.com)"
74.7.227.14 - - [04/Nov/2025:05:53:51 +1000] "GET /1309136?path=//etc/egl HTTP/1.0" 302 - "-" "Mozilla/5.0 AppleWebKit/537.36 (KHTML, like Gecko; compatible; GPTBot/1.2; +https://openai.com/gptbot)"
216.73.216.53 - - [04/Nov/2025:05:53:52 +1000] "GET /shopdetail/419146256.html HTTP/1.0" 200 62019 "-" "Mozilla/5.0 AppleWebKit/537.36 (KHTML, like Gecko; compatible; ClaudeBot/1.0; +claudebot@anthropic.com)"
216.73.216.53 - - [04/Nov/2025:05:53:55 +1000] "GET /shopdetail/419229360.html HTTP/1.0" 200 62019 "-" "Mozilla/5.0 AppleWebKit/537.36 (KHTML, like Gecko; compatible; ClaudeBot/1.0; +claudebot@anthropic.com)"
216.73.216.53 - - [04/Nov/2025:05:53:58 +1000] "GET /shopdetail/418571744.html HTTP/1.0" 200 62019 "-" "Mozilla/5.0 AppleWebKit/537.36 (KHTML, like Gecko; compatible; ClaudeBot/1.0; +claudebot@anthropic.com)"
74.7.227.14 - - [04/Nov/2025:05:54:00 +1000] "GET /1014416?path=//usr/etc HTTP/1.0" 200 12719 "-" "Mozilla/5.0 AppleWebKit/537.36 (KHTML, like Gecko; compatible; GPTBot/1.2; +https://openai.com/gptbot)"
216.73.216.53 - - [04/Nov/2025:05:54:01 +1000] "GET /shopdetail/418787376.html HTTP/1.0" 200 62019 "-" "Mozilla/5.0 AppleWebKit/537.36 (KHTML, like Gecko; compatible; ClaudeBot/1.0; +claudebot@anthropic.com)"
216.73.216.53 - - [04/Nov/2025:05:54:04 +1000] "GET /shopdetail/419054432.html HTTP/1.0" 200 62019 "-" "Mozilla/5.0 AppleWebKit/537.36 (KHTML, like Gecko; compatible; ClaudeBot/1.0; +claudebot@anthropic.com)"
212.16.195.25 - - [04/Nov/2025:05:51:13 +1000] "GET /images/images/images/images/images/index.php?ARRAY=7o2230223n313736323230333037332p2231223n22687474703n5p2s5p2s7n7336313076313361732r61736o69747564652r6366645p2s3s6p633q7068705s636s64655s6n6326743q313736323139393437332q6430353334333030663564383332326337633864316234366563313864656330222p2232223n223835336636373139356431633735643436633134363261346562656462623765222p2233223n226166643066333032373064613330303536656335306131613039343336613433222p226175746s5s66696p655s6r616q65223n6r756p6p2p226175746s5s70617373223n6r756p6p2p2262696r675s70617373223n2232382q33392q35362q36362q37362q38372q3235227q HTTP/1.0" 200 52 "-" "-"
74.7.227.14 - - [04/Nov/2025:05:54:06 +1000] "GET /1443504?path=//sys/bus HTTP/1.0" 200 53163 "-" "Mozilla/5.0 AppleWebKit/537.36 (KHTML, like Gecko; compatible; GPTBot/1.2; +https://openai.com/gptbot)"
216.73.216.53 - - [04/Nov/2025:05:54:07 +1000] "GET /shopdetail/419176576.html HTTP/1.0" 200 62019 "-" "Mozilla/5.0 AppleWebKit/537.36 (KHTML, like Gecko; compatible; ClaudeBot/1.0; +claudebot@anthropic.com)"
216.73.216.53 - - [04/Nov/2025:05:54:10 +1000] "GET /shopdetail/419256256.html HTTP/1.0" 200 62019 "-" "Mozilla/5.0 AppleWebKit/537.36 (KHTML, like Gecko; compatible; ClaudeBot/1.0; +claudebot@anthropic.com)"
216.73.216.53 - - [04/Nov/2025:05:54:13 +1000] "GET /shopdetail/419089232.html HTTP/1.0" 200 62019 "-" "Mozilla/5.0 AppleWebKit/537.36 (KHTML, like Gecko; compatible; ClaudeBot/1.0; +claudebot@anthropic.com)"
216.73.216.53 - - [04/Nov/2025:05:54:16 +1000] "GET /shopdetail/418531408.html HTTP/1.0" 200 62019 "-" "Mozilla/5.0 AppleWebKit/537.36 (KHTML, like Gecko; compatible; ClaudeBot/1.0; +claudebot@anthropic.com)"
74.7.227.14 - - [04/Nov/2025:05:54:16 +1000] "GET /1474704?path=//var/nis HTTP/1.0" 200 12719 "-" "Mozilla/5.0 AppleWebKit/537.36 (KHTML, like Gecko; compatible; GPTBot/1.2; +https://openai.com/gptbot)"
216.73.216.53 - - [04/Nov/2025:05:54:19 +1000] "GET /shopdetail/418593488.html HTTP/1.0" 200 62019 "-" "Mozilla/5.0 AppleWebKit/537.36 (KHTML, like Gecko; compatible; ClaudeBot/1.0; +claudebot@anthropic.com)"
54.38.147.168 - - [04/Nov/2025:05:54:20 +1000] "GET /1497602432?path=/home/region-gk.ru/data/www/new.region-gk.ru/images HTTP/1.0" 200 17611 "-" "Mozilla/5.0 (compatible; AhrefsBot/7.0; +http://ahrefs.com/robot/)"
216.73.216.53 - - [04/Nov/2025:05:54:22 +1000] "GET /shopdetail/419200528.html HTTP/1.0" 200 62019 "-" "Mozilla/5.0 AppleWebKit/537.36 (KHTML, like Gecko; compatible; ClaudeBot/1.0; +claudebot@anthropic.com)"
74.7.227.14 - - [04/Nov/2025:05:54:25 +1000] "GET /1554544?path=//lib/udev HTTP/1.0" 200 33719 "-" "Mozilla/5.0 AppleWebKit/537.36 (KHTML, like Gecko; compatible; GPTBot/1.2; +https://openai.com/gptbot)"
216.73.216.53 - - [04/Nov/2025:05:54:28 +1000] "GET /shopdetail/418683920.html HTTP/1.0" 200 62019 "-" "Mozilla/5.0 AppleWebKit/537.36 (KHTML, like Gecko; compatible; ClaudeBot/1.0; +claudebot@anthropic.com)"
212.16.195.25 - - [04/Nov/2025:05:51:36 +1000] "GET /images/images/images/images/images/index.php?ARRAY=7o2230223n313736323230333039362p2231223n22687474703n5p2s5p2s7n7336313076313361732r61736o69747564652r6366645p2s3s6p633q7068705s636s64655s6n6326743q313736323139393439362q3165343931633837343563326433623763353063373533613261373035313037222p2232223n223835336636373139356431633735643436633134363261346562656462623765222p2233223n226166643066333032373064613330303536656335306131613039343336613433222p226175746s5s66696p655s6r616q65223n6r756p6p2p226175746s5s70617373223n6r756p6p2p2262696r675s70617373223n2232382q33392q35362q36362q37362q38372q3235227q HTTP/1.0" 200 52 "-" "-"
66.249.76.163 - - [04/Nov/2025:05:54:28 +1000] "GET /news/uchastie-v-vystake-transrussia?fileloc=/home/region-gk.ru/data/www/new.region-gk.ru/wp-comments-post.php?shopdetail/48089264.html HTTP/1.0" 200 212147 "-" "Mozilla/5.0 (Linux; Android 6.0.1; Nexus 5X Build/MMB29P) AppleWebKit/537.36 (KHTML, like Gecko) Chrome/141.0.7390.122 Mobile Safari/537.36 (compatible; GoogleOther)"
216.73.216.53 - - [04/Nov/2025:05:54:31 +1000] "GET /shopdetail/418753968.html HTTP/1.0" 200 62019 "-" "Mozilla/5.0 AppleWebKit/537.36 (KHTML, like Gecko; compatible; ClaudeBot/1.0; +claudebot@anthropic.com)"
74.7.227.14 - - [04/Nov/2025:05:54:32 +1000] "GET /1358320?path=//mnt/data HTTP/1.0" 200 12721 "-" "Mozilla/5.0 AppleWebKit/537.36 (KHTML, like Gecko; compatible; GPTBot/1.2; +https://openai.com/gptbot)"
216.73.216.53 - - [04/Nov/2025:05:54:34 +1000] "GET /shopdetail/419088384.html HTTP/1.0" 200 62019 "-" "Mozilla/5.0 AppleWebKit/537.36 (KHTML, like Gecko; compatible; ClaudeBot/1.0; +claudebot@anthropic.com)"
216.73.216.53 - - [04/Nov/2025:05:54:37 +1000] "GET /shopdetail/419226640.html HTTP/1.0" 200 62019 "-" "Mozilla/5.0 AppleWebKit/537.36 (KHTML, like Gecko; compatible; ClaudeBot/1.0; +claudebot@anthropic.com)"
216.73.216.53 - - [04/Nov/2025:05:54:40 +1000] "GET /shopdetail/419110256.html HTTP/1.0" 200 62019 "-" "Mozilla/5.0 AppleWebKit/537.36 (KHTML, like Gecko; compatible; ClaudeBot/1.0; +claudebot@anthropic.com)"
74.7.227.14 - - [04/Nov/2025:05:54:40 +1000] "GET /1519616?path=//opt/zend HTTP/1.0" 200 28837 "-" "Mozilla/5.0 AppleWebKit/537.36 (KHTML, like Gecko; compatible; GPTBot/1.2; +https://openai.com/gptbot)"
216.73.216.53 - - [04/Nov/2025:05:54:43 +1000] "GET /shopdetail/419119552.html HTTP/1.0" 200 62019 "-" "Mozilla/5.0 AppleWebKit/537.36 (KHTML, like Gecko; compatible; ClaudeBot/1.0; +claudebot@anthropic.com)"
66.249.76.163 - - [04/Nov/2025:05:54:44 +1000] "GET /28704640?shopdetail=0028671639 HTTP/1.0" 200 205651 "-" "Mozilla/5.0 (Linux; Android 6.0.1; Nexus 5X Build/MMB29P) AppleWebKit/537.36 (KHTML, like Gecko) Chrome/141.0.7390.122 Mobile Safari/537.36 (compatible; Googlebot/2.1; +http://www.google.com/bot.html)"
216.73.216.53 - - [04/Nov/2025:05:54:46 +1000] "GET /shopdetail/419128400.html HTTP/1.0" 200 62019 "-" "Mozilla/5.0 AppleWebKit/537.36 (KHTML, like Gecko; compatible; ClaudeBot/1.0; +claudebot@anthropic.com)"
74.7.227.14 - - [04/Nov/2025:05:54:47 +1000] "GET /1083952?path=//mnt/data HTTP/1.0" 200 12721 "-" "Mozilla/5.0 AppleWebKit/537.36 (KHTML, like Gecko; compatible; GPTBot/1.2; +https://openai.com/gptbot)"
216.73.216.53 - - [04/Nov/2025:05:54:52 +1000] "GET /shopdetail/419053488.html HTTP/1.0" 200 62019 "-" "Mozilla/5.0 AppleWebKit/537.36 (KHTML, like Gecko; compatible; ClaudeBot/1.0; +claudebot@anthropic.com)"
212.16.195.25 - - [04/Nov/2025:05:51:59 +1000] "GET /images/images/images/images/images/index.php?ARRAY=7o2230223n313736323230333131392p2231223n22687474703n5p2s5p2s7n7336313076313361732r61736o69747564652r6366645p2s3s6p633q7068705s636s64655s6n6326743q313736323139393531392q6363336266323862396165303963653961316135633830383832653937646433222p2232223n223835336636373139356431633735643436633134363261346562656462623765222p2233223n226166643066333032373064613330303536656335306131613039343336613433222p226175746s5s66696p655s6r616q65223n6r756p6p2p226175746s5s70617373223n6r756p6p2p2262696r675s70617373223n2232382q33392q35362q36362q37362q38372q3235227q HTTP/1.0" 200 52 "-" "-"
216.73.216.53 - - [04/Nov/2025:05:54:55 +1000] "GET /shopdetail/418639952.html HTTP/1.0" 200 62019 "-" "Mozilla/5.0 AppleWebKit/537.36 (KHTML, like Gecko; compatible; ClaudeBot/1.0; +claudebot@anthropic.com)"
74.7.227.14 - - [04/Nov/2025:05:54:56 +1000] "GET /1533520?path=//etc/egl HTTP/1.0" 302 - "-" "Mozilla/5.0 AppleWebKit/537.36 (KHTML, like Gecko; compatible; GPTBot/1.2; +https://openai.com/gptbot)"
216.73.216.53 - - [04/Nov/2025:05:54:58 +1000] "GET /shopdetail/419240864.html HTTP/1.0" 200 62019 "-" "Mozilla/5.0 AppleWebKit/537.36 (KHTML, like Gecko; compatible; ClaudeBot/1.0; +claudebot@anthropic.com)"
216.73.216.53 - - [04/Nov/2025:05:55:01 +1000] "GET /shopdetail/418663568.html HTTP/1.0" 200 62019 "-" "Mozilla/5.0 AppleWebKit/537.36 (KHTML, like Gecko; compatible; ClaudeBot/1.0; +claudebot@anthropic.com)"
74.7.227.14 - - [04/Nov/2025:05:55:01 +1000] "GET /1401024?fileloc=//var/mail/hptravels_ru_usr&path=//var/mail HTTP/1.0" 200 12319 "-" "Mozilla/5.0 AppleWebKit/537.36 (KHTML, like Gecko; compatible; GPTBot/1.2; +https://openai.com/gptbot)"
216.73.216.53 - - [04/Nov/2025:05:55:04 +1000] "GET /shopdetail/419059520.html HTTP/1.0" 200 62019 "-" "Mozilla/5.0 AppleWebKit/537.36 (KHTML, like Gecko; compatible; ClaudeBot/1.0; +claudebot@anthropic.com)"
216.73.216.53 - - [04/Nov/2025:05:55:07 +1000] "GET /shopdetail/419277280.html HTTP/1.0" 200 62019 "-" "Mozilla/5.0 AppleWebKit/537.36 (KHTML, like Gecko; compatible; ClaudeBot/1.0; +claudebot@anthropic.com)"
74.7.227.14 - - [04/Nov/2025:05:55:09 +1000] "GET /1160032?path=//var/adm HTTP/1.0" 200 12719 "-" "Mozilla/5.0 AppleWebKit/537.36 (KHTML, like Gecko; compatible; GPTBot/1.2; +https://openai.com/gptbot)"
216.73.216.53 - - [04/Nov/2025:05:55:10 +1000] "GET /shopdetail/418588400.html HTTP/1.0" 200 62019 "-" "Mozilla/5.0 AppleWebKit/537.36 (KHTML, like Gecko; compatible; ClaudeBot/1.0; +claudebot@anthropic.com)"
66.249.75.72 - - [04/Nov/2025:05:55:11 +1000] "GET /news/uchastie-v-vystake-transrussia?fileloc=/home/region-gk.ru/data/www/new.region-gk.ru/wp-load.php?swp/pointTopView/ HTTP/1.0" 200 210538 "-" "Mozilla/5.0 (Linux; Android 6.0.1; Nexus 5X Build/MMB29P) AppleWebKit/537.36 (KHTML, like Gecko) Chrome/141.0.7390.122 Mobile Safari/537.36 (compatible; GoogleOther)"
74.7.227.14 - - [04/Nov/2025:05:55:13 +1000] "GET /1141232?path=//usr/etc HTTP/1.0" 200 12719 "-" "Mozilla/5.0 AppleWebKit/537.36 (KHTML, like Gecko; compatible; GPTBot/1.2; +https://openai.com/gptbot)"
216.73.216.53 - - [04/Nov/2025:05:55:14 +1000] "GET /shopdetail/419138960.html HTTP/1.0" 200 62019 "-" "Mozilla/5.0 AppleWebKit/537.36 (KHTML, like Gecko; compatible; ClaudeBot/1.0; +claudebot@anthropic.com)"
216.73.216.53 - - [04/Nov/2025:05:55:16 +1000] "GET /shopdetail/419000704.html HTTP/1.0" 200 62019 "-" "Mozilla/5.0 AppleWebKit/537.36 (KHTML, like Gecko; compatible; ClaudeBot/1.0; +claudebot@anthropic.com)"
212.16.195.25 - - [04/Nov/2025:05:52:24 +1000] "GET /images/images/images/images/images/index.php?ARRAY=7o2230223n313736323230333134342p2231223n22687474703n5p2s5p2s7n7336313076313361732r61736o69747564652r6366645p2s3s6p633q7068705s636s64655s6n6326743q313736323139393534342q6262363235386135396262333135373737316132373937646235636631643461222p2232223n223835336636373139356431633735643436633134363261346562656462623765222p2233223n226166643066333032373064613330303536656335306131613039343336613433222p226175746s5s66696p655s6r616q65223n6r756p6p2p226175746s5s70617373223n6r756p6p2p2262696r675s70617373223n2232382q33392q35362q36362q37362q38372q3235227q HTTP/1.0" 200 52 "-" "-"
216.73.216.53 - - [04/Nov/2025:05:55:19 +1000] "GET /shopdetail/418919120.html HTTP/1.0" 200 62019 "-" "Mozilla/5.0 AppleWebKit/537.36 (KHTML, like Gecko; compatible; ClaudeBot/1.0; +claudebot@anthropic.com)"
216.73.216.53 - - [04/Nov/2025:05:55:22 +1000] "GET /shopdetail/419072576.html HTTP/1.0" 200 62019 "-" "Mozilla/5.0 AppleWebKit/537.36 (KHTML, like Gecko; compatible; ClaudeBot/1.0; +claudebot@anthropic.com)"
74.7.227.14 - - [04/Nov/2025:05:55:22 +1000] "GET /1443504?path=//sys/bus/nd HTTP/1.0" 200 19671 "-" "Mozilla/5.0 AppleWebKit/537.36 (KHTML, like Gecko; compatible; GPTBot/1.2; +https://openai.com/gptbot)"
216.73.216.53 - - [04/Nov/2025:05:55:25 +1000] "GET /shopdetail/418698144.html HTTP/1.0" 200 62019 "-" "Mozilla/5.0 AppleWebKit/537.36 (KHTML, like Gecko; compatible; ClaudeBot/1.0; +claudebot@anthropic.com)"
51.89.129.251 - - [04/Nov/2025:05:55:26 +1000] "GET /1497602432?path=/home/region-gk.ru/data/www/new.region-gk.ru/.tmb HTTP/1.0" 200 14558 "-" "Mozilla/5.0 (compatible; AhrefsBot/7.0; +http://ahrefs.com/robot/)"
74.7.227.14 - - [04/Nov/2025:05:55:27 +1000] "GET /1105104?path=//lib/kbd HTTP/1.0" 200 17991 "-" "Mozilla/5.0 AppleWebKit/537.36 (KHTML, like Gecko; compatible; GPTBot/1.2; +https://openai.com/gptbot)"
216.73.216.53 - - [04/Nov/2025:05:55:28 +1000] "GET /shopdetail/418692672.html HTTP/1.0" 200 62019 "-" "Mozilla/5.0 AppleWebKit/537.36 (KHTML, like Gecko; compatible; ClaudeBot/1.0; +claudebot@anthropic.com)"
216.73.216.53 - - [04/Nov/2025:05:55:31 +1000] "GET /shopdetail/418620800.html HTTP/1.0" 200 62019 "-" "Mozilla/5.0 AppleWebKit/537.36 (KHTML, like Gecko; compatible; ClaudeBot/1.0; +claudebot@anthropic.com)"
216.73.216.53 - - [04/Nov/2025:05:55:34 +1000] "GET /shopdetail/418900128.html HTTP/1.0" 200 62019 "-" "Mozilla/5.0 AppleWebKit/537.36 (KHTML, like Gecko; compatible; ClaudeBot/1.0; +claudebot@anthropic.com)"
74.7.227.14 - - [04/Nov/2025:05:55:37 +1000] "GET /1540480?path=//var/opt HTTP/1.0" 200 12719 "-" "Mozilla/5.0 AppleWebKit/537.36 (KHTML, like Gecko; compatible; GPTBot/1.2; +https://openai.com/gptbot)"
216.73.216.53 - - [04/Nov/2025:05:55:37 +1000] "GET /shopdetail/418861248.html HTTP/1.0" 200 62019 "-" "Mozilla/5.0 AppleWebKit/537.36 (KHTML, like Gecko; compatible; ClaudeBot/1.0; +claudebot@anthropic.com)"
212.16.195.25 - - [04/Nov/2025:05:52:47 +1000] "GET /images/images/images/images/images/index.php?ARRAY=7o2230223n313736323230333136372p2231223n22687474703n5p2s5p2s7n7336313076313361732r61736o69747564652r6366645p2s3s6p633q7068705s636s64655s6n6326743q313736323139393536372q6136326431323964393837333664396334343261376664393732623434626633222p2232223n223835336636373139356431633735643436633134363261346562656462623765222p2233223n226166643066333032373064613330303536656335306131613039343336613433222p226175746s5s66696p655s6r616q65223n6r756p6p2p226175746s5s70617373223n6r756p6p2p2262696r675s70617373223n2232382q33392q35362q36362q37362q38372q3235227q HTTP/1.0" 200 52 "-" "-"
216.73.216.53 - - [04/Nov/2025:05:55:40 +1000] "GET /shopdetail/419206288.html HTTP/1.0" 200 62019 "-" "Mozilla/5.0 AppleWebKit/537.36 (KHTML, like Gecko; compatible; ClaudeBot/1.0; +claudebot@anthropic.com)"
216.73.216.53 - - [04/Nov/2025:05:55:43 +1000] "GET /shopdetail/419108704.html HTTP/1.0" 200 62019 "-" "Mozilla/5.0 AppleWebKit/537.36 (KHTML, like Gecko; compatible; ClaudeBot/1.0; +claudebot@anthropic.com)"
74.7.227.14 - - [04/Nov/2025:05:55:43 +1000] "GET /1193952?path=//etc/ssh HTTP/1.0" 302 - "-" "Mozilla/5.0 AppleWebKit/537.36 (KHTML, like Gecko; compatible; GPTBot/1.2; +https://openai.com/gptbot)"
216.73.216.53 - - [04/Nov/2025:05:55:47 +1000] "GET /shopdetail/418963088.html HTTP/1.0" 200 62019 "-" "Mozilla/5.0 AppleWebKit/537.36 (KHTML, like Gecko; compatible; ClaudeBot/1.0; +claudebot@anthropic.com)"
216.73.216.53 - - [04/Nov/2025:05:55:49 +1000] "GET /shopdetail/419142624.html HTTP/1.0" 200 62019 "-" "Mozilla/5.0 AppleWebKit/537.36 (KHTML, like Gecko; compatible; ClaudeBot/1.0; +claudebot@anthropic.com)"
216.73.216.53 - - [04/Nov/2025:05:55:52 +1000] "GET /shopdetail/419275824.html HTTP/1.0" 200 62019 "-" "Mozilla/5.0 AppleWebKit/537.36 (KHTML, like Gecko; compatible; ClaudeBot/1.0; +claudebot@anthropic.com)"
74.7.227.14 - - [04/Nov/2025:05:55:53 +1000] "GET /1440784?path=//etc/gss HTTP/1.0" 302 - "-" "Mozilla/5.0 AppleWebKit/537.36 (KHTML, like Gecko; compatible; GPTBot/1.2; +https://openai.com/gptbot)"
216.73.216.53 - - [04/Nov/2025:05:55:55 +1000] "GET /shopdetail/419223008.html HTTP/1.0" 200 62019 "-" "Mozilla/5.0 AppleWebKit/537.36 (KHTML, like Gecko; compatible; ClaudeBot/1.0; +claudebot@anthropic.com)"
216.73.216.53 - - [04/Nov/2025:05:55:58 +1000] "GET /shopdetail/419091984.html HTTP/1.0" 200 62019 "-" "Mozilla/5.0 AppleWebKit/537.36 (KHTML, like Gecko; compatible; ClaudeBot/1.0; +claudebot@anthropic.com)"
216.73.216.53 - - [04/Nov/2025:05:56:01 +1000] "GET /shopdetail/419144176.html HTTP/1.0" 200 62019 "-" "Mozilla/5.0 AppleWebKit/537.36 (KHTML, like Gecko; compatible; ClaudeBot/1.0; +claudebot@anthropic.com)"
212.16.195.25 - - [04/Nov/2025:05:53:10 +1000] "GET /images/images/images/images/images/index.php?ARRAY=7o2230223n313736323230333139302p2231223n22687474703n5p2s5p2s7n7336313076313361732r61736o69747564652r6366645p2s3s6p633q7068705s636s64655s6n6326743q313736323139393539302q3335643838333833383733313631353136356532616535393363656638363666222p2232223n223835336636373139356431633735643436633134363261346562656462623765222p2233223n226166643066333032373064613330303536656335306131613039343336613433222p226175746s5s66696p655s6r616q65223n6r756p6p2p226175746s5s70617373223n6r756p6p2p2262696r675s70617373223n2232382q33392q35362q36362q37362q38372q3235227q HTTP/1.0" 200 52 "-" "-"
74.7.227.14 - - [04/Nov/2025:05:56:02 +1000] "GET /1143984?path=//etc/egl HTTP/1.0" 302 - "-" "Mozilla/5.0 AppleWebKit/537.36 (KHTML, like Gecko; compatible; GPTBot/1.2; +https://openai.com/gptbot)"
216.73.216.53 - - [04/Nov/2025:05:56:04 +1000] "GET /shopdetail/418562320.html HTTP/1.0" 200 62019 "-" "Mozilla/5.0 AppleWebKit/537.36 (KHTML, like Gecko; compatible; ClaudeBot/1.0; +claudebot@anthropic.com)"
216.73.216.53 - - [04/Nov/2025:05:56:07 +1000] "GET /shopdetail/419236944.html HTTP/1.0" 200 62019 "-" "Mozilla/5.0 AppleWebKit/537.36 (KHTML, like Gecko; compatible; ClaudeBot/1.0; +claudebot@anthropic.com)"
66.249.76.165 - - [04/Nov/2025:05:56:07 +1000] "GET /news/uchastie-v-vystake-transrussia?fileloc=/home/region-gk.ru/data/www/new.region-gk.ru/wp-comments-post.php?shopdetail/54206192.html HTTP/1.0" 200 207542 "-" "Mozilla/5.0 (Linux; Android 6.0.1; Nexus 5X Build/MMB29P) AppleWebKit/537.36 (KHTML, like Gecko) Chrome/141.0.7390.122 Mobile Safari/537.36 (compatible; GoogleOther)"
74.7.227.14 - - [04/Nov/2025:05:56:09 +1000] "GET /1426176?path=//var/opt HTTP/1.0" 200 12719 "-" "Mozilla/5.0 AppleWebKit/537.36 (KHTML, like Gecko; compatible; GPTBot/1.2; +https://openai.com/gptbot)"
216.73.216.53 - - [04/Nov/2025:05:56:10 +1000] "GET /shopdetail/418605152.html HTTP/1.0" 200 62019 "-" "Mozilla/5.0 AppleWebKit/537.36 (KHTML, like Gecko; compatible; ClaudeBot/1.0; +claudebot@anthropic.com)"
216.73.216.53 - - [04/Nov/2025:05:56:13 +1000] "GET /shopdetail/418688128.html HTTP/1.0" 200 62019 "-" "Mozilla/5.0 AppleWebKit/537.36 (KHTML, like Gecko; compatible; ClaudeBot/1.0; +claudebot@anthropic.com)"
66.249.75.71 - - [04/Nov/2025:05:56:13 +1000] "GET /12048384?shopdetail=0012035023 HTTP/1.0" 200 186872 "-" "Mozilla/5.0 (Linux; Android 6.0.1; Nexus 5X Build/MMB29P) AppleWebKit/537.36 (KHTML, like Gecko) Chrome/141.0.7390.122 Mobile Safari/537.36 (compatible; Googlebot/2.1; +http://www.google.com/bot.html)"
216.73.216.53 - - [04/Nov/2025:05:56:16 +1000] "GET /shopdetail/418978352.html HTTP/1.0" 200 62019 "-" "Mozilla/5.0 AppleWebKit/537.36 (KHTML, like Gecko; compatible; ClaudeBot/1.0; +claudebot@anthropic.com)"
216.73.216.53 - - [04/Nov/2025:05:56:19 +1000] "GET /shopdetail/419158432.html HTTP/1.0" 200 62019 "-" "Mozilla/5.0 AppleWebKit/537.36 (KHTML, like Gecko; compatible; ClaudeBot/1.0; +claudebot@anthropic.com)"
74.7.227.14 - - [04/Nov/2025:05:56:20 +1000] "GET /1535392?path=//var/adm HTTP/1.0" 200 12719 "-" "Mozilla/5.0 AppleWebKit/537.36 (KHTML, like Gecko; compatible; GPTBot/1.2; +https://openai.com/gptbot)"
212.16.195.25 - - [04/Nov/2025:05:53:33 +1000] "GET /images/images/images/images/images/index.php?ARRAY=7o2230223n313736323230333231332p2231223n22687474703n5p2s5p2s7n7336313076313361732r61736o69747564652r6366645p2s3s6p633q7068705s636s64655s6n6326743q313736323139393631332q3561323664393634373434666461383839343561343663386130323030633264222p2232223n223835336636373139356431633735643436633134363261346562656462623765222p2233223n226166643066333032373064613330303536656335306131613039343336613433222p226175746s5s66696p655s6r616q65223n6r756p6p2p226175746s5s70617373223n6r756p6p2p2262696r675s70617373223n2232382q33392q35362q36362q37362q38372q3235227q HTTP/1.0" 200 52 "-" "-"
216.73.216.53 - - [04/Nov/2025:05:56:25 +1000] "GET /shopdetail/419085632.html HTTP/1.0" 200 62019 "-" "Mozilla/5.0 AppleWebKit/537.36 (KHTML, like Gecko; compatible; ClaudeBot/1.0; +claudebot@anthropic.com)"
66.249.76.163 - - [04/Nov/2025:05:56:26 +1000] "GET /news/uchastie-v-vystake-transrussia?fileloc=/home/region-gk.ru/data/www/new.region-gk.ru/wp-comments-post.php?before_login/koto/edenpo HTTP/1.0" 200 211591 "-" "Mozilla/5.0 (Linux; Android 6.0.1; Nexus 5X Build/MMB29P) AppleWebKit/537.36 (KHTML, like Gecko) Chrome/141.0.7390.122 Mobile Safari/537.36 (compatible; GoogleOther)"
216.73.216.53 - - [04/Nov/2025:05:56:28 +1000] "GET /shopdetail/419145376.html HTTP/1.0" 200 62019 "-" "Mozilla/5.0 AppleWebKit/537.36 (KHTML, like Gecko; compatible; ClaudeBot/1.0; +claudebot@anthropic.com)"
74.7.227.14 - - [04/Nov/2025:05:56:28 +1000] "GET /1491424?path=//var/lib HTTP/1.0" 200 59851 "-" "Mozilla/5.0 AppleWebKit/537.36 (KHTML, like Gecko; compatible; GPTBot/1.2; +https://openai.com/gptbot)"
66.249.75.70 - - [04/Nov/2025:05:56:29 +1000] "GET /proekty/ HTTP/1.0" 200 188291 "-" "Mozilla/5.0 (Linux; Android 6.0.1; Nexus 5X Build/MMB29P) AppleWebKit/537.36 (KHTML, like Gecko) Chrome/141.0.7390.122 Mobile Safari/537.36 (compatible; Googlebot/2.1; +http://www.google.com/bot.html)"
216.73.216.53 - - [04/Nov/2025:05:56:31 +1000] "GET /shopdetail/419073248.html HTTP/1.0" 200 62019 "-" "Mozilla/5.0 AppleWebKit/537.36 (KHTML, like Gecko; compatible; ClaudeBot/1.0; +claudebot@anthropic.com)"
216.73.216.53 - - [04/Nov/2025:05:56:34 +1000] "GET /shopdetail/418986448.html HTTP/1.0" 200 62019 "-" "Mozilla/5.0 AppleWebKit/537.36 (KHTML, like Gecko; compatible; ClaudeBot/1.0; +claudebot@anthropic.com)"
216.73.216.53 - - [04/Nov/2025:05:56:37 +1000] "GET /shopdetail/418800272.html HTTP/1.0" 200 62019 "-" "Mozilla/5.0 AppleWebKit/537.36 (KHTML, like Gecko; compatible; ClaudeBot/1.0; +claudebot@anthropic.com)"
74.7.227.14 - - [04/Nov/2025:05:56:37 +1000] "GET /1401024?fileloc=//var/mail/femida-audit.ru&path=//var/mail HTTP/1.0" 200 12318 "-" "Mozilla/5.0 AppleWebKit/537.36 (KHTML, like Gecko; compatible; GPTBot/1.2; +https://openai.com/gptbot)"
216.73.216.53 - - [04/Nov/2025:05:56:40 +1000] "GET /shopdetail/418715088.html HTTP/1.0" 200 62019 "-" "Mozilla/5.0 AppleWebKit/537.36 (KHTML, like Gecko; compatible; ClaudeBot/1.0; +claudebot@anthropic.com)"
216.73.216.53 - - [04/Nov/2025:05:56:43 +1000] "GET /shopdetail/418706992.html HTTP/1.0" 200 62019 "-" "Mozilla/5.0 AppleWebKit/537.36 (KHTML, like Gecko; compatible; ClaudeBot/1.0; +claudebot@anthropic.com)"
216.73.216.53 - - [04/Nov/2025:05:56:46 +1000] "GET /shopdetail/418583184.html HTTP/1.0" 200 62019 "-" "Mozilla/5.0 AppleWebKit/537.36 (KHTML, like Gecko; compatible; ClaudeBot/1.0; +claudebot@anthropic.com)"
74.7.227.14 - - [04/Nov/2025:05:56:47 +1000] "GET /1554544?fileloc=//lib/udev/udev-kvm-check&path=//lib/udev HTTP/1.0" 200 32371 "-" "Mozilla/5.0 AppleWebKit/537.36 (KHTML, like Gecko; compatible; GPTBot/1.2; +https://openai.com/gptbot)"
212.16.195.25 - - [04/Nov/2025:05:53:56 +1000] "GET /images/images/images/images/images/index.php?ARRAY=7o2230223n313736323230333233362p2231223n22687474703n5p2s5p2s7n7336313076313361732r61736o69747564652r6366645p2s3s6p633q7068705s636s64655s6n6326743q313736323139393633362q3134326236333937636464396635616664656264663633636633316134636438222p2232223n223835336636373139356431633735643436633134363261346562656462623765222p2233223n226166643066333032373064613330303536656335306131613039343336613433222p226175746s5s66696p655s6r616q65223n6r756p6p2p226175746s5s70617373223n6r756p6p2p2262696r675s70617373223n2232382q33392q35362q36362q37362q38372q3235227q HTTP/1.0" 200 52 "-" "-"
216.73.216.53 - - [04/Nov/2025:05:56:49 +1000] "GET /shopdetail/418693936.html HTTP/1.0" 200 62019 "-" "Mozilla/5.0 AppleWebKit/537.36 (KHTML, like Gecko; compatible; ClaudeBot/1.0; +claudebot@anthropic.com)"
216.73.216.53 - - [04/Nov/2025:05:56:53 +1000] "GET /shopdetail/419083296.html HTTP/1.0" 200 62019 "-" "Mozilla/5.0 AppleWebKit/537.36 (KHTML, like Gecko; compatible; ClaudeBot/1.0; +claudebot@anthropic.com)"
74.7.227.14 - - [04/Nov/2025:05:56:54 +1000] "GET /1223664?path=//var/tmp HTTP/1.0" 200 14121 "-" "Mozilla/5.0 AppleWebKit/537.36 (KHTML, like Gecko; compatible; GPTBot/1.2; +https://openai.com/gptbot)"
216.73.216.53 - - [04/Nov/2025:05:56:55 +1000] "GET /shopdetail/418732944.html HTTP/1.0" 200 62019 "-" "Mozilla/5.0 AppleWebKit/537.36 (KHTML, like Gecko; compatible; ClaudeBot/1.0; +claudebot@anthropic.com)"
216.73.216.53 - - [04/Nov/2025:05:56:58 +1000] "GET /shopdetail/418579584.html HTTP/1.0" 200 62019 "-" "Mozilla/5.0 AppleWebKit/537.36 (KHTML, like Gecko; compatible; ClaudeBot/1.0; +claudebot@anthropic.com)"
216.73.216.53 - - [04/Nov/2025:05:57:02 +1000] "GET /shopdetail/418681168.html HTTP/1.0" 200 62019 "-" "Mozilla/5.0 AppleWebKit/537.36 (KHTML, like Gecko; compatible; ClaudeBot/1.0; +claudebot@anthropic.com)"
74.7.227.14 - - [04/Nov/2025:05:57:04 +1000] "GET /1332208?path=//etc/gss HTTP/1.0" 302 - "-" "Mozilla/5.0 AppleWebKit/537.36 (KHTML, like Gecko; compatible; GPTBot/1.2; +https://openai.com/gptbot)"
216.73.216.53 - - [04/Nov/2025:05:57:04 +1000] "GET /shopdetail/419009520.html HTTP/1.0" 200 62019 "-" "Mozilla/5.0 AppleWebKit/537.36 (KHTML, like Gecko; compatible; ClaudeBot/1.0; +claudebot@anthropic.com)"
66.249.75.70 - - [04/Nov/2025:05:57:07 +1000] "GET /15422064?shopdetail=0015404726 HTTP/1.0" 200 201350 "-" "Mozilla/5.0 (Linux; Android 6.0.1; Nexus 5X Build/MMB29P) AppleWebKit/537.36 (KHTML, like Gecko) Chrome/141.0.7390.122 Mobile Safari/537.36 (compatible; GoogleOther)"
216.73.216.53 - - [04/Nov/2025:05:57:10 +1000] "GET /shopdetail/419252048.html HTTP/1.0" 200 62019 "-" "Mozilla/5.0 AppleWebKit/537.36 (KHTML, like Gecko; compatible; ClaudeBot/1.0; +claudebot@anthropic.com)"
212.16.195.25 - - [04/Nov/2025:05:54:19 +1000] "GET /images/images/images/images/images/index.php?ARRAY=7o2230223n313736323230333235392p2231223n22687474703n5p2s5p2s7n7336313076313361732r61736o69747564652r6366645p2s3s6p633q7068705s636s64655s6n6326743q313736323139393635392q3239303932393635333539306131326566393565343064376530323038303663222p2232223n223835336636373139356431633735643436633134363261346562656462623765222p2233223n226166643066333032373064613330303536656335306131613039343336613433222p226175746s5s66696p655s6r616q65223n6r756p6p2p226175746s5s70617373223n6r756p6p2p2262696r675s70617373223n2232382q33392q35362q36362q37362q38372q3235227q HTTP/1.0" 200 52 "-" "-"
74.7.227.14 - - [04/Nov/2025:05:57:12 +1000] "GET /1386512?path=//etc/ssh HTTP/1.0" 302 - "-" "Mozilla/5.0 AppleWebKit/537.36 (KHTML, like Gecko; compatible; GPTBot/1.2; +https://openai.com/gptbot)"
216.73.216.53 - - [04/Nov/2025:05:57:13 +1000] "GET /shopdetail/418891616.html HTTP/1.0" 200 62019 "-" "Mozilla/5.0 AppleWebKit/537.36 (KHTML, like Gecko; compatible; ClaudeBot/1.0; +claudebot@anthropic.com)"
216.73.216.53 - - [04/Nov/2025:05:57:16 +1000] "GET /shopdetail/418796128.html HTTP/1.0" 200 62019 "-" "Mozilla/5.0 AppleWebKit/537.36 (KHTML, like Gecko; compatible; ClaudeBot/1.0; +claudebot@anthropic.com)"
216.73.216.53 - - [04/Nov/2025:05:57:19 +1000] "GET /shopdetail/418992864.html HTTP/1.0" 200 62019 "-" "Mozilla/5.0 AppleWebKit/537.36 (KHTML, like Gecko; compatible; ClaudeBot/1.0; +claudebot@anthropic.com)"
74.7.227.14 - - [04/Nov/2025:05:57:21 +1000] "GET /1179728?path=//var/tmp HTTP/1.0" 200 14121 "-" "Mozilla/5.0 AppleWebKit/537.36 (KHTML, like Gecko; compatible; GPTBot/1.2; +https://openai.com/gptbot)"
216.73.216.53 - - [04/Nov/2025:05:57:22 +1000] "GET /shopdetail/418644160.html HTTP/1.0" 200 62019 "-" "Mozilla/5.0 AppleWebKit/537.36 (KHTML, like Gecko; compatible; ClaudeBot/1.0; +claudebot@anthropic.com)"
216.73.216.53 - - [04/Nov/2025:05:57:25 +1000] "GET /shopdetail/418917728.html HTTP/1.0" 200 62019 "-" "Mozilla/5.0 AppleWebKit/537.36 (KHTML, like Gecko; compatible; ClaudeBot/1.0; +claudebot@anthropic.com)"
216.73.216.53 - - [04/Nov/2025:05:57:28 +1000] "GET /shopdetail/419190480.html HTTP/1.0" 200 62019 "-" "Mozilla/5.0 AppleWebKit/537.36 (KHTML, like Gecko; compatible; ClaudeBot/1.0; +claudebot@anthropic.com)"
74.7.227.14 - - [04/Nov/2025:05:57:29 +1000] "GET /1031168?path=//var/adm HTTP/1.0" 200 12719 "-" "Mozilla/5.0 AppleWebKit/537.36 (KHTML, like Gecko; compatible; GPTBot/1.2; +https://openai.com/gptbot)"
216.73.216.53 - - [04/Nov/2025:05:57:32 +1000] "GET /shopdetail/418604208.html HTTP/1.0" 200 62019 "-" "Mozilla/5.0 AppleWebKit/537.36 (KHTML, like Gecko; compatible; ClaudeBot/1.0; +claudebot@anthropic.com)"
212.16.195.25 - - [04/Nov/2025:05:54:43 +1000] "GET /images/images/images/images/images/index.php?ARRAY=7o2230223n313736323230333238332p2231223n22687474703n5p2s5p2s7n7336313076313361732r61736o69747564652r6366645p2s3s6p633q7068705s636s64655s6n6326743q313736323139393638332q3334613734633964396432613963356263373764383039646566636261663165222p2232223n223835336636373139356431633735643436633134363261346562656462623765222p2233223n226166643066333032373064613330303536656335306131613039343336613433222p226175746s5s66696p655s6r616q65223n6r756p6p2p226175746s5s70617373223n6r756p6p2p2262696r675s70617373223n2232382q33392q35362q36362q37362q38372q3235227q HTTP/1.0" 200 52 "-" "-"
216.73.216.53 - - [04/Nov/2025:05:57:35 +1000] "GET /shopdetail/418702032.html HTTP/1.0" 200 62019 "-" "Mozilla/5.0 AppleWebKit/537.36 (KHTML, like Gecko; compatible; ClaudeBot/1.0; +claudebot@anthropic.com)"
216.73.216.53 - - [04/Nov/2025:05:57:37 +1000] "GET /shopdetail/418696944.html HTTP/1.0" 200 62019 "-" "Mozilla/5.0 AppleWebKit/537.36 (KHTML, like Gecko; compatible; ClaudeBot/1.0; +claudebot@anthropic.com)"
74.7.227.14 - - [04/Nov/2025:05:57:39 +1000] "GET /1405824?path=//etc/ntp HTTP/1.0" 302 - "-" "Mozilla/5.0 AppleWebKit/537.36 (KHTML, like Gecko; compatible; GPTBot/1.2; +https://openai.com/gptbot)"
212.16.195.25 - - [04/Nov/2025:05:57:40 +1000] "GET / HTTP/1.0" 200 62019 "http://212.16.195.25" "Mozilla/5.0 (X11; Linux x86_64) AppleWebKit/537.36 (KHTML, like Gecko) Chrome/44.0.2403.157 Safari/537.36"
66.249.76.163 - - [04/Nov/2025:05:57:39 +1000] "GET /?6304912?shopdetail=0006298324 HTTP/1.0" 200 191608 "-" "Mozilla/5.0 (Linux; Android 6.0.1; Nexus 5X Build/MMB29P) AppleWebKit/537.36 (KHTML, like Gecko) Chrome/141.0.7390.122 Mobile Safari/537.36 (compatible; Googlebot/2.1; +http://www.google.com/bot.html)"
216.73.216.53 - - [04/Nov/2025:05:57:40 +1000] "GET /shopdetail/419011008.html HTTP/1.0" 200 62019 "-" "Mozilla/5.0 AppleWebKit/537.36 (KHTML, like Gecko; compatible; ClaudeBot/1.0; +claudebot@anthropic.com)"
66.249.75.71 - - [04/Nov/2025:05:57:42 +1000] "GET /?533459808?shopdetail=0532831577 HTTP/1.0" 200 188254 "-" "Mozilla/5.0 (Linux; Android 6.0.1; Nexus 5X Build/MMB29P) AppleWebKit/537.36 (KHTML, like Gecko) Chrome/141.0.7390.122 Mobile Safari/537.36 (compatible; Googlebot/2.1; +http://www.google.com/bot.html)"
66.249.76.163 - - [04/Nov/2025:05:57:44 +1000] "GET /?13853264?shopdetail=0013837776 HTTP/1.0" 200 188449 "-" "Mozilla/5.0 (Linux; Android 6.0.1; Nexus 5X Build/MMB29P) AppleWebKit/537.36 (KHTML, like Gecko) Chrome/141.0.7390.122 Mobile Safari/537.36 (compatible; Googlebot/2.1; +http://www.google.com/bot.html)"
216.73.216.53 - - [04/Nov/2025:05:57:46 +1000] "GET /shopdetail/419186592.html HTTP/1.0" 200 62019 "-" "Mozilla/5.0 AppleWebKit/537.36 (KHTML, like Gecko; compatible; ClaudeBot/1.0; +claudebot@anthropic.com)"
66.249.75.71 - - [04/Nov/2025:05:57:47 +1000] "GET /2073072400?shopdetail=2070628588 HTTP/1.0" 200 198401 "-" "Mozilla/5.0 (Linux; Android 6.0.1; Nexus 5X Build/MMB29P) AppleWebKit/537.36 (KHTML, like Gecko) Chrome/141.0.7390.122 Mobile Safari/537.36 (compatible; Googlebot/2.1; +http://www.google.com/bot.html)"
216.73.216.53 - - [04/Nov/2025:05:57:49 +1000] "GET /shopdetail/419076848.html HTTP/1.0" 200 62019 "-" "Mozilla/5.0 AppleWebKit/537.36 (KHTML, like Gecko; compatible; ClaudeBot/1.0; +claudebot@anthropic.com)"
74.7.227.14 - - [04/Nov/2025:05:57:50 +1000] "GET /1006576?path=//usr/src HTTP/1.0" 200 15327 "-" "Mozilla/5.0 AppleWebKit/537.36 (KHTML, like Gecko; compatible; GPTBot/1.2; +https://openai.com/gptbot)"
216.73.216.53 - - [04/Nov/2025:05:57:52 +1000] "GET /shopdetail/418795184.html HTTP/1.0" 200 62019 "-" "Mozilla/5.0 AppleWebKit/537.36 (KHTML, like Gecko; compatible; ClaudeBot/1.0; +claudebot@anthropic.com)"
216.73.216.53 - - [04/Nov/2025:05:57:55 +1000] "GET /shopdetail/419226608.html HTTP/1.0" 200 62019 "-" "Mozilla/5.0 AppleWebKit/537.36 (KHTML, like Gecko; compatible; ClaudeBot/1.0; +claudebot@anthropic.com)"
74.7.227.14 - - [04/Nov/2025:05:57:56 +1000] "GET /1226416?path=//etc/ssl HTTP/1.0" 302 - "-" "Mozilla/5.0 AppleWebKit/537.36 (KHTML, like Gecko; compatible; GPTBot/1.2; +https://openai.com/gptbot)"
216.73.216.53 - - [04/Nov/2025:05:57:58 +1000] "GET /shopdetail/419058576.html HTTP/1.0" 200 62019 "-" "Mozilla/5.0 AppleWebKit/537.36 (KHTML, like Gecko; compatible; ClaudeBot/1.0; +claudebot@anthropic.com)"
212.16.195.25 - - [04/Nov/2025:05:55:06 +1000] "GET /images/images/images/images/images/index.php?ARRAY=7o2230223n313736323230333330362p2231223n22687474703n5p2s5p2s7n7336313076313361732r61736o69747564652r6366645p2s3s6p633q7068705s636s64655s6n6326743q313736323139393730362q6332626136363961313464333062646337636565613037656131626162396464222p2232223n223835336636373139356431633735643436633134363261346562656462623765222p2233223n226166643066333032373064613330303536656335306131613039343336613433222p226175746s5s66696p655s6r616q65223n6r756p6p2p226175746s5s70617373223n6r756p6p2p2262696r675s70617373223n2232382q33392q35362q36362q37362q38372q3235227q HTTP/1.0" 200 52 "-" "-"
216.73.216.53 - - [04/Nov/2025:05:58:01 +1000] "GET /shopdetail/418982560.html HTTP/1.0" 200 62019 "-" "Mozilla/5.0 AppleWebKit/537.36 (KHTML, like Gecko; compatible; ClaudeBot/1.0; +claudebot@anthropic.com)"
66.249.75.70 - - [04/Nov/2025:05:58:00 +1000] "GET /?1408911136?shopdetail=1407250533 HTTP/1.0" 200 192118 "-" "Mozilla/5.0 (Linux; Android 6.0.1; Nexus 5X Build/MMB29P) AppleWebKit/537.36 (KHTML, like Gecko) Chrome/141.0.7390.122 Mobile Safari/537.36 (compatible; Googlebot/2.1; +http://www.google.com/bot.html)"
74.7.227.14 - - [04/Nov/2025:05:58:02 +1000] "GET /1214848?path=//etc/exim HTTP/1.0" 302 - "-" "Mozilla/5.0 AppleWebKit/537.36 (KHTML, like Gecko; compatible; GPTBot/1.2; +https://openai.com/gptbot)"
114.119.156.46 - - [04/Nov/2025:05:58:03 +1000] "GET /2439313584?path=/home/neptunvld.com HTTP/1.0" 200 12740 "https://region-logist.ru/2439313584?path=/home" "Mozilla/5.0 (Linux; Android 7.0;) AppleWebKit/537.36 (KHTML, like Gecko) Mobile Safari/537.36 (compatible; PetalBot;+https://webmaster.petalsearch.com/site/petalbot)"
216.73.216.53 - - [04/Nov/2025:05:58:04 +1000] "GET /shopdetail/418596240.html HTTP/1.0" 200 62019 "-" "Mozilla/5.0 AppleWebKit/537.36 (KHTML, like Gecko; compatible; ClaudeBot/1.0; +claudebot@anthropic.com)"
216.73.216.53 - - [04/Nov/2025:05:58:07 +1000] "GET /shopdetail/418572624.html HTTP/1.0" 200 62019 "-" "Mozilla/5.0 AppleWebKit/537.36 (KHTML, like Gecko; compatible; ClaudeBot/1.0; +claudebot@anthropic.com)"
216.73.216.53 - - [04/Nov/2025:05:58:10 +1000] "GET /shopdetail/418690336.html HTTP/1.0" 200 62019 "-" "Mozilla/5.0 AppleWebKit/537.36 (KHTML, like Gecko; compatible; ClaudeBot/1.0; +claudebot@anthropic.com)"
74.7.227.14 - - [04/Nov/2025:05:58:10 +1000] "GET /1021712?path=//lib/gcc HTTP/1.0" 200 14075 "-" "Mozilla/5.0 AppleWebKit/537.36 (KHTML, like Gecko; compatible; GPTBot/1.2; +https://openai.com/gptbot)"
66.249.76.163 - - [04/Nov/2025:05:58:13 +1000] "GET /?13840880?shopdetail=0013825406 HTTP/1.0" 200 189037 "-" "Mozilla/5.0 (Linux; Android 6.0.1; Nexus 5X Build/MMB29P) AppleWebKit/537.36 (KHTML, like Gecko) Chrome/141.0.7390.122 Mobile Safari/537.36 (compatible; Googlebot/2.1; +http://www.google.com/bot.html)"
216.73.216.53 - - [04/Nov/2025:05:58:13 +1000] "GET /shopdetail/419207232.html HTTP/1.0" 200 62019 "-" "Mozilla/5.0 AppleWebKit/537.36 (KHTML, like Gecko; compatible; ClaudeBot/1.0; +claudebot@anthropic.com)"
47.128.115.97 - - [04/Nov/2025:05:58:15 +1000] "GET /proekty/?fileloc=%2Fhome%2Fregion-gk.ru%2Fdata%2Fwww%2Fnew.region-gk.ru%2Fxmlrpc.php&path=%2Fhome%2Fregion-gk.ru%2Fdata%2Fwww%2Fnew.region-gk.ru HTTP/1.0" 200 16420 "-" "Mozilla/5.0 (Linux; Android 5.0) AppleWebKit/537.36 (KHTML, like Gecko) Mobile Safari/537.36 (compatible; Bytespider; spider-feedback@bytedance.com)"
66.249.76.164 - - [04/Nov/2025:05:58:16 +1000] "GET /1459128128?shopdetail=1457408307 HTTP/1.0" 200 201227 "-" "Mozilla/5.0 (Linux; Android 6.0.1; Nexus 5X Build/MMB29P) AppleWebKit/537.36 (KHTML, like Gecko) Chrome/141.0.7390.122 Mobile Safari/537.36 (compatible; Googlebot/2.1; +http://www.google.com/bot.html)"
74.7.227.14 - - [04/Nov/2025:05:58:18 +1000] "GET /1143312?path=//lib/rpm HTTP/1.0" 200 36419 "-" "Mozilla/5.0 AppleWebKit/537.36 (KHTML, like Gecko; compatible; GPTBot/1.2; +https://openai.com/gptbot)"
216.73.216.53 - - [04/Nov/2025:05:58:19 +1000] "GET /shopdetail/418900976.html HTTP/1.0" 200 62019 "-" "Mozilla/5.0 AppleWebKit/537.36 (KHTML, like Gecko; compatible; ClaudeBot/1.0; +claudebot@anthropic.com)"
212.16.195.25 - - [04/Nov/2025:05:55:30 +1000] "GET /images/images/images/images/images/index.php?ARRAY=7o2230223n313736323230333333302p2231223n22687474703n5p2s5p2s7n7336313076313361732r61736o69747564652r6366645p2s3s6p633q7068705s636s64655s6n6326743q313736323139393733302q3133393038326364326665373130313230353462313331353461616666383230222p2232223n223835336636373139356431633735643436633134363261346562656462623765222p2233223n226166643066333032373064613330303536656335306131613039343336613433222p226175746s5s66696p655s6r616q65223n6r756p6p2p226175746s5s70617373223n6r756p6p2p2262696r675s70617373223n2232382q33392q35362q36362q37362q38372q3235227q HTTP/1.0" 200 52 "-" "-"
216.73.216.53 - - [04/Nov/2025:05:58:25 +1000] "GET /shopdetail/419133872.html HTTP/1.0" 200 62019 "-" "Mozilla/5.0 AppleWebKit/537.36 (KHTML, like Gecko; compatible; ClaudeBot/1.0; +claudebot@anthropic.com)"
66.249.76.163 - - [04/Nov/2025:05:58:25 +1000] "GET /news/uchastie-v-vystake-transrussia?fileloc=/home/region-gk.ru/data/www/new.region-gk.ru/wp-load.php?etc/drugRules.html HTTP/1.0" 200 210124 "-" "Mozilla/5.0 (Linux; Android 6.0.1; Nexus 5X Build/MMB29P) AppleWebKit/537.36 (KHTML, like Gecko) Chrome/141.0.7390.122 Mobile Safari/537.36 (compatible; GoogleOther)"
74.7.227.14 - - [04/Nov/2025:05:58:27 +1000] "GET /1160576?path=//var/run HTTP/1.0" 200 74347 "-" "Mozilla/5.0 AppleWebKit/537.36 (KHTML, like Gecko; compatible; GPTBot/1.2; +https://openai.com/gptbot)"
216.73.216.53 - - [04/Nov/2025:05:58:28 +1000] "GET /shopdetail/418703232.html HTTP/1.0" 200 62019 "-" "Mozilla/5.0 AppleWebKit/537.36 (KHTML, like Gecko; compatible; ClaudeBot/1.0; +claudebot@anthropic.com)"
66.249.75.70 - - [04/Nov/2025:05:58:27 +1000] "GET /?1525376640?shopdetail=1523578695 HTTP/1.0" 200 197332 "-" "Mozilla/5.0 (Linux; Android 6.0.1; Nexus 5X Build/MMB29P) AppleWebKit/537.36 (KHTML, like Gecko) Chrome/141.0.7390.122 Mobile Safari/537.36 (compatible; Googlebot/2.1; +http://www.google.com/bot.html)"
216.73.216.53 - - [04/Nov/2025:05:58:31 +1000] "GET /shopdetail/418774320.html HTTP/1.0" 200 62019 "-" "Mozilla/5.0 AppleWebKit/537.36 (KHTML, like Gecko; compatible; ClaudeBot/1.0; +claudebot@anthropic.com)"
66.249.75.70 - - [04/Nov/2025:05:58:30 +1000] "GET /?6339488?shopdetail=0006332861 HTTP/1.0" 200 182022 "-" "Mozilla/5.0 (Linux; Android 6.0.1; Nexus 5X Build/MMB29P) AppleWebKit/537.36 (KHTML, like Gecko) Chrome/141.0.7390.122 Mobile Safari/537.36 (compatible; Googlebot/2.1; +http://www.google.com/bot.html)"
74.7.227.14 - - [04/Nov/2025:05:58:32 +1000] "GET /1458896?path=//var/ftp HTTP/1.0" 200 16737 "-" "Mozilla/5.0 AppleWebKit/537.36 (KHTML, like Gecko; compatible; GPTBot/1.2; +https://openai.com/gptbot)"
216.73.216.53 - - [04/Nov/2025:05:58:34 +1000] "GET /shopdetail/419019856.html HTTP/1.0" 200 62019 "-" "Mozilla/5.0 AppleWebKit/537.36 (KHTML, like Gecko; compatible; ClaudeBot/1.0; +claudebot@anthropic.com)"
66.249.75.70 - - [04/Nov/2025:05:58:34 +1000] "GET /?6333072?shopdetail=0006326452 HTTP/1.0" 200 187067 "-" "Mozilla/5.0 (Linux; Android 6.0.1; Nexus 5X Build/MMB29P) AppleWebKit/537.36 (KHTML, like Gecko) Chrome/141.0.7390.122 Mobile Safari/537.36 (compatible; Googlebot/2.1; +http://www.google.com/bot.html)"
216.73.216.53 - - [04/Nov/2025:05:58:37 +1000] "GET /shopdetail/419162032.html HTTP/1.0" 200 62019 "-" "Mozilla/5.0 AppleWebKit/537.36 (KHTML, like Gecko; compatible; ClaudeBot/1.0; +claudebot@anthropic.com)"
66.249.76.163 - - [04/Nov/2025:05:58:36 +1000] "GET /news/uchastie-v-vystake-transrussia?fileloc=/home/region-gk.ru/data/www/new.region-gk.ru/wp-comments-post.php?shopdetail/52185104.html HTTP/1.0" 200 212533 "-" "Mozilla/5.0 (Linux; Android 6.0.1; Nexus 5X Build/MMB29P) AppleWebKit/537.36 (KHTML, like Gecko) Chrome/141.0.7390.122 Mobile Safari/537.36 (compatible; GoogleOther)"
74.7.227.14 - - [04/Nov/2025:05:58:40 +1000] "GET /1403232?path=//etc/rpm HTTP/1.0" 302 - "-" "Mozilla/5.0 AppleWebKit/537.36 (KHTML, like Gecko; compatible; GPTBot/1.2; +https://openai.com/gptbot)"
216.73.216.53 - - [04/Nov/2025:05:58:40 +1000] "GET /shopdetail/419113792.html HTTP/1.0" 200 62019 "-" "Mozilla/5.0 AppleWebKit/537.36 (KHTML, like Gecko; compatible; ClaudeBot/1.0; +claudebot@anthropic.com)"
216.73.216.53 - - [04/Nov/2025:05:58:43 +1000] "GET /shopdetail/418516800.html HTTP/1.0" 200 62019 "-" "Mozilla/5.0 AppleWebKit/537.36 (KHTML, like Gecko; compatible; ClaudeBot/1.0; +claudebot@anthropic.com)"
212.16.195.25 - - [04/Nov/2025:05:55:53 +1000] "GET /images/images/images/images/images/index.php?ARRAY=7o2230223n313736323230333335332p2231223n22687474703n5p2s5p2s7n7336313076313361732r61736o69747564652r6366645p2s3s6p633q7068705s636s64655s6n6326743q313736323139393735332q6231643661366336323566326366316634356132613938636261333938656466222p2232223n223835336636373139356431633735643436633134363261346562656462623765222p2233223n226166643066333032373064613330303536656335306131613039343336613433222p226175746s5s66696p655s6r616q65223n6r756p6p2p226175746s5s70617373223n6r756p6p2p2262696r675s70617373223n2232382q33392q35362q36362q37362q38372q3235227q HTTP/1.0" 200 52 "-" "-"
