114.119.145.237 - - [01/Nov/2025:08:46:02 +1000] "GET /2438965536?shopdetail=2436090245 HTTP/1.0" 200 58984 "https://region-logist.ru/sitemap.xml" "Mozilla/5.0 (Linux; Android 7.0;) AppleWebKit/537.36 (KHTML, like Gecko) Mobile Safari/537.36 (compatible; PetalBot;+https://webmaster.petalsearch.com/site/petalbot)"
74.7.227.14 - - [01/Nov/2025:08:46:03 +1000] "GET /1510160?path=//var HTTP/1.0" 200 44915 "-" "Mozilla/5.0 AppleWebKit/537.36 (KHTML, like Gecko; compatible; GPTBot/1.2; +https://openai.com/gptbot)"
74.7.227.14 - - [01/Nov/2025:08:46:18 +1000] "GET /1552992?path=//bin HTTP/1.0" 200 1403267 "-" "Mozilla/5.0 AppleWebKit/537.36 (KHTML, like Gecko; compatible; GPTBot/1.2; +https://openai.com/gptbot)"
74.7.227.14 - - [01/Nov/2025:08:46:28 +1000] "GET /1036384?path=//opt HTTP/1.0" 200 30713 "-" "Mozilla/5.0 AppleWebKit/537.36 (KHTML, like Gecko; compatible; GPTBot/1.2; +https://openai.com/gptbot)"
74.7.227.14 - - [01/Nov/2025:08:46:36 +1000] "GET /1455008?fileloc=//etc/tcsd.conf&path=//etc HTTP/1.0" 302 - "-" "Mozilla/5.0 AppleWebKit/537.36 (KHTML, like Gecko; compatible; GPTBot/1.2; +https://openai.com/gptbot)"
74.7.227.14 - - [01/Nov/2025:08:46:45 +1000] "GET /1455008?path=//etc/gss HTTP/1.0" 302 - "-" "Mozilla/5.0 AppleWebKit/537.36 (KHTML, like Gecko; compatible; GPTBot/1.2; +https://openai.com/gptbot)"
74.7.227.14 - - [01/Nov/2025:08:46:54 +1000] "GET /1455008?fileloc=//etc/DIR_COLORS.lightbgcolor&path=//etc HTTP/1.0" 302 - "-" "Mozilla/5.0 AppleWebKit/537.36 (KHTML, like Gecko; compatible; GPTBot/1.2; +https://openai.com/gptbot)"
74.7.227.14 - - [01/Nov/2025:08:47:03 +1000] "GET /1041184?path=//bin HTTP/1.0" 200 1403267 "-" "Mozilla/5.0 AppleWebKit/537.36 (KHTML, like Gecko; compatible; GPTBot/1.2; +https://openai.com/gptbot)"
34.235.239.240 - - [01/Nov/2025:08:47:03 +1000] "GET /228203712?fileloc=/home/region-gk.ru/data/www/new.region-gk.ru/wp-trackback.php&path=/home/region-gk.ru/data/www/new.region-gk.ru HTTP/1.0" 200 18551 "-" "Mozilla/5.0 AppleWebKit/537.36 (KHTML, like Gecko; compatible; Amazonbot/0.1; +https://developer.amazon.com/support/amazonbot) Chrome/119.0.6045.214 Safari/537.36"
66.249.75.72 - - [01/Nov/2025:08:47:11 +1000] "GET /catalog/is-hit/arenda-krana-manipulyatora-kmu-novus/?fileloc=//etc/filesystems&path=//etc HTTP/1.0" 302 - "-" "Mozilla/5.0 (Linux; Android 6.0.1; Nexus 5X Build/MMB29P) AppleWebKit/537.36 (KHTML, like Gecko) Chrome/141.0.7390.122 Mobile Safari/537.36 (compatible; GoogleOther)"
74.7.227.14 - - [01/Nov/2025:08:47:14 +1000] "GET /1455008?path=//etc/rc.d HTTP/1.0" 302 - "-" "Mozilla/5.0 AppleWebKit/537.36 (KHTML, like Gecko; compatible; GPTBot/1.2; +https://openai.com/gptbot)"
74.7.227.14 - - [01/Nov/2025:08:47:22 +1000] "GET /1180928?fileloc=//tmp/sess_5bde2987c73d4c2d16c61c7aa4b05db7&path=//tmp HTTP/1.0" 200 12299 "-" "Mozilla/5.0 AppleWebKit/537.36 (KHTML, like Gecko; compatible; GPTBot/1.2; +https://openai.com/gptbot)"
74.7.227.14 - - [01/Nov/2025:08:47:29 +1000] "GET /1288272?path=//var/www HTTP/1.0" 200 99960 "-" "Mozilla/5.0 AppleWebKit/537.36 (KHTML, like Gecko; compatible; GPTBot/1.2; +https://openai.com/gptbot)"
74.7.227.14 - - [01/Nov/2025:08:47:38 +1000] "GET /1180928?fileloc=//tmp/fcgid.tmp.ncPAlg&path=//tmp HTTP/1.0" 200 12278 "-" "Mozilla/5.0 AppleWebKit/537.36 (KHTML, like Gecko; compatible; GPTBot/1.2; +https://openai.com/gptbot)"
74.7.227.14 - - [01/Nov/2025:08:47:49 +1000] "GET /1510160?path=//var/crash HTTP/1.0" 200 12723 "-" "Mozilla/5.0 AppleWebKit/537.36 (KHTML, like Gecko; compatible; GPTBot/1.2; +https://openai.com/gptbot)"
114.119.141.79 - - [01/Nov/2025:08:47:52 +1000] "GET /2438978432?shopdetail=2436103127 HTTP/1.0" 200 58984 "https://region-logist.ru/sitemap.xml" "Mozilla/5.0 (Linux; Android 7.0;) AppleWebKit/537.36 (KHTML, like Gecko) Mobile Safari/537.36 (compatible; PetalBot;+https://webmaster.petalsearch.com/site/petalbot)"
74.7.227.14 - - [01/Nov/2025:08:47:56 +1000] "GET /1041184?fileloc=//bin/unicode_start&path=//bin HTTP/1.0" 200 15116 "-" "Mozilla/5.0 AppleWebKit/537.36 (KHTML, like Gecko; compatible; GPTBot/1.2; +https://openai.com/gptbot)"
74.7.227.14 - - [01/Nov/2025:08:48:07 +1000] "GET /1180928?fileloc=//tmp/fcgid.tmp.nAr9ZQ&path=//tmp HTTP/1.0" 200 12278 "-" "Mozilla/5.0 AppleWebKit/537.36 (KHTML, like Gecko; compatible; GPTBot/1.2; +https://openai.com/gptbot)"
74.7.227.14 - - [01/Nov/2025:08:48:15 +1000] "GET /1552992?fileloc=//bin/fc-query&path=//bin HTTP/1.0" 200 26156 "-" "Mozilla/5.0 AppleWebKit/537.36 (KHTML, like Gecko; compatible; GPTBot/1.2; +https://openai.com/gptbot)"
74.7.227.14 - - [01/Nov/2025:08:48:23 +1000] "GET /1552992?fileloc=//bin/wait&path=//bin HTTP/1.0" 200 12304 "-" "Mozilla/5.0 AppleWebKit/537.36 (KHTML, like Gecko; compatible; GPTBot/1.2; +https://openai.com/gptbot)"
74.7.227.14 - - [01/Nov/2025:08:48:33 +1000] "GET /1041184?fileloc=//bin/wsrep_sst_mysqldump&path=//bin HTTP/1.0" 200 21056 "-" "Mozilla/5.0 AppleWebKit/537.36 (KHTML, like Gecko; compatible; GPTBot/1.2; +https://openai.com/gptbot)"
216.73.216.137 - - [01/Nov/2025:08:48:36 +1000] "GET /catalog/avtokrany/avtomobilnyj-kran-zoomlion-ztc600v-60-tonn?fileloc=%2Fhome%2Ftemp%2Fyarustone.ru%2Findexs.html&path=%2Fhome%2Ftemp%2Fyarustone.ru HTTP/1.0" 200 16161 "-" "Mozilla/5.0 AppleWebKit/537.36 (KHTML, like Gecko; compatible; ClaudeBot/1.0; +claudebot@anthropic.com)"
216.73.216.137 - - [01/Nov/2025:08:48:38 +1000] "GET /catalog/avtokrany/avtomobilnyj-kran-zoomlion-ztc600v-60-tonn?path=%2Fhome%2Ftemp%2Fyarustone.ru%2Fgallery HTTP/1.0" 200 18890 "-" "Mozilla/5.0 AppleWebKit/537.36 (KHTML, like Gecko; compatible; ClaudeBot/1.0; +claudebot@anthropic.com)"
216.73.216.137 - - [01/Nov/2025:08:48:41 +1000] "GET /catalog/avtokrany/avtomobilnyj-kran-zoomlion-ztc600v-60-tonn?fileloc=%2F%2Flib64%2Fsecurity%2Fpam_pwquality.so&path=%2F%2Flib64%2Fsecurity HTTP/1.0" 200 26659 "-" "Mozilla/5.0 AppleWebKit/537.36 (KHTML, like Gecko; compatible; ClaudeBot/1.0; +claudebot@anthropic.com)"
74.7.227.14 - - [01/Nov/2025:08:48:42 +1000] "GET /1510160?path=//var/www HTTP/1.0" 200 99960 "-" "Mozilla/5.0 AppleWebKit/537.36 (KHTML, like Gecko; compatible; GPTBot/1.2; +https://openai.com/gptbot)"
216.73.216.137 - - [01/Nov/2025:08:48:44 +1000] "GET /catalog/avtokrany/avtomobilnyj-kran-zoomlion-ztc600v-60-tonn?path=%2Fhome%2Ftemp%2Fyarustone.ru%2Finfo HTTP/1.0" 200 22739 "-" "Mozilla/5.0 AppleWebKit/537.36 (KHTML, like Gecko; compatible; ClaudeBot/1.0; +claudebot@anthropic.com)"
216.73.216.137 - - [01/Nov/2025:08:48:47 +1000] "GET /catalog/avtokrany/avtomobilnyj-kran-zoomlion-ztc600v-60-tonn?path=%2Fhome%2Ftemp%2Fyarustone.ru%2Fi HTTP/1.0" 200 46410 "-" "Mozilla/5.0 AppleWebKit/537.36 (KHTML, like Gecko; compatible; ClaudeBot/1.0; +claudebot@anthropic.com)"
216.73.216.137 - - [01/Nov/2025:08:48:50 +1000] "GET /catalog/avtokrany/avtomobilnyj-kran-zoomlion-ztc600v-60-tonn?path=%2Fhome%2Ftemp%2Fyarustone.ru%2Fservices HTTP/1.0" 200 20131 "-" "Mozilla/5.0 AppleWebKit/537.36 (KHTML, like Gecko; compatible; ClaudeBot/1.0; +claudebot@anthropic.com)"
74.7.227.14 - - [01/Nov/2025:08:48:51 +1000] "GET /1041184?fileloc=//bin/which&path=//bin HTTP/1.0" 200 45646 "-" "Mozilla/5.0 AppleWebKit/537.36 (KHTML, like Gecko; compatible; GPTBot/1.2; +https://openai.com/gptbot)"
216.73.216.137 - - [01/Nov/2025:08:48:53 +1000] "GET /catalog/avtokrany/avtomobilnyj-kran-zoomlion-ztc600v-60-tonn?path=%2F%2Flib64%2Fsecurity%2Fpam_filter HTTP/1.0" 200 14273 "-" "Mozilla/5.0 AppleWebKit/537.36 (KHTML, like Gecko; compatible; ClaudeBot/1.0; +claudebot@anthropic.com)"
216.73.216.137 - - [01/Nov/2025:08:48:56 +1000] "GET /catalog/avtokrany/avtomobilnyj-kran-zoomlion-ztc600v-60-tonn?fileloc=%2F%2Flib64%2Fsecurity%2Fpam_selinux.so&path=%2F%2Flib64%2Fsecurity HTTP/1.0" 200 39196 "-" "Mozilla/5.0 AppleWebKit/537.36 (KHTML, like Gecko; compatible; ClaudeBot/1.0; +claudebot@anthropic.com)"
74.7.227.14 - - [01/Nov/2025:08:48:58 +1000] "GET /1510160?path=//var/empty HTTP/1.0" 200 14033 "-" "Mozilla/5.0 AppleWebKit/537.36 (KHTML, like Gecko; compatible; GPTBot/1.2; +https://openai.com/gptbot)"
216.73.216.137 - - [01/Nov/2025:08:48:59 +1000] "GET /catalog/avtokrany/avtomobilnyj-kran-zoomlion-ztc600v-60-tonn?path=%2Fhome%2Ftemp%2Fyarustone.ru%2Fpersonal HTTP/1.0" 200 21735 "-" "Mozilla/5.0 AppleWebKit/537.36 (KHTML, like Gecko; compatible; ClaudeBot/1.0; +claudebot@anthropic.com)"
216.73.216.137 - - [01/Nov/2025:08:49:06 +1000] "GET /catalog/avtokrany/avtomobilnyj-kran-zoomlion-ztc600v-60-tonn?path=%2F%2Fproc%2F360%2Fns HTTP/1.0" 200 12759 "-" "Mozilla/5.0 AppleWebKit/537.36 (KHTML, like Gecko; compatible; ClaudeBot/1.0; +claudebot@anthropic.com)"
74.7.227.14 - - [01/Nov/2025:08:49:08 +1000] "GET /1552992?fileloc=//bin/zipdetails&path=//bin HTTP/1.0" 200 68129 "-" "Mozilla/5.0 AppleWebKit/537.36 (KHTML, like Gecko; compatible; GPTBot/1.2; +https://openai.com/gptbot)"
216.73.216.137 - - [01/Nov/2025:08:49:09 +1000] "GET /catalog/avtokrany/avtomobilnyj-kran-zoomlion-ztc600v-60-tonn?fileloc=%2F%2Fproc%2F44%2Fstack&path=%2F%2Fproc%2F44 HTTP/1.0" 200 12306 "-" "Mozilla/5.0 AppleWebKit/537.36 (KHTML, like Gecko; compatible; ClaudeBot/1.0; +claudebot@anthropic.com)"
216.73.216.137 - - [01/Nov/2025:08:49:12 +1000] "GET /catalog/avtokrany/avtomobilnyj-kran-zoomlion-ztc600v-60-tonn?path=%2F%2Fproc%2F69896%2Fns HTTP/1.0" 200 21157 "-" "Mozilla/5.0 AppleWebKit/537.36 (KHTML, like Gecko; compatible; ClaudeBot/1.0; +claudebot@anthropic.com)"
216.73.216.137 - - [01/Nov/2025:08:49:15 +1000] "GET /catalog/avtokrany/avtomobilnyj-kran-zoomlion-ztc600v-60-tonn?fileloc=%2F%2Fproc%2F493%2Fstack&path=%2F%2Fproc%2F493 HTTP/1.0" 200 12309 "-" "Mozilla/5.0 AppleWebKit/537.36 (KHTML, like Gecko; compatible; ClaudeBot/1.0; +claudebot@anthropic.com)"
74.7.227.14 - - [01/Nov/2025:08:49:17 +1000] "GET /1288272?path=//var/www/bosscrevetos_usr HTTP/1.0" 200 12783 "-" "Mozilla/5.0 AppleWebKit/537.36 (KHTML, like Gecko; compatible; GPTBot/1.2; +https://openai.com/gptbot)"
216.73.216.137 - - [01/Nov/2025:08:49:18 +1000] "GET /catalog/avtokrany/avtomobilnyj-kran-zoomlion-ztc600v-60-tonn?path=%2F%2Fproc%2F10%2Ftask HTTP/1.0" 200 14063 "-" "Mozilla/5.0 AppleWebKit/537.36 (KHTML, like Gecko; compatible; ClaudeBot/1.0; +claudebot@anthropic.com)"
216.73.216.137 - - [01/Nov/2025:08:49:21 +1000] "GET /catalog/avtokrany/avtomobilnyj-kran-zoomlion-ztc600v-60-tonn?fileloc=%2F%2Frun%2Ffail2ban%2Ffail2ban.pid&path=%2F%2Frun%2Ffail2ban HTTP/1.0" 200 12327 "-" "Mozilla/5.0 AppleWebKit/537.36 (KHTML, like Gecko; compatible; ClaudeBot/1.0; +claudebot@anthropic.com)"
216.73.216.137 - - [01/Nov/2025:08:49:24 +1000] "GET /catalog/avtokrany/avtomobilnyj-kran-zoomlion-ztc600v-60-tonn?path=%2F%2Fproc%2F1750%2Ffd HTTP/1.0" 200 12762 "-" "Mozilla/5.0 AppleWebKit/537.36 (KHTML, like Gecko; compatible; ClaudeBot/1.0; +claudebot@anthropic.com)"
216.73.216.137 - - [01/Nov/2025:08:49:27 +1000] "GET /catalog/avtokrany/avtomobilnyj-kran-zoomlion-ztc600v-60-tonn?path=%2F%2Fproc%2F4339%2Fmap_files HTTP/1.0" 200 12776 "-" "Mozilla/5.0 AppleWebKit/537.36 (KHTML, like Gecko; compatible; ClaudeBot/1.0; +claudebot@anthropic.com)"
74.7.227.14 - - [01/Nov/2025:08:49:27 +1000] "GET /1041184?fileloc=//bin/id&path=//bin HTTP/1.0" 200 66385 "-" "Mozilla/5.0 AppleWebKit/537.36 (KHTML, like Gecko; compatible; GPTBot/1.2; +https://openai.com/gptbot)"
216.73.216.137 - - [01/Nov/2025:08:49:30 +1000] "GET /catalog/avtokrany/avtomobilnyj-kran-zoomlion-ztc600v-60-tonn?fileloc=%2F%2Fproc%2F77%2Fstack&path=%2F%2Fproc%2F77 HTTP/1.0" 200 12306 "-" "Mozilla/5.0 AppleWebKit/537.36 (KHTML, like Gecko; compatible; ClaudeBot/1.0; +claudebot@anthropic.com)"
216.73.216.137 - - [01/Nov/2025:08:49:33 +1000] "GET /catalog/avtokrany/avtomobilnyj-kran-zoomlion-ztc600v-60-tonn?fileloc=%2F%2Fproc%2F729%2Fstack&path=%2F%2Fproc%2F729 HTTP/1.0" 200 12309 "-" "Mozilla/5.0 AppleWebKit/537.36 (KHTML, like Gecko; compatible; ClaudeBot/1.0; +claudebot@anthropic.com)"
216.73.216.137 - - [01/Nov/2025:08:49:36 +1000] "GET /catalog/avtokrany/avtomobilnyj-kran-zoomlion-ztc600v-60-tonn?path=%2F%2Fproc%2F990%2Ftask HTTP/1.0" 200 14073 "-" "Mozilla/5.0 AppleWebKit/537.36 (KHTML, like Gecko; compatible; ClaudeBot/1.0; +claudebot@anthropic.com)"
74.7.227.14 - - [01/Nov/2025:08:49:36 +1000] "GET /1041184?fileloc=//bin/fc-pattern&path=//bin HTTP/1.0" 200 26309 "-" "Mozilla/5.0 AppleWebKit/537.36 (KHTML, like Gecko; compatible; GPTBot/1.2; +https://openai.com/gptbot)"
216.73.216.137 - - [01/Nov/2025:08:49:39 +1000] "GET /catalog/avtokrany/avtomobilnyj-kran-zoomlion-ztc600v-60-tonn?path=%2F%2Fproc%2F1750%2Fns HTTP/1.0" 200 12762 "-" "Mozilla/5.0 AppleWebKit/537.36 (KHTML, like Gecko; compatible; ClaudeBot/1.0; +claudebot@anthropic.com)"
216.73.216.137 - - [01/Nov/2025:08:49:42 +1000] "GET /catalog/avtokrany/avtomobilnyj-kran-zoomlion-ztc600v-60-tonn?fileloc=%2F%2Fproc%2F356%2Fstack&path=%2F%2Fproc%2F356 HTTP/1.0" 200 12309 "-" "Mozilla/5.0 AppleWebKit/537.36 (KHTML, like Gecko; compatible; ClaudeBot/1.0; +claudebot@anthropic.com)"
216.73.216.137 - - [01/Nov/2025:08:49:45 +1000] "GET /catalog/avtokrany/avtomobilnyj-kran-zoomlion-ztc600v-60-tonn?fileloc=%2F%2Fproc%2F486%2Fstack&path=%2F%2Fproc%2F486 HTTP/1.0" 200 12309 "-" "Mozilla/5.0 AppleWebKit/537.36 (KHTML, like Gecko; compatible; ClaudeBot/1.0; +claudebot@anthropic.com)"
216.73.216.137 - - [01/Nov/2025:08:49:48 +1000] "GET /catalog/avtokrany/avtomobilnyj-kran-zoomlion-ztc600v-60-tonn?fileloc=%2F%2Fproc%2F75%2Fstack&path=%2F%2Fproc%2F75 HTTP/1.0" 200 12306 "-" "Mozilla/5.0 AppleWebKit/537.36 (KHTML, like Gecko; compatible; ClaudeBot/1.0; +claudebot@anthropic.com)"
74.7.227.14 - - [01/Nov/2025:08:49:49 +1000] "GET /1288272?path=//var/www/neptunvld.com HTTP/1.0" 200 12777 "-" "Mozilla/5.0 AppleWebKit/537.36 (KHTML, like Gecko; compatible; GPTBot/1.2; +https://openai.com/gptbot)"
216.73.216.137 - - [01/Nov/2025:08:49:51 +1000] "GET /catalog/avtokrany/avtomobilnyj-kran-zoomlion-ztc600v-60-tonn?fileloc=%2F%2Fproc%2F69896%2Fstack&path=%2F%2Fproc%2F69896 HTTP/1.0" 200 12315 "-" "Mozilla/5.0 AppleWebKit/537.36 (KHTML, like Gecko; compatible; ClaudeBot/1.0; +claudebot@anthropic.com)"
216.73.216.137 - - [01/Nov/2025:08:49:54 +1000] "GET /catalog/avtokrany/avtomobilnyj-kran-zoomlion-ztc600v-60-tonn?path=%2F%2Fproc%2F44%2Ftask HTTP/1.0" 200 14063 "-" "Mozilla/5.0 AppleWebKit/537.36 (KHTML, like Gecko; compatible; ClaudeBot/1.0; +claudebot@anthropic.com)"
216.73.216.137 - - [01/Nov/2025:08:49:57 +1000] "GET /catalog/avtokrany/avtomobilnyj-kran-zoomlion-ztc600v-60-tonn?fileloc=%2F%2Fproc%2F1405%2Fuid_map&path=%2F%2Fproc%2F1405 HTTP/1.0" 200 12347 "-" "Mozilla/5.0 AppleWebKit/537.36 (KHTML, like Gecko; compatible; ClaudeBot/1.0; +claudebot@anthropic.com)"
74.7.227.14 - - [01/Nov/2025:08:49:59 +1000] "GET /1041184?fileloc=//bin/ca-legacy&path=//bin HTTP/1.0" 200 14089 "-" "Mozilla/5.0 AppleWebKit/537.36 (KHTML, like Gecko; compatible; GPTBot/1.2; +https://openai.com/gptbot)"
216.73.216.137 - - [01/Nov/2025:08:50:00 +1000] "GET /catalog/avtokrany/avtomobilnyj-kran-zoomlion-ztc600v-60-tonn?path=%2F%2Fproc%2F356%2Ftask HTTP/1.0" 200 14073 "-" "Mozilla/5.0 AppleWebKit/537.36 (KHTML, like Gecko; compatible; ClaudeBot/1.0; +claudebot@anthropic.com)"
216.73.216.137 - - [01/Nov/2025:08:50:03 +1000] "GET /catalog/avtokrany/avtomobilnyj-kran-zoomlion-ztc600v-60-tonn?path=%2F%2Fproc%2F98%2Fmap_files HTTP/1.0" 200 12770 "-" "Mozilla/5.0 AppleWebKit/537.36 (KHTML, like Gecko; compatible; ClaudeBot/1.0; +claudebot@anthropic.com)"
74.7.227.14 - - [01/Nov/2025:08:50:05 +1000] "GET /1288272?path=//var/www/lost+found HTTP/1.0" 200 12771 "-" "Mozilla/5.0 AppleWebKit/537.36 (KHTML, like Gecko; compatible; GPTBot/1.2; +https://openai.com/gptbot)"
216.73.216.137 - - [01/Nov/2025:08:50:06 +1000] "GET /catalog/avtokrany/avtomobilnyj-kran-zoomlion-ztc600v-60-tonn?path=%2F%2Fproc%2F1405%2Fnet HTTP/1.0" 200 92072 "-" "Mozilla/5.0 AppleWebKit/537.36 (KHTML, like Gecko; compatible; ClaudeBot/1.0; +claudebot@anthropic.com)"
216.73.216.137 - - [01/Nov/2025:08:50:09 +1000] "GET /catalog/avtokrany/avtomobilnyj-kran-zoomlion-ztc600v-60-tonn?path=%2F%2Fproc%2F1105%2Fmap_files HTTP/1.0" 200 12776 "-" "Mozilla/5.0 AppleWebKit/537.36 (KHTML, like Gecko; compatible; ClaudeBot/1.0; +claudebot@anthropic.com)"
74.7.227.14 - - [01/Nov/2025:08:50:11 +1000] "GET /1041184?fileloc=//bin/pango-view&path=//bin HTTP/1.0" 200 78832 "-" "Mozilla/5.0 AppleWebKit/537.36 (KHTML, like Gecko; compatible; GPTBot/1.2; +https://openai.com/gptbot)"
216.73.216.137 - - [01/Nov/2025:08:50:12 +1000] "GET /catalog/avtokrany/avtomobilnyj-kran-zoomlion-ztc600v-60-tonn?path=%2F%2Fproc%2F493%2Ftask HTTP/1.0" 200 14073 "-" "Mozilla/5.0 AppleWebKit/537.36 (KHTML, like Gecko; compatible; ClaudeBot/1.0; +claudebot@anthropic.com)"
216.73.216.137 - - [01/Nov/2025:08:50:15 +1000] "GET /catalog/avtokrany/avtomobilnyj-kran-zoomlion-ztc600v-60-tonn?fileloc=%2F%2Fproc%2F1405%2Fclear_refs&path=%2F%2Fproc%2F1405 HTTP/1.0" 200 12317 "-" "Mozilla/5.0 AppleWebKit/537.36 (KHTML, like Gecko; compatible; ClaudeBot/1.0; +claudebot@anthropic.com)"
216.73.216.137 - - [01/Nov/2025:08:50:18 +1000] "GET /catalog/avtokrany/avtomobilnyj-kran-zoomlion-ztc600v-60-tonn?path=%2F%2Fproc%2F729%2Ftask HTTP/1.0" 200 14073 "-" "Mozilla/5.0 AppleWebKit/537.36 (KHTML, like Gecko; compatible; ClaudeBot/1.0; +claudebot@anthropic.com)"
74.7.227.14 - - [01/Nov/2025:08:50:19 +1000] "GET /1041184?fileloc=//bin/locale&path=//bin HTTP/1.0" 200 61072 "-" "Mozilla/5.0 AppleWebKit/537.36 (KHTML, like Gecko; compatible; GPTBot/1.2; +https://openai.com/gptbot)"
216.73.216.137 - - [01/Nov/2025:08:50:21 +1000] "GET /catalog/avtokrany/avtomobilnyj-kran-zoomlion-ztc600v-60-tonn?path=%2F%2Fproc%2F75%2Ftask HTTP/1.0" 200 14063 "-" "Mozilla/5.0 AppleWebKit/537.36 (KHTML, like Gecko; compatible; ClaudeBot/1.0; +claudebot@anthropic.com)"
216.73.216.137 - - [01/Nov/2025:08:50:24 +1000] "GET /catalog/avtokrany/avtomobilnyj-kran-zoomlion-ztc600v-60-tonn?path=%2F%2Fproc%2F77%2Ftask HTTP/1.0" 200 14063 "-" "Mozilla/5.0 AppleWebKit/537.36 (KHTML, like Gecko; compatible; ClaudeBot/1.0; +claudebot@anthropic.com)"
216.73.216.137 - - [01/Nov/2025:08:50:27 +1000] "GET /catalog/avtokrany/avtomobilnyj-kran-zoomlion-ztc600v-60-tonn?fileloc=%2F%2Fproc%2F1405%2Fpatch_state&path=%2F%2Fproc%2F1405 HTTP/1.0" 200 12318 "-" "Mozilla/5.0 AppleWebKit/537.36 (KHTML, like Gecko; compatible; ClaudeBot/1.0; +claudebot@anthropic.com)"
74.7.227.14 - - [01/Nov/2025:08:50:28 +1000] "GET /1510160?path=//var/www/shintop_ru_usr HTTP/1.0" 200 12779 "-" "Mozilla/5.0 AppleWebKit/537.36 (KHTML, like Gecko; compatible; GPTBot/1.2; +https://openai.com/gptbot)"
216.73.216.137 - - [01/Nov/2025:08:50:30 +1000] "GET /catalog/avtokrany/avtomobilnyj-kran-zoomlion-ztc600v-60-tonn?path=%2F%2Fproc%2F486%2Ftask HTTP/1.0" 200 14073 "-" "Mozilla/5.0 AppleWebKit/537.36 (KHTML, like Gecko; compatible; ClaudeBot/1.0; +claudebot@anthropic.com)"
216.73.216.137 - - [01/Nov/2025:08:50:33 +1000] "GET /catalog/avtokrany/avtomobilnyj-kran-zoomlion-ztc600v-60-tonn?path=%2F%2Fproc%2F360%2Ftask HTTP/1.0" 200 14073 "-" "Mozilla/5.0 AppleWebKit/537.36 (KHTML, like Gecko; compatible; ClaudeBot/1.0; +claudebot@anthropic.com)"
216.73.216.137 - - [01/Nov/2025:08:50:36 +1000] "GET /catalog/avtokrany/avtomobilnyj-kran-zoomlion-ztc600v-60-tonn?fileloc=%2F%2Fproc%2F360%2Fstack&path=%2F%2Fproc%2F360 HTTP/1.0" 200 12309 "-" "Mozilla/5.0 AppleWebKit/537.36 (KHTML, like Gecko; compatible; ClaudeBot/1.0; +claudebot@anthropic.com)"
74.7.227.14 - - [01/Nov/2025:08:50:37 +1000] "GET /1510160?path=//var/www/neptunvld.com HTTP/1.0" 200 12777 "-" "Mozilla/5.0 AppleWebKit/537.36 (KHTML, like Gecko; compatible; GPTBot/1.2; +https://openai.com/gptbot)"
216.73.216.137 - - [01/Nov/2025:08:50:39 +1000] "GET /catalog/avtokrany/avtomobilnyj-kran-zoomlion-ztc600v-60-tonn?path=%2F%2Fproc%2F69896%2Ftask HTTP/1.0" 200 14093 "-" "Mozilla/5.0 AppleWebKit/537.36 (KHTML, like Gecko; compatible; ClaudeBot/1.0; +claudebot@anthropic.com)"
216.73.216.137 - - [01/Nov/2025:08:50:42 +1000] "GET /catalog/avtokrany/avtomobilnyj-kran-zoomlion-ztc600v-60-tonn?path=%2F%2Fproc%2F13%2Fmap_files HTTP/1.0" 200 12770 "-" "Mozilla/5.0 AppleWebKit/537.36 (KHTML, like Gecko; compatible; ClaudeBot/1.0; +claudebot@anthropic.com)"
74.7.227.14 - - [01/Nov/2025:08:50:44 +1000] "GET /1041184?fileloc=//bin/sh&path=//bin HTTP/1.0" 200 1485748 "-" "Mozilla/5.0 AppleWebKit/537.36 (KHTML, like Gecko; compatible; GPTBot/1.2; +https://openai.com/gptbot)"
216.73.216.137 - - [01/Nov/2025:08:50:45 +1000] "GET /catalog/avtokrany/avtomobilnyj-kran-zoomlion-ztc600v-60-tonn?path=%2F%2Fproc%2F12%2Fmap_files HTTP/1.0" 200 12770 "-" "Mozilla/5.0 AppleWebKit/537.36 (KHTML, like Gecko; compatible; ClaudeBot/1.0; +claudebot@anthropic.com)"
216.73.216.137 - - [01/Nov/2025:08:50:48 +1000] "GET /catalog/avtokrany/avtomobilnyj-kran-zoomlion-ztc600v-60-tonn?fileloc=%2F%2Fproc%2F1750%2Fstack&path=%2F%2Fproc%2F1750 HTTP/1.0" 200 12312 "-" "Mozilla/5.0 AppleWebKit/537.36 (KHTML, like Gecko; compatible; ClaudeBot/1.0; +claudebot@anthropic.com)"
216.73.216.137 - - [01/Nov/2025:08:50:51 +1000] "GET /catalog/avtokrany/avtomobilnyj-kran-zoomlion-ztc600v-60-tonn?fileloc=%2F%2Fproc%2F1405%2Fnuma_maps&path=%2F%2Fproc%2F1405 HTTP/1.0" 200 12316 "-" "Mozilla/5.0 AppleWebKit/537.36 (KHTML, like Gecko; compatible; ClaudeBot/1.0; +claudebot@anthropic.com)"
216.73.216.137 - - [01/Nov/2025:08:50:54 +1000] "GET /catalog/avtokrany/avtomobilnyj-kran-zoomlion-ztc600v-60-tonn?path=%2F%2Fproc%2F1750%2Ftask HTTP/1.0" 200 14083 "-" "Mozilla/5.0 AppleWebKit/537.36 (KHTML, like Gecko; compatible; ClaudeBot/1.0; +claudebot@anthropic.com)"
74.7.227.14 - - [01/Nov/2025:08:50:54 +1000] "GET /1041184?fileloc=//bin/mknod&path=//bin HTTP/1.0" 200 112721 "-" "Mozilla/5.0 AppleWebKit/537.36 (KHTML, like Gecko; compatible; GPTBot/1.2; +https://openai.com/gptbot)"
66.249.75.72 - - [01/Nov/2025:08:50:55 +1000] "GET /2746976?shopdetail=0002744585 HTTP/1.0" 200 203145 "-" "Mozilla/5.0 (Linux; Android 6.0.1; Nexus 5X Build/MMB29P) AppleWebKit/537.36 (KHTML, like Gecko) Chrome/141.0.7390.122 Mobile Safari/537.36 (compatible; GoogleOther)"
216.73.216.137 - - [01/Nov/2025:08:50:57 +1000] "GET /catalog/avtokrany/avtomobilnyj-kran-zoomlion-ztc600v-60-tonn?path=%2F%2Fproc%2F1405%2Fattr HTTP/1.0" 200 21314 "-" "Mozilla/5.0 AppleWebKit/537.36 (KHTML, like Gecko; compatible; ClaudeBot/1.0; +claudebot@anthropic.com)"
216.73.216.137 - - [01/Nov/2025:08:51:00 +1000] "GET /catalog/avtokrany/avtomobilnyj-kran-zoomlion-ztc600v-60-tonn?path=%2F%2Fproc%2F1405%2Ffdinfo HTTP/1.0" 200 12770 "-" "Mozilla/5.0 AppleWebKit/537.36 (KHTML, like Gecko; compatible; ClaudeBot/1.0; +claudebot@anthropic.com)"
216.73.216.137 - - [01/Nov/2025:08:51:03 +1000] "GET /catalog/avtokrany/avtomobilnyj-kran-zoomlion-ztc600v-60-tonn?fileloc=%2F%2Fproc%2F10%2Fstack&path=%2F%2Fproc%2F10 HTTP/1.0" 200 12306 "-" "Mozilla/5.0 AppleWebKit/537.36 (KHTML, like Gecko; compatible; ClaudeBot/1.0; +claudebot@anthropic.com)"
74.7.227.14 - - [01/Nov/2025:08:51:05 +1000] "GET /1552992?fileloc=//bin/stdbuf&path=//bin HTTP/1.0" 200 117670 "-" "Mozilla/5.0 AppleWebKit/537.36 (KHTML, like Gecko; compatible; GPTBot/1.2; +https://openai.com/gptbot)"
216.73.216.137 - - [01/Nov/2025:08:51:06 +1000] "GET /catalog/avtokrany/avtomobilnyj-kran-zoomlion-ztc600v-60-tonn?path=%2F%2Fproc%2F1231%2Fmap_files HTTP/1.0" 200 12776 "-" "Mozilla/5.0 AppleWebKit/537.36 (KHTML, like Gecko; compatible; ClaudeBot/1.0; +claudebot@anthropic.com)"
216.73.216.137 - - [01/Nov/2025:08:51:09 +1000] "GET /catalog/avtokrany/avtomobilnyj-kran-zoomlion-ztc600v-60-tonn?path=%2F%2Fproc%2F48%2Fmap_files HTTP/1.0" 200 12770 "-" "Mozilla/5.0 AppleWebKit/537.36 (KHTML, like Gecko; compatible; ClaudeBot/1.0; +claudebot@anthropic.com)"
216.73.216.137 - - [01/Nov/2025:08:51:12 +1000] "GET /catalog/avtokrany/avtomobilnyj-kran-zoomlion-ztc600v-60-tonn?path=%2F%2Fproc%2F18%2Fmap_files HTTP/1.0" 200 12770 "-" "Mozilla/5.0 AppleWebKit/537.36 (KHTML, like Gecko; compatible; ClaudeBot/1.0; +claudebot@anthropic.com)"
74.7.227.14 - - [01/Nov/2025:08:51:12 +1000] "GET /1455008?path=//etc/mc HTTP/1.0" 302 - "-" "Mozilla/5.0 AppleWebKit/537.36 (KHTML, like Gecko; compatible; GPTBot/1.2; +https://openai.com/gptbot)"
114.119.145.237 - - [01/Nov/2025:08:51:13 +1000] "GET /2438964176?shopdetail=2436088888 HTTP/1.0" 200 58984 "https://region-logist.ru/sitemap.xml" "Mozilla/5.0 (Linux; Android 7.0;) AppleWebKit/537.36 (KHTML, like Gecko) Mobile Safari/537.36 (compatible; PetalBot;+https://webmaster.petalsearch.com/site/petalbot)"
216.73.216.137 - - [01/Nov/2025:08:51:15 +1000] "GET /catalog/avtokrany/avtomobilnyj-kran-zoomlion-ztc600v-60-tonn?path=%2F%2Fproc%2F1405%2Ffd HTTP/1.0" 200 12762 "-" "Mozilla/5.0 AppleWebKit/537.36 (KHTML, like Gecko; compatible; ClaudeBot/1.0; +claudebot@anthropic.com)"
216.73.216.137 - - [01/Nov/2025:08:51:18 +1000] "GET /catalog/avtokrany/avtomobilnyj-kran-zoomlion-ztc600v-60-tonn?path=%2F%2Fproc%2F1626%2Fmap_files HTTP/1.0" 200 12776 "-" "Mozilla/5.0 AppleWebKit/537.36 (KHTML, like Gecko; compatible; ClaudeBot/1.0; +claudebot@anthropic.com)"
216.73.216.137 - - [01/Nov/2025:08:51:21 +1000] "GET /catalog/avtokrany/avtomobilnyj-kran-zoomlion-ztc600v-60-tonn?path=%2F%2Fproc%2F1405%2Fns HTTP/1.0" 200 12762 "-" "Mozilla/5.0 AppleWebKit/537.36 (KHTML, like Gecko; compatible; ClaudeBot/1.0; +claudebot@anthropic.com)"
216.73.216.137 - - [01/Nov/2025:08:51:24 +1000] "GET /catalog/avtokrany/avtomobilnyj-kran-zoomlion-ztc600v-60-tonn?path=%2F%2Fproc%2F10%2Fmap_files HTTP/1.0" 200 12770 "-" "Mozilla/5.0 AppleWebKit/537.36 (KHTML, like Gecko; compatible; ClaudeBot/1.0; +claudebot@anthropic.com)"
74.7.227.14 - - [01/Nov/2025:08:51:25 +1000] "GET /1101216?path=//lib HTTP/1.0" 200 57151 "-" "Mozilla/5.0 AppleWebKit/537.36 (KHTML, like Gecko; compatible; GPTBot/1.2; +https://openai.com/gptbot)"
216.73.216.137 - - [01/Nov/2025:08:51:27 +1000] "GET /catalog/avtokrany/avtomobilnyj-kran-zoomlion-ztc600v-60-tonn?path=%2F%2Fproc%2F990%2Fmap_files HTTP/1.0" 200 12773 "-" "Mozilla/5.0 AppleWebKit/537.36 (KHTML, like Gecko; compatible; ClaudeBot/1.0; +claudebot@anthropic.com)"
216.73.216.137 - - [01/Nov/2025:08:51:30 +1000] "GET /catalog/avtokrany/avtomobilnyj-kran-zoomlion-ztc600v-60-tonn?path=%2F%2Fproc%2F44%2Fmap_files HTTP/1.0" 200 12770 "-" "Mozilla/5.0 AppleWebKit/537.36 (KHTML, like Gecko; compatible; ClaudeBot/1.0; +claudebot@anthropic.com)"
216.73.216.137 - - [01/Nov/2025:08:51:33 +1000] "GET /catalog/avtokrany/avtomobilnyj-kran-zoomlion-ztc600v-60-tonn?path=%2F%2Fproc%2F356%2Fmap_files HTTP/1.0" 200 12773 "-" "Mozilla/5.0 AppleWebKit/537.36 (KHTML, like Gecko; compatible; ClaudeBot/1.0; +claudebot@anthropic.com)"
74.7.227.14 - - [01/Nov/2025:08:51:35 +1000] "GET /1361856?path=//etc HTTP/1.0" 200 323995 "-" "Mozilla/5.0 AppleWebKit/537.36 (KHTML, like Gecko; compatible; GPTBot/1.2; +https://openai.com/gptbot)"
216.73.216.137 - - [01/Nov/2025:08:51:36 +1000] "GET /catalog/avtokrany/avtomobilnyj-kran-zoomlion-ztc600v-60-tonn?path=%2F%2Fproc%2F493%2Fmap_files HTTP/1.0" 200 12773 "-" "Mozilla/5.0 AppleWebKit/537.36 (KHTML, like Gecko; compatible; ClaudeBot/1.0; +claudebot@anthropic.com)"
216.73.216.137 - - [01/Nov/2025:08:51:39 +1000] "GET /catalog/avtokrany/avtomobilnyj-kran-zoomlion-ztc600v-60-tonn?path=%2F%2Fproc%2F729%2Fmap_files HTTP/1.0" 200 12773 "-" "Mozilla/5.0 AppleWebKit/537.36 (KHTML, like Gecko; compatible; ClaudeBot/1.0; +claudebot@anthropic.com)"
216.73.216.137 - - [01/Nov/2025:08:51:42 +1000] "GET /catalog/avtokrany/avtomobilnyj-kran-zoomlion-ztc600v-60-tonn?fileloc=%2F%2Fproc%2F1405%2Fstack&path=%2F%2Fproc%2F1405 HTTP/1.0" 200 12312 "-" "Mozilla/5.0 AppleWebKit/537.36 (KHTML, like Gecko; compatible; ClaudeBot/1.0; +claudebot@anthropic.com)"
74.7.227.14 - - [01/Nov/2025:08:51:43 +1000] "GET /1402288?path=//sys HTTP/1.0" 200 26873 "-" "Mozilla/5.0 AppleWebKit/537.36 (KHTML, like Gecko; compatible; GPTBot/1.2; +https://openai.com/gptbot)"
216.73.216.137 - - [01/Nov/2025:08:51:45 +1000] "GET /catalog/avtokrany/avtomobilnyj-kran-zoomlion-ztc600v-60-tonn?path=%2F%2Fproc%2F75%2Fmap_files HTTP/1.0" 200 12770 "-" "Mozilla/5.0 AppleWebKit/537.36 (KHTML, like Gecko; compatible; ClaudeBot/1.0; +claudebot@anthropic.com)"
216.73.216.137 - - [01/Nov/2025:08:51:48 +1000] "GET /catalog/avtokrany/avtomobilnyj-kran-zoomlion-ztc600v-60-tonn?path=%2F%2Fproc%2F77%2Fmap_files HTTP/1.0" 200 12770 "-" "Mozilla/5.0 AppleWebKit/537.36 (KHTML, like Gecko; compatible; ClaudeBot/1.0; +claudebot@anthropic.com)"
216.73.216.137 - - [01/Nov/2025:08:51:51 +1000] "GET /catalog/avtokrany/avtomobilnyj-kran-zoomlion-ztc600v-60-tonn?path=%2F%2Fproc%2F486%2Fmap_files HTTP/1.0" 200 12773 "-" "Mozilla/5.0 AppleWebKit/537.36 (KHTML, like Gecko; compatible; ClaudeBot/1.0; +claudebot@anthropic.com)"
74.7.227.14 - - [01/Nov/2025:08:51:51 +1000] "GET /1184528?path=//mnt HTTP/1.0" 200 13969 "-" "Mozilla/5.0 AppleWebKit/537.36 (KHTML, like Gecko; compatible; GPTBot/1.2; +https://openai.com/gptbot)"
216.73.216.137 - - [01/Nov/2025:08:51:54 +1000] "GET /catalog/avtokrany/avtomobilnyj-kran-zoomlion-ztc600v-60-tonn?path=%2F%2Fproc%2F360%2Fmap_files HTTP/1.0" 200 12773 "-" "Mozilla/5.0 AppleWebKit/537.36 (KHTML, like Gecko; compatible; ClaudeBot/1.0; +claudebot@anthropic.com)"
216.73.216.137 - - [01/Nov/2025:08:51:57 +1000] "GET /catalog/avtokrany/avtomobilnyj-kran-zoomlion-ztc600v-60-tonn?path=%2F%2Fproc%2F69896%2Fmap_files HTTP/1.0" 200 12779 "-" "Mozilla/5.0 AppleWebKit/537.36 (KHTML, like Gecko; compatible; ClaudeBot/1.0; +claudebot@anthropic.com)"
74.7.227.14 - - [01/Nov/2025:08:51:59 +1000] "GET /1455008?path=//etc/pm HTTP/1.0" 302 - "-" "Mozilla/5.0 AppleWebKit/537.36 (KHTML, like Gecko; compatible; GPTBot/1.2; +https://openai.com/gptbot)"
216.73.216.137 - - [01/Nov/2025:08:52:00 +1000] "GET /catalog/avtokrany/avtomobilnyj-kran-zoomlion-ztc600v-60-tonn?path=%2F%2Fproc%2F1405%2Ftask HTTP/1.0" 200 14083 "-" "Mozilla/5.0 AppleWebKit/537.36 (KHTML, like Gecko; compatible; ClaudeBot/1.0; +claudebot@anthropic.com)"
216.73.216.137 - - [01/Nov/2025:08:52:03 +1000] "GET /catalog/avtokrany/avtomobilnyj-kran-zoomlion-ztc600v-60-tonn?path=%2F%2Fproc%2F1750%2Fmap_files HTTP/1.0" 200 12776 "-" "Mozilla/5.0 AppleWebKit/537.36 (KHTML, like Gecko; compatible; ClaudeBot/1.0; +claudebot@anthropic.com)"
216.73.216.137 - - [01/Nov/2025:08:52:06 +1000] "GET /catalog/avtokrany/avtomobilnyj-kran-zoomlion-ztc600v-60-tonn?path=%2Fhome%2Ftemp%2Fregion%2Fnew.region-gk.ru HTTP/1.0" 200 46060 "-" "Mozilla/5.0 AppleWebKit/537.36 (KHTML, like Gecko; compatible; ClaudeBot/1.0; +claudebot@anthropic.com)"
74.7.227.14 - - [01/Nov/2025:08:52:07 +1000] "GET /1198256?path=//tmp HTTP/1.0" 200 844512 "-" "Mozilla/5.0 AppleWebKit/537.36 (KHTML, like Gecko; compatible; GPTBot/1.2; +https://openai.com/gptbot)"
216.73.216.137 - - [01/Nov/2025:08:52:09 +1000] "GET /catalog/avtokrany/avtomobilnyj-kran-zoomlion-ztc600v-60-tonn?path=%2Fhome%2Ftemp%2Fregion%2Fregion-gk.ru HTTP/1.0" 200 50373 "-" "Mozilla/5.0 AppleWebKit/537.36 (KHTML, like Gecko; compatible; ClaudeBot/1.0; +claudebot@anthropic.com)"
216.73.216.137 - - [01/Nov/2025:08:52:12 +1000] "GET /catalog/avtokrany/avtomobilnyj-kran-zoomlion-ztc600v-60-tonn?path=%2F%2Fproc%2F1405%2Fmap_files HTTP/1.0" 200 12776 "-" "Mozilla/5.0 AppleWebKit/537.36 (KHTML, like Gecko; compatible; ClaudeBot/1.0; +claudebot@anthropic.com)"
216.73.216.137 - - [01/Nov/2025:08:52:15 +1000] "GET /catalog/avtokrany/avtomobilnyj-kran-zoomlion-ztc600v-60-tonn?fileloc=%2Fhome%2Fregion-gk.ru%2Fdata%2Fwww%2Fregion-gk.ru%2Fimages%2Ftoggige-arrow.jpg&path=%2Fhome%2Fregion-gk.ru%2Fdata%2Fwww%2Fregion-gk.ru%2Fimages HTTP/1.0" 200 41886 "-" "Mozilla/5.0 AppleWebKit/537.36 (KHTML, like Gecko; compatible; ClaudeBot/1.0; +claudebot@anthropic.com)"
74.7.227.14 - - [01/Nov/2025:08:52:15 +1000] "GET /1558752?path=//etc HTTP/1.0" 200 323995 "-" "Mozilla/5.0 AppleWebKit/537.36 (KHTML, like Gecko; compatible; GPTBot/1.2; +https://openai.com/gptbot)"
216.73.216.137 - - [01/Nov/2025:08:52:18 +1000] "GET /catalog/avtokrany/avtomobilnyj-kran-zoomlion-ztc600v-60-tonn?path=%2F%2Flib%2Ffirewalld%2Fzones HTTP/1.0" 200 12779 "-" "Mozilla/5.0 AppleWebKit/537.36 (KHTML, like Gecko; compatible; ClaudeBot/1.0; +claudebot@anthropic.com)"
216.73.216.137 - - [01/Nov/2025:08:52:21 +1000] "GET /catalog/avtokrany/avtomobilnyj-kran-zoomlion-ztc600v-60-tonn?fileloc=%2Fhome%2Ftemp%2Fyarustone.ru%2Ffavicon.png&path=%2Fhome%2Ftemp%2Fyarustone.ru HTTP/1.0" 200 14308 "-" "Mozilla/5.0 AppleWebKit/537.36 (KHTML, like Gecko; compatible; ClaudeBot/1.0; +claudebot@anthropic.com)"
216.73.216.137 - - [01/Nov/2025:08:52:24 +1000] "GET /catalog/avtokrany/avtomobilnyj-kran-zoomlion-ztc600v-60-tonn?fileloc=%2F%2Flib64%2Fsecurity%2Fpam_mkhomedir.so&path=%2F%2Flib64%2Fsecurity HTTP/1.0" 200 26048 "-" "Mozilla/5.0 AppleWebKit/537.36 (KHTML, like Gecko; compatible; ClaudeBot/1.0; +claudebot@anthropic.com)"
74.7.227.14 - - [01/Nov/2025:08:52:25 +1000] "GET /1284384?path=//opt HTTP/1.0" 200 30713 "-" "Mozilla/5.0 AppleWebKit/537.36 (KHTML, like Gecko; compatible; GPTBot/1.2; +https://openai.com/gptbot)"
216.73.216.137 - - [01/Nov/2025:08:52:27 +1000] "GET /letters/strojinvest?path=%2F HTTP/1.0" 200 39531 "-" "Mozilla/5.0 AppleWebKit/537.36 (KHTML, like Gecko; compatible; ClaudeBot/1.0; +claudebot@anthropic.com)"
216.73.216.137 - - [01/Nov/2025:08:52:30 +1000] "GET /catalog/avtokrany/avtomobilnyj-kran-zoomlion-ztc600v-60-tonn?fileloc=%2F%2Flib64%2Fsecurity%2Fpam_group.so&path=%2F%2Flib64%2Fsecurity HTTP/1.0" 200 32907 "-" "Mozilla/5.0 AppleWebKit/537.36 (KHTML, like Gecko; compatible; ClaudeBot/1.0; +claudebot@anthropic.com)"
216.73.216.137 - - [01/Nov/2025:08:52:33 +1000] "GET /catalog/avtokrany/avtomobilnyj-kran-zoomlion-ztc600v-60-tonn?fileloc=%2F%2Flib64%2Fsecurity%2Fpam_wheel.so&path=%2F%2Flib64%2Fsecurity HTTP/1.0" 200 26199 "-" "Mozilla/5.0 AppleWebKit/537.36 (KHTML, like Gecko; compatible; ClaudeBot/1.0; +claudebot@anthropic.com)"
74.7.227.14 - - [01/Nov/2025:08:52:34 +1000] "GET /1248256?path=//tmp HTTP/1.0" 200 844512 "-" "Mozilla/5.0 AppleWebKit/537.36 (KHTML, like Gecko; compatible; GPTBot/1.2; +https://openai.com/gptbot)"
216.73.216.137 - - [01/Nov/2025:08:52:36 +1000] "GET /catalog/avtokrany/avtomobilnyj-kran-zoomlion-ztc600v-60-tonn?fileloc=%2F%2Flib64%2Fsecurity%2Fpam_listfile.so&path=%2F%2Flib64%2Fsecurity HTTP/1.0" 200 27162 "-" "Mozilla/5.0 AppleWebKit/537.36 (KHTML, like Gecko; compatible; ClaudeBot/1.0; +claudebot@anthropic.com)"
216.73.216.137 - - [01/Nov/2025:08:52:39 +1000] "GET /catalog/avtokrany/avtomobilnyj-kran-zoomlion-ztc600v-60-tonn?fileloc=%2F%2Flib%2Fmodprobe.d%2Fdist-blacklist.conf&path=%2F%2Flib%2Fmodprobe.d HTTP/1.0" 200 13327 "-" "Mozilla/5.0 AppleWebKit/537.36 (KHTML, like Gecko; compatible; ClaudeBot/1.0; +claudebot@anthropic.com)"
216.73.216.137 - - [01/Nov/2025:08:52:42 +1000] "GET /catalog/avtokrany/avtomobilnyj-kran-zoomlion-ztc600v-60-tonn?fileloc=%2F%2Flib64%2Fsecurity%2Fpam_userdb.so&path=%2F%2Flib64%2Fsecurity HTTP/1.0" 200 31719 "-" "Mozilla/5.0 AppleWebKit/537.36 (KHTML, like Gecko; compatible; ClaudeBot/1.0; +claudebot@anthropic.com)"
74.7.227.14 - - [01/Nov/2025:08:52:43 +1000] "GET /1021712?path=//srv HTTP/1.0" 200 12685 "-" "Mozilla/5.0 AppleWebKit/537.36 (KHTML, like Gecko; compatible; GPTBot/1.2; +https://openai.com/gptbot)"
216.73.216.137 - - [01/Nov/2025:08:52:47 +1000] "GET /catalog/avtokrany/avtomobilnyj-kran-zoomlion-ztc600v-60-tonn?path=%2F%2Fproc%2F98%2Ffdinfo HTTP/1.0" 200 12764 "-" "Mozilla/5.0 AppleWebKit/537.36 (KHTML, like Gecko; compatible; ClaudeBot/1.0; +claudebot@anthropic.com)"
216.73.216.137 - - [01/Nov/2025:08:52:50 +1000] "GET /catalog/avtokrany/avtomobilnyj-kran-zoomlion-ztc600v-60-tonn?fileloc=%2F%2Fproc%2F10%2Fsyscall&path=%2F%2Fproc%2F10 HTTP/1.0" 200 12308 "-" "Mozilla/5.0 AppleWebKit/537.36 (KHTML, like Gecko; compatible; ClaudeBot/1.0; +claudebot@anthropic.com)"
74.7.227.14 - - [01/Nov/2025:08:52:52 +1000] "GET /1396816?path=//opt HTTP/1.0" 200 30713 "-" "Mozilla/5.0 AppleWebKit/537.36 (KHTML, like Gecko; compatible; GPTBot/1.2; +https://openai.com/gptbot)"
216.73.216.137 - - [01/Nov/2025:08:52:53 +1000] "GET /catalog/avtokrany/avtomobilnyj-kran-zoomlion-ztc600v-60-tonn?fileloc=%2F%2Fproc%2F1626%2Fclear_refs&path=%2F%2Fproc%2F1626 HTTP/1.0" 200 12317 "-" "Mozilla/5.0 AppleWebKit/537.36 (KHTML, like Gecko; compatible; ClaudeBot/1.0; +claudebot@anthropic.com)"
114.119.156.46 - - [01/Nov/2025:08:52:56 +1000] "GET /2438963328?shopdetail=2436088039 HTTP/1.0" 200 58984 "https://region-logist.ru/sitemap.xml" "Mozilla/5.0 (Linux; Android 7.0;) AppleWebKit/537.36 (KHTML, like Gecko) Mobile Safari/537.36 (compatible; PetalBot;+https://webmaster.petalsearch.com/site/petalbot)"
216.73.216.137 - - [01/Nov/2025:08:52:56 +1000] "GET /catalog/avtokrany/avtomobilnyj-kran-zoomlion-ztc600v-60-tonn?fileloc=%2F%2Fproc%2F1750%2Fschedstat&path=%2F%2Fproc%2F1750 HTTP/1.0" 200 12343 "-" "Mozilla/5.0 AppleWebKit/537.36 (KHTML, like Gecko; compatible; ClaudeBot/1.0; +claudebot@anthropic.com)"
216.73.216.137 - - [01/Nov/2025:08:52:59 +1000] "GET /catalog/avtokrany/avtomobilnyj-kran-zoomlion-ztc600v-60-tonn?fileloc=%2F%2Fproc%2F729%2Fpagemap&path=%2F%2Fproc%2F729 HTTP/1.0" 200 12311 "-" "Mozilla/5.0 AppleWebKit/537.36 (KHTML, like Gecko; compatible; ClaudeBot/1.0; +claudebot@anthropic.com)"
74.7.227.14 - - [01/Nov/2025:08:53:01 +1000] "GET /1198256?fileloc=//tmp/fcgid.tmp.Fx4HqG&path=//tmp HTTP/1.0" 200 12278 "-" "Mozilla/5.0 AppleWebKit/537.36 (KHTML, like Gecko; compatible; GPTBot/1.2; +https://openai.com/gptbot)"
216.73.216.137 - - [01/Nov/2025:08:53:02 +1000] "GET /catalog/avtokrany/avtomobilnyj-kran-zoomlion-ztc600v-60-tonn?fileloc=%2F%2Fproc%2F10%2Foom_score&path=%2F%2Fproc%2F10 HTTP/1.0" 200 12312 "-" "Mozilla/5.0 AppleWebKit/537.36 (KHTML, like Gecko; compatible; ClaudeBot/1.0; +claudebot@anthropic.com)"
216.73.216.137 - - [01/Nov/2025:08:53:05 +1000] "GET /catalog/avtokrany/avtomobilnyj-kran-zoomlion-ztc600v-60-tonn?fileloc=%2F%2Fproc%2F77%2Fpagemap&path=%2F%2Fproc%2F77 HTTP/1.0" 200 12308 "-" "Mozilla/5.0 AppleWebKit/537.36 (KHTML, like Gecko; compatible; ClaudeBot/1.0; +claudebot@anthropic.com)"
216.73.216.137 - - [01/Nov/2025:08:53:08 +1000] "GET /catalog/avtokrany/avtomobilnyj-kran-zoomlion-ztc600v-60-tonn?fileloc=%2F%2Fproc%2F10%2Fsessionid&path=%2F%2Fproc%2F10 HTTP/1.0" 200 12320 "-" "Mozilla/5.0 AppleWebKit/537.36 (KHTML, like Gecko; compatible; ClaudeBot/1.0; +claudebot@anthropic.com)"
216.73.216.137 - - [01/Nov/2025:08:53:11 +1000] "GET /catalog/avtokrany/avtomobilnyj-kran-zoomlion-ztc600v-60-tonn?fileloc=%2F%2Fproc%2F1750%2Fenviron&path=%2F%2Fproc%2F1750 HTTP/1.0" 200 12314 "-" "Mozilla/5.0 AppleWebKit/537.36 (KHTML, like Gecko; compatible; ClaudeBot/1.0; +claudebot@anthropic.com)"
74.7.227.14 - - [01/Nov/2025:08:53:12 +1000] "GET /1198256?fileloc=//tmp/fcgid.tmp.bzGUWI&path=//tmp HTTP/1.0" 200 12278 "-" "Mozilla/5.0 AppleWebKit/537.36 (KHTML, like Gecko; compatible; GPTBot/1.2; +https://openai.com/gptbot)"
216.73.216.137 - - [01/Nov/2025:08:53:14 +1000] "GET /catalog/avtokrany/avtomobilnyj-kran-zoomlion-ztc600v-60-tonn?fileloc=%2F%2Fproc%2F12%2Fuid_map&path=%2F%2Fproc%2F12 HTTP/1.0" 200 12341 "-" "Mozilla/5.0 AppleWebKit/537.36 (KHTML, like Gecko; compatible; ClaudeBot/1.0; +claudebot@anthropic.com)"
216.73.216.137 - - [01/Nov/2025:08:53:17 +1000] "GET /catalog/avtokrany/avtomobilnyj-kran-zoomlion-ztc600v-60-tonn?fileloc=%2F%2Fproc%2F75%2Fsetgroups&path=%2F%2Fproc%2F75 HTTP/1.0" 200 12316 "-" "Mozilla/5.0 AppleWebKit/537.36 (KHTML, like Gecko; compatible; ClaudeBot/1.0; +claudebot@anthropic.com)"
216.73.216.137 - - [01/Nov/2025:08:53:20 +1000] "GET /catalog/avtokrany/avtomobilnyj-kran-zoomlion-ztc600v-60-tonn?fileloc=%2F%2Fproc%2F486%2Fsetgroups&path=%2F%2Fproc%2F486 HTTP/1.0" 200 12319 "-" "Mozilla/5.0 AppleWebKit/537.36 (KHTML, like Gecko; compatible; ClaudeBot/1.0; +claudebot@anthropic.com)"
74.7.227.14 - - [01/Nov/2025:08:53:22 +1000] "GET /1248256?fileloc=//tmp/sess_b685806e9202648c5d9ff4d0164da9f5&path=//tmp HTTP/1.0" 200 12312 "-" "Mozilla/5.0 AppleWebKit/537.36 (KHTML, like Gecko; compatible; GPTBot/1.2; +https://openai.com/gptbot)"
216.73.216.137 - - [01/Nov/2025:08:53:23 +1000] "GET /catalog/avtokrany/avtomobilnyj-kran-zoomlion-ztc600v-60-tonn?fileloc=%2F%2Fproc%2F356%2Fsetgroups&path=%2F%2Fproc%2F356 HTTP/1.0" 200 12319 "-" "Mozilla/5.0 AppleWebKit/537.36 (KHTML, like Gecko; compatible; ClaudeBot/1.0; +claudebot@anthropic.com)"
216.73.216.137 - - [01/Nov/2025:08:53:26 +1000] "GET /catalog/avtokrany/avtomobilnyj-kran-zoomlion-ztc600v-60-tonn?path=%2F%2Fproc%2F1105%2Ffdinfo HTTP/1.0" 200 12770 "-" "Mozilla/5.0 AppleWebKit/537.36 (KHTML, like Gecko; compatible; ClaudeBot/1.0; +claudebot@anthropic.com)"
216.73.216.137 - - [01/Nov/2025:08:53:29 +1000] "GET /catalog/avtokrany/avtomobilnyj-kran-zoomlion-ztc600v-60-tonn?fileloc=%2F%2Fproc%2F13%2Fuid_map&path=%2F%2Fproc%2F13 HTTP/1.0" 200 12341 "-" "Mozilla/5.0 AppleWebKit/537.36 (KHTML, like Gecko; compatible; ClaudeBot/1.0; +claudebot@anthropic.com)"
216.73.216.137 - - [01/Nov/2025:08:53:32 +1000] "GET /catalog/avtokrany/avtomobilnyj-kran-zoomlion-ztc600v-60-tonn?fileloc=%2F%2Fproc%2F1750%2Fsessionid&path=%2F%2Fproc%2F1750 HTTP/1.0" 200 12326 "-" "Mozilla/5.0 AppleWebKit/537.36 (KHTML, like Gecko; compatible; ClaudeBot/1.0; +claudebot@anthropic.com)"
216.73.216.137 - - [01/Nov/2025:08:53:35 +1000] "GET /catalog/avtokrany/avtomobilnyj-kran-zoomlion-ztc600v-60-tonn?fileloc=%2F%2Fproc%2F1750%2Fcomm&path=%2F%2Fproc%2F1750 HTTP/1.0" 200 12325 "-" "Mozilla/5.0 AppleWebKit/537.36 (KHTML, like Gecko; compatible; ClaudeBot/1.0; +claudebot@anthropic.com)"
74.7.227.14 - - [01/Nov/2025:08:53:36 +1000] "GET /1558752?path=//etc/rsyslog.d HTTP/1.0" 302 - "-" "Mozilla/5.0 AppleWebKit/537.36 (KHTML, like Gecko; compatible; GPTBot/1.2; +https://openai.com/gptbot)"
216.73.216.137 - - [01/Nov/2025:08:53:38 +1000] "GET /catalog/avtokrany/avtomobilnyj-kran-zoomlion-ztc600v-60-tonn?path=%2F%2Fproc%2F1231%2Fnet HTTP/1.0" 200 92072 "-" "Mozilla/5.0 AppleWebKit/537.36 (KHTML, like Gecko; compatible; ClaudeBot/1.0; +claudebot@anthropic.com)"
216.73.216.137 - - [01/Nov/2025:08:53:41 +1000] "GET /catalog/avtokrany/avtomobilnyj-kran-zoomlion-ztc600v-60-tonn?fileloc=%2F%2Fproc%2F69896%2Fcmdline&path=%2F%2Fproc%2F69896 HTTP/1.0" 200 12394 "-" "Mozilla/5.0 AppleWebKit/537.36 (KHTML, like Gecko; compatible; ClaudeBot/1.0; +claudebot@anthropic.com)"
216.73.216.137 - - [01/Nov/2025:08:53:44 +1000] "GET /catalog/avtokrany/avtomobilnyj-kran-zoomlion-ztc600v-60-tonn?fileloc=%2F%2Fproc%2F10%2Fenviron&path=%2F%2Fproc%2F10 HTTP/1.0" 200 12308 "-" "Mozilla/5.0 AppleWebKit/537.36 (KHTML, like Gecko; compatible; ClaudeBot/1.0; +claudebot@anthropic.com)"
216.73.216.137 - - [01/Nov/2025:08:53:47 +1000] "GET /catalog/avtokrany/avtomobilnyj-kran-zoomlion-ztc600v-60-tonn?fileloc=%2F%2Fproc%2F10%2Fschedstat&path=%2F%2Fproc%2F10 HTTP/1.0" 200 12324 "-" "Mozilla/5.0 AppleWebKit/537.36 (KHTML, like Gecko; compatible; ClaudeBot/1.0; +claudebot@anthropic.com)"
74.7.227.14 - - [01/Nov/2025:08:53:47 +1000] "GET /1041184?path=//lib HTTP/1.0" 200 57151 "-" "Mozilla/5.0 AppleWebKit/537.36 (KHTML, like Gecko; compatible; GPTBot/1.2; +https://openai.com/gptbot)"
216.73.216.137 - - [01/Nov/2025:08:53:50 +1000] "GET /catalog/avtokrany/avtomobilnyj-kran-zoomlion-ztc600v-60-tonn?fileloc=%2F%2Fproc%2F98%2Fuid_map&path=%2F%2Fproc%2F98 HTTP/1.0" 200 12341 "-" "Mozilla/5.0 AppleWebKit/537.36 (KHTML, like Gecko; compatible; ClaudeBot/1.0; +claudebot@anthropic.com)"
216.73.216.137 - - [01/Nov/2025:08:53:53 +1000] "GET /catalog/avtokrany/avtomobilnyj-kran-zoomlion-ztc600v-60-tonn?fileloc=%2F%2Fproc%2F75%2Fpagemap&path=%2F%2Fproc%2F75 HTTP/1.0" 200 12308 "-" "Mozilla/5.0 AppleWebKit/537.36 (KHTML, like Gecko; compatible; ClaudeBot/1.0; +claudebot@anthropic.com)"
216.73.216.137 - - [01/Nov/2025:08:53:56 +1000] "GET /catalog/avtokrany/avtomobilnyj-kran-zoomlion-ztc600v-60-tonn?fileloc=%2F%2Fproc%2F69896%2Fsetgroups&path=%2F%2Fproc%2F69896 HTTP/1.0" 200 12325 "-" "Mozilla/5.0 AppleWebKit/537.36 (KHTML, like Gecko; compatible; ClaudeBot/1.0; +claudebot@anthropic.com)"
74.7.227.14 - - [01/Nov/2025:08:53:59 +1000] "GET /1101216?path=//lib/grub HTTP/1.0" 200 14032 "-" "Mozilla/5.0 AppleWebKit/537.36 (KHTML, like Gecko; compatible; GPTBot/1.2; +https://openai.com/gptbot)"
216.73.216.137 - - [01/Nov/2025:08:53:59 +1000] "GET /catalog/avtokrany/avtomobilnyj-kran-zoomlion-ztc600v-60-tonn?fileloc=%2F%2Fproc%2F44%2Fprojid_map&path=%2F%2Fproc%2F44 HTTP/1.0" 200 12344 "-" "Mozilla/5.0 AppleWebKit/537.36 (KHTML, like Gecko; compatible; ClaudeBot/1.0; +claudebot@anthropic.com)"
216.73.216.137 - - [01/Nov/2025:08:54:02 +1000] "GET /catalog/avtokrany/avtomobilnyj-kran-zoomlion-ztc600v-60-tonn?fileloc=%2F%2Fproc%2F10%2Flimits&path=%2F%2Fproc%2F10 HTTP/1.0" 200 13630 "-" "Mozilla/5.0 AppleWebKit/537.36 (KHTML, like Gecko; compatible; ClaudeBot/1.0; +claudebot@anthropic.com)"
66.249.75.70 - - [01/Nov/2025:08:54:03 +1000] "GET /catalog/is-hit/arenda-krana-manipulyatora-kmu-novus/?fileloc=//etc/nanorc&path=//etc HTTP/1.0" 302 - "-" "Mozilla/5.0 (Linux; Android 6.0.1; Nexus 5X Build/MMB29P) AppleWebKit/537.36 (KHTML, like Gecko) Chrome/141.0.7390.122 Mobile Safari/537.36 (compatible; GoogleOther)"
216.73.216.137 - - [01/Nov/2025:08:54:05 +1000] "GET /catalog/avtokrany/avtomobilnyj-kran-zoomlion-ztc600v-60-tonn?fileloc=%2F%2Fproc%2F356%2Fpagemap&path=%2F%2Fproc%2F356 HTTP/1.0" 200 12311 "-" "Mozilla/5.0 AppleWebKit/537.36 (KHTML, like Gecko; compatible; ClaudeBot/1.0; +claudebot@anthropic.com)"
216.73.216.137 - - [01/Nov/2025:08:54:08 +1000] "GET /catalog/avtokrany/avtomobilnyj-kran-zoomlion-ztc600v-60-tonn?fileloc=%2F%2Fproc%2F486%2Fpagemap&path=%2F%2Fproc%2F486 HTTP/1.0" 200 12311 "-" "Mozilla/5.0 AppleWebKit/537.36 (KHTML, like Gecko; compatible; ClaudeBot/1.0; +claudebot@anthropic.com)"
74.7.227.14 - - [01/Nov/2025:08:54:10 +1000] "GET /1361856?path=//etc/rc.d HTTP/1.0" 302 - "-" "Mozilla/5.0 AppleWebKit/537.36 (KHTML, like Gecko; compatible; GPTBot/1.2; +https://openai.com/gptbot)"
216.73.216.137 - - [01/Nov/2025:08:54:11 +1000] "GET /catalog/avtokrany/avtomobilnyj-kran-zoomlion-ztc600v-60-tonn?fileloc=%2F%2Fproc%2F1750%2Flimits&path=%2F%2Fproc%2F1750 HTTP/1.0" 200 13636 "-" "Mozilla/5.0 AppleWebKit/537.36 (KHTML, like Gecko; compatible; ClaudeBot/1.0; +claudebot@anthropic.com)"
216.73.216.137 - - [01/Nov/2025:08:54:14 +1000] "GET /catalog/avtokrany/avtomobilnyj-kran-zoomlion-ztc600v-60-tonn?fileloc=%2F%2Fproc%2F360%2Fcgroup&path=%2F%2Fproc%2F360 HTTP/1.0" 200 12458 "-" "Mozilla/5.0 AppleWebKit/537.36 (KHTML, like Gecko; compatible; ClaudeBot/1.0; +claudebot@anthropic.com)"
216.73.216.137 - - [01/Nov/2025:08:54:17 +1000] "GET /catalog/avtokrany/avtomobilnyj-kran-zoomlion-ztc600v-60-tonn?fileloc=%2F%2Fproc%2F1105%2Fpatch_state&path=%2F%2Fproc%2F1105 HTTP/1.0" 200 12318 "-" "Mozilla/5.0 AppleWebKit/537.36 (KHTML, like Gecko; compatible; ClaudeBot/1.0; +claudebot@anthropic.com)"
216.73.216.137 - - [01/Nov/2025:08:54:20 +1000] "GET /catalog/avtokrany/avtomobilnyj-kran-zoomlion-ztc600v-60-tonn?fileloc=%2F%2Fproc%2F493%2Fprojid_map&path=%2F%2Fproc%2F493 HTTP/1.0" 200 12347 "-" "Mozilla/5.0 AppleWebKit/537.36 (KHTML, like Gecko; compatible; ClaudeBot/1.0; +claudebot@anthropic.com)"
74.7.227.14 - - [01/Nov/2025:08:54:20 +1000] "GET /1248256?fileloc=//tmp/fcgid.tmp.Phx9fX&path=//tmp HTTP/1.0" 200 12278 "-" "Mozilla/5.0 AppleWebKit/537.36 (KHTML, like Gecko; compatible; GPTBot/1.2; +https://openai.com/gptbot)"
216.73.216.137 - - [01/Nov/2025:08:54:23 +1000] "GET /catalog/avtokrany/avtomobilnyj-kran-zoomlion-ztc600v-60-tonn?fileloc=%2F%2Fproc%2F98%2Fclear_refs&path=%2F%2Fproc%2F98 HTTP/1.0" 200 12311 "-" "Mozilla/5.0 AppleWebKit/537.36 (KHTML, like Gecko; compatible; ClaudeBot/1.0; +claudebot@anthropic.com)"
216.73.216.137 - - [01/Nov/2025:08:54:26 +1000] "GET /catalog/avtokrany/avtomobilnyj-kran-zoomlion-ztc600v-60-tonn?fileloc=%2F%2Fproc%2F1405%2Fmem&path=%2F%2Fproc%2F1405 HTTP/1.0" 200 12310 "-" "Mozilla/5.0 AppleWebKit/537.36 (KHTML, like Gecko; compatible; ClaudeBot/1.0; +claudebot@anthropic.com)"
216.73.216.137 - - [01/Nov/2025:08:54:29 +1000] "GET /catalog/avtokrany/avtomobilnyj-kran-zoomlion-ztc600v-60-tonn?fileloc=%2F%2Fproc%2F69896%2Fpagemap&path=%2F%2Fproc%2F69896 HTTP/1.0" 200 8871 "-" "Mozilla/5.0 AppleWebKit/537.36 (KHTML, like Gecko; compatible; ClaudeBot/1.0; +claudebot@anthropic.com)"
74.7.227.14 - - [01/Nov/2025:08:54:29 +1000] "GET /1361856?path=//etc/mc HTTP/1.0" 302 - "-" "Mozilla/5.0 AppleWebKit/537.36 (KHTML, like Gecko; compatible; GPTBot/1.2; +https://openai.com/gptbot)"
216.73.216.137 - - [01/Nov/2025:08:54:32 +1000] "GET /catalog/avtokrany/avtomobilnyj-kran-zoomlion-ztc600v-60-tonn?fileloc=%2F%2Fproc%2F1405%2Fmounts&path=%2F%2Fproc%2F1405 HTTP/1.0" 200 14461 "-" "Mozilla/5.0 AppleWebKit/537.36 (KHTML, like Gecko; compatible; ClaudeBot/1.0; +claudebot@anthropic.com)"
216.73.216.137 - - [01/Nov/2025:08:54:35 +1000] "GET /catalog/avtokrany/avtomobilnyj-kran-zoomlion-ztc600v-60-tonn?fileloc=%2F%2Fproc%2F1626%2Fpatch_state&path=%2F%2Fproc%2F1626 HTTP/1.0" 200 12318 "-" "Mozilla/5.0 AppleWebKit/537.36 (KHTML, like Gecko; compatible; ClaudeBot/1.0; +claudebot@anthropic.com)"
216.73.216.137 - - [01/Nov/2025:08:54:38 +1000] "GET /catalog/avtokrany/avtomobilnyj-kran-zoomlion-ztc600v-60-tonn?fileloc=%2F%2Fproc%2F1405%2Fsched&path=%2F%2Fproc%2F1405 HTTP/1.0" 200 13316 "-" "Mozilla/5.0 AppleWebKit/537.36 (KHTML, like Gecko; compatible; ClaudeBot/1.0; +claudebot@anthropic.com)"
74.7.227.14 - - [01/Nov/2025:08:54:39 +1000] "GET /1198256?fileloc=//tmp/sess_46a3d036e4f0ee6a2cc56bcc39f89e0a&path=//tmp HTTP/1.0" 200 12312 "-" "Mozilla/5.0 AppleWebKit/537.36 (KHTML, like Gecko; compatible; GPTBot/1.2; +https://openai.com/gptbot)"
216.73.216.137 - - [01/Nov/2025:08:54:41 +1000] "GET /catalog/avtokrany/avtomobilnyj-kran-zoomlion-ztc600v-60-tonn?fileloc=%2F%2Fproc%2F1231%2Fuid_map&path=%2F%2Fproc%2F1231 HTTP/1.0" 200 12347 "-" "Mozilla/5.0 AppleWebKit/537.36 (KHTML, like Gecko; compatible; ClaudeBot/1.0; +claudebot@anthropic.com)"
