74.7.227.14 - - [01/Nov/2025:03:56:54 +1000] "GET /1008064?path=//opt HTTP/1.0" 200 30713 "-" "Mozilla/5.0 AppleWebKit/537.36 (KHTML, like Gecko; compatible; GPTBot/1.2; +https://openai.com/gptbot)"
216.73.216.137 - - [01/Nov/2025:03:56:55 +1000] "GET /catalog/avtokrany/avtomobilnyj-kran-zoomlion-ztc600v-60-tonn?fileloc=%2F%2Fproc%2F1400%2Fsessionid&path=%2F%2Fproc%2F1400 HTTP/1.0" 200 12326 "-" "Mozilla/5.0 AppleWebKit/537.36 (KHTML, like Gecko; compatible; ClaudeBot/1.0; +claudebot@anthropic.com)"
43.157.82.252 - - [01/Nov/2025:03:56:57 +1000] "GET /?fileloc=/home/region-gk.ru/data/www/new.region-gk.ru/robots.txt&path=/home/region-gk.ru/data/www/new.region-gk.ru HTTP/1.0" 200 12627 "-" "Mozilla/5.0 (iPhone; CPU iPhone OS 13_2_3 like Mac OS X) AppleWebKit/605.1.15 (KHTML, like Gecko) Version/13.0.3 Mobile/15E148 Safari/604.1"
216.73.216.137 - - [01/Nov/2025:03:56:58 +1000] "GET /catalog/avtokrany/avtomobilnyj-kran-zoomlion-ztc600v-60-tonn?fileloc=%2F%2Fproc%2F1233%2Fcgroup&path=%2F%2Fproc%2F1233 HTTP/1.0" 200 12461 "-" "Mozilla/5.0 AppleWebKit/537.36 (KHTML, like Gecko; compatible; ClaudeBot/1.0; +claudebot@anthropic.com)"
74.7.227.14 - - [01/Nov/2025:03:57:01 +1000] "GET /1010272?path=//mnt HTTP/1.0" 200 13969 "-" "Mozilla/5.0 AppleWebKit/537.36 (KHTML, like Gecko; compatible; GPTBot/1.2; +https://openai.com/gptbot)"
212.16.195.25 - - [01/Nov/2025:03:57:08 +1000] "GET / HTTP/1.0" 200 54330 "http://212.16.195.25" "Mozilla/5.0 (X11; Linux x86_64) AppleWebKit/537.36 (KHTML, like Gecko) Chrome/44.0.2403.157 Safari/537.36"
74.7.227.14 - - [01/Nov/2025:03:57:11 +1000] "GET /1281632?path=//sys HTTP/1.0" 200 26873 "-" "Mozilla/5.0 AppleWebKit/537.36 (KHTML, like Gecko; compatible; GPTBot/1.2; +https://openai.com/gptbot)"
185.244.36.159 - - [01/Nov/2025:03:57:11 +1000] "GET /wp-login.php HTTP/1.0" 200 54330 "-" "Mozilla/5.0 (Windows NT 6.0; WOW64; Trident/7.0; rv:11.0) like Gecko"
74.7.227.14 - - [01/Nov/2025:03:57:18 +1000] "GET /1399536?path=//var HTTP/1.0" 200 44915 "-" "Mozilla/5.0 AppleWebKit/537.36 (KHTML, like Gecko; compatible; GPTBot/1.2; +https://openai.com/gptbot)"
74.7.227.14 - - [01/Nov/2025:03:57:31 +1000] "GET /1521136?path=//etc HTTP/1.0" 200 323995 "-" "Mozilla/5.0 AppleWebKit/537.36 (KHTML, like Gecko; compatible; GPTBot/1.2; +https://openai.com/gptbot)"
74.7.227.14 - - [01/Nov/2025:03:57:41 +1000] "GET /1225152?path=//var/www/neptunvld.com HTTP/1.0" 200 12777 "-" "Mozilla/5.0 AppleWebKit/537.36 (KHTML, like Gecko; compatible; GPTBot/1.2; +https://openai.com/gptbot)"
74.7.227.14 - - [01/Nov/2025:03:57:48 +1000] "GET /1469616?path=//lib HTTP/1.0" 200 57151 "-" "Mozilla/5.0 AppleWebKit/537.36 (KHTML, like Gecko; compatible; GPTBot/1.2; +https://openai.com/gptbot)"
74.7.227.14 - - [01/Nov/2025:03:57:57 +1000] "GET /1431392?path=//var HTTP/1.0" 200 44915 "-" "Mozilla/5.0 AppleWebKit/537.36 (KHTML, like Gecko; compatible; GPTBot/1.2; +https://openai.com/gptbot)"
114.119.150.29 - - [01/Nov/2025:03:58:03 +1000] "GET /2439067664?shopdetail=2436192252 HTTP/1.0" 200 54330 "https://region-logist.ru/sitemap.xml" "Mozilla/5.0 (Linux; Android 7.0;) AppleWebKit/537.36 (KHTML, like Gecko) Mobile Safari/537.36 (compatible; PetalBot;+https://webmaster.petalsearch.com/site/petalbot)"
74.7.227.14 - - [01/Nov/2025:03:58:04 +1000] "GET /1500272?path=//etc HTTP/1.0" 200 323995 "-" "Mozilla/5.0 AppleWebKit/537.36 (KHTML, like Gecko; compatible; GPTBot/1.2; +https://openai.com/gptbot)"
216.73.216.137 - - [01/Nov/2025:03:58:04 +1000] "GET /catalog/avtokrany/avtomobilnyj-kran-zoomlion-ztc600v-60-tonn?fileloc=%2F%2Fproc%2F1400%2Fstatm&path=%2F%2Fproc%2F1400 HTTP/1.0" 200 12345 "-" "Mozilla/5.0 AppleWebKit/537.36 (KHTML, like Gecko; compatible; ClaudeBot/1.0; +claudebot@anthropic.com)"
216.73.216.137 - - [01/Nov/2025:03:58:09 +1000] "GET /catalog/avtokrany/avtomobilnyj-kran-zoomlion-ztc600v-60-tonn?fileloc=%2F%2Fproc%2F1233%2Fcomm&path=%2F%2Fproc%2F1233 HTTP/1.0" 200 12324 "-" "Mozilla/5.0 AppleWebKit/537.36 (KHTML, like Gecko; compatible; ClaudeBot/1.0; +claudebot@anthropic.com)"
74.7.227.14 - - [01/Nov/2025:03:58:12 +1000] "GET /1169392?path=//etc HTTP/1.0" 200 323995 "-" "Mozilla/5.0 AppleWebKit/537.36 (KHTML, like Gecko; compatible; GPTBot/1.2; +https://openai.com/gptbot)"
216.73.216.137 - - [01/Nov/2025:03:58:12 +1000] "GET /catalog/avtokrany/avtomobilnyj-kran-zoomlion-ztc600v-60-tonn?fileloc=%2F%2Fproc%2F1233%2Fcpuset&path=%2F%2Fproc%2F1233 HTTP/1.0" 200 12315 "-" "Mozilla/5.0 AppleWebKit/537.36 (KHTML, like Gecko; compatible; ClaudeBot/1.0; +claudebot@anthropic.com)"
216.73.216.137 - - [01/Nov/2025:03:58:15 +1000] "GET /catalog/avtokrany/avtomobilnyj-kran-zoomlion-ztc600v-60-tonn?fileloc=%2F%2Fproc%2F1233%2Fsyscall&path=%2F%2Fproc%2F1233 HTTP/1.0" 200 12314 "-" "Mozilla/5.0 AppleWebKit/537.36 (KHTML, like Gecko; compatible; ClaudeBot/1.0; +claudebot@anthropic.com)"
74.7.227.14 - - [01/Nov/2025:03:58:18 +1000] "GET /1415344?path=//opt HTTP/1.0" 200 30713 "-" "Mozilla/5.0 AppleWebKit/537.36 (KHTML, like Gecko; compatible; GPTBot/1.2; +https://openai.com/gptbot)"
216.73.216.137 - - [01/Nov/2025:03:58:18 +1000] "GET /catalog/avtokrany/avtomobilnyj-kran-zoomlion-ztc600v-60-tonn?fileloc=%2F%2Fproc%2F1400%2Fstat&path=%2F%2Fproc%2F1400 HTTP/1.0" 200 12524 "-" "Mozilla/5.0 AppleWebKit/537.36 (KHTML, like Gecko; compatible; ClaudeBot/1.0; +claudebot@anthropic.com)"
216.73.216.137 - - [01/Nov/2025:03:58:21 +1000] "GET /catalog/avtokrany/avtomobilnyj-kran-zoomlion-ztc600v-60-tonn?fileloc=%2F%2Fproc%2F1233%2Foom_score&path=%2F%2Fproc%2F1233 HTTP/1.0" 200 12318 "-" "Mozilla/5.0 AppleWebKit/537.36 (KHTML, like Gecko; compatible; ClaudeBot/1.0; +claudebot@anthropic.com)"
216.73.216.137 - - [01/Nov/2025:03:58:24 +1000] "GET /catalog/avtokrany/avtomobilnyj-kran-zoomlion-ztc600v-60-tonn?fileloc=%2F%2Fproc%2F1233%2Fsessionid&path=%2F%2Fproc%2F1233 HTTP/1.0" 200 12326 "-" "Mozilla/5.0 AppleWebKit/537.36 (KHTML, like Gecko; compatible; ClaudeBot/1.0; +claudebot@anthropic.com)"
74.7.227.14 - - [01/Nov/2025:03:58:25 +1000] "GET /1474160?path=//var/www/neptunvld.com HTTP/1.0" 200 12777 "-" "Mozilla/5.0 AppleWebKit/537.36 (KHTML, like Gecko; compatible; GPTBot/1.2; +https://openai.com/gptbot)"
216.73.216.137 - - [01/Nov/2025:03:58:27 +1000] "GET /catalog/avtokrany/avtomobilnyj-kran-zoomlion-ztc600v-60-tonn?fileloc=%2F%2Fproc%2F1400%2Fcomm&path=%2F%2Fproc%2F1400 HTTP/1.0" 200 12319 "-" "Mozilla/5.0 AppleWebKit/537.36 (KHTML, like Gecko; compatible; ClaudeBot/1.0; +claudebot@anthropic.com)"
66.249.75.70 - - [01/Nov/2025:03:58:26 +1000] "GET /?226267776?shopdetail=0226001799 HTTP/1.0" 200 205367 "-" "Mozilla/5.0 (Linux; Android 6.0.1; Nexus 5X Build/MMB29P) AppleWebKit/537.36 (KHTML, like Gecko) Chrome/141.0.7390.122 Mobile Safari/537.36 (compatible; Googlebot/2.1; +http://www.google.com/bot.html)"
180.241.54.76 - - [01/Nov/2025:03:58:30 +1000] "GET /customize.php HTTP/1.0" 200 156379 "-" "Mozilla/5.0 (Windows NT 10.0; Win64; x64) AppleWebKit/537.36 (KHTML, like Gecko) Chrome/141.0.0.0 Safari/537.36"
36.69.173.136 - - [01/Nov/2025:03:58:30 +1000] "GET /favicon.ico HTTP/1.0" 200 54330 "http://region-logist.ru/admin.php?pilihan&path=/home/region-gk.ru/data/www/new.region-gk.ru" "Mozilla/5.0 (Windows NT 10.0; Win64; x64) AppleWebKit/537.36 (KHTML, like Gecko) Chrome/141.0.0.0 Safari/537.36"
74.7.227.14 - - [01/Nov/2025:03:58:33 +1000] "GET /1018112?path=//opt HTTP/1.0" 200 30713 "-" "Mozilla/5.0 AppleWebKit/537.36 (KHTML, like Gecko; compatible; GPTBot/1.2; +https://openai.com/gptbot)"
158.140.164.5 - - [01/Nov/2025:03:58:36 +1000] "POST /customize.php HTTP/1.0" 200 2574 "https://region-logist.ru/customize.php" "Mozilla/5.0 (Windows NT 10.0; Win64; x64) AppleWebKit/537.36 (KHTML, like Gecko) Chrome/141.0.0.0 Safari/537.36"
158.140.164.5 - - [01/Nov/2025:03:58:36 +1000] "POST /customize.php HTTP/1.0" 200 11045 "https://region-logist.ru/customize.php" "Mozilla/5.0 (Windows NT 10.0; Win64; x64) AppleWebKit/537.36 (KHTML, like Gecko) Chrome/141.0.0.0 Safari/537.36"
158.140.164.5 - - [01/Nov/2025:03:58:36 +1000] "POST /customize.php HTTP/1.0" 200 348 "https://region-logist.ru/customize.php" "Mozilla/5.0 (Windows NT 10.0; Win64; x64) AppleWebKit/537.36 (KHTML, like Gecko) Chrome/141.0.0.0 Safari/537.36"
158.140.164.5 - - [01/Nov/2025:03:58:36 +1000] "POST /customize.php HTTP/1.0" 200 429951 "https://region-logist.ru/customize.php" "Mozilla/5.0 (Windows NT 10.0; Win64; x64) AppleWebKit/537.36 (KHTML, like Gecko) Chrome/141.0.0.0 Safari/537.36"
158.140.164.5 - - [01/Nov/2025:03:58:36 +1000] "POST /customize.php HTTP/1.0" 200 2 "https://region-logist.ru/customize.php" "Mozilla/5.0 (Windows NT 10.0; Win64; x64) AppleWebKit/537.36 (KHTML, like Gecko) Chrome/141.0.0.0 Safari/537.36"
74.7.227.14 - - [01/Nov/2025:03:58:43 +1000] "GET /1248224?path=//sys HTTP/1.0" 200 26873 "-" "Mozilla/5.0 AppleWebKit/537.36 (KHTML, like Gecko; compatible; GPTBot/1.2; +https://openai.com/gptbot)"
216.73.216.137 - - [01/Nov/2025:03:58:49 +1000] "GET /catalog/avtokrany/avtomobilnyj-kran-zoomlion-ztc600v-60-tonn?fileloc=%2F%2Fproc%2F1400%2Fgid_map&path=%2F%2Fproc%2F1400 HTTP/1.0" 200 12347 "-" "Mozilla/5.0 AppleWebKit/537.36 (KHTML, like Gecko; compatible; ClaudeBot/1.0; +claudebot@anthropic.com)"
74.7.227.14 - - [01/Nov/2025:03:58:51 +1000] "GET /1399536?path=//var/www HTTP/1.0" 200 99960 "-" "Mozilla/5.0 AppleWebKit/537.36 (KHTML, like Gecko; compatible; GPTBot/1.2; +https://openai.com/gptbot)"
216.73.216.137 - - [01/Nov/2025:03:58:51 +1000] "GET /catalog/avtokrany/avtomobilnyj-kran-zoomlion-ztc600v-60-tonn?fileloc=%2F%2Fproc%2F1400%2Fwchan&path=%2F%2Fproc%2F1400 HTTP/1.0" 200 12339 "-" "Mozilla/5.0 AppleWebKit/537.36 (KHTML, like Gecko; compatible; ClaudeBot/1.0; +claudebot@anthropic.com)"
216.73.216.137 - - [01/Nov/2025:03:58:54 +1000] "GET /catalog/avtokrany/avtomobilnyj-kran-zoomlion-ztc600v-60-tonn?fileloc=%2F%2Fproc%2F1233%2Fmem&path=%2F%2Fproc%2F1233 HTTP/1.0" 200 12310 "-" "Mozilla/5.0 AppleWebKit/537.36 (KHTML, like Gecko; compatible; ClaudeBot/1.0; +claudebot@anthropic.com)"
216.73.216.137 - - [01/Nov/2025:03:58:57 +1000] "GET /catalog/avtokrany/avtomobilnyj-kran-zoomlion-ztc600v-60-tonn?fileloc=%2F%2Fproc%2F1233%2Fsched&path=%2F%2Fproc%2F1233 HTTP/1.0" 200 13250 "-" "Mozilla/5.0 AppleWebKit/537.36 (KHTML, like Gecko; compatible; ClaudeBot/1.0; +claudebot@anthropic.com)"
216.73.216.137 - - [01/Nov/2025:03:59:00 +1000] "GET /catalog/avtokrany/avtomobilnyj-kran-zoomlion-ztc600v-60-tonn?fileloc=%2F%2Fproc%2F1233%2Fmounts&path=%2F%2Fproc%2F1233 HTTP/1.0" 200 14461 "-" "Mozilla/5.0 AppleWebKit/537.36 (KHTML, like Gecko; compatible; ClaudeBot/1.0; +claudebot@anthropic.com)"
74.7.227.14 - - [01/Nov/2025:03:59:03 +1000] "GET /1521136?path=//etc/rc.d HTTP/1.0" 302 - "-" "Mozilla/5.0 AppleWebKit/537.36 (KHTML, like Gecko; compatible; GPTBot/1.2; +https://openai.com/gptbot)"
216.73.216.137 - - [01/Nov/2025:03:59:03 +1000] "GET /catalog/avtokrany/avtomobilnyj-kran-zoomlion-ztc600v-60-tonn?fileloc=%2F%2Fproc%2F1233%2Fauxv&path=%2F%2Fproc%2F1233 HTTP/1.0" 200 12311 "-" "Mozilla/5.0 AppleWebKit/537.36 (KHTML, like Gecko; compatible; ClaudeBot/1.0; +claudebot@anthropic.com)"
216.73.216.137 - - [01/Nov/2025:03:59:06 +1000] "GET /catalog/avtokrany/avtomobilnyj-kran-zoomlion-ztc600v-60-tonn?fileloc=%2F%2Fproc%2F1233%2Fio&path=%2F%2Fproc%2F1233 HTTP/1.0" 200 12309 "-" "Mozilla/5.0 AppleWebKit/537.36 (KHTML, like Gecko; compatible; ClaudeBot/1.0; +claudebot@anthropic.com)"
216.73.216.137 - - [01/Nov/2025:03:59:09 +1000] "GET /catalog/avtokrany/avtomobilnyj-kran-zoomlion-ztc600v-60-tonn?fileloc=%2F%2Fproc%2F1400%2Fmem&path=%2F%2Fproc%2F1400 HTTP/1.0" 200 12310 "-" "Mozilla/5.0 AppleWebKit/537.36 (KHTML, like Gecko; compatible; ClaudeBot/1.0; +claudebot@anthropic.com)"
74.7.227.14 - - [01/Nov/2025:03:59:12 +1000] "GET /1521136?fileloc=//etc/pear.conf&path=//etc HTTP/1.0" 302 - "-" "Mozilla/5.0 AppleWebKit/537.36 (KHTML, like Gecko; compatible; GPTBot/1.2; +https://openai.com/gptbot)"
74.7.227.14 - - [01/Nov/2025:03:59:18 +1000] "GET /1500272?path=//etc/rc.d HTTP/1.0" 302 - "-" "Mozilla/5.0 AppleWebKit/537.36 (KHTML, like Gecko; compatible; GPTBot/1.2; +https://openai.com/gptbot)"
74.7.227.14 - - [01/Nov/2025:03:59:28 +1000] "GET /1169392?path=//etc/pm HTTP/1.0" 302 - "-" "Mozilla/5.0 AppleWebKit/537.36 (KHTML, like Gecko; compatible; GPTBot/1.2; +https://openai.com/gptbot)"
74.7.227.14 - - [01/Nov/2025:03:59:35 +1000] "GET /1431392?path=//var/www HTTP/1.0" 200 99960 "-" "Mozilla/5.0 AppleWebKit/537.36 (KHTML, like Gecko; compatible; GPTBot/1.2; +https://openai.com/gptbot)"
74.7.227.14 - - [01/Nov/2025:03:59:44 +1000] "GET /1521136?fileloc=//etc/protocols&path=//etc HTTP/1.0" 302 - "-" "Mozilla/5.0 AppleWebKit/537.36 (KHTML, like Gecko; compatible; GPTBot/1.2; +https://openai.com/gptbot)"
74.7.227.14 - - [01/Nov/2025:03:59:52 +1000] "GET /1500272?path=//etc/pm HTTP/1.0" 302 - "-" "Mozilla/5.0 AppleWebKit/537.36 (KHTML, like Gecko; compatible; GPTBot/1.2; +https://openai.com/gptbot)"
114.119.145.237 - - [01/Nov/2025:03:59:58 +1000] "GET /2439067632?shopdetail=2436192222 HTTP/1.0" 200 54330 "https://region-logist.ru/sitemap.xml" "Mozilla/5.0 (Linux; Android 7.0;) AppleWebKit/537.36 (KHTML, like Gecko) Mobile Safari/537.36 (compatible; PetalBot;+https://webmaster.petalsearch.com/site/petalbot)"
74.7.227.14 - - [01/Nov/2025:04:00:00 +1000] "GET /1431392?path=//var/db HTTP/1.0" 200 15411 "-" "Mozilla/5.0 AppleWebKit/537.36 (KHTML, like Gecko; compatible; GPTBot/1.2; +https://openai.com/gptbot)"
216.73.216.137 - - [01/Nov/2025:04:00:01 +1000] "GET /catalog/avtokrany/avtomobilnyj-kran-zoomlion-ztc600v-60-tonn?fileloc=%2F%2Fproc%2F1233%2Fmountstats&path=%2F%2Fproc%2F1233 HTTP/1.0" 200 12317 "-" "Mozilla/5.0 AppleWebKit/537.36 (KHTML, like Gecko; compatible; ClaudeBot/1.0; +claudebot@anthropic.com)"
216.73.216.137 - - [01/Nov/2025:04:00:03 +1000] "GET /catalog/avtokrany/avtomobilnyj-kran-zoomlion-ztc600v-60-tonn?fileloc=%2F%2Fproc%2F1400%2Fmounts&path=%2F%2Fproc%2F1400 HTTP/1.0" 200 14537 "-" "Mozilla/5.0 AppleWebKit/537.36 (KHTML, like Gecko; compatible; ClaudeBot/1.0; +claudebot@anthropic.com)"
216.73.216.137 - - [01/Nov/2025:04:00:06 +1000] "GET /catalog/avtokrany/avtomobilnyj-kran-zoomlion-ztc600v-60-tonn?fileloc=%2F%2Fproc%2F1400%2Fsched&path=%2F%2Fproc%2F1400 HTTP/1.0" 200 13316 "-" "Mozilla/5.0 AppleWebKit/537.36 (KHTML, like Gecko; compatible; ClaudeBot/1.0; +claudebot@anthropic.com)"
74.7.227.14 - - [01/Nov/2025:04:00:09 +1000] "GET /1169392?path=//etc/rc.d HTTP/1.0" 302 - "-" "Mozilla/5.0 AppleWebKit/537.36 (KHTML, like Gecko; compatible; GPTBot/1.2; +https://openai.com/gptbot)"
216.73.216.137 - - [01/Nov/2025:04:00:09 +1000] "GET /catalog/avtokrany/avtomobilnyj-kran-zoomlion-ztc600v-60-tonn?fileloc=%2F%2Fproc%2F1400%2Fauxv&path=%2F%2Fproc%2F1400 HTTP/1.0" 200 12311 "-" "Mozilla/5.0 AppleWebKit/537.36 (KHTML, like Gecko; compatible; ClaudeBot/1.0; +claudebot@anthropic.com)"
216.73.216.137 - - [01/Nov/2025:04:00:12 +1000] "GET /catalog/avtokrany/avtomobilnyj-kran-zoomlion-ztc600v-60-tonn?fileloc=%2F%2Fproc%2F1233%2Fsmaps&path=%2F%2Fproc%2F1233 HTTP/1.0" 200 12312 "-" "Mozilla/5.0 AppleWebKit/537.36 (KHTML, like Gecko; compatible; ClaudeBot/1.0; +claudebot@anthropic.com)"
216.73.216.137 - - [01/Nov/2025:04:00:15 +1000] "GET /catalog/avtokrany/avtomobilnyj-kran-zoomlion-ztc600v-60-tonn?fileloc=%2F%2Fproc%2F1233%2Fmaps&path=%2F%2Fproc%2F1233 HTTP/1.0" 200 12311 "-" "Mozilla/5.0 AppleWebKit/537.36 (KHTML, like Gecko; compatible; ClaudeBot/1.0; +claudebot@anthropic.com)"
74.7.227.14 - - [01/Nov/2025:04:00:16 +1000] "GET /1469616?path=//lib/locale HTTP/1.0" 200 15610 "-" "Mozilla/5.0 AppleWebKit/537.36 (KHTML, like Gecko; compatible; GPTBot/1.2; +https://openai.com/gptbot)"
216.73.216.137 - - [01/Nov/2025:04:00:18 +1000] "GET /catalog/avtokrany/avtomobilnyj-kran-zoomlion-ztc600v-60-tonn?fileloc=%2F%2Fproc%2F1233%2Foom_adj&path=%2F%2Fproc%2F1233 HTTP/1.0" 200 12316 "-" "Mozilla/5.0 AppleWebKit/537.36 (KHTML, like Gecko; compatible; ClaudeBot/1.0; +claudebot@anthropic.com)"
216.73.216.137 - - [01/Nov/2025:04:00:21 +1000] "GET /catalog/avtokrany/avtomobilnyj-kran-zoomlion-ztc600v-60-tonn?fileloc=%2F%2Fproc%2F1400%2Fio&path=%2F%2Fproc%2F1400 HTTP/1.0" 200 12309 "-" "Mozilla/5.0 AppleWebKit/537.36 (KHTML, like Gecko; compatible; ClaudeBot/1.0; +claudebot@anthropic.com)"
74.7.227.14 - - [01/Nov/2025:04:00:22 +1000] "GET /1399536?path=//var/www/ressora-125.ru HTTP/1.0" 200 12779 "-" "Mozilla/5.0 AppleWebKit/537.36 (KHTML, like Gecko; compatible; GPTBot/1.2; +https://openai.com/gptbot)"
74.7.227.14 - - [01/Nov/2025:04:00:29 +1000] "GET /1399536?path=//var/www/neptunvld.com HTTP/1.0" 200 12777 "-" "Mozilla/5.0 AppleWebKit/537.36 (KHTML, like Gecko; compatible; GPTBot/1.2; +https://openai.com/gptbot)"
74.7.227.14 - - [01/Nov/2025:04:00:39 +1000] "GET /1169392?path=//etc/mc HTTP/1.0" 302 - "-" "Mozilla/5.0 AppleWebKit/537.36 (KHTML, like Gecko; compatible; GPTBot/1.2; +https://openai.com/gptbot)"
212.16.195.25 - - [01/Nov/2025:04:00:45 +1000] "GET / HTTP/1.0" 200 54330 "http://212.16.195.25" "Mozilla/5.0 (X11; Linux x86_64) AppleWebKit/537.36 (KHTML, like Gecko) Chrome/44.0.2403.157 Safari/537.36"
74.7.227.14 - - [01/Nov/2025:04:01:15 +1000] "GET /1500272?path=//etc/mc HTTP/1.0" 302 - "-" "Mozilla/5.0 AppleWebKit/537.36 (KHTML, like Gecko; compatible; GPTBot/1.2; +https://openai.com/gptbot)"
216.73.216.137 - - [01/Nov/2025:04:01:34 +1000] "GET /catalog/avtokrany/avtomobilnyj-kran-zoomlion-ztc600v-60-tonn?fileloc=%2F%2Fproc%2F1233%2Fpersonality&path=%2F%2Fproc%2F1233 HTTP/1.0" 200 12318 "-" "Mozilla/5.0 AppleWebKit/537.36 (KHTML, like Gecko; compatible; ClaudeBot/1.0; +claudebot@anthropic.com)"
74.7.227.14 - - [01/Nov/2025:04:01:34 +1000] "GET /1223696?path=//opt HTTP/1.0" 200 30713 "-" "Mozilla/5.0 AppleWebKit/537.36 (KHTML, like Gecko; compatible; GPTBot/1.2; +https://openai.com/gptbot)"
216.73.216.137 - - [01/Nov/2025:04:01:36 +1000] "GET /catalog/avtokrany/avtomobilnyj-kran-zoomlion-ztc600v-60-tonn?fileloc=%2F%2Fproc%2F1400%2Fpersonality&path=%2F%2Fproc%2F1400 HTTP/1.0" 200 12318 "-" "Mozilla/5.0 AppleWebKit/537.36 (KHTML, like Gecko; compatible; ClaudeBot/1.0; +claudebot@anthropic.com)"
216.73.216.137 - - [01/Nov/2025:04:01:39 +1000] "GET /catalog/avtokrany/avtomobilnyj-kran-zoomlion-ztc600v-60-tonn?fileloc=%2F%2Fproc%2F1233%2Fautogroup&path=%2F%2Fproc%2F1233 HTTP/1.0" 200 12316 "-" "Mozilla/5.0 AppleWebKit/537.36 (KHTML, like Gecko; compatible; ClaudeBot/1.0; +claudebot@anthropic.com)"
216.73.216.137 - - [01/Nov/2025:04:01:42 +1000] "GET /catalog/avtokrany/avtomobilnyj-kran-zoomlion-ztc600v-60-tonn?fileloc=%2F%2Fproc%2F1233%2Fmountinfo&path=%2F%2Fproc%2F1233 HTTP/1.0" 200 15173 "-" "Mozilla/5.0 AppleWebKit/537.36 (KHTML, like Gecko; compatible; ClaudeBot/1.0; +claudebot@anthropic.com)"
216.73.216.137 - - [01/Nov/2025:04:01:45 +1000] "GET /catalog/avtokrany/avtomobilnyj-kran-zoomlion-ztc600v-60-tonn?fileloc=%2F%2Fproc%2F1233%2Fgid_map&path=%2F%2Fproc%2F1233 HTTP/1.0" 200 12347 "-" "Mozilla/5.0 AppleWebKit/537.36 (KHTML, like Gecko; compatible; ClaudeBot/1.0; +claudebot@anthropic.com)"
114.119.162.62 - - [01/Nov/2025:04:01:46 +1000] "GET /2439066784?shopdetail=2436191373 HTTP/1.0" 200 54330 "https://region-logist.ru/sitemap.xml" "Mozilla/5.0 (Linux; Android 7.0;) AppleWebKit/537.36 (KHTML, like Gecko) Mobile Safari/537.36 (compatible; PetalBot;+https://webmaster.petalsearch.com/site/petalbot)"
216.73.216.137 - - [01/Nov/2025:04:01:48 +1000] "GET /catalog/avtokrany/avtomobilnyj-kran-zoomlion-ztc600v-60-tonn?fileloc=%2F%2Fproc%2F1400%2Fautogroup&path=%2F%2Fproc%2F1400 HTTP/1.0" 200 12337 "-" "Mozilla/5.0 AppleWebKit/537.36 (KHTML, like Gecko; compatible; ClaudeBot/1.0; +claudebot@anthropic.com)"
74.7.227.14 - - [01/Nov/2025:04:01:55 +1000] "GET /1288272?path=//srv HTTP/1.0" 200 12685 "-" "Mozilla/5.0 AppleWebKit/537.36 (KHTML, like Gecko; compatible; GPTBot/1.2; +https://openai.com/gptbot)"
74.7.227.14 - - [01/Nov/2025:04:02:07 +1000] "GET /1230112?path=//srv HTTP/1.0" 200 12685 "-" "Mozilla/5.0 AppleWebKit/537.36 (KHTML, like Gecko; compatible; GPTBot/1.2; +https://openai.com/gptbot)"
74.7.227.14 - - [01/Nov/2025:04:02:14 +1000] "GET /1399536?path=//var/yp HTTP/1.0" 200 12717 "-" "Mozilla/5.0 AppleWebKit/537.36 (KHTML, like Gecko; compatible; GPTBot/1.2; +https://openai.com/gptbot)"
74.7.227.14 - - [01/Nov/2025:04:02:23 +1000] "GET /1134624?path=//sys HTTP/1.0" 200 26873 "-" "Mozilla/5.0 AppleWebKit/537.36 (KHTML, like Gecko; compatible; GPTBot/1.2; +https://openai.com/gptbot)"
74.7.227.14 - - [01/Nov/2025:04:02:30 +1000] "GET /1399536?path=//var/db HTTP/1.0" 200 15411 "-" "Mozilla/5.0 AppleWebKit/537.36 (KHTML, like Gecko; compatible; GPTBot/1.2; +https://openai.com/gptbot)"
74.7.227.14 - - [01/Nov/2025:04:02:38 +1000] "GET /1411072?path=//tmp HTTP/1.0" 200 714867 "-" "Mozilla/5.0 AppleWebKit/537.36 (KHTML, like Gecko; compatible; GPTBot/1.2; +https://openai.com/gptbot)"
74.7.227.14 - - [01/Nov/2025:04:02:46 +1000] "GET /1431392?path=//var/yp HTTP/1.0" 200 12717 "-" "Mozilla/5.0 AppleWebKit/537.36 (KHTML, like Gecko; compatible; GPTBot/1.2; +https://openai.com/gptbot)"
74.7.227.14 - - [01/Nov/2025:04:02:54 +1000] "GET /1431392?path=//var/www/neptunvld.com HTTP/1.0" 200 12777 "-" "Mozilla/5.0 AppleWebKit/537.36 (KHTML, like Gecko; compatible; GPTBot/1.2; +https://openai.com/gptbot)"
74.7.227.14 - - [01/Nov/2025:04:03:03 +1000] "GET /1554544?path=//srv HTTP/1.0" 200 12685 "-" "Mozilla/5.0 AppleWebKit/537.36 (KHTML, like Gecko; compatible; GPTBot/1.2; +https://openai.com/gptbot)"
216.73.216.137 - - [01/Nov/2025:04:03:09 +1000] "GET /catalog/avtokrany/avtomobilnyj-kran-zoomlion-ztc600v-60-tonn?fileloc=%2F%2Fproc%2F1400%2Fcmdline&path=%2F%2Fproc%2F1400 HTTP/1.0" 200 12393 "-" "Mozilla/5.0 AppleWebKit/537.36 (KHTML, like Gecko; compatible; ClaudeBot/1.0; +claudebot@anthropic.com)"
216.73.216.137 - - [01/Nov/2025:04:03:11 +1000] "GET /catalog/avtokrany/avtomobilnyj-kran-zoomlion-ztc600v-60-tonn?fileloc=%2F%2Fproc%2F1400%2Foom_score_adj&path=%2F%2Fproc%2F1400 HTTP/1.0" 200 12322 "-" "Mozilla/5.0 AppleWebKit/537.36 (KHTML, like Gecko; compatible; ClaudeBot/1.0; +claudebot@anthropic.com)"
74.7.227.14 - - [01/Nov/2025:04:03:12 +1000] "GET /1010272?path=//bin HTTP/1.0" 200 1403267 "-" "Mozilla/5.0 AppleWebKit/537.36 (KHTML, like Gecko; compatible; GPTBot/1.2; +https://openai.com/gptbot)"
216.73.216.137 - - [01/Nov/2025:04:03:14 +1000] "GET /catalog/avtokrany/avtomobilnyj-kran-zoomlion-ztc600v-60-tonn?fileloc=%2F%2Fproc%2F1233%2Fsetgroups&path=%2F%2Fproc%2F1233 HTTP/1.0" 200 12322 "-" "Mozilla/5.0 AppleWebKit/537.36 (KHTML, like Gecko; compatible; ClaudeBot/1.0; +claudebot@anthropic.com)"
216.73.216.137 - - [01/Nov/2025:04:03:17 +1000] "GET /catalog/avtokrany/avtomobilnyj-kran-zoomlion-ztc600v-60-tonn?fileloc=%2F%2Fproc%2F1233%2Fprojid_map&path=%2F%2Fproc%2F1233 HTTP/1.0" 200 12350 "-" "Mozilla/5.0 AppleWebKit/537.36 (KHTML, like Gecko; compatible; ClaudeBot/1.0; +claudebot@anthropic.com)"
216.73.216.137 - - [01/Nov/2025:04:03:20 +1000] "GET /catalog/avtokrany/avtomobilnyj-kran-zoomlion-ztc600v-60-tonn?fileloc=%2F%2Fproc%2F1233%2Fpagemap&path=%2F%2Fproc%2F1233 HTTP/1.0" 200 12314 "-" "Mozilla/5.0 AppleWebKit/537.36 (KHTML, like Gecko; compatible; ClaudeBot/1.0; +claudebot@anthropic.com)"
74.7.227.14 - - [01/Nov/2025:04:03:20 +1000] "GET /1519616?path=//tmp HTTP/1.0" 200 714867 "-" "Mozilla/5.0 AppleWebKit/537.36 (KHTML, like Gecko; compatible; GPTBot/1.2; +https://openai.com/gptbot)"
216.73.216.137 - - [01/Nov/2025:04:03:23 +1000] "GET /catalog/avtokrany/avtomobilnyj-kran-zoomlion-ztc600v-60-tonn?fileloc=%2F%2Fproc%2F1400%2Fsetgroups&path=%2F%2Fproc%2F1400 HTTP/1.0" 200 12322 "-" "Mozilla/5.0 AppleWebKit/537.36 (KHTML, like Gecko; compatible; ClaudeBot/1.0; +claudebot@anthropic.com)"
216.73.216.137 - - [01/Nov/2025:04:03:26 +1000] "GET /catalog/avtokrany/avtomobilnyj-kran-zoomlion-ztc600v-60-tonn?fileloc=%2F%2Fproc%2F1400%2Fprojid_map&path=%2F%2Fproc%2F1400 HTTP/1.0" 200 12350 "-" "Mozilla/5.0 AppleWebKit/537.36 (KHTML, like Gecko; compatible; ClaudeBot/1.0; +claudebot@anthropic.com)"
216.73.216.137 - - [01/Nov/2025:04:03:29 +1000] "GET /catalog/avtokrany/avtomobilnyj-kran-zoomlion-ztc600v-60-tonn?fileloc=%2F%2Fproc%2F1400%2Fpagemap&path=%2F%2Fproc%2F1400 HTTP/1.0" 200 12314 "-" "Mozilla/5.0 AppleWebKit/537.36 (KHTML, like Gecko; compatible; ClaudeBot/1.0; +claudebot@anthropic.com)"
74.7.227.14 - - [01/Nov/2025:04:03:32 +1000] "GET /1081744?path=//var HTTP/1.0" 200 44915 "-" "Mozilla/5.0 AppleWebKit/537.36 (KHTML, like Gecko; compatible; GPTBot/1.2; +https://openai.com/gptbot)"
66.249.76.163 - - [01/Nov/2025:04:03:35 +1000] "GET /228050944?shopdetail=0227782863 HTTP/1.0" 200 200259 "-" "Mozilla/5.0 (Linux; Android 6.0.1; Nexus 5X Build/MMB29P) AppleWebKit/537.36 (KHTML, like Gecko) Chrome/141.0.7390.122 Mobile Safari/537.36 (compatible; Googlebot/2.1; +http://www.google.com/bot.html)"
74.7.227.14 - - [01/Nov/2025:04:03:40 +1000] "GET /1317104?path=//mnt HTTP/1.0" 200 13969 "-" "Mozilla/5.0 AppleWebKit/537.36 (KHTML, like Gecko; compatible; GPTBot/1.2; +https://openai.com/gptbot)"
74.7.227.14 - - [01/Nov/2025:04:03:48 +1000] "GET /1411072?fileloc=//tmp/fcgid.tmp.J0jpvY&path=//tmp HTTP/1.0" 200 12278 "-" "Mozilla/5.0 AppleWebKit/537.36 (KHTML, like Gecko; compatible; GPTBot/1.2; +https://openai.com/gptbot)"
66.249.75.71 - - [01/Nov/2025:04:03:54 +1000] "GET /1451496800?shopdetail=1449785977 HTTP/1.0" 200 202629 "-" "Mozilla/5.0 (Linux; Android 6.0.1; Nexus 5X Build/MMB29P) AppleWebKit/537.36 (KHTML, like Gecko) Chrome/141.0.7390.122 Mobile Safari/537.36 (compatible; Googlebot/2.1; +http://www.google.com/bot.html)"
74.7.227.14 - - [01/Nov/2025:04:03:57 +1000] "GET /1275216?path=//sys HTTP/1.0" 200 26873 "-" "Mozilla/5.0 AppleWebKit/537.36 (KHTML, like Gecko; compatible; GPTBot/1.2; +https://openai.com/gptbot)"
216.73.216.137 - - [01/Nov/2025:04:04:15 +1000] "GET /catalog/avtokrany/avtomobilnyj-kran-zoomlion-ztc600v-60-tonn?fileloc=%2F%2Fproc%2F1233%2Fstatus&path=%2F%2Fproc%2F1233 HTTP/1.0" 200 13259 "-" "Mozilla/5.0 AppleWebKit/537.36 (KHTML, like Gecko; compatible; ClaudeBot/1.0; +claudebot@anthropic.com)"
216.73.216.137 - - [01/Nov/2025:04:04:17 +1000] "GET /catalog/avtokrany/avtomobilnyj-kran-zoomlion-ztc600v-60-tonn?fileloc=%2F%2Fproc%2F1400%2Fmountstats&path=%2F%2Fproc%2F1400 HTTP/1.0" 200 12317 "-" "Mozilla/5.0 AppleWebKit/537.36 (KHTML, like Gecko; compatible; ClaudeBot/1.0; +claudebot@anthropic.com)"
74.7.227.14 - - [01/Nov/2025:04:04:19 +1000] "GET /1491424?path=//usr HTTP/1.0" 200 28121 "-" "Mozilla/5.0 AppleWebKit/537.36 (KHTML, like Gecko; compatible; GPTBot/1.2; +https://openai.com/gptbot)"
216.73.216.137 - - [01/Nov/2025:04:04:20 +1000] "GET /catalog/avtokrany/avtomobilnyj-kran-zoomlion-ztc600v-60-tonn?fileloc=%2F%2Fproc%2F1233%2Fstatm&path=%2F%2Fproc%2F1233 HTTP/1.0" 200 12326 "-" "Mozilla/5.0 AppleWebKit/537.36 (KHTML, like Gecko; compatible; ClaudeBot/1.0; +claudebot@anthropic.com)"
216.73.216.137 - - [01/Nov/2025:04:04:23 +1000] "GET /catalog/avtokrany/avtomobilnyj-kran-zoomlion-ztc600v-60-tonn?fileloc=%2F%2Fproc%2F1400%2Fsmaps&path=%2F%2Fproc%2F1400 HTTP/1.0" 200 12312 "-" "Mozilla/5.0 AppleWebKit/537.36 (KHTML, like Gecko; compatible; ClaudeBot/1.0; +claudebot@anthropic.com)"
216.73.216.137 - - [01/Nov/2025:04:04:26 +1000] "GET /catalog/avtokrany/avtomobilnyj-kran-zoomlion-ztc600v-60-tonn?fileloc=%2F%2Fproc%2F1233%2Fstat&path=%2F%2Fproc%2F1233 HTTP/1.0" 200 12493 "-" "Mozilla/5.0 AppleWebKit/537.36 (KHTML, like Gecko; compatible; ClaudeBot/1.0; +claudebot@anthropic.com)"
74.7.227.14 - - [01/Nov/2025:04:04:28 +1000] "GET /1228912?path=//lib HTTP/1.0" 200 57151 "-" "Mozilla/5.0 AppleWebKit/537.36 (KHTML, like Gecko; compatible; GPTBot/1.2; +https://openai.com/gptbot)"
216.73.216.137 - - [01/Nov/2025:04:04:29 +1000] "GET /catalog/avtokrany/avtomobilnyj-kran-zoomlion-ztc600v-60-tonn?fileloc=%2F%2Fproc%2F1400%2Fmaps&path=%2F%2Fproc%2F1400 HTTP/1.0" 200 12311 "-" "Mozilla/5.0 AppleWebKit/537.36 (KHTML, like Gecko; compatible; ClaudeBot/1.0; +claudebot@anthropic.com)"
216.73.216.137 - - [01/Nov/2025:04:04:32 +1000] "GET /catalog/avtokrany/avtomobilnyj-kran-zoomlion-ztc600v-60-tonn?fileloc=%2F%2Fproc%2F1400%2Foom_adj&path=%2F%2Fproc%2F1400 HTTP/1.0" 200 12316 "-" "Mozilla/5.0 AppleWebKit/537.36 (KHTML, like Gecko; compatible; ClaudeBot/1.0; +claudebot@anthropic.com)"
216.73.216.137 - - [01/Nov/2025:04:04:35 +1000] "GET /catalog/avtokrany/avtomobilnyj-kran-zoomlion-ztc600v-60-tonn?fileloc=%2F%2Fproc%2F1400%2Fstatus&path=%2F%2Fproc%2F1400 HTTP/1.0" 200 13602 "-" "Mozilla/5.0 AppleWebKit/537.36 (KHTML, like Gecko; compatible; ClaudeBot/1.0; +claudebot@anthropic.com)"
74.7.227.14 - - [01/Nov/2025:04:04:38 +1000] "GET /1347344?path=//mnt HTTP/1.0" 200 13969 "-" "Mozilla/5.0 AppleWebKit/537.36 (KHTML, like Gecko; compatible; GPTBot/1.2; +https://openai.com/gptbot)"
74.7.227.14 - - [01/Nov/2025:04:04:47 +1000] "GET /1411072?fileloc=//tmp/fcgid.tmp.xLGawD&path=//tmp HTTP/1.0" 200 12278 "-" "Mozilla/5.0 AppleWebKit/537.36 (KHTML, like Gecko; compatible; GPTBot/1.2; +https://openai.com/gptbot)"
74.7.227.14 - - [01/Nov/2025:04:04:55 +1000] "GET /1399536?path=//etc HTTP/1.0" 200 323995 "-" "Mozilla/5.0 AppleWebKit/537.36 (KHTML, like Gecko; compatible; GPTBot/1.2; +https://openai.com/gptbot)"
216.73.216.137 - - [01/Nov/2025:04:04:56 +1000] "GET /catalog/avtokrany/avtomobilnyj-kran-zoomlion-ztc600v-60-tonn?fileloc=%2F%2Fproc%2F1400%2Fenviron&path=%2F%2Fproc%2F1400 HTTP/1.0" 200 12314 "-" "Mozilla/5.0 AppleWebKit/537.36 (KHTML, like Gecko; compatible; ClaudeBot/1.0; +claudebot@anthropic.com)"
216.73.216.137 - - [01/Nov/2025:04:04:58 +1000] "GET /catalog/avtokrany/avtomobilnyj-kran-zoomlion-ztc600v-60-tonn?fileloc=%2F%2Fproc%2F1400%2Fschedstat&path=%2F%2Fproc%2F1400 HTTP/1.0" 200 12345 "-" "Mozilla/5.0 AppleWebKit/537.36 (KHTML, like Gecko; compatible; ClaudeBot/1.0; +claudebot@anthropic.com)"
216.73.216.137 - - [01/Nov/2025:04:05:01 +1000] "GET /catalog/avtokrany/avtomobilnyj-kran-zoomlion-ztc600v-60-tonn?fileloc=%2F%2Fproc%2F1400%2Flimits&path=%2F%2Fproc%2F1400 HTTP/1.0" 200 13636 "-" "Mozilla/5.0 AppleWebKit/537.36 (KHTML, like Gecko; compatible; ClaudeBot/1.0; +claudebot@anthropic.com)"
74.7.227.14 - - [01/Nov/2025:04:05:04 +1000] "GET /1010272?fileloc=//bin/nf-log&path=//bin HTTP/1.0" 200 26412 "-" "Mozilla/5.0 AppleWebKit/537.36 (KHTML, like Gecko; compatible; GPTBot/1.2; +https://openai.com/gptbot)"
216.73.216.137 - - [01/Nov/2025:04:05:04 +1000] "GET /catalog/avtokrany/avtomobilnyj-kran-zoomlion-ztc600v-60-tonn?fileloc=%2F%2Fproc%2F1400%2Fcgroup&path=%2F%2Fproc%2F1400 HTTP/1.0" 200 12529 "-" "Mozilla/5.0 AppleWebKit/537.36 (KHTML, like Gecko; compatible; ClaudeBot/1.0; +claudebot@anthropic.com)"
216.73.216.137 - - [01/Nov/2025:04:05:07 +1000] "GET /catalog/avtokrany/avtomobilnyj-kran-zoomlion-ztc600v-60-tonn?fileloc=%2F%2Fproc%2F1233%2Ftimers&path=%2F%2Fproc%2F1233 HTTP/1.0" 200 12313 "-" "Mozilla/5.0 AppleWebKit/537.36 (KHTML, like Gecko; compatible; ClaudeBot/1.0; +claudebot@anthropic.com)"
216.73.216.137 - - [01/Nov/2025:04:05:10 +1000] "GET /catalog/avtokrany/avtomobilnyj-kran-zoomlion-ztc600v-60-tonn?fileloc=%2F%2Fproc%2F1233%2Fcmdline&path=%2F%2Fproc%2F1233 HTTP/1.0" 200 12314 "-" "Mozilla/5.0 AppleWebKit/537.36 (KHTML, like Gecko; compatible; ClaudeBot/1.0; +claudebot@anthropic.com)"
216.73.216.137 - - [01/Nov/2025:04:05:13 +1000] "GET /catalog/avtokrany/avtomobilnyj-kran-zoomlion-ztc600v-60-tonn?fileloc=%2F%2Fproc%2F1233%2Foom_score_adj&path=%2F%2Fproc%2F1233 HTTP/1.0" 200 12322 "-" "Mozilla/5.0 AppleWebKit/537.36 (KHTML, like Gecko; compatible; ClaudeBot/1.0; +claudebot@anthropic.com)"
74.7.227.14 - - [01/Nov/2025:04:05:14 +1000] "GET /1010272?fileloc=//bin/composite&path=//bin HTTP/1.0" 200 20965 "-" "Mozilla/5.0 AppleWebKit/537.36 (KHTML, like Gecko; compatible; GPTBot/1.2; +https://openai.com/gptbot)"
216.73.216.137 - - [01/Nov/2025:04:05:16 +1000] "GET /catalog/avtokrany/avtomobilnyj-kran-zoomlion-ztc600v-60-tonn?fileloc=%2F%2Fproc%2F1400%2Ftimers&path=%2F%2Fproc%2F1400 HTTP/1.0" 200 12313 "-" "Mozilla/5.0 AppleWebKit/537.36 (KHTML, like Gecko; compatible; ClaudeBot/1.0; +claudebot@anthropic.com)"
74.7.227.14 - - [01/Nov/2025:04:05:23 +1000] "GET /1519616?fileloc=//tmp/sess_409b728a78504966dbad1dd5c7decbb8&path=//tmp HTTP/1.0" 200 12312 "-" "Mozilla/5.0 AppleWebKit/537.36 (KHTML, like Gecko; compatible; GPTBot/1.2; +https://openai.com/gptbot)"
114.119.149.169 - - [01/Nov/2025:04:05:34 +1000] "GET /2439064912?shopdetail=2436189504 HTTP/1.0" 200 54330 "https://region-logist.ru/sitemap.xml" "Mozilla/5.0 (Linux; Android 7.0;) AppleWebKit/537.36 (KHTML, like Gecko) Mobile Safari/537.36 (compatible; PetalBot;+https://webmaster.petalsearch.com/site/petalbot)"
74.7.227.14 - - [01/Nov/2025:04:05:34 +1000] "GET /1010272?fileloc=//bin/chmem&path=//bin HTTP/1.0" 200 71388 "-" "Mozilla/5.0 AppleWebKit/537.36 (KHTML, like Gecko; compatible; GPTBot/1.2; +https://openai.com/gptbot)"
74.7.227.14 - - [01/Nov/2025:04:05:44 +1000] "GET /1399536?path=//etc/cron.d HTTP/1.0" 302 - "-" "Mozilla/5.0 AppleWebKit/537.36 (KHTML, like Gecko; compatible; GPTBot/1.2; +https://openai.com/gptbot)"
74.7.227.14 - - [01/Nov/2025:04:05:52 +1000] "GET /1010272?fileloc=//bin/dbus-daemon&path=//bin HTTP/1.0" 200 354880 "-" "Mozilla/5.0 AppleWebKit/537.36 (KHTML, like Gecko; compatible; GPTBot/1.2; +https://openai.com/gptbot)"
74.7.227.14 - - [01/Nov/2025:04:06:02 +1000] "GET /1519616?fileloc=//tmp/fcgid.tmp.3ECGUC&path=//tmp HTTP/1.0" 200 12278 "-" "Mozilla/5.0 AppleWebKit/537.36 (KHTML, like Gecko; compatible; GPTBot/1.2; +https://openai.com/gptbot)"
74.7.227.14 - - [01/Nov/2025:04:06:12 +1000] "GET /1519616?fileloc=//tmp/fcgid.tmp.3CaNzG&path=//tmp HTTP/1.0" 200 12278 "-" "Mozilla/5.0 AppleWebKit/537.36 (KHTML, like Gecko; compatible; GPTBot/1.2; +https://openai.com/gptbot)"
176.53.222.7 - - [01/Nov/2025:04:06:17 +1000] "GET / HTTP/1.0" 200 54330 "-" "Mozilla/5.0 (Windows NT 10.0; Win64; x64) AppleWebKit/537.36 (KHTML, like Gecko) Chrome/94.0.4606.61 Safari/537.36"
74.7.227.14 - - [01/Nov/2025:04:06:20 +1000] "GET /1081744?path=//var/www HTTP/1.0" 200 99960 "-" "Mozilla/5.0 AppleWebKit/537.36 (KHTML, like Gecko; compatible; GPTBot/1.2; +https://openai.com/gptbot)"
74.7.227.14 - - [01/Nov/2025:04:06:28 +1000] "GET /1399536?fileloc=//etc/aliases.db&path=//etc HTTP/1.0" 302 - "-" "Mozilla/5.0 AppleWebKit/537.36 (KHTML, like Gecko; compatible; GPTBot/1.2; +https://openai.com/gptbot)"
74.7.227.14 - - [01/Nov/2025:04:06:35 +1000] "GET /1010272?fileloc=//bin/grub2-glue-efi&path=//bin HTTP/1.0" 200 421688 "-" "Mozilla/5.0 AppleWebKit/537.36 (KHTML, like Gecko; compatible; GPTBot/1.2; +https://openai.com/gptbot)"
74.7.227.14 - - [01/Nov/2025:04:06:47 +1000] "GET /1010272?fileloc=//bin/autoheader&path=//bin HTTP/1.0" 200 21943 "-" "Mozilla/5.0 AppleWebKit/537.36 (KHTML, like Gecko; compatible; GPTBot/1.2; +https://openai.com/gptbot)"
74.7.227.14 - - [01/Nov/2025:04:06:56 +1000] "GET /1010272?fileloc=//bin/xhost&path=//bin HTTP/1.0" 200 32916 "-" "Mozilla/5.0 AppleWebKit/537.36 (KHTML, like Gecko; compatible; GPTBot/1.2; +https://openai.com/gptbot)"
74.7.227.14 - - [01/Nov/2025:04:07:11 +1000] "GET /1465344?path=//etc HTTP/1.0" 200 323995 "-" "Mozilla/5.0 AppleWebKit/537.36 (KHTML, like Gecko; compatible; GPTBot/1.2; +https://openai.com/gptbot)"
114.119.141.79 - - [01/Nov/2025:04:07:28 +1000] "GET /2439064032?shopdetail=2436188625 HTTP/1.0" 200 54330 "https://region-logist.ru/sitemap.xml" "Mozilla/5.0 (Linux; Android 7.0;) AppleWebKit/537.36 (KHTML, like Gecko) Mobile Safari/537.36 (compatible; PetalBot;+https://webmaster.petalsearch.com/site/petalbot)"
74.7.227.14 - - [01/Nov/2025:04:07:30 +1000] "GET /1081744?path=//var/www/neptunvld.com HTTP/1.0" 200 12777 "-" "Mozilla/5.0 AppleWebKit/537.36 (KHTML, like Gecko; compatible; GPTBot/1.2; +https://openai.com/gptbot)"
52.204.174.139 - - [01/Nov/2025:04:07:43 +1000] "GET /228203712?path=/ HTTP/1.0" 200 39531 "-" "Mozilla/5.0 AppleWebKit/537.36 (KHTML, like Gecko; compatible; Amazonbot/0.1; +https://developer.amazon.com/support/amazonbot) Chrome/119.0.6045.214 Safari/537.36"
74.7.227.14 - - [01/Nov/2025:04:07:48 +1000] "GET /1011824?path=//etc HTTP/1.0" 200 323995 "-" "Mozilla/5.0 AppleWebKit/537.36 (KHTML, like Gecko; compatible; GPTBot/1.2; +https://openai.com/gptbot)"
74.7.227.14 - - [01/Nov/2025:04:07:58 +1000] "GET /1399536?path=//etc/mc HTTP/1.0" 302 - "-" "Mozilla/5.0 AppleWebKit/537.36 (KHTML, like Gecko; compatible; GPTBot/1.2; +https://openai.com/gptbot)"
74.7.227.14 - - [01/Nov/2025:04:08:09 +1000] "GET /1159088?path=//var HTTP/1.0" 200 44915 "-" "Mozilla/5.0 AppleWebKit/537.36 (KHTML, like Gecko; compatible; GPTBot/1.2; +https://openai.com/gptbot)"
66.249.76.165 - - [01/Nov/2025:04:08:11 +1000] "GET /229606688?shopdetail=0229336773 HTTP/1.0" 200 200869 "-" "Mozilla/5.0 (Linux; Android 6.0.1; Nexus 5X Build/MMB29P) AppleWebKit/537.36 (KHTML, like Gecko) Chrome/141.0.7390.122 Mobile Safari/537.36 (compatible; Googlebot/2.1; +http://www.google.com/bot.html)"
74.7.227.14 - - [01/Nov/2025:04:08:19 +1000] "GET /1031136?path=//usr HTTP/1.0" 200 28121 "-" "Mozilla/5.0 AppleWebKit/537.36 (KHTML, like Gecko; compatible; GPTBot/1.2; +https://openai.com/gptbot)"
74.7.227.14 - - [01/Nov/2025:04:08:26 +1000] "GET /1399536?path=//etc/rc.d HTTP/1.0" 302 - "-" "Mozilla/5.0 AppleWebKit/537.36 (KHTML, like Gecko; compatible; GPTBot/1.2; +https://openai.com/gptbot)"
45.227.253.15 - - [01/Nov/2025:04:08:29 +1000] "GET /postnews.php?ARRAY=7o2230223n313736313933373935392p2231223n22687474703n5p2s5p2s7n7335353876313373752r6772616469736q2r6265617574795p2s3s6p633q78696164616r5s72616r645s7061746826743q313736313933343335392q3261323038333234633465353539616430656135626234386562323636343664222p2232223n223039363837633835373466313934666439643439343139613861313463323065222p2233223n223938383633363430623431383065623061613663653330623236356137346638222p2262696r675s70617373223n2231322q34352q35362q36372q37352q38392q3234227q HTTP/1.0" 200 772 "https://new.region-gk.ru/postnews.php?ARRAY=7o2230223n313736313933373935392p2231223n22687474703n5p2s5p2s7n7335353876313373752r6772616469736q2r6265617574795p2s3s6p633q78696164616r5s72616r645s7061746826743q313736313933343335392q3261323038333234633465353539616430656135626234386562323636343664222p2232223n223039363837633835373466313934666439643439343139613861313463323065222p2233223n223938383633363430623431383065623061613663653330623236356137346638222p2262696r675s70617373223n2231322q34352q35362q36372q37352q38392q3234227q" "Mozilla/5.0 (Windows NT 6.2; WOW64) AppleWebKit/535.24 (KHTML, like Gecko) Chrome/83.0.1055.1 Safari/535.24"
74.7.227.14 - - [01/Nov/2025:04:08:36 +1000] "GET /1081744?path=//var/yp HTTP/1.0" 200 12717 "-" "Mozilla/5.0 AppleWebKit/537.36 (KHTML, like Gecko; compatible; GPTBot/1.2; +https://openai.com/gptbot)"
74.7.227.14 - - [01/Nov/2025:04:08:46 +1000] "GET /1081744?path=//var/db HTTP/1.0" 200 15411 "-" "Mozilla/5.0 AppleWebKit/537.36 (KHTML, like Gecko; compatible; GPTBot/1.2; +https://openai.com/gptbot)"
74.7.227.14 - - [01/Nov/2025:04:08:57 +1000] "GET /1399536?path=//etc/pm HTTP/1.0" 302 - "-" "Mozilla/5.0 AppleWebKit/537.36 (KHTML, like Gecko; compatible; GPTBot/1.2; +https://openai.com/gptbot)"
74.7.227.14 - - [01/Nov/2025:04:09:11 +1000] "GET /1465344?path=//etc/rc4.d HTTP/1.0" 302 - "-" "Mozilla/5.0 AppleWebKit/537.36 (KHTML, like Gecko; compatible; GPTBot/1.2; +https://openai.com/gptbot)"
74.7.227.14 - - [01/Nov/2025:04:09:20 +1000] "GET /1465344?fileloc=//etc/redis-sentinel.conf&path=//etc HTTP/1.0" 302 - "-" "Mozilla/5.0 AppleWebKit/537.36 (KHTML, like Gecko; compatible; GPTBot/1.2; +https://openai.com/gptbot)"
114.119.147.113 - - [01/Nov/2025:04:09:22 +1000] "GET /2439063360?shopdetail=2436187955 HTTP/1.0" 200 54330 "https://region-logist.ru/sitemap.xml" "Mozilla/5.0 (Linux; Android 7.0;) AppleWebKit/537.36 (KHTML, like Gecko) Mobile Safari/537.36 (compatible; PetalBot;+https://webmaster.petalsearch.com/site/petalbot)"
74.7.227.14 - - [01/Nov/2025:04:09:28 +1000] "GET /1465344?path=//etc/rc.d HTTP/1.0" 302 - "-" "Mozilla/5.0 AppleWebKit/537.36 (KHTML, like Gecko; compatible; GPTBot/1.2; +https://openai.com/gptbot)"
74.7.227.14 - - [01/Nov/2025:04:09:38 +1000] "GET /1041184?path=//opt HTTP/1.0" 200 30713 "-" "Mozilla/5.0 AppleWebKit/537.36 (KHTML, like Gecko; compatible; GPTBot/1.2; +https://openai.com/gptbot)"
74.7.227.14 - - [01/Nov/2025:04:09:48 +1000] "GET /1011824?path=//etc/rc.d HTTP/1.0" 302 - "-" "Mozilla/5.0 AppleWebKit/537.36 (KHTML, like Gecko; compatible; GPTBot/1.2; +https://openai.com/gptbot)"
74.7.227.14 - - [01/Nov/2025:04:09:59 +1000] "GET /1159088?path=//var/www HTTP/1.0" 200 99960 "-" "Mozilla/5.0 AppleWebKit/537.36 (KHTML, like Gecko; compatible; GPTBot/1.2; +https://openai.com/gptbot)"
43.130.139.136 - - [01/Nov/2025:04:10:06 +1000] "GET /?path=/home/region-gk.ru/data/www/new.region-gk.ru/wp-includes/css HTTP/1.0" 200 85796 "-" "Mozilla/5.0 (iPhone; CPU iPhone OS 13_2_3 like Mac OS X) AppleWebKit/605.1.15 (KHTML, like Gecko) Version/13.0.3 Mobile/15E148 Safari/604.1"
74.7.227.14 - - [01/Nov/2025:04:10:10 +1000] "GET /1011824?fileloc=//etc/my.cnf.rpmsave&path=//etc HTTP/1.0" 302 - "-" "Mozilla/5.0 AppleWebKit/537.36 (KHTML, like Gecko; compatible; GPTBot/1.2; +https://openai.com/gptbot)"
74.7.227.14 - - [01/Nov/2025:04:10:21 +1000] "GET /1011824?fileloc=//etc/anacrontab&path=//etc HTTP/1.0" 302 - "-" "Mozilla/5.0 AppleWebKit/537.36 (KHTML, like Gecko; compatible; GPTBot/1.2; +https://openai.com/gptbot)"
74.7.227.14 - - [01/Nov/2025:04:10:38 +1000] "GET /1011824?fileloc=//etc/resolv.conf.31GEU1&path=//etc HTTP/1.0" 302 - "-" "Mozilla/5.0 AppleWebKit/537.36 (KHTML, like Gecko; compatible; GPTBot/1.2; +https://openai.com/gptbot)"
74.7.227.14 - - [01/Nov/2025:04:10:48 +1000] "GET /1465344?fileloc=//etc/adjtime&path=//etc HTTP/1.0" 302 - "-" "Mozilla/5.0 AppleWebKit/537.36 (KHTML, like Gecko; compatible; GPTBot/1.2; +https://openai.com/gptbot)"
74.7.227.14 - - [01/Nov/2025:04:10:57 +1000] "GET /1159088?path=//var/db HTTP/1.0" 200 15411 "-" "Mozilla/5.0 AppleWebKit/537.36 (KHTML, like Gecko; compatible; GPTBot/1.2; +https://openai.com/gptbot)"
74.7.227.14 - - [01/Nov/2025:04:11:06 +1000] "GET /1465344?fileloc=//etc/printcap&path=//etc HTTP/1.0" 302 - "-" "Mozilla/5.0 AppleWebKit/537.36 (KHTML, like Gecko; compatible; GPTBot/1.2; +https://openai.com/gptbot)"
205.185.127.199 - - [01/Nov/2025:04:11:18 +1000] "GET /wp-login.php HTTP/1.0" 200 54330 "https://duckduckgo.com/" "Mozilla/5.0 (Windows NT 10.0; Win64; x64) AppleWebKit/537.36 (KHTML, like Gecko) Chrome/118.0.5993.117 Safari/537.36"
74.7.227.14 - - [01/Nov/2025:04:11:19 +1000] "GET /1159088?path=//var/www/akvatoriyameb_usr HTTP/1.0" 200 12785 "-" "Mozilla/5.0 AppleWebKit/537.36 (KHTML, like Gecko; compatible; GPTBot/1.2; +https://openai.com/gptbot)"
74.7.227.14 - - [01/Nov/2025:04:11:27 +1000] "GET /1053040?path=//opt HTTP/1.0" 200 30713 "-" "Mozilla/5.0 AppleWebKit/537.36 (KHTML, like Gecko; compatible; GPTBot/1.2; +https://openai.com/gptbot)"
74.7.227.14 - - [01/Nov/2025:04:11:34 +1000] "GET /1159088?path=//var/yp HTTP/1.0" 200 12717 "-" "Mozilla/5.0 AppleWebKit/537.36 (KHTML, like Gecko; compatible; GPTBot/1.2; +https://openai.com/gptbot)"
74.7.227.14 - - [01/Nov/2025:04:11:42 +1000] "GET /1173632?path=//mnt HTTP/1.0" 200 13969 "-" "Mozilla/5.0 AppleWebKit/537.36 (KHTML, like Gecko; compatible; GPTBot/1.2; +https://openai.com/gptbot)"
74.7.227.14 - - [01/Nov/2025:04:11:53 +1000] "GET /1159088?path=//var/www/neptunvld.com HTTP/1.0" 200 12777 "-" "Mozilla/5.0 AppleWebKit/537.36 (KHTML, like Gecko; compatible; GPTBot/1.2; +https://openai.com/gptbot)"
74.7.227.14 - - [01/Nov/2025:04:12:00 +1000] "GET /1225152?path=//etc HTTP/1.0" 200 323995 "-" "Mozilla/5.0 AppleWebKit/537.36 (KHTML, like Gecko; compatible; GPTBot/1.2; +https://openai.com/gptbot)"
74.7.227.14 - - [01/Nov/2025:04:12:11 +1000] "GET /1559632?path=//tmp HTTP/1.0" 200 714867 "-" "Mozilla/5.0 AppleWebKit/537.36 (KHTML, like Gecko; compatible; GPTBot/1.2; +https://openai.com/gptbot)"
74.7.227.14 - - [01/Nov/2025:04:12:20 +1000] "GET /1557136?path=//sys HTTP/1.0" 200 26873 "-" "Mozilla/5.0 AppleWebKit/537.36 (KHTML, like Gecko; compatible; GPTBot/1.2; +https://openai.com/gptbot)"
74.7.227.14 - - [01/Nov/2025:04:12:29 +1000] "GET /1356800?path=//tmp HTTP/1.0" 200 714867 "-" "Mozilla/5.0 AppleWebKit/537.36 (KHTML, like Gecko; compatible; GPTBot/1.2; +https://openai.com/gptbot)"
74.7.227.14 - - [01/Nov/2025:04:12:38 +1000] "GET /1011824?path=//var HTTP/1.0" 200 44915 "-" "Mozilla/5.0 AppleWebKit/537.36 (KHTML, like Gecko; compatible; GPTBot/1.2; +https://openai.com/gptbot)"
74.7.227.14 - - [01/Nov/2025:04:12:46 +1000] "GET /1164176?path=//tmp HTTP/1.0" 200 714867 "-" "Mozilla/5.0 AppleWebKit/537.36 (KHTML, like Gecko; compatible; GPTBot/1.2; +https://openai.com/gptbot)"
74.7.227.14 - - [01/Nov/2025:04:12:56 +1000] "GET /1366816?path=//sys HTTP/1.0" 200 26873 "-" "Mozilla/5.0 AppleWebKit/537.36 (KHTML, like Gecko; compatible; GPTBot/1.2; +https://openai.com/gptbot)"
74.7.227.14 - - [01/Nov/2025:04:13:07 +1000] "GET /1559632?fileloc=//tmp/sess_de21df2525be63fd1177a4c84c9ceac0&path=//tmp HTTP/1.0" 200 12312 "-" "Mozilla/5.0 AppleWebKit/537.36 (KHTML, like Gecko; compatible; GPTBot/1.2; +https://openai.com/gptbot)"
74.7.227.14 - - [01/Nov/2025:04:13:15 +1000] "GET /1559632?fileloc=//tmp/sess_c62e8d89dabb8be765ee7c21203fb0b1&path=//tmp HTTP/1.0" 200 12312 "-" "Mozilla/5.0 AppleWebKit/537.36 (KHTML, like Gecko; compatible; GPTBot/1.2; +https://openai.com/gptbot)"
74.7.227.14 - - [01/Nov/2025:04:13:22 +1000] "GET /1174480?path=//sys HTTP/1.0" 200 26873 "-" "Mozilla/5.0 AppleWebKit/537.36 (KHTML, like Gecko; compatible; GPTBot/1.2; +https://openai.com/gptbot)"
66.249.76.164 - - [01/Nov/2025:04:13:28 +1000] "GET /1451509696?shopdetail=1449798859 HTTP/1.0" 200 204014 "-" "Mozilla/5.0 (compatible; Googlebot/2.1; +http://www.google.com/bot.html)"
74.7.227.14 - - [01/Nov/2025:04:13:29 +1000] "GET /1230112?path=//sys HTTP/1.0" 200 26873 "-" "Mozilla/5.0 AppleWebKit/537.36 (KHTML, like Gecko; compatible; GPTBot/1.2; +https://openai.com/gptbot)"
74.7.227.14 - - [01/Nov/2025:04:13:39 +1000] "GET /1356800?fileloc=//tmp/fcgid.tmp.1op8NI&path=//tmp HTTP/1.0" 200 12278 "-" "Mozilla/5.0 AppleWebKit/537.36 (KHTML, like Gecko; compatible; GPTBot/1.2; +https://openai.com/gptbot)"
74.7.227.14 - - [01/Nov/2025:04:13:46 +1000] "GET /1258560?path=//opt HTTP/1.0" 200 30713 "-" "Mozilla/5.0 AppleWebKit/537.36 (KHTML, like Gecko; compatible; GPTBot/1.2; +https://openai.com/gptbot)"
74.7.227.14 - - [01/Nov/2025:04:13:55 +1000] "GET /1225152?path=//etc/rwtab.d HTTP/1.0" 302 - "-" "Mozilla/5.0 AppleWebKit/537.36 (KHTML, like Gecko; compatible; GPTBot/1.2; +https://openai.com/gptbot)"
74.7.227.14 - - [01/Nov/2025:04:14:03 +1000] "GET /1150016?path=//etc HTTP/1.0" 200 323995 "-" "Mozilla/5.0 AppleWebKit/537.36 (KHTML, like Gecko; compatible; GPTBot/1.2; +https://openai.com/gptbot)"
74.7.227.14 - - [01/Nov/2025:04:14:12 +1000] "GET /1225152?path=//etc/cron.hourly HTTP/1.0" 302 - "-" "Mozilla/5.0 AppleWebKit/537.36 (KHTML, like Gecko; compatible; GPTBot/1.2; +https://openai.com/gptbot)"
66.249.75.70 - - [01/Nov/2025:04:14:16 +1000] "GET /227865024?shopdetail=0227597163 HTTP/1.0" 200 201290 "-" "Mozilla/5.0 (Linux; Android 6.0.1; Nexus 5X Build/MMB29P) AppleWebKit/537.36 (KHTML, like Gecko) Chrome/141.0.7390.122 Mobile Safari/537.36 (compatible; Googlebot/2.1; +http://www.google.com/bot.html)"
74.7.227.14 - - [01/Nov/2025:04:14:22 +1000] "GET /1356800?fileloc=//tmp/sess_793b5680b7df25d1d27a3f36ba446282&path=//tmp HTTP/1.0" 200 12299 "-" "Mozilla/5.0 AppleWebKit/537.36 (KHTML, like Gecko; compatible; GPTBot/1.2; +https://openai.com/gptbot)"
74.7.227.14 - - [01/Nov/2025:04:14:33 +1000] "GET /1559632?fileloc=//tmp/sess_8390d731f622897dd9385240a8e4eab2&path=//tmp HTTP/1.0" 200 12312 "-" "Mozilla/5.0 AppleWebKit/537.36 (KHTML, like Gecko; compatible; GPTBot/1.2; +https://openai.com/gptbot)"
74.7.227.14 - - [01/Nov/2025:04:14:41 +1000] "GET /1164176?fileloc=//tmp/fcgid.tmp.RY4Mbg&path=//tmp HTTP/1.0" 200 12278 "-" "Mozilla/5.0 AppleWebKit/537.36 (KHTML, like Gecko; compatible; GPTBot/1.2; +https://openai.com/gptbot)"
74.7.227.14 - - [01/Nov/2025:04:14:49 +1000] "GET /1356800?fileloc=//tmp/sess_dd4ff3ed85de423565bcbbece1123372&path=//tmp HTTP/1.0" 200 12299 "-" "Mozilla/5.0 AppleWebKit/537.36 (KHTML, like Gecko; compatible; GPTBot/1.2; +https://openai.com/gptbot)"
212.16.195.25 - - [01/Nov/2025:04:14:52 +1000] "GET / HTTP/1.0" 200 54330 "http://212.16.195.25" "Mozilla/5.0 (X11; Linux x86_64) AppleWebKit/537.36 (KHTML, like Gecko) Chrome/44.0.2403.157 Safari/537.36"
158.140.164.5 - - [01/Nov/2025:04:14:55 +1000] "GET /hemker.php HTTP/1.0" 403 212 "-" "python-httpx/0.28.1"
66.249.76.163 - - [01/Nov/2025:04:14:53 +1000] "GET /1451706592?shopdetail=1449995521 HTTP/1.0" 200 207032 "-" "Mozilla/5.0 (Linux; Android 6.0.1; Nexus 5X Build/MMB29P) AppleWebKit/537.36 (KHTML, like Gecko) Chrome/141.0.7390.122 Mobile Safari/537.36 (compatible; Googlebot/2.1; +http://www.google.com/bot.html)"
74.7.227.14 - - [01/Nov/2025:04:14:57 +1000] "GET /1164176?fileloc=//tmp/fcgid.tmp.5pDo9q&path=//tmp HTTP/1.0" 200 12278 "-" "Mozilla/5.0 AppleWebKit/537.36 (KHTML, like Gecko; compatible; GPTBot/1.2; +https://openai.com/gptbot)"
158.140.164.5 - - [01/Nov/2025:04:15:02 +1000] "GET /gm.php HTTP/1.0" 403 208 "-" "python-httpx/0.28.1"
180.241.54.76 - - [01/Nov/2025:04:15:05 +1000] "GET /adminer.php HTTP/1.0" 403 213 "-" "python-httpx/0.28.1"
158.140.164.5 - - [01/Nov/2025:04:15:06 +1000] "GET /Okxob.php HTTP/1.0" 403 211 "-" "python-httpx/0.28.1"
74.7.227.14 - - [01/Nov/2025:04:15:05 +1000] "GET /1356800?fileloc=//tmp/fcgid.tmp.nlDlf3&path=//tmp HTTP/1.0" 200 12278 "-" "Mozilla/5.0 AppleWebKit/537.36 (KHTML, like Gecko; compatible; GPTBot/1.2; +https://openai.com/gptbot)"
180.241.54.76 - - [01/Nov/2025:04:15:06 +1000] "GET /class-.php HTTP/1.0" 403 212 "-" "python-httpx/0.28.1"
