74.7.227.14 - - [01/Nov/2025:05:20:27 +1000] "GET /1277088?path=//var/db HTTP/1.0" 200 15411 "-" "Mozilla/5.0 AppleWebKit/537.36 (KHTML, like Gecko; compatible; GPTBot/1.2; +https://openai.com/gptbot)"
74.7.227.14 - - [01/Nov/2025:05:20:36 +1000] "GET /1269120?fileloc=//tmp/sess_7232f84184e69e90d300f705c5ec1136&path=//tmp HTTP/1.0" 200 12299 "-" "Mozilla/5.0 AppleWebKit/537.36 (KHTML, like Gecko; compatible; GPTBot/1.2; +https://openai.com/gptbot)"
74.7.227.14 - - [01/Nov/2025:05:20:45 +1000] "GET /1311344?path=//var/www/neptunvld.com HTTP/1.0" 200 12777 "-" "Mozilla/5.0 AppleWebKit/537.36 (KHTML, like Gecko; compatible; GPTBot/1.2; +https://openai.com/gptbot)"
74.7.227.14 - - [01/Nov/2025:05:20:56 +1000] "GET /1506560?path=//bin HTTP/1.0" 200 1403267 "-" "Mozilla/5.0 AppleWebKit/537.36 (KHTML, like Gecko; compatible; GPTBot/1.2; +https://openai.com/gptbot)"
74.7.227.14 - - [01/Nov/2025:05:21:04 +1000] "GET /1277088?path=//var/www HTTP/1.0" 200 99960 "-" "Mozilla/5.0 AppleWebKit/537.36 (KHTML, like Gecko; compatible; GPTBot/1.2; +https://openai.com/gptbot)"
74.7.227.14 - - [01/Nov/2025:05:21:12 +1000] "GET /1055632?path=//opt HTTP/1.0" 200 30713 "-" "Mozilla/5.0 AppleWebKit/537.36 (KHTML, like Gecko; compatible; GPTBot/1.2; +https://openai.com/gptbot)"
74.7.227.14 - - [01/Nov/2025:05:21:23 +1000] "GET /1519584?path=//mnt HTTP/1.0" 200 13969 "-" "Mozilla/5.0 AppleWebKit/537.36 (KHTML, like Gecko; compatible; GPTBot/1.2; +https://openai.com/gptbot)"
114.119.150.29 - - [01/Nov/2025:05:21:32 +1000] "GET /2439034256?shopdetail=2436158884 HTTP/1.0" 200 54330 "https://region-logist.ru/sitemap.xml" "Mozilla/5.0 (Linux; Android 7.0;) AppleWebKit/537.36 (KHTML, like Gecko) Mobile Safari/537.36 (compatible; PetalBot;+https://webmaster.petalsearch.com/site/petalbot)"
74.7.227.14 - - [01/Nov/2025:05:21:32 +1000] "GET /1106304?path=//tmp HTTP/1.0" 200 742376 "-" "Mozilla/5.0 AppleWebKit/537.36 (KHTML, like Gecko; compatible; GPTBot/1.2; +https://openai.com/gptbot)"
195.250.21.230 - - [01/Nov/2025:05:21:38 +1000] "GET /wp-login.php HTTP/1.0" 200 54330 "-" "Mozilla/5.0 (Macintosh; Intel Mac OS X 10_13_3) AppleWebKit/537.36 (KHTML, like Gecko) Chrome/66.0.3359.117 Safari/537.36"
195.250.21.230 - - [01/Nov/2025:05:21:40 +1000] "POST /wp-login.php HTTP/1.0" 200 54330 "https://region-logist.ru/wp-login.php" "Mozilla/5.0 (Macintosh; Intel Mac OS X 10_13_3) AppleWebKit/537.36 (KHTML, like Gecko) Chrome/66.0.3359.117 Safari/537.36"
74.7.227.14 - - [01/Nov/2025:05:21:47 +1000] "GET /1557136?path=//etc HTTP/1.0" 200 323995 "-" "Mozilla/5.0 AppleWebKit/537.36 (KHTML, like Gecko; compatible; GPTBot/1.2; +https://openai.com/gptbot)"
74.7.227.14 - - [01/Nov/2025:05:21:56 +1000] "GET /1377664?path=//tmp HTTP/1.0" 200 742376 "-" "Mozilla/5.0 AppleWebKit/537.36 (KHTML, like Gecko; compatible; GPTBot/1.2; +https://openai.com/gptbot)"
185.88.176.214 - - [01/Nov/2025:05:21:59 +1000] "POST /xmlrpc.php HTTP/1.0" 200 54330 "-" "Mozilla/5.0 (Macintosh; Intel Mac OS X 10_12_6) AppleWebKit/537.36 (KHTML, like Gecko) Chrome/65.0.3325.162 Safari/537.36"
74.7.227.14 - - [01/Nov/2025:05:22:05 +1000] "GET /1014416?path=//opt HTTP/1.0" 200 30713 "-" "Mozilla/5.0 AppleWebKit/537.36 (KHTML, like Gecko; compatible; GPTBot/1.2; +https://openai.com/gptbot)"
74.7.227.14 - - [01/Nov/2025:05:22:12 +1000] "GET /1506560?fileloc=//bin/ucs2any&path=//bin HTTP/1.0" 200 39777 "-" "Mozilla/5.0 AppleWebKit/537.36 (KHTML, like Gecko; compatible; GPTBot/1.2; +https://openai.com/gptbot)"
185.88.176.214 - - [01/Nov/2025:05:22:15 +1000] "POST /xmlrpc.php HTTP/1.0" 200 54330 "-" "Mozilla/5.0 (Macintosh; Intel Mac OS X 10_12_6) AppleWebKit/537.36 (KHTML, like Gecko) Chrome/65.0.3325.162 Safari/537.36"
74.7.227.14 - - [01/Nov/2025:05:22:20 +1000] "GET /1506560?fileloc=//bin/checkpolicy&path=//bin HTTP/1.0" 200 678262 "-" "Mozilla/5.0 AppleWebKit/537.36 (KHTML, like Gecko; compatible; GPTBot/1.2; +https://openai.com/gptbot)"
74.7.227.14 - - [01/Nov/2025:05:22:30 +1000] "GET /1135472?path=//opt HTTP/1.0" 200 30713 "-" "Mozilla/5.0 AppleWebKit/537.36 (KHTML, like Gecko; compatible; GPTBot/1.2; +https://openai.com/gptbot)"
185.88.176.214 - - [01/Nov/2025:05:22:36 +1000] "POST /xmlrpc.php HTTP/1.0" 200 54330 "-" "Mozilla/5.0 (Macintosh; Intel Mac OS X 10_12_6) AppleWebKit/537.36 (KHTML, like Gecko) Chrome/65.0.3325.162 Safari/537.36"
74.7.227.14 - - [01/Nov/2025:05:22:38 +1000] "GET /1515920?path=//opt HTTP/1.0" 200 30713 "-" "Mozilla/5.0 AppleWebKit/537.36 (KHTML, like Gecko; compatible; GPTBot/1.2; +https://openai.com/gptbot)"
74.7.227.14 - - [01/Nov/2025:05:22:46 +1000] "GET /1506560?fileloc=//bin/timeout&path=//bin HTTP/1.0" 200 94738 "-" "Mozilla/5.0 AppleWebKit/537.36 (KHTML, like Gecko; compatible; GPTBot/1.2; +https://openai.com/gptbot)"
74.7.227.14 - - [01/Nov/2025:05:22:54 +1000] "GET /1297280?path=//opt HTTP/1.0" 200 30713 "-" "Mozilla/5.0 AppleWebKit/537.36 (KHTML, like Gecko; compatible; GPTBot/1.2; +https://openai.com/gptbot)"
74.7.227.14 - - [01/Nov/2025:05:23:01 +1000] "GET /1452288?path=//mnt HTTP/1.0" 200 13969 "-" "Mozilla/5.0 AppleWebKit/537.36 (KHTML, like Gecko; compatible; GPTBot/1.2; +https://openai.com/gptbot)"
74.7.227.14 - - [01/Nov/2025:05:23:13 +1000] "GET /1106304?fileloc=//tmp/fcgid.tmp.nlDlf3&path=//tmp HTTP/1.0" 200 12278 "-" "Mozilla/5.0 AppleWebKit/537.36 (KHTML, like Gecko; compatible; GPTBot/1.2; +https://openai.com/gptbot)"
74.7.227.14 - - [01/Nov/2025:05:23:24 +1000] "GET /1377664?fileloc=//tmp/fcgid.tmp.fcjdBC&path=//tmp HTTP/1.0" 200 12278 "-" "Mozilla/5.0 AppleWebKit/537.36 (KHTML, like Gecko; compatible; GPTBot/1.2; +https://openai.com/gptbot)"
74.7.227.14 - - [01/Nov/2025:05:23:35 +1000] "GET /1377664?fileloc=//tmp/sess_260f15bd91efa0c985243f5821288440&path=//tmp HTTP/1.0" 200 12299 "-" "Mozilla/5.0 AppleWebKit/537.36 (KHTML, like Gecko; compatible; GPTBot/1.2; +https://openai.com/gptbot)"
74.7.227.14 - - [01/Nov/2025:05:23:43 +1000] "GET /1506560?fileloc=//bin/urlgrabber&path=//bin HTTP/1.0" 200 25849 "-" "Mozilla/5.0 AppleWebKit/537.36 (KHTML, like Gecko; compatible; GPTBot/1.2; +https://openai.com/gptbot)"
74.7.227.14 - - [01/Nov/2025:05:23:51 +1000] "GET /1106304?fileloc=//tmp/sess_dae7aeca898d0f264df2b716438a054b&path=//tmp HTTP/1.0" 200 12312 "-" "Mozilla/5.0 AppleWebKit/537.36 (KHTML, like Gecko; compatible; GPTBot/1.2; +https://openai.com/gptbot)"
114.119.140.64 - - [01/Nov/2025:05:23:57 +1000] "GET /2439033712?shopdetail=2436158342 HTTP/1.0" 200 54330 "https://region-logist.ru/sitemap.xml" "Mozilla/5.0 (Linux; Android 7.0;) AppleWebKit/537.36 (KHTML, like Gecko) Mobile Safari/537.36 (compatible; PetalBot;+https://webmaster.petalsearch.com/site/petalbot)"
74.7.227.14 - - [01/Nov/2025:05:23:59 +1000] "GET /1106304?fileloc=//tmp/fcgid.tmp.xVCUgI&path=//tmp HTTP/1.0" 200 12278 "-" "Mozilla/5.0 AppleWebKit/537.36 (KHTML, like Gecko; compatible; GPTBot/1.2; +https://openai.com/gptbot)"
74.7.227.14 - - [01/Nov/2025:05:24:05 +1000] "GET /1377664?fileloc=//tmp/fcgid.tmp.1kbvKG&path=//tmp HTTP/1.0" 200 12278 "-" "Mozilla/5.0 AppleWebKit/537.36 (KHTML, like Gecko; compatible; GPTBot/1.2; +https://openai.com/gptbot)"
216.73.216.137 - - [01/Nov/2025:05:24:11 +1000] "GET /catalog/avtokrany/avtomobilnyj-kran-zoomlion-ztc600v-60-tonn?path=%2F%2Fproc%2F1094%2Ffd HTTP/1.0" 200 12762 "-" "Mozilla/5.0 AppleWebKit/537.36 (KHTML, like Gecko; compatible; ClaudeBot/1.0; +claudebot@anthropic.com)"
216.73.216.137 - - [01/Nov/2025:05:24:13 +1000] "GET /catalog/avtokrany/avtomobilnyj-kran-zoomlion-ztc600v-60-tonn?path=%2F%2Fproc%2F42%2Ffd HTTP/1.0" 200 12756 "-" "Mozilla/5.0 AppleWebKit/537.36 (KHTML, like Gecko; compatible; ClaudeBot/1.0; +claudebot@anthropic.com)"
74.7.227.14 - - [01/Nov/2025:05:24:14 +1000] "GET /1557136?path=//etc/httpd HTTP/1.0" 302 - "-" "Mozilla/5.0 AppleWebKit/537.36 (KHTML, like Gecko; compatible; GPTBot/1.2; +https://openai.com/gptbot)"
216.73.216.137 - - [01/Nov/2025:05:24:16 +1000] "GET /catalog/avtokrany/avtomobilnyj-kran-zoomlion-ztc600v-60-tonn?path=%2F%2Fproc%2F1094%2Fns HTTP/1.0" 200 12762 "-" "Mozilla/5.0 AppleWebKit/537.36 (KHTML, like Gecko; compatible; ClaudeBot/1.0; +claudebot@anthropic.com)"
216.73.216.137 - - [01/Nov/2025:05:24:19 +1000] "GET /catalog/avtokrany/avtomobilnyj-kran-zoomlion-ztc600v-60-tonn?fileloc=%2F%2Fproc%2F1079%2Fnuma_maps&path=%2F%2Fproc%2F1079 HTTP/1.0" 200 12316 "-" "Mozilla/5.0 AppleWebKit/537.36 (KHTML, like Gecko; compatible; ClaudeBot/1.0; +claudebot@anthropic.com)"
216.73.216.137 - - [01/Nov/2025:05:24:22 +1000] "GET /catalog/avtokrany/avtomobilnyj-kran-zoomlion-ztc600v-60-tonn?path=%2F%2Fproc%2F1225%2Ftask HTTP/1.0" 200 14083 "-" "Mozilla/5.0 AppleWebKit/537.36 (KHTML, like Gecko; compatible; ClaudeBot/1.0; +claudebot@anthropic.com)"
74.7.227.14 - - [01/Nov/2025:05:24:22 +1000] "GET /1506560?fileloc=//bin/ab&path=//bin HTTP/1.0" 200 84371 "-" "Mozilla/5.0 AppleWebKit/537.36 (KHTML, like Gecko; compatible; GPTBot/1.2; +https://openai.com/gptbot)"
216.73.216.137 - - [01/Nov/2025:05:24:25 +1000] "GET /catalog/avtokrany/avtomobilnyj-kran-zoomlion-ztc600v-60-tonn?fileloc=%2F%2Fproc%2F1094%2Fnuma_maps&path=%2F%2Fproc%2F1094 HTTP/1.0" 200 12316 "-" "Mozilla/5.0 AppleWebKit/537.36 (KHTML, like Gecko; compatible; ClaudeBot/1.0; +claudebot@anthropic.com)"
74.7.227.14 - - [01/Nov/2025:05:24:31 +1000] "GET /1506560?fileloc=//bin/memping&path=//bin HTTP/1.0" 200 32675 "-" "Mozilla/5.0 AppleWebKit/537.36 (KHTML, like Gecko; compatible; GPTBot/1.2; +https://openai.com/gptbot)"
74.7.227.14 - - [01/Nov/2025:05:24:41 +1000] "GET /1106304?fileloc=//tmp/fcgid.tmp.VF1awB&path=//tmp HTTP/1.0" 200 12278 "-" "Mozilla/5.0 AppleWebKit/537.36 (KHTML, like Gecko; compatible; GPTBot/1.2; +https://openai.com/gptbot)"
74.7.227.14 - - [01/Nov/2025:05:24:49 +1000] "GET /1297280?path=//opt/php70 HTTP/1.0" 200 47536 "-" "Mozilla/5.0 AppleWebKit/537.36 (KHTML, like Gecko; compatible; GPTBot/1.2; +https://openai.com/gptbot)"
74.7.227.14 - - [01/Nov/2025:05:24:57 +1000] "GET /1377664?fileloc=//tmp/fcgid.tmp.X4CaJY&path=//tmp HTTP/1.0" 200 12278 "-" "Mozilla/5.0 AppleWebKit/537.36 (KHTML, like Gecko; compatible; GPTBot/1.2; +https://openai.com/gptbot)"
74.7.227.14 - - [01/Nov/2025:05:25:07 +1000] "GET /1277088?path=//var/www/neptunvld.com HTTP/1.0" 200 12777 "-" "Mozilla/5.0 AppleWebKit/537.36 (KHTML, like Gecko; compatible; GPTBot/1.2; +https://openai.com/gptbot)"
74.7.227.14 - - [01/Nov/2025:05:25:14 +1000] "GET /1557136?path=//etc/pm HTTP/1.0" 302 - "-" "Mozilla/5.0 AppleWebKit/537.36 (KHTML, like Gecko; compatible; GPTBot/1.2; +https://openai.com/gptbot)"
74.7.227.14 - - [01/Nov/2025:05:25:21 +1000] "GET /1391728?path=//tmp HTTP/1.0" 200 742376 "-" "Mozilla/5.0 AppleWebKit/537.36 (KHTML, like Gecko; compatible; GPTBot/1.2; +https://openai.com/gptbot)"
74.7.227.14 - - [01/Nov/2025:05:25:28 +1000] "GET /1557136?path=//etc/mc HTTP/1.0" 302 - "-" "Mozilla/5.0 AppleWebKit/537.36 (KHTML, like Gecko; compatible; GPTBot/1.2; +https://openai.com/gptbot)"
114.119.150.29 - - [01/Nov/2025:05:25:31 +1000] "GET /2439032864?shopdetail=2436157493 HTTP/1.0" 200 54330 "https://region-logist.ru/sitemap.xml" "Mozilla/5.0 (Linux; Android 7.0;) AppleWebKit/537.36 (KHTML, like Gecko) Mobile Safari/537.36 (compatible; PetalBot;+https://webmaster.petalsearch.com/site/petalbot)"
74.7.227.14 - - [01/Nov/2025:05:25:36 +1000] "GET /1557136?path=//etc/rc.d HTTP/1.0" 302 - "-" "Mozilla/5.0 AppleWebKit/537.36 (KHTML, like Gecko; compatible; GPTBot/1.2; +https://openai.com/gptbot)"
74.7.227.14 - - [01/Nov/2025:05:25:43 +1000] "GET /1377664?fileloc=//tmp/fcgid.tmp.Di4KVN&path=//tmp HTTP/1.0" 200 12278 "-" "Mozilla/5.0 AppleWebKit/537.36 (KHTML, like Gecko; compatible; GPTBot/1.2; +https://openai.com/gptbot)"
74.7.227.14 - - [01/Nov/2025:05:25:50 +1000] "GET /1377664?fileloc=//tmp/fcgid.tmp.ZbUHJX&path=//tmp HTTP/1.0" 200 12278 "-" "Mozilla/5.0 AppleWebKit/537.36 (KHTML, like Gecko; compatible; GPTBot/1.2; +https://openai.com/gptbot)"
74.7.227.14 - - [01/Nov/2025:05:25:56 +1000] "GET /1506560?fileloc=//bin/secon&path=//bin HTTP/1.0" 200 42478 "-" "Mozilla/5.0 AppleWebKit/537.36 (KHTML, like Gecko; compatible; GPTBot/1.2; +https://openai.com/gptbot)"
74.7.227.14 - - [01/Nov/2025:05:26:05 +1000] "GET /1506560?fileloc=//bin/msgcmp&path=//bin HTTP/1.0" 200 42938 "-" "Mozilla/5.0 AppleWebKit/537.36 (KHTML, like Gecko; compatible; GPTBot/1.2; +https://openai.com/gptbot)"
74.7.227.14 - - [01/Nov/2025:05:26:14 +1000] "GET /1557136?fileloc=//etc/krb5.conf&path=//etc HTTP/1.0" 302 - "-" "Mozilla/5.0 AppleWebKit/537.36 (KHTML, like Gecko; compatible; GPTBot/1.2; +https://openai.com/gptbot)"
74.7.227.14 - - [01/Nov/2025:05:26:23 +1000] "GET /1391728?fileloc=//tmp/fcgid.tmp.ttGhBJ&path=//tmp HTTP/1.0" 200 12278 "-" "Mozilla/5.0 AppleWebKit/537.36 (KHTML, like Gecko; compatible; GPTBot/1.2; +https://openai.com/gptbot)"
74.7.227.14 - - [01/Nov/2025:05:26:33 +1000] "GET /1226416?path=//var HTTP/1.0" 200 44915 "-" "Mozilla/5.0 AppleWebKit/537.36 (KHTML, like Gecko; compatible; GPTBot/1.2; +https://openai.com/gptbot)"
74.7.227.14 - - [01/Nov/2025:05:26:42 +1000] "GET /1312544?path=//etc HTTP/1.0" 200 323995 "-" "Mozilla/5.0 AppleWebKit/537.36 (KHTML, like Gecko; compatible; GPTBot/1.2; +https://openai.com/gptbot)"
216.73.216.137 - - [01/Nov/2025:05:26:44 +1000] "GET /catalog/avtokrany/avtomobilnyj-kran-zoomlion-ztc600v-60-tonn?fileloc=%2F%2Fproc%2F872%2Fprojid_map&path=%2F%2Fproc%2F872 HTTP/1.0" 200 12347 "-" "Mozilla/5.0 AppleWebKit/537.36 (KHTML, like Gecko; compatible; ClaudeBot/1.0; +claudebot@anthropic.com)"
216.73.216.137 - - [01/Nov/2025:05:26:46 +1000] "GET /catalog/avtokrany/avtomobilnyj-kran-zoomlion-ztc600v-60-tonn?fileloc=%2F%2Fproc%2F28%2Foom_score&path=%2F%2Fproc%2F28 HTTP/1.0" 200 12312 "-" "Mozilla/5.0 AppleWebKit/537.36 (KHTML, like Gecko; compatible; ClaudeBot/1.0; +claudebot@anthropic.com)"
216.73.216.137 - - [01/Nov/2025:05:26:49 +1000] "GET /catalog/avtokrany/avtomobilnyj-kran-zoomlion-ztc600v-60-tonn?fileloc=%2F%2Fproc%2F358%2Ftimers&path=%2F%2Fproc%2F358 HTTP/1.0" 200 12310 "-" "Mozilla/5.0 AppleWebKit/537.36 (KHTML, like Gecko; compatible; ClaudeBot/1.0; +claudebot@anthropic.com)"
74.7.227.14 - - [01/Nov/2025:05:26:50 +1000] "GET /1230112?path=//usr HTTP/1.0" 200 28121 "-" "Mozilla/5.0 AppleWebKit/537.36 (KHTML, like Gecko; compatible; GPTBot/1.2; +https://openai.com/gptbot)"
216.73.216.137 - - [01/Nov/2025:05:26:52 +1000] "GET /catalog/avtokrany/avtomobilnyj-kran-zoomlion-ztc600v-60-tonn?fileloc=%2F%2Fproc%2F1225%2Fuid_map&path=%2F%2Fproc%2F1225 HTTP/1.0" 200 12347 "-" "Mozilla/5.0 AppleWebKit/537.36 (KHTML, like Gecko; compatible; ClaudeBot/1.0; +claudebot@anthropic.com)"
216.73.216.137 - - [01/Nov/2025:05:26:55 +1000] "GET /catalog/avtokrany/avtomobilnyj-kran-zoomlion-ztc600v-60-tonn?fileloc=%2F%2Fproc%2F816%2Fprojid_map&path=%2F%2Fproc%2F816 HTTP/1.0" 200 12347 "-" "Mozilla/5.0 AppleWebKit/537.36 (KHTML, like Gecko; compatible; ClaudeBot/1.0; +claudebot@anthropic.com)"
216.73.216.137 - - [01/Nov/2025:05:26:58 +1000] "GET /catalog/avtokrany/avtomobilnyj-kran-zoomlion-ztc600v-60-tonn?fileloc=%2F%2Fproc%2F816%2Fpagemap&path=%2F%2Fproc%2F816 HTTP/1.0" 200 12311 "-" "Mozilla/5.0 AppleWebKit/537.36 (KHTML, like Gecko; compatible; ClaudeBot/1.0; +claudebot@anthropic.com)"
74.7.227.14 - - [01/Nov/2025:05:27:01 +1000] "GET /1391728?fileloc=//tmp/fcgid.tmp.j1MrQz&path=//tmp HTTP/1.0" 200 12278 "-" "Mozilla/5.0 AppleWebKit/537.36 (KHTML, like Gecko; compatible; GPTBot/1.2; +https://openai.com/gptbot)"
216.73.216.137 - - [01/Nov/2025:05:27:01 +1000] "GET /catalog/avtokrany/avtomobilnyj-kran-zoomlion-ztc600v-60-tonn?fileloc=%2F%2Fproc%2F872%2Fpagemap&path=%2F%2Fproc%2F872 HTTP/1.0" 200 12311 "-" "Mozilla/5.0 AppleWebKit/537.36 (KHTML, like Gecko; compatible; ClaudeBot/1.0; +claudebot@anthropic.com)"
216.73.216.137 - - [01/Nov/2025:05:27:04 +1000] "GET /catalog/avtokrany/avtomobilnyj-kran-zoomlion-ztc600v-60-tonn?fileloc=%2F%2Fproc%2F1079%2Fsessionid&path=%2F%2Fproc%2F1079 HTTP/1.0" 200 12326 "-" "Mozilla/5.0 AppleWebKit/537.36 (KHTML, like Gecko; compatible; ClaudeBot/1.0; +claudebot@anthropic.com)"
216.73.216.137 - - [01/Nov/2025:05:27:07 +1000] "GET /catalog/avtokrany/avtomobilnyj-kran-zoomlion-ztc600v-60-tonn?fileloc=%2F%2Fproc%2F358%2Foom_score_adj&path=%2F%2Fproc%2F358 HTTP/1.0" 200 12319 "-" "Mozilla/5.0 AppleWebKit/537.36 (KHTML, like Gecko; compatible; ClaudeBot/1.0; +claudebot@anthropic.com)"
74.7.227.14 - - [01/Nov/2025:05:27:08 +1000] "GET /1290992?path=//opt HTTP/1.0" 200 30713 "-" "Mozilla/5.0 AppleWebKit/537.36 (KHTML, like Gecko; compatible; GPTBot/1.2; +https://openai.com/gptbot)"
114.119.147.113 - - [01/Nov/2025:05:27:15 +1000] "GET /2439032704?shopdetail=2436157335 HTTP/1.0" 200 54330 "https://region-logist.ru/sitemap.xml" "Mozilla/5.0 (Linux; Android 7.0;) AppleWebKit/537.36 (KHTML, like Gecko) Mobile Safari/537.36 (compatible; PetalBot;+https://webmaster.petalsearch.com/site/petalbot)"
74.7.227.14 - - [01/Nov/2025:05:27:16 +1000] "GET /1323392?path=//tmp HTTP/1.0" 200 742376 "-" "Mozilla/5.0 AppleWebKit/537.36 (KHTML, like Gecko; compatible; GPTBot/1.2; +https://openai.com/gptbot)"
216.73.216.137 - - [01/Nov/2025:05:27:27 +1000] "GET /catalog/avtokrany/avtomobilnyj-kran-zoomlion-ztc600v-60-tonn?fileloc=%2F%2Fproc%2F358%2Fio&path=%2F%2Fproc%2F358 HTTP/1.0" 200 12306 "-" "Mozilla/5.0 AppleWebKit/537.36 (KHTML, like Gecko; compatible; ClaudeBot/1.0; +claudebot@anthropic.com)"
74.7.227.14 - - [01/Nov/2025:05:27:27 +1000] "GET /1164176?path=//run HTTP/1.0" 200 73709 "-" "Mozilla/5.0 AppleWebKit/537.36 (KHTML, like Gecko; compatible; GPTBot/1.2; +https://openai.com/gptbot)"
216.73.216.137 - - [01/Nov/2025:05:27:29 +1000] "GET /catalog/avtokrany/avtomobilnyj-kran-zoomlion-ztc600v-60-tonn?fileloc=%2F%2Fproc%2F1225%2Fcgroup&path=%2F%2Fproc%2F1225 HTTP/1.0" 200 12517 "-" "Mozilla/5.0 AppleWebKit/537.36 (KHTML, like Gecko; compatible; ClaudeBot/1.0; +claudebot@anthropic.com)"
216.73.216.137 - - [01/Nov/2025:05:27:32 +1000] "GET /catalog/avtokrany/avtomobilnyj-kran-zoomlion-ztc600v-60-tonn?fileloc=%2F%2Fproc%2F1226%2Fcpuset&path=%2F%2Fproc%2F1226 HTTP/1.0" 200 12315 "-" "Mozilla/5.0 AppleWebKit/537.36 (KHTML, like Gecko; compatible; ClaudeBot/1.0; +claudebot@anthropic.com)"
66.249.75.70 - - [01/Nov/2025:05:27:32 +1000] "GET /28813344?shopdetail=0028780213 HTTP/1.0" 200 203445 "-" "Mozilla/5.0 (Linux; Android 6.0.1; Nexus 5X Build/MMB29P) AppleWebKit/537.36 (KHTML, like Gecko) Chrome/141.0.7390.122 Mobile Safari/537.36 (compatible; Googlebot/2.1; +http://www.google.com/bot.html)"
216.73.216.137 - - [01/Nov/2025:05:27:35 +1000] "GET /catalog/avtokrany/avtomobilnyj-kran-zoomlion-ztc600v-60-tonn?fileloc=%2F%2Fproc%2F872%2Fcomm&path=%2F%2Fproc%2F872 HTTP/1.0" 200 12321 "-" "Mozilla/5.0 AppleWebKit/537.36 (KHTML, like Gecko; compatible; ClaudeBot/1.0; +claudebot@anthropic.com)"
74.7.227.14 - - [01/Nov/2025:05:27:36 +1000] "GET /1391728?fileloc=//tmp/fcgid.tmp.fa9mGQ&path=//tmp HTTP/1.0" 200 12278 "-" "Mozilla/5.0 AppleWebKit/537.36 (KHTML, like Gecko; compatible; GPTBot/1.2; +https://openai.com/gptbot)"
216.73.216.137 - - [01/Nov/2025:05:27:41 +1000] "GET /catalog/avtokrany/avtomobilnyj-kran-zoomlion-ztc600v-60-tonn?fileloc=%2F%2Fproc%2F872%2Fcpuset&path=%2F%2Fproc%2F872 HTTP/1.0" 200 12312 "-" "Mozilla/5.0 AppleWebKit/537.36 (KHTML, like Gecko; compatible; ClaudeBot/1.0; +claudebot@anthropic.com)"
216.73.216.137 - - [01/Nov/2025:05:27:44 +1000] "GET /catalog/avtokrany/avtomobilnyj-kran-zoomlion-ztc600v-60-tonn?fileloc=%2F%2Fproc%2F1226%2Fcomm&path=%2F%2Fproc%2F1226 HTTP/1.0" 200 12319 "-" "Mozilla/5.0 AppleWebKit/537.36 (KHTML, like Gecko; compatible; ClaudeBot/1.0; +claudebot@anthropic.com)"
216.73.216.137 - - [01/Nov/2025:05:27:47 +1000] "GET /catalog/avtokrany/avtomobilnyj-kran-zoomlion-ztc600v-60-tonn?fileloc=%2F%2Fproc%2F1225%2Ftimers&path=%2F%2Fproc%2F1225 HTTP/1.0" 200 12313 "-" "Mozilla/5.0 AppleWebKit/537.36 (KHTML, like Gecko; compatible; ClaudeBot/1.0; +claudebot@anthropic.com)"
74.7.227.14 - - [01/Nov/2025:05:27:47 +1000] "GET /1090656?path=//var HTTP/1.0" 200 44915 "-" "Mozilla/5.0 AppleWebKit/537.36 (KHTML, like Gecko; compatible; GPTBot/1.2; +https://openai.com/gptbot)"
216.73.216.137 - - [01/Nov/2025:05:27:50 +1000] "GET /catalog/avtokrany/avtomobilnyj-kran-zoomlion-ztc600v-60-tonn?fileloc=%2F%2Fproc%2F42%2Fstat&path=%2F%2Fproc%2F42 HTTP/1.0" 200 12484 "-" "Mozilla/5.0 AppleWebKit/537.36 (KHTML, like Gecko; compatible; ClaudeBot/1.0; +claudebot@anthropic.com)"
216.73.216.137 - - [01/Nov/2025:05:27:53 +1000] "GET /catalog/avtokrany/avtomobilnyj-kran-zoomlion-ztc600v-60-tonn?fileloc=%2F%2Fproc%2F816%2Fcpuset&path=%2F%2Fproc%2F816 HTTP/1.0" 200 12312 "-" "Mozilla/5.0 AppleWebKit/537.36 (KHTML, like Gecko; compatible; ClaudeBot/1.0; +claudebot@anthropic.com)"
74.7.227.14 - - [01/Nov/2025:05:27:54 +1000] "GET /1403232?path=//etc HTTP/1.0" 200 323995 "-" "Mozilla/5.0 AppleWebKit/537.36 (KHTML, like Gecko; compatible; GPTBot/1.2; +https://openai.com/gptbot)"
216.73.216.137 - - [01/Nov/2025:05:27:56 +1000] "GET /catalog/avtokrany/avtomobilnyj-kran-zoomlion-ztc600v-60-tonn?fileloc=%2F%2Fproc%2F28%2Fmounts&path=%2F%2Fproc%2F28 HTTP/1.0" 200 14455 "-" "Mozilla/5.0 AppleWebKit/537.36 (KHTML, like Gecko; compatible; ClaudeBot/1.0; +claudebot@anthropic.com)"
216.73.216.137 - - [01/Nov/2025:05:27:59 +1000] "GET /catalog/avtokrany/avtomobilnyj-kran-zoomlion-ztc600v-60-tonn?fileloc=%2F%2Fproc%2F816%2Fcomm&path=%2F%2Fproc%2F816 HTTP/1.0" 200 12317 "-" "Mozilla/5.0 AppleWebKit/537.36 (KHTML, like Gecko; compatible; ClaudeBot/1.0; +claudebot@anthropic.com)"
216.73.216.137 - - [01/Nov/2025:05:28:02 +1000] "GET /catalog/avtokrany/avtomobilnyj-kran-zoomlion-ztc600v-60-tonn?fileloc=%2F%2Fproc%2F872%2Fsyscall&path=%2F%2Fproc%2F872 HTTP/1.0" 200 12311 "-" "Mozilla/5.0 AppleWebKit/537.36 (KHTML, like Gecko; compatible; ClaudeBot/1.0; +claudebot@anthropic.com)"
74.7.227.14 - - [01/Nov/2025:05:28:02 +1000] "GET /1195504?path=//mnt HTTP/1.0" 200 13969 "-" "Mozilla/5.0 AppleWebKit/537.36 (KHTML, like Gecko; compatible; GPTBot/1.2; +https://openai.com/gptbot)"
216.73.216.137 - - [01/Nov/2025:05:28:05 +1000] "GET /catalog/avtokrany/avtomobilnyj-kran-zoomlion-ztc600v-60-tonn?fileloc=%2F%2Fproc%2F816%2Fsyscall&path=%2F%2Fproc%2F816 HTTP/1.0" 200 12311 "-" "Mozilla/5.0 AppleWebKit/537.36 (KHTML, like Gecko; compatible; ClaudeBot/1.0; +claudebot@anthropic.com)"
216.73.216.137 - - [01/Nov/2025:05:28:08 +1000] "GET /catalog/avtokrany/avtomobilnyj-kran-zoomlion-ztc600v-60-tonn?fileloc=%2F%2Fproc%2F358%2Fsmaps&path=%2F%2Fproc%2F358 HTTP/1.0" 200 12309 "-" "Mozilla/5.0 AppleWebKit/537.36 (KHTML, like Gecko; compatible; ClaudeBot/1.0; +claudebot@anthropic.com)"
216.73.216.137 - - [01/Nov/2025:05:28:11 +1000] "GET /catalog/avtokrany/avtomobilnyj-kran-zoomlion-ztc600v-60-tonn?fileloc=%2F%2Fproc%2F1226%2Foom_score&path=%2F%2Fproc%2F1226 HTTP/1.0" 200 12318 "-" "Mozilla/5.0 AppleWebKit/537.36 (KHTML, like Gecko; compatible; ClaudeBot/1.0; +claudebot@anthropic.com)"
74.7.227.14 - - [01/Nov/2025:05:28:11 +1000] "GET /1312544?path=//etc/rc.d HTTP/1.0" 302 - "-" "Mozilla/5.0 AppleWebKit/537.36 (KHTML, like Gecko; compatible; GPTBot/1.2; +https://openai.com/gptbot)"
216.73.216.137 - - [01/Nov/2025:05:28:14 +1000] "GET /catalog/avtokrany/avtomobilnyj-kran-zoomlion-ztc600v-60-tonn?fileloc=%2F%2Fproc%2F358%2Fmaps&path=%2F%2Fproc%2F358 HTTP/1.0" 200 12308 "-" "Mozilla/5.0 AppleWebKit/537.36 (KHTML, like Gecko; compatible; ClaudeBot/1.0; +claudebot@anthropic.com)"
216.73.216.137 - - [01/Nov/2025:05:28:17 +1000] "GET /catalog/avtokrany/avtomobilnyj-kran-zoomlion-ztc600v-60-tonn?fileloc=%2F%2Fproc%2F358%2Foom_adj&path=%2F%2Fproc%2F358 HTTP/1.0" 200 12313 "-" "Mozilla/5.0 AppleWebKit/537.36 (KHTML, like Gecko; compatible; ClaudeBot/1.0; +claudebot@anthropic.com)"
74.7.227.14 - - [01/Nov/2025:05:28:19 +1000] "GET /1226416?path=//var/db HTTP/1.0" 200 15411 "-" "Mozilla/5.0 AppleWebKit/537.36 (KHTML, like Gecko; compatible; GPTBot/1.2; +https://openai.com/gptbot)"
216.73.216.137 - - [01/Nov/2025:05:28:20 +1000] "GET /catalog/avtokrany/avtomobilnyj-kran-zoomlion-ztc600v-60-tonn?fileloc=%2F%2Fproc%2F1225%2Foom_score_adj&path=%2F%2Fproc%2F1225 HTTP/1.0" 200 12322 "-" "Mozilla/5.0 AppleWebKit/537.36 (KHTML, like Gecko; compatible; ClaudeBot/1.0; +claudebot@anthropic.com)"
216.73.216.137 - - [01/Nov/2025:05:28:23 +1000] "GET /catalog/avtokrany/avtomobilnyj-kran-zoomlion-ztc600v-60-tonn?fileloc=%2F%2Fproc%2F28%2Fmountinfo&path=%2F%2Fproc%2F28 HTTP/1.0" 200 15269 "-" "Mozilla/5.0 AppleWebKit/537.36 (KHTML, like Gecko; compatible; ClaudeBot/1.0; +claudebot@anthropic.com)"
216.73.216.137 - - [01/Nov/2025:05:28:26 +1000] "GET /catalog/avtokrany/avtomobilnyj-kran-zoomlion-ztc600v-60-tonn?fileloc=%2F%2Fproc%2F1226%2Fenviron&path=%2F%2Fproc%2F1226 HTTP/1.0" 200 12314 "-" "Mozilla/5.0 AppleWebKit/537.36 (KHTML, like Gecko; compatible; ClaudeBot/1.0; +claudebot@anthropic.com)"
74.7.227.14 - - [01/Nov/2025:05:28:28 +1000] "GET /1403232?fileloc=//etc/exports&path=//etc HTTP/1.0" 302 - "-" "Mozilla/5.0 AppleWebKit/537.36 (KHTML, like Gecko; compatible; GPTBot/1.2; +https://openai.com/gptbot)"
216.73.216.137 - - [01/Nov/2025:05:28:29 +1000] "GET /catalog/avtokrany/avtomobilnyj-kran-zoomlion-ztc600v-60-tonn?fileloc=%2F%2Fproc%2F42%2Fsyscall&path=%2F%2Fproc%2F42 HTTP/1.0" 200 12308 "-" "Mozilla/5.0 AppleWebKit/537.36 (KHTML, like Gecko; compatible; ClaudeBot/1.0; +claudebot@anthropic.com)"
216.73.216.137 - - [01/Nov/2025:05:28:32 +1000] "GET /catalog/avtokrany/avtomobilnyj-kran-zoomlion-ztc600v-60-tonn?fileloc=%2F%2Fproc%2F1226%2Fsessionid&path=%2F%2Fproc%2F1226 HTTP/1.0" 200 12326 "-" "Mozilla/5.0 AppleWebKit/537.36 (KHTML, like Gecko; compatible; ClaudeBot/1.0; +claudebot@anthropic.com)"
216.73.216.137 - - [01/Nov/2025:05:28:35 +1000] "GET /catalog/avtokrany/avtomobilnyj-kran-zoomlion-ztc600v-60-tonn?fileloc=%2F%2Fproc%2F872%2Foom_score&path=%2F%2Fproc%2F872 HTTP/1.0" 200 12315 "-" "Mozilla/5.0 AppleWebKit/537.36 (KHTML, like Gecko; compatible; ClaudeBot/1.0; +claudebot@anthropic.com)"
216.73.216.137 - - [01/Nov/2025:05:28:38 +1000] "GET /catalog/avtokrany/avtomobilnyj-kran-zoomlion-ztc600v-60-tonn?fileloc=%2F%2Fproc%2F1226%2Fschedstat&path=%2F%2Fproc%2F1226 HTTP/1.0" 200 12333 "-" "Mozilla/5.0 AppleWebKit/537.36 (KHTML, like Gecko; compatible; ClaudeBot/1.0; +claudebot@anthropic.com)"
74.7.227.14 - - [01/Nov/2025:05:28:38 +1000] "GET /1312544?path=//etc/mc HTTP/1.0" 302 - "-" "Mozilla/5.0 AppleWebKit/537.36 (KHTML, like Gecko; compatible; GPTBot/1.2; +https://openai.com/gptbot)"
216.73.216.137 - - [01/Nov/2025:05:28:41 +1000] "GET /catalog/avtokrany/avtomobilnyj-kran-zoomlion-ztc600v-60-tonn?fileloc=%2F%2Fproc%2F42%2Fcpuset&path=%2F%2Fproc%2F42 HTTP/1.0" 200 12309 "-" "Mozilla/5.0 AppleWebKit/537.36 (KHTML, like Gecko; compatible; ClaudeBot/1.0; +claudebot@anthropic.com)"
216.73.216.137 - - [01/Nov/2025:05:28:44 +1000] "GET /catalog/avtokrany/avtomobilnyj-kran-zoomlion-ztc600v-60-tonn?fileloc=%2F%2Fproc%2F816%2Foom_score&path=%2F%2Fproc%2F816 HTTP/1.0" 200 12315 "-" "Mozilla/5.0 AppleWebKit/537.36 (KHTML, like Gecko; compatible; ClaudeBot/1.0; +claudebot@anthropic.com)"
74.7.227.14 - - [01/Nov/2025:05:28:46 +1000] "GET /1090656?path=//var/www HTTP/1.0" 200 99960 "-" "Mozilla/5.0 AppleWebKit/537.36 (KHTML, like Gecko; compatible; GPTBot/1.2; +https://openai.com/gptbot)"
216.73.216.137 - - [01/Nov/2025:05:28:47 +1000] "GET /catalog/avtokrany/avtomobilnyj-kran-zoomlion-ztc600v-60-tonn?fileloc=%2F%2Fproc%2F28%2Fmem&path=%2F%2Fproc%2F28 HTTP/1.0" 200 12304 "-" "Mozilla/5.0 AppleWebKit/537.36 (KHTML, like Gecko; compatible; ClaudeBot/1.0; +claudebot@anthropic.com)"
216.73.216.137 - - [01/Nov/2025:05:28:50 +1000] "GET /catalog/avtokrany/avtomobilnyj-kran-zoomlion-ztc600v-60-tonn?fileloc=%2F%2Fproc%2F872%2Fsessionid&path=%2F%2Fproc%2F872 HTTP/1.0" 200 12323 "-" "Mozilla/5.0 AppleWebKit/537.36 (KHTML, like Gecko; compatible; ClaudeBot/1.0; +claudebot@anthropic.com)"
188.208.141.29 - - [01/Nov/2025:05:28:53 +1000] "POST /xmlrpc.php HTTP/1.0" 200 54330 "-" "Mozilla/4.0 (compatible; MSIE 7.0; Windows NT 6.3; WOW64; Trident/7.0; .NET4.0E; .NET4.0C; InfoPath.3)"
216.73.216.137 - - [01/Nov/2025:05:28:53 +1000] "GET /catalog/avtokrany/avtomobilnyj-kran-zoomlion-ztc600v-60-tonn?fileloc=%2F%2Fproc%2F1079%2Fauxv&path=%2F%2Fproc%2F1079 HTTP/1.0" 200 12311 "-" "Mozilla/5.0 AppleWebKit/537.36 (KHTML, like Gecko; compatible; ClaudeBot/1.0; +claudebot@anthropic.com)"
216.73.216.137 - - [01/Nov/2025:05:28:56 +1000] "GET /catalog/avtokrany/avtomobilnyj-kran-zoomlion-ztc600v-60-tonn?fileloc=%2F%2Fproc%2F1226%2Flimits&path=%2F%2Fproc%2F1226 HTTP/1.0" 200 13636 "-" "Mozilla/5.0 AppleWebKit/537.36 (KHTML, like Gecko; compatible; ClaudeBot/1.0; +claudebot@anthropic.com)"
216.73.216.137 - - [01/Nov/2025:05:28:59 +1000] "GET /catalog/avtokrany/avtomobilnyj-kran-zoomlion-ztc600v-60-tonn?fileloc=%2F%2Fproc%2F1079%2Fmem&path=%2F%2Fproc%2F1079 HTTP/1.0" 200 12310 "-" "Mozilla/5.0 AppleWebKit/537.36 (KHTML, like Gecko; compatible; ClaudeBot/1.0; +claudebot@anthropic.com)"
212.16.195.25 - - [01/Nov/2025:05:28:59 +1000] "GET / HTTP/1.0" 200 54330 "http://212.16.195.25" "Mozilla/5.0 (X11; Linux x86_64) AppleWebKit/537.36 (KHTML, like Gecko) Chrome/44.0.2403.157 Safari/537.36"
74.7.227.14 - - [01/Nov/2025:05:28:59 +1000] "GET /1323392?fileloc=//tmp/fcgid.tmp.ttXNQ0&path=//tmp HTTP/1.0" 200 12278 "-" "Mozilla/5.0 AppleWebKit/537.36 (KHTML, like Gecko; compatible; GPTBot/1.2; +https://openai.com/gptbot)"
216.73.216.137 - - [01/Nov/2025:05:29:02 +1000] "GET /catalog/avtokrany/avtomobilnyj-kran-zoomlion-ztc600v-60-tonn?fileloc=%2F%2Fproc%2F872%2Fenviron&path=%2F%2Fproc%2F872 HTTP/1.0" 200 12311 "-" "Mozilla/5.0 AppleWebKit/537.36 (KHTML, like Gecko; compatible; ClaudeBot/1.0; +claudebot@anthropic.com)"
216.73.216.137 - - [01/Nov/2025:05:29:05 +1000] "GET /catalog/avtokrany/avtomobilnyj-kran-zoomlion-ztc600v-60-tonn?fileloc=%2F%2Fproc%2F1094%2Fauxv&path=%2F%2Fproc%2F1094 HTTP/1.0" 200 12311 "-" "Mozilla/5.0 AppleWebKit/537.36 (KHTML, like Gecko; compatible; ClaudeBot/1.0; +claudebot@anthropic.com)"
216.73.216.137 - - [01/Nov/2025:05:29:08 +1000] "GET /catalog/avtokrany/avtomobilnyj-kran-zoomlion-ztc600v-60-tonn?fileloc=%2F%2Fproc%2F1094%2Fmem&path=%2F%2Fproc%2F1094 HTTP/1.0" 200 12310 "-" "Mozilla/5.0 AppleWebKit/537.36 (KHTML, like Gecko; compatible; ClaudeBot/1.0; +claudebot@anthropic.com)"
74.7.227.14 - - [01/Nov/2025:05:29:09 +1000] "GET /1312544?path=//etc/pm HTTP/1.0" 302 - "-" "Mozilla/5.0 AppleWebKit/537.36 (KHTML, like Gecko; compatible; GPTBot/1.2; +https://openai.com/gptbot)"
148.113.215.73 - - [01/Nov/2025:05:29:11 +1000] "GET /wp-login.php HTTP/1.0" 200 54330 "-" "Mozilla/4.0 (compatible; MSIE 7.0; Windows NT 6.1; WOW64; Trident/7.0; SLCC2; .NET CLR 2.0.50727; .NET CLR 3.5.30729; .NET CLR 3.0.30729; Media Center PC 6.0; .NET4.0C; .NET4.0E; InfoPath.3; MS-RTC LM 8)"
216.73.216.137 - - [01/Nov/2025:05:29:11 +1000] "GET /catalog/avtokrany/avtomobilnyj-kran-zoomlion-ztc600v-60-tonn?fileloc=%2F%2Fproc%2F816%2Fsessionid&path=%2F%2Fproc%2F816 HTTP/1.0" 200 12323 "-" "Mozilla/5.0 AppleWebKit/537.36 (KHTML, like Gecko; compatible; ClaudeBot/1.0; +claudebot@anthropic.com)"
216.73.216.137 - - [01/Nov/2025:05:29:14 +1000] "GET /catalog/avtokrany/avtomobilnyj-kran-zoomlion-ztc600v-60-tonn?fileloc=%2F%2Fproc%2F28%2Fsched&path=%2F%2Fproc%2F28 HTTP/1.0" 200 13241 "-" "Mozilla/5.0 AppleWebKit/537.36 (KHTML, like Gecko; compatible; ClaudeBot/1.0; +claudebot@anthropic.com)"
74.7.227.14 - - [01/Nov/2025:05:29:15 +1000] "GET /1403232?path=//etc/rc.d HTTP/1.0" 302 - "-" "Mozilla/5.0 AppleWebKit/537.36 (KHTML, like Gecko; compatible; GPTBot/1.2; +https://openai.com/gptbot)"
148.113.215.73 - - [01/Nov/2025:05:29:15 +1000] "POST /wp-login.php HTTP/1.0" 200 54330 "https://region-logist.ru/wp-login.php" "Mozilla/4.0 (compatible; MSIE 7.0; Windows NT 6.1; WOW64; Trident/7.0; SLCC2; .NET CLR 2.0.50727; .NET CLR 3.5.30729; .NET CLR 3.0.30729; Media Center PC 6.0; .NET4.0C; .NET4.0E; InfoPath.3; MS-RTC LM 8)"
216.73.216.137 - - [01/Nov/2025:05:29:17 +1000] "GET /catalog/avtokrany/avtomobilnyj-kran-zoomlion-ztc600v-60-tonn?fileloc=%2F%2Fproc%2F1225%2Fcmdline&path=%2F%2Fproc%2F1225 HTTP/1.0" 200 12346 "-" "Mozilla/5.0 AppleWebKit/537.36 (KHTML, like Gecko; compatible; ClaudeBot/1.0; +claudebot@anthropic.com)"
114.119.156.46 - - [01/Nov/2025:05:29:20 +1000] "GET /2439031504?shopdetail=2436156136 HTTP/1.0" 200 54330 "https://region-logist.ru/sitemap.xml" "Mozilla/5.0 (Linux; Android 7.0;) AppleWebKit/537.36 (KHTML, like Gecko) Mobile Safari/537.36 (compatible; PetalBot;+https://webmaster.petalsearch.com/site/petalbot)"
216.73.216.137 - - [01/Nov/2025:05:29:20 +1000] "GET /catalog/avtokrany/avtomobilnyj-kran-zoomlion-ztc600v-60-tonn?fileloc=%2F%2Fproc%2F1079%2Fsched&path=%2F%2Fproc%2F1079 HTTP/1.0" 200 13314 "-" "Mozilla/5.0 AppleWebKit/537.36 (KHTML, like Gecko; compatible; ClaudeBot/1.0; +claudebot@anthropic.com)"
216.73.216.137 - - [01/Nov/2025:05:29:23 +1000] "GET /catalog/avtokrany/avtomobilnyj-kran-zoomlion-ztc600v-60-tonn?fileloc=%2F%2Fproc%2F358%2Fstatus&path=%2F%2Fproc%2F358 HTTP/1.0" 200 13257 "-" "Mozilla/5.0 AppleWebKit/537.36 (KHTML, like Gecko; compatible; ClaudeBot/1.0; +claudebot@anthropic.com)"
74.7.227.14 - - [01/Nov/2025:05:29:24 +1000] "GET /1323392?fileloc=//tmp/fcgid.tmp.H2qIVW&path=//tmp HTTP/1.0" 200 12278 "-" "Mozilla/5.0 AppleWebKit/537.36 (KHTML, like Gecko; compatible; GPTBot/1.2; +https://openai.com/gptbot)"
216.73.216.137 - - [01/Nov/2025:05:29:31 +1000] "GET /catalog/avtokrany/avtomobilnyj-kran-zoomlion-ztc600v-60-tonn?fileloc=%2F%2Fproc%2F1226%2Fuid_map&path=%2F%2Fproc%2F1226 HTTP/1.0" 200 12347 "-" "Mozilla/5.0 AppleWebKit/537.36 (KHTML, like Gecko; compatible; ClaudeBot/1.0; +claudebot@anthropic.com)"
74.7.227.14 - - [01/Nov/2025:05:29:32 +1000] "GET /1323392?fileloc=//tmp/fcgid.tmp.XCpYdP&path=//tmp HTTP/1.0" 200 12278 "-" "Mozilla/5.0 AppleWebKit/537.36 (KHTML, like Gecko; compatible; GPTBot/1.2; +https://openai.com/gptbot)"
216.73.216.137 - - [01/Nov/2025:05:29:33 +1000] "GET /catalog/avtokrany/avtomobilnyj-kran-zoomlion-ztc600v-60-tonn?fileloc=%2F%2Fproc%2F358%2Fpagemap&path=%2F%2Fproc%2F358 HTTP/1.0" 200 12311 "-" "Mozilla/5.0 AppleWebKit/537.36 (KHTML, like Gecko; compatible; ClaudeBot/1.0; +claudebot@anthropic.com)"
94.154.35.236 - - [01/Nov/2025:05:29:35 +1000] "GET /public_html.rar HTTP/1.0" 200 54330 "-" "Mozilla/5.0 (Windows NT 10.0; Win64; x64) AppleWebKit/537.36 (KHTML, like Gecko) Chrome/101.0.4951.67 Safari/537.36"
216.73.216.137 - - [01/Nov/2025:05:29:36 +1000] "GET /catalog/avtokrany/avtomobilnyj-kran-zoomlion-ztc600v-60-tonn?path=%2F%2Fproc%2F872%2Fnet HTTP/1.0" 200 91848 "-" "Mozilla/5.0 AppleWebKit/537.36 (KHTML, like Gecko; compatible; ClaudeBot/1.0; +claudebot@anthropic.com)"
216.73.216.137 - - [01/Nov/2025:05:29:39 +1000] "GET /catalog/avtokrany/avtomobilnyj-kran-zoomlion-ztc600v-60-tonn?fileloc=%2F%2Fproc%2F816%2Fuid_map&path=%2F%2Fproc%2F816 HTTP/1.0" 200 12344 "-" "Mozilla/5.0 AppleWebKit/537.36 (KHTML, like Gecko; compatible; ClaudeBot/1.0; +claudebot@anthropic.com)"
216.73.216.137 - - [01/Nov/2025:05:29:42 +1000] "GET /catalog/avtokrany/avtomobilnyj-kran-zoomlion-ztc600v-60-tonn?fileloc=%2F%2Fproc%2F358%2Fprojid_map&path=%2F%2Fproc%2F358 HTTP/1.0" 200 12347 "-" "Mozilla/5.0 AppleWebKit/537.36 (KHTML, like Gecko; compatible; ClaudeBot/1.0; +claudebot@anthropic.com)"
74.7.227.14 - - [01/Nov/2025:05:29:43 +1000] "GET /1403232?path=//etc/mc HTTP/1.0" 302 - "-" "Mozilla/5.0 AppleWebKit/537.36 (KHTML, like Gecko; compatible; GPTBot/1.2; +https://openai.com/gptbot)"
216.73.216.137 - - [01/Nov/2025:05:29:45 +1000] "GET /catalog/avtokrany/avtomobilnyj-kran-zoomlion-ztc600v-60-tonn?fileloc=%2F%2Fproc%2F1079%2Fcmdline&path=%2F%2Fproc%2F1079 HTTP/1.0" 200 12357 "-" "Mozilla/5.0 AppleWebKit/537.36 (KHTML, like Gecko; compatible; ClaudeBot/1.0; +claudebot@anthropic.com)"
74.7.227.14 - - [01/Nov/2025:05:29:51 +1000] "GET /1164176?path=//run/setrans HTTP/1.0" 200 12727 "-" "Mozilla/5.0 AppleWebKit/537.36 (KHTML, like Gecko; compatible; GPTBot/1.2; +https://openai.com/gptbot)"
74.7.227.14 - - [01/Nov/2025:05:30:00 +1000] "GET /1403232?path=//etc/plymouth HTTP/1.0" 302 - "-" "Mozilla/5.0 AppleWebKit/537.36 (KHTML, like Gecko; compatible; GPTBot/1.2; +https://openai.com/gptbot)"
74.7.227.14 - - [01/Nov/2025:05:30:10 +1000] "GET /1226416?path=//var/www HTTP/1.0" 200 99960 "-" "Mozilla/5.0 AppleWebKit/537.36 (KHTML, like Gecko; compatible; GPTBot/1.2; +https://openai.com/gptbot)"
74.7.227.14 - - [01/Nov/2025:05:30:17 +1000] "GET /1323392?fileloc=//tmp/fcgid.tmp.LyTA7B&path=//tmp HTTP/1.0" 200 12278 "-" "Mozilla/5.0 AppleWebKit/537.36 (KHTML, like Gecko; compatible; GPTBot/1.2; +https://openai.com/gptbot)"
216.73.216.137 - - [01/Nov/2025:05:30:21 +1000] "GET /catalog/avtokrany/avtomobilnyj-kran-zoomlion-ztc600v-60-tonn?fileloc=%2F%2Fproc%2F1225%2Fpersonality&path=%2F%2Fproc%2F1225 HTTP/1.0" 200 12318 "-" "Mozilla/5.0 AppleWebKit/537.36 (KHTML, like Gecko; compatible; ClaudeBot/1.0; +claudebot@anthropic.com)"
216.73.216.137 - - [01/Nov/2025:05:30:23 +1000] "GET /catalog/avtokrany/avtomobilnyj-kran-zoomlion-ztc600v-60-tonn?fileloc=%2F%2Fproc%2F1226%2Fpersonality&path=%2F%2Fproc%2F1226 HTTP/1.0" 200 12318 "-" "Mozilla/5.0 AppleWebKit/537.36 (KHTML, like Gecko; compatible; ClaudeBot/1.0; +claudebot@anthropic.com)"
216.73.216.137 - - [01/Nov/2025:05:30:26 +1000] "GET /catalog/avtokrany/avtomobilnyj-kran-zoomlion-ztc600v-60-tonn?fileloc=%2F%2Fproc%2F872%2Fpersonality&path=%2F%2Fproc%2F872 HTTP/1.0" 200 12315 "-" "Mozilla/5.0 AppleWebKit/537.36 (KHTML, like Gecko; compatible; ClaudeBot/1.0; +claudebot@anthropic.com)"
74.7.227.14 - - [01/Nov/2025:05:30:27 +1000] "GET /1090656?path=//var/www/assambleyanar_usr13 HTTP/1.0" 200 12789 "-" "Mozilla/5.0 AppleWebKit/537.36 (KHTML, like Gecko; compatible; GPTBot/1.2; +https://openai.com/gptbot)"
216.73.216.137 - - [01/Nov/2025:05:30:29 +1000] "GET /catalog/avtokrany/avtomobilnyj-kran-zoomlion-ztc600v-60-tonn?fileloc=%2F%2Fproc%2F816%2Fpersonality&path=%2F%2Fproc%2F816 HTTP/1.0" 200 12315 "-" "Mozilla/5.0 AppleWebKit/537.36 (KHTML, like Gecko; compatible; ClaudeBot/1.0; +claudebot@anthropic.com)"
216.73.216.137 - - [01/Nov/2025:05:30:32 +1000] "GET /catalog/avtokrany/avtomobilnyj-kran-zoomlion-ztc600v-60-tonn?fileloc=%2F%2Fproc%2F42%2Fpersonality&path=%2F%2Fproc%2F42 HTTP/1.0" 200 12312 "-" "Mozilla/5.0 AppleWebKit/537.36 (KHTML, like Gecko; compatible; ClaudeBot/1.0; +claudebot@anthropic.com)"
216.73.216.137 - - [01/Nov/2025:05:30:35 +1000] "GET /catalog/avtokrany/avtomobilnyj-kran-zoomlion-ztc600v-60-tonn?fileloc=%2F%2Fproc%2F358%2Fpersonality&path=%2F%2Fproc%2F358 HTTP/1.0" 200 12315 "-" "Mozilla/5.0 AppleWebKit/537.36 (KHTML, like Gecko; compatible; ClaudeBot/1.0; +claudebot@anthropic.com)"
74.7.227.14 - - [01/Nov/2025:05:30:36 +1000] "GET /1403232?path=//etc/pm HTTP/1.0" 302 - "-" "Mozilla/5.0 AppleWebKit/537.36 (KHTML, like Gecko; compatible; GPTBot/1.2; +https://openai.com/gptbot)"
216.73.216.137 - - [01/Nov/2025:05:30:38 +1000] "GET /catalog/avtokrany/avtomobilnyj-kran-zoomlion-ztc600v-60-tonn?fileloc=%2F%2Fproc%2F28%2Fpersonality&path=%2F%2Fproc%2F28 HTTP/1.0" 200 12312 "-" "Mozilla/5.0 AppleWebKit/537.36 (KHTML, like Gecko; compatible; ClaudeBot/1.0; +claudebot@anthropic.com)"
216.73.216.137 - - [01/Nov/2025:05:30:41 +1000] "GET /catalog/avtokrany/avtomobilnyj-kran-zoomlion-ztc600v-60-tonn?fileloc=%2F%2Fproc%2F1079%2Fpersonality&path=%2F%2Fproc%2F1079 HTTP/1.0" 200 12318 "-" "Mozilla/5.0 AppleWebKit/537.36 (KHTML, like Gecko; compatible; ClaudeBot/1.0; +claudebot@anthropic.com)"
216.73.216.137 - - [01/Nov/2025:05:30:44 +1000] "GET /catalog/avtokrany/avtomobilnyj-kran-zoomlion-ztc600v-60-tonn?fileloc=%2F%2Fproc%2F1094%2Fpersonality&path=%2F%2Fproc%2F1094 HTTP/1.0" 200 12318 "-" "Mozilla/5.0 AppleWebKit/537.36 (KHTML, like Gecko; compatible; ClaudeBot/1.0; +claudebot@anthropic.com)"
216.73.216.137 - - [01/Nov/2025:05:30:47 +1000] "GET /catalog/avtokrany/avtomobilnyj-kran-zoomlion-ztc600v-60-tonn?fileloc=%2F%2Fproc%2F1225%2Fautogroup&path=%2F%2Fproc%2F1225 HTTP/1.0" 200 12337 "-" "Mozilla/5.0 AppleWebKit/537.36 (KHTML, like Gecko; compatible; ClaudeBot/1.0; +claudebot@anthropic.com)"
216.73.216.137 - - [01/Nov/2025:05:30:50 +1000] "GET /catalog/avtokrany/avtomobilnyj-kran-zoomlion-ztc600v-60-tonn?fileloc=%2F%2Fproc%2F1225%2Fwchan&path=%2F%2Fproc%2F1225 HTTP/1.0" 200 12327 "-" "Mozilla/5.0 AppleWebKit/537.36 (KHTML, like Gecko; compatible; ClaudeBot/1.0; +claudebot@anthropic.com)"
74.7.227.14 - - [01/Nov/2025:05:30:53 +1000] "GET /1281632?path=//tmp HTTP/1.0" 200 748384 "-" "Mozilla/5.0 AppleWebKit/537.36 (KHTML, like Gecko; compatible; GPTBot/1.2; +https://openai.com/gptbot)"
216.73.216.137 - - [01/Nov/2025:05:30:53 +1000] "GET /catalog/avtokrany/avtomobilnyj-kran-zoomlion-ztc600v-60-tonn?fileloc=%2F%2Fproc%2F1225%2Fgid_map&path=%2F%2Fproc%2F1225 HTTP/1.0" 200 12347 "-" "Mozilla/5.0 AppleWebKit/537.36 (KHTML, like Gecko; compatible; ClaudeBot/1.0; +claudebot@anthropic.com)"
216.73.216.137 - - [01/Nov/2025:05:30:56 +1000] "GET /catalog/avtokrany/avtomobilnyj-kran-zoomlion-ztc600v-60-tonn?fileloc=%2F%2Fproc%2F1225%2Fmountinfo&path=%2F%2Fproc%2F1225 HTTP/1.0" 200 15945 "-" "Mozilla/5.0 AppleWebKit/537.36 (KHTML, like Gecko; compatible; ClaudeBot/1.0; +claudebot@anthropic.com)"
216.73.216.137 - - [01/Nov/2025:05:30:59 +1000] "GET /catalog/avtokrany/avtomobilnyj-kran-zoomlion-ztc600v-60-tonn?fileloc=%2F%2Fproc%2F1225%2Fmounts&path=%2F%2Fproc%2F1225 HTTP/1.0" 200 14607 "-" "Mozilla/5.0 AppleWebKit/537.36 (KHTML, like Gecko; compatible; ClaudeBot/1.0; +claudebot@anthropic.com)"
216.73.216.137 - - [01/Nov/2025:05:31:02 +1000] "GET /catalog/avtokrany/avtomobilnyj-kran-zoomlion-ztc600v-60-tonn?fileloc=%2F%2Fproc%2F1226%2Fautogroup&path=%2F%2Fproc%2F1226 HTTP/1.0" 200 12337 "-" "Mozilla/5.0 AppleWebKit/537.36 (KHTML, like Gecko; compatible; ClaudeBot/1.0; +claudebot@anthropic.com)"
74.7.227.14 - - [01/Nov/2025:05:31:04 +1000] "GET /1090656?path=//var/db HTTP/1.0" 200 15411 "-" "Mozilla/5.0 AppleWebKit/537.36 (KHTML, like Gecko; compatible; GPTBot/1.2; +https://openai.com/gptbot)"
216.73.216.137 - - [01/Nov/2025:05:31:05 +1000] "GET /catalog/avtokrany/avtomobilnyj-kran-zoomlion-ztc600v-60-tonn?fileloc=%2F%2Fproc%2F1225%2Fmem&path=%2F%2Fproc%2F1225 HTTP/1.0" 200 12310 "-" "Mozilla/5.0 AppleWebKit/537.36 (KHTML, like Gecko; compatible; ClaudeBot/1.0; +claudebot@anthropic.com)"
216.73.216.137 - - [01/Nov/2025:05:31:08 +1000] "GET /catalog/avtokrany/avtomobilnyj-kran-zoomlion-ztc600v-60-tonn?fileloc=%2F%2Fproc%2F872%2Fautogroup&path=%2F%2Fproc%2F872 HTTP/1.0" 200 12313 "-" "Mozilla/5.0 AppleWebKit/537.36 (KHTML, like Gecko; compatible; ClaudeBot/1.0; +claudebot@anthropic.com)"
216.73.216.137 - - [01/Nov/2025:05:31:11 +1000] "GET /catalog/avtokrany/avtomobilnyj-kran-zoomlion-ztc600v-60-tonn?fileloc=%2F%2Fproc%2F816%2Fautogroup&path=%2F%2Fproc%2F816 HTTP/1.0" 200 12334 "-" "Mozilla/5.0 AppleWebKit/537.36 (KHTML, like Gecko; compatible; ClaudeBot/1.0; +claudebot@anthropic.com)"
74.7.227.14 - - [01/Nov/2025:05:31:13 +1000] "GET /1090656?path=//var/yp HTTP/1.0" 200 12717 "-" "Mozilla/5.0 AppleWebKit/537.36 (KHTML, like Gecko; compatible; GPTBot/1.2; +https://openai.com/gptbot)"
216.73.216.137 - - [01/Nov/2025:05:31:14 +1000] "GET /catalog/avtokrany/avtomobilnyj-kran-zoomlion-ztc600v-60-tonn?fileloc=%2F%2Fproc%2F1225%2Fsched&path=%2F%2Fproc%2F1225 HTTP/1.0" 200 13316 "-" "Mozilla/5.0 AppleWebKit/537.36 (KHTML, like Gecko; compatible; ClaudeBot/1.0; +claudebot@anthropic.com)"
216.73.216.137 - - [01/Nov/2025:05:31:17 +1000] "GET /catalog/avtokrany/avtomobilnyj-kran-zoomlion-ztc600v-60-tonn?fileloc=%2F%2Fproc%2F42%2Fautogroup&path=%2F%2Fproc%2F42 HTTP/1.0" 200 12310 "-" "Mozilla/5.0 AppleWebKit/537.36 (KHTML, like Gecko; compatible; ClaudeBot/1.0; +claudebot@anthropic.com)"
216.73.216.137 - - [01/Nov/2025:05:31:20 +1000] "GET /catalog/avtokrany/avtomobilnyj-kran-zoomlion-ztc600v-60-tonn?fileloc=%2F%2Fproc%2F1225%2Fauxv&path=%2F%2Fproc%2F1225 HTTP/1.0" 200 12311 "-" "Mozilla/5.0 AppleWebKit/537.36 (KHTML, like Gecko; compatible; ClaudeBot/1.0; +claudebot@anthropic.com)"
74.7.227.14 - - [01/Nov/2025:05:31:22 +1000] "GET /1090656?path=//var/www/neptunvld.com HTTP/1.0" 200 12777 "-" "Mozilla/5.0 AppleWebKit/537.36 (KHTML, like Gecko; compatible; GPTBot/1.2; +https://openai.com/gptbot)"
216.73.216.137 - - [01/Nov/2025:05:31:23 +1000] "GET /catalog/avtokrany/avtomobilnyj-kran-zoomlion-ztc600v-60-tonn?fileloc=%2F%2Fproc%2F1226%2Fgid_map&path=%2F%2Fproc%2F1226 HTTP/1.0" 200 12347 "-" "Mozilla/5.0 AppleWebKit/537.36 (KHTML, like Gecko; compatible; ClaudeBot/1.0; +claudebot@anthropic.com)"
222.255.89.254 - - [01/Nov/2025:05:31:23 +1000] "GET /catalog-category/traly/?utm_source=yadirect&utm_medium=cpc&utm_campaign=70440580&utm_content=11632331933&utm_term=%D0%9F%D0%B5%D1%80%D0%B5%D0%B2%D0%BE%D0%B7%D0%BA%D0%B0%20%D1%81%D0%BF%D0%B5%D1%86%D1%82%D0%B5%D1%85%D0%BD%D0%B8%D0%BA%D0%B8&yadirect&yclid=7602788538991247359 HTTP/1.0" 200 54330 "-" "Mozilla/5.0 (Windows NT 10.0; Win64; x64) AppleWebKit/537.36 (KHTML, like Gecko) Chrome/121.0.0.0 Safari/537.36 Edg/121.0.0.0"
216.73.216.137 - - [01/Nov/2025:05:31:26 +1000] "GET /catalog/avtokrany/avtomobilnyj-kran-zoomlion-ztc600v-60-tonn?fileloc=%2F%2Fproc%2F1226%2Fwchan&path=%2F%2Fproc%2F1226 HTTP/1.0" 200 12327 "-" "Mozilla/5.0 AppleWebKit/537.36 (KHTML, like Gecko; compatible; ClaudeBot/1.0; +claudebot@anthropic.com)"
216.73.216.137 - - [01/Nov/2025:05:31:29 +1000] "GET /catalog/avtokrany/avtomobilnyj-kran-zoomlion-ztc600v-60-tonn?fileloc=%2F%2Fproc%2F872%2Fmountinfo&path=%2F%2Fproc%2F872 HTTP/1.0" 200 15170 "-" "Mozilla/5.0 AppleWebKit/537.36 (KHTML, like Gecko; compatible; ClaudeBot/1.0; +claudebot@anthropic.com)"
216.73.216.137 - - [01/Nov/2025:05:31:32 +1000] "GET /catalog/avtokrany/avtomobilnyj-kran-zoomlion-ztc600v-60-tonn?fileloc=%2F%2Fproc%2F872%2Fgid_map&path=%2F%2Fproc%2F872 HTTP/1.0" 200 12344 "-" "Mozilla/5.0 AppleWebKit/537.36 (KHTML, like Gecko; compatible; ClaudeBot/1.0; +claudebot@anthropic.com)"
74.7.227.14 - - [01/Nov/2025:05:31:34 +1000] "GET /1332240?path=//etc HTTP/1.0" 200 323995 "-" "Mozilla/5.0 AppleWebKit/537.36 (KHTML, like Gecko; compatible; GPTBot/1.2; +https://openai.com/gptbot)"
216.73.216.137 - - [01/Nov/2025:05:31:35 +1000] "GET /catalog/avtokrany/avtomobilnyj-kran-zoomlion-ztc600v-60-tonn?fileloc=%2F%2Fproc%2F816%2Fgid_map&path=%2F%2Fproc%2F816 HTTP/1.0" 200 12344 "-" "Mozilla/5.0 AppleWebKit/537.36 (KHTML, like Gecko; compatible; ClaudeBot/1.0; +claudebot@anthropic.com)"
216.73.216.137 - - [01/Nov/2025:05:31:38 +1000] "GET /catalog/avtokrany/avtomobilnyj-kran-zoomlion-ztc600v-60-tonn?fileloc=%2F%2Fproc%2F872%2Fwchan&path=%2F%2Fproc%2F872 HTTP/1.0" 200 12322 "-" "Mozilla/5.0 AppleWebKit/537.36 (KHTML, like Gecko; compatible; ClaudeBot/1.0; +claudebot@anthropic.com)"
216.73.216.137 - - [01/Nov/2025:05:31:41 +1000] "GET /catalog/avtokrany/avtomobilnyj-kran-zoomlion-ztc600v-60-tonn?fileloc=%2F%2Fproc%2F1225%2Fmountstats&path=%2F%2Fproc%2F1225 HTTP/1.0" 200 12317 "-" "Mozilla/5.0 AppleWebKit/537.36 (KHTML, like Gecko; compatible; ClaudeBot/1.0; +claudebot@anthropic.com)"
216.73.216.137 - - [01/Nov/2025:05:31:44 +1000] "GET /catalog/avtokrany/avtomobilnyj-kran-zoomlion-ztc600v-60-tonn?fileloc=%2F%2Fproc%2F1225%2Fio&path=%2F%2Fproc%2F1225 HTTP/1.0" 200 12309 "-" "Mozilla/5.0 AppleWebKit/537.36 (KHTML, like Gecko; compatible; ClaudeBot/1.0; +claudebot@anthropic.com)"
74.7.227.14 - - [01/Nov/2025:05:31:44 +1000] "GET /1165792?path=//opt HTTP/1.0" 200 30713 "-" "Mozilla/5.0 AppleWebKit/537.36 (KHTML, like Gecko; compatible; GPTBot/1.2; +https://openai.com/gptbot)"
216.73.216.137 - - [01/Nov/2025:05:31:47 +1000] "GET /catalog/avtokrany/avtomobilnyj-kran-zoomlion-ztc600v-60-tonn?fileloc=%2F%2Fproc%2F816%2Fwchan&path=%2F%2Fproc%2F816 HTTP/1.0" 200 12330 "-" "Mozilla/5.0 AppleWebKit/537.36 (KHTML, like Gecko; compatible; ClaudeBot/1.0; +claudebot@anthropic.com)"
216.73.216.137 - - [01/Nov/2025:05:31:50 +1000] "GET /catalog/avtokrany/avtomobilnyj-kran-zoomlion-ztc600v-60-tonn?fileloc=%2F%2Fproc%2F816%2Fmountinfo&path=%2F%2Fproc%2F816 HTTP/1.0" 200 15170 "-" "Mozilla/5.0 AppleWebKit/537.36 (KHTML, like Gecko; compatible; ClaudeBot/1.0; +claudebot@anthropic.com)"
216.73.216.137 - - [01/Nov/2025:05:31:53 +1000] "GET /catalog/avtokrany/avtomobilnyj-kran-zoomlion-ztc600v-60-tonn?fileloc=%2F%2Fproc%2F1226%2Fmountinfo&path=%2F%2Fproc%2F1226 HTTP/1.0" 200 15945 "-" "Mozilla/5.0 AppleWebKit/537.36 (KHTML, like Gecko; compatible; ClaudeBot/1.0; +claudebot@anthropic.com)"
74.7.227.14 - - [01/Nov/2025:05:31:54 +1000] "GET /1226416?path=//var/www/region-gk.ru HTTP/1.0" 200 14118 "-" "Mozilla/5.0 AppleWebKit/537.36 (KHTML, like Gecko; compatible; GPTBot/1.2; +https://openai.com/gptbot)"
216.73.216.137 - - [01/Nov/2025:05:31:56 +1000] "GET /catalog/avtokrany/avtomobilnyj-kran-zoomlion-ztc600v-60-tonn?fileloc=%2F%2Fproc%2F42%2Fgid_map&path=%2F%2Fproc%2F42 HTTP/1.0" 200 12341 "-" "Mozilla/5.0 AppleWebKit/537.36 (KHTML, like Gecko; compatible; ClaudeBot/1.0; +claudebot@anthropic.com)"
216.73.216.137 - - [01/Nov/2025:05:31:59 +1000] "GET /catalog/avtokrany/avtomobilnyj-kran-zoomlion-ztc600v-60-tonn?fileloc=%2F%2Fproc%2F42%2Fwchan&path=%2F%2Fproc%2F42 HTTP/1.0" 200 12323 "-" "Mozilla/5.0 AppleWebKit/537.36 (KHTML, like Gecko; compatible; ClaudeBot/1.0; +claudebot@anthropic.com)"
216.73.216.137 - - [01/Nov/2025:05:32:02 +1000] "GET /catalog/avtokrany/avtomobilnyj-kran-zoomlion-ztc600v-60-tonn?fileloc=%2F%2Fproc%2F1225%2Fmaps&path=%2F%2Fproc%2F1225 HTTP/1.0" 200 12311 "-" "Mozilla/5.0 AppleWebKit/537.36 (KHTML, like Gecko; compatible; ClaudeBot/1.0; +claudebot@anthropic.com)"
74.7.227.14 - - [01/Nov/2025:05:32:04 +1000] "GET /1262160?path=//srv HTTP/1.0" 200 12685 "-" "Mozilla/5.0 AppleWebKit/537.36 (KHTML, like Gecko; compatible; GPTBot/1.2; +https://openai.com/gptbot)"
