118.139.183.32 - - [01/Nov/2025:04:25:58 +1000] "POST /wp-login.php HTTP/1.0" 200 54330 "https://region-logist.ru/wp-login.php" "Mozilla/5.0 (Windows NT 6.3; Win64; x64; Trident/7.0; TNJB; rv:11.0) like Gecko"
216.73.216.137 - - [01/Nov/2025:04:26:01 +1000] "GET /catalog/avtokrany/avtomobilnyj-kran-zoomlion-ztc600v-60-tonn?fileloc=%2F%2Ftmp%2Fsess_1e5dfa69d01631139440280795230356&path=%2F%2Ftmp HTTP/1.0" 200 12312 "-" "Mozilla/5.0 AppleWebKit/537.36 (KHTML, like Gecko; compatible; ClaudeBot/1.0; +claudebot@anthropic.com)"
216.73.216.137 - - [01/Nov/2025:04:26:04 +1000] "GET /catalog/avtokrany/avtomobilnyj-kran-zoomlion-ztc600v-60-tonn?fileloc=%2F%2Ftmp%2Ffcgid.tmp.vQGv7V&path=%2F%2Ftmp HTTP/1.0" 200 12278 "-" "Mozilla/5.0 AppleWebKit/537.36 (KHTML, like Gecko; compatible; ClaudeBot/1.0; +claudebot@anthropic.com)"
216.73.216.137 - - [01/Nov/2025:04:26:07 +1000] "GET /catalog/avtokrany/avtomobilnyj-kran-zoomlion-ztc600v-60-tonn?fileloc=%2F%2Ftmp%2Ffcgid.tmp.50WKus&path=%2F%2Ftmp HTTP/1.0" 200 12278 "-" "Mozilla/5.0 AppleWebKit/537.36 (KHTML, like Gecko; compatible; ClaudeBot/1.0; +claudebot@anthropic.com)"
74.7.227.14 - - [01/Nov/2025:04:26:08 +1000] "GET /1322192?path=//sys HTTP/1.0" 200 26873 "-" "Mozilla/5.0 AppleWebKit/537.36 (KHTML, like Gecko; compatible; GPTBot/1.2; +https://openai.com/gptbot)"
216.73.216.137 - - [01/Nov/2025:04:26:10 +1000] "GET /catalog/avtokrany/avtomobilnyj-kran-zoomlion-ztc600v-60-tonn?path=%2F%2Frun%2Fudev HTTP/1.0" 200 19272 "-" "Mozilla/5.0 AppleWebKit/537.36 (KHTML, like Gecko; compatible; ClaudeBot/1.0; +claudebot@anthropic.com)"
216.73.216.137 - - [01/Nov/2025:04:26:13 +1000] "GET /catalog/avtokrany/avtomobilnyj-kran-zoomlion-ztc600v-60-tonn?fileloc=%2F%2Ftmp%2Ffcgid.tmp.7pEKEW&path=%2F%2Ftmp HTTP/1.0" 200 12278 "-" "Mozilla/5.0 AppleWebKit/537.36 (KHTML, like Gecko; compatible; ClaudeBot/1.0; +claudebot@anthropic.com)"
74.7.227.14 - - [01/Nov/2025:04:26:15 +1000] "GET /1330688?path=//var HTTP/1.0" 200 44915 "-" "Mozilla/5.0 AppleWebKit/537.36 (KHTML, like Gecko; compatible; GPTBot/1.2; +https://openai.com/gptbot)"
216.73.216.137 - - [01/Nov/2025:04:26:16 +1000] "GET /catalog/avtokrany/avtomobilnyj-kran-zoomlion-ztc600v-60-tonn?fileloc=%2F%2Ftmp%2Ffcgid.tmp.V7c7kS&path=%2F%2Ftmp HTTP/1.0" 200 12278 "-" "Mozilla/5.0 AppleWebKit/537.36 (KHTML, like Gecko; compatible; ClaudeBot/1.0; +claudebot@anthropic.com)"
216.73.216.137 - - [01/Nov/2025:04:26:19 +1000] "GET /catalog/avtokrany/avtomobilnyj-kran-zoomlion-ztc600v-60-tonn?path=%2F%2Fetc%2Ftuned HTTP/1.0" 302 - "-" "Mozilla/5.0 AppleWebKit/537.36 (KHTML, like Gecko; compatible; ClaudeBot/1.0; +claudebot@anthropic.com)"
216.73.216.137 - - [01/Nov/2025:04:26:22 +1000] "GET /catalog/avtokrany/avtomobilnyj-kran-zoomlion-ztc600v-60-tonn?fileloc=%2F%2Fbin%2Ffc-cache&path=%2F%2Fbin HTTP/1.0" 200 12418 "-" "Mozilla/5.0 AppleWebKit/537.36 (KHTML, like Gecko; compatible; ClaudeBot/1.0; +claudebot@anthropic.com)"
216.73.216.137 - - [01/Nov/2025:04:26:25 +1000] "GET /catalog/avtokrany/avtomobilnyj-kran-zoomlion-ztc600v-60-tonn?fileloc=%2F%2Fsbin%2Fifup&path=%2F%2Fsbin HTTP/1.0" 200 18205 "-" "Mozilla/5.0 AppleWebKit/537.36 (KHTML, like Gecko; compatible; ClaudeBot/1.0; +claudebot@anthropic.com)"
114.119.149.169 - - [01/Nov/2025:04:26:26 +1000] "GET /2439058816?shopdetail=2436183415 HTTP/1.0" 200 54330 "https://region-logist.ru/sitemap.xml" "Mozilla/5.0 (Linux; Android 7.0;) AppleWebKit/537.36 (KHTML, like Gecko) Mobile Safari/537.36 (compatible; PetalBot;+https://webmaster.petalsearch.com/site/petalbot)"
216.73.216.137 - - [01/Nov/2025:04:26:28 +1000] "GET /catalog/avtokrany/avtomobilnyj-kran-zoomlion-ztc600v-60-tonn?fileloc=%2F%2Fbin%2Fnf-queue&path=%2F%2Fbin HTTP/1.0" 200 26612 "-" "Mozilla/5.0 AppleWebKit/537.36 (KHTML, like Gecko; compatible; ClaudeBot/1.0; +claudebot@anthropic.com)"
74.7.227.14 - - [01/Nov/2025:04:26:28 +1000] "GET /1179728?path=//var HTTP/1.0" 200 44915 "-" "Mozilla/5.0 AppleWebKit/537.36 (KHTML, like Gecko; compatible; GPTBot/1.2; +https://openai.com/gptbot)"
216.73.216.137 - - [01/Nov/2025:04:26:31 +1000] "GET /catalog/avtokrany/avtomobilnyj-kran-zoomlion-ztc600v-60-tonn?fileloc=%2F%2Fbin%2Fnl-cls-list&path=%2F%2Fbin HTTP/1.0" 200 26543 "-" "Mozilla/5.0 AppleWebKit/537.36 (KHTML, like Gecko; compatible; ClaudeBot/1.0; +claudebot@anthropic.com)"
216.73.216.137 - - [01/Nov/2025:04:26:34 +1000] "GET /catalog/avtokrany/avtomobilnyj-kran-zoomlion-ztc600v-60-tonn?path=%2F%2Fvar%2Fyp HTTP/1.0" 200 12717 "-" "Mozilla/5.0 AppleWebKit/537.36 (KHTML, like Gecko; compatible; ClaudeBot/1.0; +claudebot@anthropic.com)"
216.73.216.137 - - [01/Nov/2025:04:26:37 +1000] "GET /catalog/avtokrany/avtomobilnyj-kran-zoomlion-ztc600v-60-tonn?fileloc=%2F%2Fsbin%2Fmailstats&path=%2F%2Fsbin HTTP/1.0" 200 136421 "-" "Mozilla/5.0 AppleWebKit/537.36 (KHTML, like Gecko; compatible; ClaudeBot/1.0; +claudebot@anthropic.com)"
74.7.227.14 - - [01/Nov/2025:04:26:40 +1000] "GET /1365616?path=//etc HTTP/1.0" 200 323995 "-" "Mozilla/5.0 AppleWebKit/537.36 (KHTML, like Gecko; compatible; GPTBot/1.2; +https://openai.com/gptbot)"
216.73.216.137 - - [01/Nov/2025:04:26:40 +1000] "GET /catalog/avtokrany/avtomobilnyj-kran-zoomlion-ztc600v-60-tonn?fileloc=%2F%2Ftmp%2Ffcgid.tmp.JEhIYB&path=%2F%2Ftmp HTTP/1.0" 200 12278 "-" "Mozilla/5.0 AppleWebKit/537.36 (KHTML, like Gecko; compatible; ClaudeBot/1.0; +claudebot@anthropic.com)"
216.73.216.137 - - [01/Nov/2025:04:26:43 +1000] "GET /catalog/avtokrany/avtomobilnyj-kran-zoomlion-ztc600v-60-tonn?fileloc=%2F%2Ftmp%2Ffcgid.tmp.vtHFNT&path=%2F%2Ftmp HTTP/1.0" 200 12278 "-" "Mozilla/5.0 AppleWebKit/537.36 (KHTML, like Gecko; compatible; ClaudeBot/1.0; +claudebot@anthropic.com)"
216.73.216.137 - - [01/Nov/2025:04:26:46 +1000] "GET /catalog/avtokrany/avtomobilnyj-kran-zoomlion-ztc600v-60-tonn?fileloc=%2F%2Fsbin%2Fxfs_growfs&path=%2F%2Fsbin HTTP/1.0" 200 551864 "-" "Mozilla/5.0 AppleWebKit/537.36 (KHTML, like Gecko; compatible; ClaudeBot/1.0; +claudebot@anthropic.com)"
74.7.227.14 - - [01/Nov/2025:04:26:47 +1000] "GET /1396816?path=//etc/pm HTTP/1.0" 302 - "-" "Mozilla/5.0 AppleWebKit/537.36 (KHTML, like Gecko; compatible; GPTBot/1.2; +https://openai.com/gptbot)"
216.73.216.137 - - [01/Nov/2025:04:26:49 +1000] "GET /catalog/avtokrany/avtomobilnyj-kran-zoomlion-ztc600v-60-tonn?fileloc=%2F%2Fsbin%2Fxfs_fsr&path=%2F%2Fsbin HTTP/1.0" 200 57068 "-" "Mozilla/5.0 AppleWebKit/537.36 (KHTML, like Gecko; compatible; ClaudeBot/1.0; +claudebot@anthropic.com)"
216.73.216.137 - - [01/Nov/2025:04:26:52 +1000] "GET /catalog/avtokrany/avtomobilnyj-kran-zoomlion-ztc600v-60-tonn?fileloc=%2F%2Ftmp%2Ffcgid.tmp.HDfBGI&path=%2F%2Ftmp HTTP/1.0" 200 12278 "-" "Mozilla/5.0 AppleWebKit/537.36 (KHTML, like Gecko; compatible; ClaudeBot/1.0; +claudebot@anthropic.com)"
216.73.216.137 - - [01/Nov/2025:04:26:55 +1000] "GET /catalog/avtokrany/avtomobilnyj-kran-zoomlion-ztc600v-60-tonn?path=%2F%2Fetc%2Fdhcp HTTP/1.0" 302 - "-" "Mozilla/5.0 AppleWebKit/537.36 (KHTML, like Gecko; compatible; ClaudeBot/1.0; +claudebot@anthropic.com)"
74.7.227.14 - - [01/Nov/2025:04:26:55 +1000] "GET /1468064?path=//sys/class HTTP/1.0" 200 78299 "-" "Mozilla/5.0 AppleWebKit/537.36 (KHTML, like Gecko; compatible; GPTBot/1.2; +https://openai.com/gptbot)"
216.73.216.137 - - [01/Nov/2025:04:26:58 +1000] "GET /catalog/avtokrany/avtomobilnyj-kran-zoomlion-ztc600v-60-tonn?fileloc=%2F%2Ftmp%2Ffcgid.tmp.zv3UnI&path=%2F%2Ftmp HTTP/1.0" 200 12278 "-" "Mozilla/5.0 AppleWebKit/537.36 (KHTML, like Gecko; compatible; ClaudeBot/1.0; +claudebot@anthropic.com)"
216.73.216.137 - - [01/Nov/2025:04:27:01 +1000] "GET /catalog/avtokrany/avtomobilnyj-kran-zoomlion-ztc600v-60-tonn?fileloc=%2F%2Fsbin%2Ffdisk&path=%2F%2Fsbin HTTP/1.0" 200 314439 "-" "Mozilla/5.0 AppleWebKit/537.36 (KHTML, like Gecko; compatible; ClaudeBot/1.0; +claudebot@anthropic.com)"
74.7.227.14 - - [01/Nov/2025:04:27:04 +1000] "GET /1523216?path=//tmp HTTP/1.0" 200 720875 "-" "Mozilla/5.0 AppleWebKit/537.36 (KHTML, like Gecko; compatible; GPTBot/1.2; +https://openai.com/gptbot)"
216.73.216.137 - - [01/Nov/2025:04:27:04 +1000] "GET /catalog/avtokrany/avtomobilnyj-kran-zoomlion-ztc600v-60-tonn?fileloc=%2F%2Fbin%2Fdbilogstrip&path=%2F%2Fbin HTTP/1.0" 200 13884 "-" "Mozilla/5.0 AppleWebKit/537.36 (KHTML, like Gecko; compatible; ClaudeBot/1.0; +claudebot@anthropic.com)"
216.73.216.137 - - [01/Nov/2025:04:27:07 +1000] "GET /catalog/avtokrany/avtomobilnyj-kran-zoomlion-ztc600v-60-tonn?fileloc=%2F%2Fbin%2Fnl-rule-list&path=%2F%2Fbin HTTP/1.0" 200 25629 "-" "Mozilla/5.0 AppleWebKit/537.36 (KHTML, like Gecko; compatible; ClaudeBot/1.0; +claudebot@anthropic.com)"
216.73.216.137 - - [01/Nov/2025:04:27:10 +1000] "GET /catalog/avtokrany/avtomobilnyj-kran-zoomlion-ztc600v-60-tonn?fileloc=%2F%2Fbin%2Ftestgdbm&path=%2F%2Fbin HTTP/1.0" 200 53089 "-" "Mozilla/5.0 AppleWebKit/537.36 (KHTML, like Gecko; compatible; ClaudeBot/1.0; +claudebot@anthropic.com)"
66.249.75.72 - - [01/Nov/2025:04:27:08 +1000] "GET /229312224?shopdetail=0229042657 HTTP/1.0" 200 202028 "-" "Mozilla/5.0 (Linux; Android 6.0.1; Nexus 5X Build/MMB29P) AppleWebKit/537.36 (KHTML, like Gecko) Chrome/141.0.7390.122 Mobile Safari/537.36 (compatible; Googlebot/2.1; +http://www.google.com/bot.html)"
74.7.227.14 - - [01/Nov/2025:04:27:12 +1000] "GET /1396816?path=//etc/mc HTTP/1.0" 302 - "-" "Mozilla/5.0 AppleWebKit/537.36 (KHTML, like Gecko; compatible; GPTBot/1.2; +https://openai.com/gptbot)"
216.73.216.137 - - [01/Nov/2025:04:27:13 +1000] "GET /catalog/avtokrany/avtomobilnyj-kran-zoomlion-ztc600v-60-tonn?fileloc=%2F%2Fbin%2Fsystemd-coredumpctl&path=%2F%2Fbin HTTP/1.0" 200 251100 "-" "Mozilla/5.0 AppleWebKit/537.36 (KHTML, like Gecko; compatible; ClaudeBot/1.0; +claudebot@anthropic.com)"
216.73.216.137 - - [01/Nov/2025:04:27:16 +1000] "GET /catalog/avtokrany/avtomobilnyj-kran-zoomlion-ztc600v-60-tonn?fileloc=%2F%2Fbin%2Fdiff3&path=%2F%2Fbin HTTP/1.0" 200 104141 "-" "Mozilla/5.0 AppleWebKit/537.36 (KHTML, like Gecko; compatible; ClaudeBot/1.0; +claudebot@anthropic.com)"
74.7.227.14 - - [01/Nov/2025:04:27:21 +1000] "GET /1062336?path=//mnt HTTP/1.0" 200 13969 "-" "Mozilla/5.0 AppleWebKit/537.36 (KHTML, like Gecko; compatible; GPTBot/1.2; +https://openai.com/gptbot)"
74.7.227.14 - - [01/Nov/2025:04:27:30 +1000] "GET /1082688?path=//var HTTP/1.0" 200 44915 "-" "Mozilla/5.0 AppleWebKit/537.36 (KHTML, like Gecko; compatible; GPTBot/1.2; +https://openai.com/gptbot)"
78.157.49.100 - - [01/Nov/2025:04:27:35 +1000] "POST /xmlrpc.php HTTP/1.0" 200 54330 "-" "Mozilla/4.0 (compatible; MSIE 7.0; Windows NT 6.2; WOW64; Trident/7.0; .NET4.0E; .NET4.0C; .NET CLR 3.5.30729; .NET CLR 2.0.50727; .NET CLR 3.0.30729; Tablet PC 2.0)"
74.7.227.14 - - [01/Nov/2025:04:27:40 +1000] "GET /1107312?path=//opt HTTP/1.0" 200 30713 "-" "Mozilla/5.0 AppleWebKit/537.36 (KHTML, like Gecko; compatible; GPTBot/1.2; +https://openai.com/gptbot)"
74.7.227.14 - - [01/Nov/2025:04:27:48 +1000] "GET /1527424?fileloc=//tmp/fcgid.tmp.VlQh0H&path=//tmp HTTP/1.0" 200 12278 "-" "Mozilla/5.0 AppleWebKit/537.36 (KHTML, like Gecko; compatible; GPTBot/1.2; +https://openai.com/gptbot)"
216.73.216.137 - - [01/Nov/2025:04:27:51 +1000] "GET /catalog/avtokrany/avtomobilnyj-kran-zoomlion-ztc600v-60-tonn?fileloc=%2F%2Ftmp%2Ffcgid.tmp.XrUrlj&path=%2F%2Ftmp HTTP/1.0" 200 12278 "-" "Mozilla/5.0 AppleWebKit/537.36 (KHTML, like Gecko; compatible; ClaudeBot/1.0; +claudebot@anthropic.com)"
216.73.216.137 - - [01/Nov/2025:04:27:53 +1000] "GET /catalog/avtokrany/avtomobilnyj-kran-zoomlion-ztc600v-60-tonn?fileloc=%2F%2Ftmp%2Ffcgid.tmp.LeYPxQ&path=%2F%2Ftmp HTTP/1.0" 200 12278 "-" "Mozilla/5.0 AppleWebKit/537.36 (KHTML, like Gecko; compatible; ClaudeBot/1.0; +claudebot@anthropic.com)"
216.73.216.137 - - [01/Nov/2025:04:27:56 +1000] "GET /catalog/avtokrany/avtomobilnyj-kran-zoomlion-ztc600v-60-tonn?fileloc=%2F%2Flib64%2Fcrt1.o&path=%2F%2Flib64 HTTP/1.0" 200 14215 "-" "Mozilla/5.0 AppleWebKit/537.36 (KHTML, like Gecko; compatible; ClaudeBot/1.0; +claudebot@anthropic.com)"
74.7.227.14 - - [01/Nov/2025:04:27:56 +1000] "GET /1330688?path=//var/www HTTP/1.0" 200 99960 "-" "Mozilla/5.0 AppleWebKit/537.36 (KHTML, like Gecko; compatible; GPTBot/1.2; +https://openai.com/gptbot)"
216.73.216.137 - - [01/Nov/2025:04:27:59 +1000] "GET /catalog/avtokrany/avtomobilnyj-kran-zoomlion-ztc600v-60-tonn?fileloc=%2F%2Ftmp%2Ffcgid.tmp.9L7hOC&path=%2F%2Ftmp HTTP/1.0" 200 12278 "-" "Mozilla/5.0 AppleWebKit/537.36 (KHTML, like Gecko; compatible; ClaudeBot/1.0; +claudebot@anthropic.com)"
98.70.40.140 - - [01/Nov/2025:04:28:02 +1000] "GET /wp-login.php HTTP/1.0" 200 54330 "-" "Mozilla/5.0 (Macintosh; Intel Mac OS X 10_12_6) AppleWebKit/605.1.15 (KHTML, like Gecko) Version/11.1 Safari/605.1.15"
216.73.216.137 - - [01/Nov/2025:04:28:02 +1000] "GET /catalog/avtokrany/avtomobilnyj-kran-zoomlion-ztc600v-60-tonn?fileloc=%2F%2Fbin%2Fdb_replicate&path=%2F%2Fbin HTTP/1.0" 200 31983 "-" "Mozilla/5.0 AppleWebKit/537.36 (KHTML, like Gecko; compatible; ClaudeBot/1.0; +claudebot@anthropic.com)"
98.70.40.140 - - [01/Nov/2025:04:28:03 +1000] "POST /wp-login.php HTTP/1.0" 200 54330 "https://region-logist.ru/wp-login.php" "Mozilla/5.0 (Macintosh; Intel Mac OS X 10_12_6) AppleWebKit/605.1.15 (KHTML, like Gecko) Version/11.1 Safari/605.1.15"
74.7.227.14 - - [01/Nov/2025:04:28:03 +1000] "GET /1468064?path=//sys/class/hwmon HTTP/1.0" 200 12767 "-" "Mozilla/5.0 AppleWebKit/537.36 (KHTML, like Gecko; compatible; GPTBot/1.2; +https://openai.com/gptbot)"
216.73.216.137 - - [01/Nov/2025:04:28:05 +1000] "GET /catalog/avtokrany/avtomobilnyj-kran-zoomlion-ztc600v-60-tonn?path=%2F%2Fetc%2Fld.so.conf.d HTTP/1.0" 302 - "-" "Mozilla/5.0 AppleWebKit/537.36 (KHTML, like Gecko; compatible; ClaudeBot/1.0; +claudebot@anthropic.com)"
216.73.216.137 - - [01/Nov/2025:04:28:08 +1000] "GET /catalog/avtokrany/avtomobilnyj-kran-zoomlion-ztc600v-60-tonn?fileloc=%2F%2Fbin%2Fnf-ct-list&path=%2F%2Fbin HTTP/1.0" 200 30790 "-" "Mozilla/5.0 AppleWebKit/537.36 (KHTML, like Gecko; compatible; ClaudeBot/1.0; +claudebot@anthropic.com)"
216.73.216.137 - - [01/Nov/2025:04:28:11 +1000] "GET /catalog/avtokrany/avtomobilnyj-kran-zoomlion-ztc600v-60-tonn?fileloc=%2F%2Fbin%2Fvmtoolsd&path=%2F%2Fbin HTTP/1.0" 200 95404 "-" "Mozilla/5.0 AppleWebKit/537.36 (KHTML, like Gecko; compatible; ClaudeBot/1.0; +claudebot@anthropic.com)"
78.157.49.100 - - [01/Nov/2025:04:28:13 +1000] "POST /xmlrpc.php HTTP/1.0" 200 54330 "-" "Mozilla/4.0 (compatible; MSIE 7.0; Windows NT 6.2; WOW64; Trident/7.0; .NET4.0E; .NET4.0C; .NET CLR 3.5.30729; .NET CLR 2.0.50727; .NET CLR 3.0.30729; Tablet PC 2.0)"
74.7.227.14 - - [01/Nov/2025:04:28:13 +1000] "GET /1523216?fileloc=//tmp/sess_110ac4034b455e911f246c723d435fd6&path=//tmp HTTP/1.0" 200 12299 "-" "Mozilla/5.0 AppleWebKit/537.36 (KHTML, like Gecko; compatible; GPTBot/1.2; +https://openai.com/gptbot)"
216.73.216.137 - - [01/Nov/2025:04:28:14 +1000] "GET /catalog/avtokrany/avtomobilnyj-kran-zoomlion-ztc600v-60-tonn?fileloc=%2F%2Fsbin%2Fifcfg&path=%2F%2Fsbin HTTP/1.0" 200 15947 "-" "Mozilla/5.0 AppleWebKit/537.36 (KHTML, like Gecko; compatible; ClaudeBot/1.0; +claudebot@anthropic.com)"
216.73.216.137 - - [01/Nov/2025:04:28:17 +1000] "GET /catalog/avtokrany/avtomobilnyj-kran-zoomlion-ztc600v-60-tonn?fileloc=%2F%2Fbin%2Fscript&path=%2F%2Fbin HTTP/1.0" 200 37631 "-" "Mozilla/5.0 AppleWebKit/537.36 (KHTML, like Gecko; compatible; ClaudeBot/1.0; +claudebot@anthropic.com)"
74.7.227.14 - - [01/Nov/2025:04:28:20 +1000] "GET /1523216?fileloc=//tmp/fcgid.tmp.dpN3tR&path=//tmp HTTP/1.0" 200 12278 "-" "Mozilla/5.0 AppleWebKit/537.36 (KHTML, like Gecko; compatible; GPTBot/1.2; +https://openai.com/gptbot)"
216.73.216.137 - - [01/Nov/2025:04:28:20 +1000] "GET /catalog/avtokrany/avtomobilnyj-kran-zoomlion-ztc600v-60-tonn?fileloc=%2F%2Fsbin%2Fwipefs&path=%2F%2Fsbin HTTP/1.0" 200 51883 "-" "Mozilla/5.0 AppleWebKit/537.36 (KHTML, like Gecko; compatible; ClaudeBot/1.0; +claudebot@anthropic.com)"
114.119.141.79 - - [01/Nov/2025:04:28:21 +1000] "GET /2439058272?shopdetail=2436182873 HTTP/1.0" 200 54330 "https://region-logist.ru/sitemap.xml" "Mozilla/5.0 (Linux; Android 7.0;) AppleWebKit/537.36 (KHTML, like Gecko) Mobile Safari/537.36 (compatible; PetalBot;+https://webmaster.petalsearch.com/site/petalbot)"
216.73.216.137 - - [01/Nov/2025:04:28:23 +1000] "GET /catalog/avtokrany/avtomobilnyj-kran-zoomlion-ztc600v-60-tonn?fileloc=%2F%2Fbin%2Flinux32&path=%2F%2Fbin HTTP/1.0" 200 32032 "-" "Mozilla/5.0 AppleWebKit/537.36 (KHTML, like Gecko; compatible; ClaudeBot/1.0; +claudebot@anthropic.com)"
216.73.216.137 - - [01/Nov/2025:04:28:26 +1000] "GET /catalog/avtokrany/avtomobilnyj-kran-zoomlion-ztc600v-60-tonn?fileloc=%2F%2Fsbin%2Fhardlink&path=%2F%2Fsbin HTTP/1.0" 200 32355 "-" "Mozilla/5.0 AppleWebKit/537.36 (KHTML, like Gecko; compatible; ClaudeBot/1.0; +claudebot@anthropic.com)"
216.73.216.137 - - [01/Nov/2025:04:28:29 +1000] "GET /catalog/avtokrany/avtomobilnyj-kran-zoomlion-ztc600v-60-tonn?fileloc=%2F%2Fsbin%2Fe2label&path=%2F%2Fsbin HTTP/1.0" 200 113842 "-" "Mozilla/5.0 AppleWebKit/537.36 (KHTML, like Gecko; compatible; ClaudeBot/1.0; +claudebot@anthropic.com)"
74.7.227.14 - - [01/Nov/2025:04:28:30 +1000] "GET /1523216?fileloc=//tmp/fcgid.tmp.9mH6hX&path=//tmp HTTP/1.0" 200 12278 "-" "Mozilla/5.0 AppleWebKit/537.36 (KHTML, like Gecko; compatible; GPTBot/1.2; +https://openai.com/gptbot)"
216.73.216.137 - - [01/Nov/2025:04:28:32 +1000] "GET /catalog/avtokrany/avtomobilnyj-kran-zoomlion-ztc600v-60-tonn?fileloc=%2F%2Fbin%2Fnl-list-sockets&path=%2F%2Fbin HTTP/1.0" 200 21156 "-" "Mozilla/5.0 AppleWebKit/537.36 (KHTML, like Gecko; compatible; ClaudeBot/1.0; +claudebot@anthropic.com)"
78.157.49.100 - - [01/Nov/2025:04:28:33 +1000] "POST /xmlrpc.php HTTP/1.0" 200 54330 "-" "Mozilla/4.0 (compatible; MSIE 7.0; Windows NT 6.2; WOW64; Trident/7.0; .NET4.0E; .NET4.0C; .NET CLR 3.5.30729; .NET CLR 2.0.50727; .NET CLR 3.0.30729; Tablet PC 2.0)"
216.73.216.137 - - [01/Nov/2025:04:28:35 +1000] "GET /catalog/avtokrany/avtomobilnyj-kran-zoomlion-ztc600v-60-tonn?fileloc=%2F%2Ftmp%2Ffcgid.tmp.PGF5Rs&path=%2F%2Ftmp HTTP/1.0" 200 12278 "-" "Mozilla/5.0 AppleWebKit/537.36 (KHTML, like Gecko; compatible; ClaudeBot/1.0; +claudebot@anthropic.com)"
216.73.216.137 - - [01/Nov/2025:04:28:38 +1000] "GET /catalog/avtokrany/avtomobilnyj-kran-zoomlion-ztc600v-60-tonn?fileloc=%2F%2Fbin%2Fgcc-ranlib&path=%2F%2Fbin HTTP/1.0" 200 50277 "-" "Mozilla/5.0 AppleWebKit/537.36 (KHTML, like Gecko; compatible; ClaudeBot/1.0; +claudebot@anthropic.com)"
74.7.227.14 - - [01/Nov/2025:04:28:38 +1000] "GET /1082688?path=//var/db HTTP/1.0" 200 15411 "-" "Mozilla/5.0 AppleWebKit/537.36 (KHTML, like Gecko; compatible; GPTBot/1.2; +https://openai.com/gptbot)"
216.73.216.137 - - [01/Nov/2025:04:28:41 +1000] "GET /catalog/avtokrany/avtomobilnyj-kran-zoomlion-ztc600v-60-tonn?fileloc=%2F%2Fbin%2Fsystemd-inhibit&path=%2F%2Fbin HTTP/1.0" 200 498652 "-" "Mozilla/5.0 AppleWebKit/537.36 (KHTML, like Gecko; compatible; ClaudeBot/1.0; +claudebot@anthropic.com)"
216.73.216.137 - - [01/Nov/2025:04:28:44 +1000] "GET /catalog/avtokrany/avtomobilnyj-kran-zoomlion-ztc600v-60-tonn?fileloc=%2F%2Fsbin%2Fzic&path=%2F%2Fsbin HTTP/1.0" 200 90706 "-" "Mozilla/5.0 AppleWebKit/537.36 (KHTML, like Gecko; compatible; ClaudeBot/1.0; +claudebot@anthropic.com)"
74.7.227.14 - - [01/Nov/2025:04:28:46 +1000] "GET /1365616?path=//etc/rc.d HTTP/1.0" 302 - "-" "Mozilla/5.0 AppleWebKit/537.36 (KHTML, like Gecko; compatible; GPTBot/1.2; +https://openai.com/gptbot)"
216.73.216.137 - - [01/Nov/2025:04:28:47 +1000] "GET /catalog/avtokrany/avtomobilnyj-kran-zoomlion-ztc600v-60-tonn?fileloc=%2F%2Fsbin%2Fvgscan&path=%2F%2Fsbin HTTP/1.0" 200 3198333 "-" "Mozilla/5.0 AppleWebKit/537.36 (KHTML, like Gecko; compatible; ClaudeBot/1.0; +claudebot@anthropic.com)"
43.153.12.58 - - [01/Nov/2025:04:28:51 +1000] "GET /?fileloc=/home/region-gk.ru/data/www/new.region-gk.ru/wp-includes/block-template-utils.php&path=/home/region-gk.ru/data/www/new.region-gk.ru/wp-includes HTTP/1.0" 200 81769 "-" "Mozilla/5.0 (iPhone; CPU iPhone OS 13_2_3 like Mac OS X) AppleWebKit/605.1.15 (KHTML, like Gecko) Version/13.0.3 Mobile/15E148 Safari/604.1"
216.73.216.137 - - [01/Nov/2025:04:28:53 +1000] "GET /catalog/avtokrany/avtomobilnyj-kran-zoomlion-ztc600v-60-tonn?fileloc=%2F%2Fsbin%2Fbadblocks&path=%2F%2Fsbin HTTP/1.0" 200 50474 "-" "Mozilla/5.0 AppleWebKit/537.36 (KHTML, like Gecko; compatible; ClaudeBot/1.0; +claudebot@anthropic.com)"
74.7.227.14 - - [01/Nov/2025:04:28:54 +1000] "GET /1523216?fileloc=//tmp/fcgid.tmp.tgrJso&path=//tmp HTTP/1.0" 200 12278 "-" "Mozilla/5.0 AppleWebKit/537.36 (KHTML, like Gecko; compatible; GPTBot/1.2; +https://openai.com/gptbot)"
216.73.216.137 - - [01/Nov/2025:04:28:56 +1000] "GET /catalog/avtokrany/avtomobilnyj-kran-zoomlion-ztc600v-60-tonn?fileloc=%2F%2Fsbin%2Fvgconvert&path=%2F%2Fsbin HTTP/1.0" 200 3198336 "-" "Mozilla/5.0 AppleWebKit/537.36 (KHTML, like Gecko; compatible; ClaudeBot/1.0; +claudebot@anthropic.com)"
216.73.216.137 - - [01/Nov/2025:04:29:02 +1000] "GET /catalog/avtokrany/avtomobilnyj-kran-zoomlion-ztc600v-60-tonn?fileloc=%2F%2Fsbin%2Fuserdel&path=%2F%2Fsbin HTTP/1.0" 200 149776 "-" "Mozilla/5.0 AppleWebKit/537.36 (KHTML, like Gecko; compatible; ClaudeBot/1.0; +claudebot@anthropic.com)"
74.7.227.14 - - [01/Nov/2025:04:29:02 +1000] "GET /1179728?path=//var/www HTTP/1.0" 200 99960 "-" "Mozilla/5.0 AppleWebKit/537.36 (KHTML, like Gecko; compatible; GPTBot/1.2; +https://openai.com/gptbot)"
216.73.216.137 - - [01/Nov/2025:04:29:05 +1000] "GET /catalog/avtokrany/avtomobilnyj-kran-zoomlion-ztc600v-60-tonn?fileloc=%2F%2Fbin%2Fmysqld_safe&path=%2F%2Fbin HTTP/1.0" 200 47224 "-" "Mozilla/5.0 AppleWebKit/537.36 (KHTML, like Gecko; compatible; ClaudeBot/1.0; +claudebot@anthropic.com)"
216.73.216.137 - - [01/Nov/2025:04:29:08 +1000] "GET /catalog/avtokrany/avtomobilnyj-kran-zoomlion-ztc600v-60-tonn?fileloc=%2F%2Fsbin%2Frunuser&path=%2F%2Fsbin HTTP/1.0" 200 55678 "-" "Mozilla/5.0 AppleWebKit/537.36 (KHTML, like Gecko; compatible; ClaudeBot/1.0; +claudebot@anthropic.com)"
74.7.227.14 - - [01/Nov/2025:04:29:10 +1000] "GET /1330688?path=//var/www/neptunvld.com HTTP/1.0" 200 12777 "-" "Mozilla/5.0 AppleWebKit/537.36 (KHTML, like Gecko; compatible; GPTBot/1.2; +https://openai.com/gptbot)"
216.73.216.137 - - [01/Nov/2025:04:29:11 +1000] "GET /catalog/avtokrany/avtomobilnyj-kran-zoomlion-ztc600v-60-tonn?fileloc=%2F%2Ftmp%2Ffcgid.tmp.zlu3ZJ&path=%2F%2Ftmp HTTP/1.0" 200 12278 "-" "Mozilla/5.0 AppleWebKit/537.36 (KHTML, like Gecko; compatible; ClaudeBot/1.0; +claudebot@anthropic.com)"
216.73.216.137 - - [01/Nov/2025:04:29:14 +1000] "GET /catalog/avtokrany/avtomobilnyj-kran-zoomlion-ztc600v-60-tonn?fileloc=%2F%2Fsbin%2Fpoweroff&path=%2F%2Fsbin HTTP/1.0" 200 1128799 "-" "Mozilla/5.0 AppleWebKit/537.36 (KHTML, like Gecko; compatible; ClaudeBot/1.0; +claudebot@anthropic.com)"
216.73.216.137 - - [01/Nov/2025:04:29:17 +1000] "GET /catalog/avtokrany/avtomobilnyj-kran-zoomlion-ztc600v-60-tonn?fileloc=%2F%2Fsbin%2Ftc&path=%2F%2Fsbin HTTP/1.0" 200 605267 "-" "Mozilla/5.0 AppleWebKit/537.36 (KHTML, like Gecko; compatible; ClaudeBot/1.0; +claudebot@anthropic.com)"
74.7.227.14 - - [01/Nov/2025:04:29:18 +1000] "GET /1523216?fileloc=//tmp/sess_46a3d036e4f0ee6a2cc56bcc39f89e0a&path=//tmp HTTP/1.0" 200 12312 "-" "Mozilla/5.0 AppleWebKit/537.36 (KHTML, like Gecko; compatible; GPTBot/1.2; +https://openai.com/gptbot)"
216.73.216.137 - - [01/Nov/2025:04:29:20 +1000] "GET /catalog/avtokrany/avtomobilnyj-kran-zoomlion-ztc600v-60-tonn?path=%2F%2Frun%2Fdbus HTTP/1.0" 200 12721 "-" "Mozilla/5.0 AppleWebKit/537.36 (KHTML, like Gecko; compatible; ClaudeBot/1.0; +claudebot@anthropic.com)"
216.73.216.137 - - [01/Nov/2025:04:29:23 +1000] "GET /catalog/avtokrany/avtomobilnyj-kran-zoomlion-ztc600v-60-tonn?fileloc=%2F%2Fbin%2Funzipsfx&path=%2F%2Fbin HTTP/1.0" 200 153063 "-" "Mozilla/5.0 AppleWebKit/537.36 (KHTML, like Gecko; compatible; ClaudeBot/1.0; +claudebot@anthropic.com)"
216.73.216.137 - - [01/Nov/2025:04:29:26 +1000] "GET /catalog/avtokrany/avtomobilnyj-kran-zoomlion-ztc600v-60-tonn?path=%2F%2Frun%2Fsudo HTTP/1.0" 200 12721 "-" "Mozilla/5.0 AppleWebKit/537.36 (KHTML, like Gecko; compatible; ClaudeBot/1.0; +claudebot@anthropic.com)"
74.7.227.14 - - [01/Nov/2025:04:29:27 +1000] "GET /1179728?path=//var/db HTTP/1.0" 200 15411 "-" "Mozilla/5.0 AppleWebKit/537.36 (KHTML, like Gecko; compatible; GPTBot/1.2; +https://openai.com/gptbot)"
216.73.216.137 - - [01/Nov/2025:04:29:29 +1000] "GET /catalog/avtokrany/avtomobilnyj-kran-zoomlion-ztc600v-60-tonn?fileloc=%2F%2Fsbin%2Fvgmknodes&path=%2F%2Fsbin HTTP/1.0" 200 3198336 "-" "Mozilla/5.0 AppleWebKit/537.36 (KHTML, like Gecko; compatible; ClaudeBot/1.0; +claudebot@anthropic.com)"
212.16.195.25 - - [01/Nov/2025:04:29:30 +1000] "GET / HTTP/1.0" 200 54330 "http://212.16.195.25" "Mozilla/5.0 (X11; Linux x86_64) AppleWebKit/537.36 (KHTML, like Gecko) Chrome/44.0.2403.157 Safari/537.36"
216.73.216.137 - - [01/Nov/2025:04:29:35 +1000] "GET /catalog/avtokrany/avtomobilnyj-kran-zoomlion-ztc600v-60-tonn?fileloc=%2F%2Fbin%2Fmysqlshow&path=%2F%2Fbin HTTP/1.0" 200 5025032 "-" "Mozilla/5.0 AppleWebKit/537.36 (KHTML, like Gecko; compatible; ClaudeBot/1.0; +claudebot@anthropic.com)"
74.7.227.14 - - [01/Nov/2025:04:29:37 +1000] "GET /1082688?path=//var/www HTTP/1.0" 200 99960 "-" "Mozilla/5.0 AppleWebKit/537.36 (KHTML, like Gecko; compatible; GPTBot/1.2; +https://openai.com/gptbot)"
216.73.216.137 - - [01/Nov/2025:04:29:41 +1000] "GET /catalog/avtokrany/avtomobilnyj-kran-zoomlion-ztc600v-60-tonn?fileloc=%2F%2Fsbin%2Fcracklib-packer&path=%2F%2Fsbin HTTP/1.0" 200 25365 "-" "Mozilla/5.0 AppleWebKit/537.36 (KHTML, like Gecko; compatible; ClaudeBot/1.0; +claudebot@anthropic.com)"
216.73.216.137 - - [01/Nov/2025:04:29:44 +1000] "GET /catalog/avtokrany/avtomobilnyj-kran-zoomlion-ztc600v-60-tonn?fileloc=%2F%2Fbin%2Fnl-link-list&path=%2F%2Fbin HTTP/1.0" 200 26122 "-" "Mozilla/5.0 AppleWebKit/537.36 (KHTML, like Gecko; compatible; ClaudeBot/1.0; +claudebot@anthropic.com)"
74.7.227.14 - - [01/Nov/2025:04:29:46 +1000] "GET /1179728?path=//var/yp HTTP/1.0" 200 12717 "-" "Mozilla/5.0 AppleWebKit/537.36 (KHTML, like Gecko; compatible; GPTBot/1.2; +https://openai.com/gptbot)"
216.73.216.137 - - [01/Nov/2025:04:29:47 +1000] "GET /catalog/avtokrany/avtomobilnyj-kran-zoomlion-ztc600v-60-tonn?fileloc=%2F%2Fsbin%2Fbridge&path=%2F%2Fsbin HTTP/1.0" 200 131955 "-" "Mozilla/5.0 AppleWebKit/537.36 (KHTML, like Gecko; compatible; ClaudeBot/1.0; +claudebot@anthropic.com)"
216.73.216.137 - - [01/Nov/2025:04:29:50 +1000] "GET /catalog/avtokrany/avtomobilnyj-kran-zoomlion-ztc600v-60-tonn?fileloc=%2F%2Fbin%2Frpmverify&path=%2F%2Fbin HTTP/1.0" 200 32434 "-" "Mozilla/5.0 AppleWebKit/537.36 (KHTML, like Gecko; compatible; ClaudeBot/1.0; +claudebot@anthropic.com)"
216.73.216.137 - - [01/Nov/2025:04:29:53 +1000] "GET /catalog/avtokrany/avtomobilnyj-kran-zoomlion-ztc600v-60-tonn?fileloc=%2F%2Fbin%2Fphp&path=%2F%2Fbin HTTP/1.0" 200 6778019 "-" "Mozilla/5.0 AppleWebKit/537.36 (KHTML, like Gecko; compatible; ClaudeBot/1.0; +claudebot@anthropic.com)"
74.7.227.14 - - [01/Nov/2025:04:29:57 +1000] "GET /1005056?path=//var HTTP/1.0" 200 44915 "-" "Mozilla/5.0 AppleWebKit/537.36 (KHTML, like Gecko; compatible; GPTBot/1.2; +https://openai.com/gptbot)"
216.73.216.137 - - [01/Nov/2025:04:29:59 +1000] "GET /catalog/avtokrany/avtomobilnyj-kran-zoomlion-ztc600v-60-tonn?fileloc=%2F%2Fsbin%2Fss&path=%2F%2Fsbin HTTP/1.0" 200 203246 "-" "Mozilla/5.0 AppleWebKit/537.36 (KHTML, like Gecko; compatible; ClaudeBot/1.0; +claudebot@anthropic.com)"
216.73.216.137 - - [01/Nov/2025:04:30:02 +1000] "GET /catalog/avtokrany/avtomobilnyj-kran-zoomlion-ztc600v-60-tonn?fileloc=%2F%2Fboot%2F.vmlinuz-3.10.0-1160.76.1.el7.x86_64.hmac&path=%2F%2Fboot HTTP/1.0" 200 12478 "-" "Mozilla/5.0 AppleWebKit/537.36 (KHTML, like Gecko; compatible; ClaudeBot/1.0; +claudebot@anthropic.com)"
74.7.227.14 - - [01/Nov/2025:04:30:04 +1000] "GET /1351552?path=//lib HTTP/1.0" 200 57151 "-" "Mozilla/5.0 AppleWebKit/537.36 (KHTML, like Gecko; compatible; GPTBot/1.2; +https://openai.com/gptbot)"
216.73.216.137 - - [01/Nov/2025:04:30:05 +1000] "GET /catalog/avtokrany/avtomobilnyj-kran-zoomlion-ztc600v-60-tonn?fileloc=%2F%2Fsbin%2Fsshd&path=%2F%2Fsbin HTTP/1.0" 200 1306737 "-" "Mozilla/5.0 AppleWebKit/537.36 (KHTML, like Gecko; compatible; ClaudeBot/1.0; +claudebot@anthropic.com)"
216.73.216.137 - - [01/Nov/2025:04:30:11 +1000] "GET /catalog/avtokrany/avtomobilnyj-kran-zoomlion-ztc600v-60-tonn?fileloc=%2F%2Fsbin%2Flvscan&path=%2F%2Fsbin HTTP/1.0" 200 3198333 "-" "Mozilla/5.0 AppleWebKit/537.36 (KHTML, like Gecko; compatible; ClaudeBot/1.0; +claudebot@anthropic.com)"
74.7.227.14 - - [01/Nov/2025:04:30:13 +1000] "GET /1330688?path=//var/yp HTTP/1.0" 200 12717 "-" "Mozilla/5.0 AppleWebKit/537.36 (KHTML, like Gecko; compatible; GPTBot/1.2; +https://openai.com/gptbot)"
114.119.145.237 - - [01/Nov/2025:04:30:15 +1000] "GET /2439057616?shopdetail=2436182216 HTTP/1.0" 200 54330 "https://region-logist.ru/sitemap.xml" "Mozilla/5.0 (Linux; Android 7.0;) AppleWebKit/537.36 (KHTML, like Gecko) Mobile Safari/537.36 (compatible; PetalBot;+https://webmaster.petalsearch.com/site/petalbot)"
216.73.216.137 - - [01/Nov/2025:04:30:17 +1000] "GET /catalog/avtokrany/avtomobilnyj-kran-zoomlion-ztc600v-60-tonn?fileloc=%2F%2Fbin%2Fhttxt2dbm&path=%2F%2Fbin HTTP/1.0" 200 26547 "-" "Mozilla/5.0 AppleWebKit/537.36 (KHTML, like Gecko; compatible; ClaudeBot/1.0; +claudebot@anthropic.com)"
216.73.216.137 - - [01/Nov/2025:04:30:20 +1000] "GET /catalog/avtokrany/avtomobilnyj-kran-zoomlion-ztc600v-60-tonn?fileloc=%2F%2Fdev%2Fcore&path=%2F%2Fdev HTTP/1.0" 200 12266 "-" "Mozilla/5.0 AppleWebKit/537.36 (KHTML, like Gecko; compatible; ClaudeBot/1.0; +claudebot@anthropic.com)"
216.73.216.137 - - [01/Nov/2025:04:30:23 +1000] "GET /catalog/avtokrany/avtomobilnyj-kran-zoomlion-ztc600v-60-tonn?fileloc=%2F%2Ftmp%2Ffcgid.tmp.nxlAQq&path=%2F%2Ftmp HTTP/1.0" 200 12278 "-" "Mozilla/5.0 AppleWebKit/537.36 (KHTML, like Gecko; compatible; ClaudeBot/1.0; +claudebot@anthropic.com)"
74.7.227.14 - - [01/Nov/2025:04:30:26 +1000] "GET /1082688?path=//var/www/neptunvld.com HTTP/1.0" 200 12777 "-" "Mozilla/5.0 AppleWebKit/537.36 (KHTML, like Gecko; compatible; GPTBot/1.2; +https://openai.com/gptbot)"
216.73.216.137 - - [01/Nov/2025:04:30:26 +1000] "GET /catalog/avtokrany/avtomobilnyj-kran-zoomlion-ztc600v-60-tonn?fileloc=%2F%2Fsbin%2Fmklost+found&path=%2F%2Fsbin HTTP/1.0" 200 12277 "-" "Mozilla/5.0 AppleWebKit/537.36 (KHTML, like Gecko; compatible; ClaudeBot/1.0; +claudebot@anthropic.com)"
216.73.216.137 - - [01/Nov/2025:04:30:29 +1000] "GET /catalog/avtokrany/avtomobilnyj-kran-zoomlion-ztc600v-60-tonn?fileloc=%2F%2Fsbin%2Fmkfs&path=%2F%2Fsbin HTTP/1.0" 200 26811 "-" "Mozilla/5.0 AppleWebKit/537.36 (KHTML, like Gecko; compatible; ClaudeBot/1.0; +claudebot@anthropic.com)"
147.182.235.78 - - [01/Nov/2025:04:30:31 +1000] "GET /wp-login.php HTTP/1.0" 200 54330 "-" "Mozilla/5.0 (Windows NT 6.1; WOW64; Trident/7.0; NP08; NP08; MAAU; rv:11.0) like Gecko"
216.73.216.137 - - [01/Nov/2025:04:30:32 +1000] "GET /catalog/avtokrany/avtomobilnyj-kran-zoomlion-ztc600v-60-tonn?path=%2F%2Fproc%2Ffs HTTP/1.0" 200 17900 "-" "Mozilla/5.0 AppleWebKit/537.36 (KHTML, like Gecko; compatible; ClaudeBot/1.0; +claudebot@anthropic.com)"
147.182.235.78 - - [01/Nov/2025:04:30:33 +1000] "POST /wp-login.php HTTP/1.0" 200 54330 "https://region-logist.ru/wp-login.php" "Mozilla/5.0 (Windows NT 6.1; WOW64; Trident/7.0; NP08; NP08; MAAU; rv:11.0) like Gecko"
216.73.216.137 - - [01/Nov/2025:04:30:35 +1000] "GET /catalog/avtokrany/avtomobilnyj-kran-zoomlion-ztc600v-60-tonn?fileloc=%2F%2Fbin%2Fnl-addr-list&path=%2F%2Fbin HTTP/1.0" 200 31735 "-" "Mozilla/5.0 AppleWebKit/537.36 (KHTML, like Gecko; compatible; ClaudeBot/1.0; +claudebot@anthropic.com)"
74.7.227.14 - - [01/Nov/2025:04:30:35 +1000] "GET /1493504?path=//opt HTTP/1.0" 200 30713 "-" "Mozilla/5.0 AppleWebKit/537.36 (KHTML, like Gecko; compatible; GPTBot/1.2; +https://openai.com/gptbot)"
216.73.216.137 - - [01/Nov/2025:04:30:38 +1000] "GET /catalog/avtokrany/avtomobilnyj-kran-zoomlion-ztc600v-60-tonn?fileloc=%2F%2Fsbin%2Fownership&path=%2F%2Fsbin HTTP/1.0" 200 31702 "-" "Mozilla/5.0 AppleWebKit/537.36 (KHTML, like Gecko; compatible; ClaudeBot/1.0; +claudebot@anthropic.com)"
199.195.248.152 - - [01/Nov/2025:04:30:37 +1000] "GET /wp-login.php HTTP/1.0" 200 54330 "https://duckduckgo.com/" "Mozilla/5.0 (Macintosh; Intel Mac OS X 10_15_7) AppleWebKit/605.1.15 (KHTML, like Gecko) Version/16.6 Safari/605.1.15"
74.7.227.14 - - [01/Nov/2025:04:30:44 +1000] "GET /1179728?path=//var/www/neptunvld.com HTTP/1.0" 200 12777 "-" "Mozilla/5.0 AppleWebKit/537.36 (KHTML, like Gecko; compatible; GPTBot/1.2; +https://openai.com/gptbot)"
74.7.227.14 - - [01/Nov/2025:04:30:52 +1000] "GET /1162784?path=//tmp HTTP/1.0" 200 726883 "-" "Mozilla/5.0 AppleWebKit/537.36 (KHTML, like Gecko; compatible; GPTBot/1.2; +https://openai.com/gptbot)"
216.73.216.137 - - [01/Nov/2025:04:30:53 +1000] "GET /catalog/avtokrany/avtomobilnyj-kran-zoomlion-ztc600v-60-tonn?fileloc=%2F%2Flib64%2Flibgssrpc.so&path=%2F%2Flib64 HTTP/1.0" 200 205940 "-" "Mozilla/5.0 AppleWebKit/537.36 (KHTML, like Gecko; compatible; ClaudeBot/1.0; +claudebot@anthropic.com)"
216.73.216.137 - - [01/Nov/2025:04:30:58 +1000] "GET /catalog/avtokrany/avtomobilnyj-kran-zoomlion-ztc600v-60-tonn?fileloc=%2F%2Flib64%2FlibGLdispatch.so.0&path=%2F%2Flib64 HTTP/1.0" 200 807907 "-" "Mozilla/5.0 AppleWebKit/537.36 (KHTML, like Gecko; compatible; ClaudeBot/1.0; +claudebot@anthropic.com)"
216.73.216.137 - - [01/Nov/2025:04:31:01 +1000] "GET /catalog/avtokrany/avtomobilnyj-kran-zoomlion-ztc600v-60-tonn?fileloc=%2F%2Flib64%2FlibGraphicsMagick-Q16.so.3.24.0&path=%2F%2Flib64 HTTP/1.0" 200 2683587 "-" "Mozilla/5.0 AppleWebKit/537.36 (KHTML, like Gecko; compatible; ClaudeBot/1.0; +claudebot@anthropic.com)"
180.241.54.76 - - [01/Nov/2025:04:31:01 +1000] "GET /favicon.ico HTTP/1.0" 200 54330 "https://region-logist.ru/ALFA_DATA/alfasymlink/root/var/www/komform.pro/data/new.region-gk.ru?path=/home/region-gk.ru/data/php-bin/atlantlogistic.ru" "Mozilla/5.0 (Windows NT 10.0; Win64; x64) AppleWebKit/537.36 (KHTML, like Gecko) Chrome/141.0.0.0 Safari/537.36"
74.7.227.14 - - [01/Nov/2025:04:31:01 +1000] "GET /1330688?path=//var/db HTTP/1.0" 200 15411 "-" "Mozilla/5.0 AppleWebKit/537.36 (KHTML, like Gecko; compatible; GPTBot/1.2; +https://openai.com/gptbot)"
216.73.216.137 - - [01/Nov/2025:04:31:04 +1000] "GET /catalog/avtokrany/avtomobilnyj-kran-zoomlion-ztc600v-60-tonn?fileloc=%2F%2Flib64%2FlibXcursor.so.1&path=%2F%2Flib64 HTTP/1.0" 200 76802 "-" "Mozilla/5.0 AppleWebKit/537.36 (KHTML, like Gecko; compatible; ClaudeBot/1.0; +claudebot@anthropic.com)"
216.73.216.137 - - [01/Nov/2025:04:31:07 +1000] "GET /catalog/avtokrany/avtomobilnyj-kran-zoomlion-ztc600v-60-tonn?path=%2F%2Flib64%2Flua HTTP/1.0" 200 14023 "-" "Mozilla/5.0 AppleWebKit/537.36 (KHTML, like Gecko; compatible; ClaudeBot/1.0; +claudebot@anthropic.com)"
216.73.216.137 - - [01/Nov/2025:04:31:10 +1000] "GET /catalog/avtokrany/avtomobilnyj-kran-zoomlion-ztc600v-60-tonn?fileloc=%2F%2Flib64%2Flibutil.so.1&path=%2F%2Flib64 HTTP/1.0" 200 29715 "-" "Mozilla/5.0 AppleWebKit/537.36 (KHTML, like Gecko; compatible; ClaudeBot/1.0; +claudebot@anthropic.com)"
74.7.227.14 - - [01/Nov/2025:04:31:10 +1000] "GET /1120208?path=//sys HTTP/1.0" 200 26873 "-" "Mozilla/5.0 AppleWebKit/537.36 (KHTML, like Gecko; compatible; GPTBot/1.2; +https://openai.com/gptbot)"
216.73.216.137 - - [01/Nov/2025:04:31:13 +1000] "GET /catalog/avtokrany/avtomobilnyj-kran-zoomlion-ztc600v-60-tonn?fileloc=%2F%2Flib64%2Flibncurses++.so.5&path=%2F%2Flib64 HTTP/1.0" 200 12285 "-" "Mozilla/5.0 AppleWebKit/537.36 (KHTML, like Gecko; compatible; ClaudeBot/1.0; +claudebot@anthropic.com)"
216.73.216.137 - - [01/Nov/2025:04:31:16 +1000] "GET /catalog/avtokrany/avtomobilnyj-kran-zoomlion-ztc600v-60-tonn?fileloc=%2F%2Flib64%2Flibunistring.so.0.1.2&path=%2F%2Flib64 HTTP/1.0" 200 1899120 "-" "Mozilla/5.0 AppleWebKit/537.36 (KHTML, like Gecko; compatible; ClaudeBot/1.0; +claudebot@anthropic.com)"
74.7.227.14 - - [01/Nov/2025:04:31:20 +1000] "GET /1169424?path=//opt HTTP/1.0" 200 30713 "-" "Mozilla/5.0 AppleWebKit/537.36 (KHTML, like Gecko; compatible; GPTBot/1.2; +https://openai.com/gptbot)"
74.7.227.14 - - [01/Nov/2025:04:31:27 +1000] "GET /1062336?path=//tmp HTTP/1.0" 200 726883 "-" "Mozilla/5.0 AppleWebKit/537.36 (KHTML, like Gecko; compatible; GPTBot/1.2; +https://openai.com/gptbot)"
74.7.227.14 - - [01/Nov/2025:04:31:40 +1000] "GET /1143984?path=//mnt HTTP/1.0" 200 13969 "-" "Mozilla/5.0 AppleWebKit/537.36 (KHTML, like Gecko; compatible; GPTBot/1.2; +https://openai.com/gptbot)"
74.7.227.14 - - [01/Nov/2025:04:31:51 +1000] "GET /1005056?path=//var/www HTTP/1.0" 200 99960 "-" "Mozilla/5.0 AppleWebKit/537.36 (KHTML, like Gecko; compatible; GPTBot/1.2; +https://openai.com/gptbot)"
66.249.75.70 - - [01/Nov/2025:04:31:57 +1000] "GET /?1452930288?shopdetail=1451217774 HTTP/1.0" 200 204925 "-" "Mozilla/5.0 (Linux; Android 6.0.1; Nexus 5X Build/MMB29P) AppleWebKit/537.36 (KHTML, like Gecko) Chrome/141.0.7390.122 Mobile Safari/537.36 (compatible; Googlebot/2.1; +http://www.google.com/bot.html)"
74.7.227.14 - - [01/Nov/2025:04:31:58 +1000] "GET /1292192?path=//opt HTTP/1.0" 200 30713 "-" "Mozilla/5.0 AppleWebKit/537.36 (KHTML, like Gecko; compatible; GPTBot/1.2; +https://openai.com/gptbot)"
74.7.227.14 - - [01/Nov/2025:04:32:08 +1000] "GET /1105760?path=//tmp HTTP/1.0" 200 726883 "-" "Mozilla/5.0 AppleWebKit/537.36 (KHTML, like Gecko; compatible; GPTBot/1.2; +https://openai.com/gptbot)"
216.73.216.137 - - [01/Nov/2025:04:32:09 +1000] "GET /catalog/avtokrany/avtomobilnyj-kran-zoomlion-ztc600v-60-tonn?path=%2F%2Fopt%2Fphp74 HTTP/1.0" 200 39288 "-" "Mozilla/5.0 AppleWebKit/537.36 (KHTML, like Gecko; compatible; ClaudeBot/1.0; +claudebot@anthropic.com)"
216.73.216.137 - - [01/Nov/2025:04:32:11 +1000] "GET /catalog/avtokrany/avtomobilnyj-kran-zoomlion-ztc600v-60-tonn?path=%2F%2Fopt%2Fphp80 HTTP/1.0" 200 50137 "-" "Mozilla/5.0 AppleWebKit/537.36 (KHTML, like Gecko; compatible; ClaudeBot/1.0; +claudebot@anthropic.com)"
216.73.216.137 - - [01/Nov/2025:04:32:14 +1000] "GET /catalog/avtokrany/avtomobilnyj-kran-zoomlion-ztc600v-60-tonn?fileloc=%2F%2Flib64%2Flibpolkit-agent-1.so.0&path=%2F%2Flib64 HTTP/1.0" 200 69832 "-" "Mozilla/5.0 AppleWebKit/537.36 (KHTML, like Gecko; compatible; ClaudeBot/1.0; +claudebot@anthropic.com)"
74.7.227.14 - - [01/Nov/2025:04:32:17 +1000] "GET /1292480?path=//opt HTTP/1.0" 200 30713 "-" "Mozilla/5.0 AppleWebKit/537.36 (KHTML, like Gecko; compatible; GPTBot/1.2; +https://openai.com/gptbot)"
216.73.216.137 - - [01/Nov/2025:04:32:17 +1000] "GET /catalog/avtokrany/avtomobilnyj-kran-zoomlion-ztc600v-60-tonn?fileloc=%2F%2Flib64%2Flibncurses++w.so.5&path=%2F%2Flib64 HTTP/1.0" 200 12286 "-" "Mozilla/5.0 AppleWebKit/537.36 (KHTML, like Gecko; compatible; ClaudeBot/1.0; +claudebot@anthropic.com)"
216.73.216.137 - - [01/Nov/2025:04:32:20 +1000] "GET /catalog/avtokrany/avtomobilnyj-kran-zoomlion-ztc600v-60-tonn?fileloc=%2F%2Flib64%2Flibmcrypt.so.4&path=%2F%2Flib64 HTTP/1.0" 200 310498 "-" "Mozilla/5.0 AppleWebKit/537.36 (KHTML, like Gecko; compatible; ClaudeBot/1.0; +claudebot@anthropic.com)"
216.73.216.137 - - [01/Nov/2025:04:32:23 +1000] "GET /catalog/avtokrany/avtomobilnyj-kran-zoomlion-ztc600v-60-tonn?fileloc=%2F%2Flib64%2Flibhandle.so.1&path=%2F%2Flib64 HTTP/1.0" 200 32180 "-" "Mozilla/5.0 AppleWebKit/537.36 (KHTML, like Gecko; compatible; ClaudeBot/1.0; +claudebot@anthropic.com)"
74.7.227.14 - - [01/Nov/2025:04:32:23 +1000] "GET /1085440?path=//mnt HTTP/1.0" 200 13969 "-" "Mozilla/5.0 AppleWebKit/537.36 (KHTML, like Gecko; compatible; GPTBot/1.2; +https://openai.com/gptbot)"
216.73.216.137 - - [01/Nov/2025:04:32:26 +1000] "GET /catalog/avtokrany/avtomobilnyj-kran-zoomlion-ztc600v-60-tonn?path=%2F%2Flib64%2FNetworkManager HTTP/1.0" 200 14122 "-" "Mozilla/5.0 AppleWebKit/537.36 (KHTML, like Gecko; compatible; ClaudeBot/1.0; +claudebot@anthropic.com)"
216.73.216.137 - - [01/Nov/2025:04:32:29 +1000] "GET /catalog/avtokrany/avtomobilnyj-kran-zoomlion-ztc600v-60-tonn?fileloc=%2F%2Flib64%2Flibnuma.so.1&path=%2F%2Flib64 HTTP/1.0" 200 83343 "-" "Mozilla/5.0 AppleWebKit/537.36 (KHTML, like Gecko; compatible; ClaudeBot/1.0; +claudebot@anthropic.com)"
216.73.216.137 - - [01/Nov/2025:04:32:32 +1000] "GET /catalog/avtokrany/avtomobilnyj-kran-zoomlion-ztc600v-60-tonn?fileloc=%2F%2Flib64%2Flibnl-idiag-3.so.200.23.0&path=%2F%2Flib64 HTTP/1.0" 200 60800 "-" "Mozilla/5.0 AppleWebKit/537.36 (KHTML, like Gecko; compatible; ClaudeBot/1.0; +claudebot@anthropic.com)"
74.7.227.14 - - [01/Nov/2025:04:32:33 +1000] "GET /1299776?path=//var HTTP/1.0" 200 44915 "-" "Mozilla/5.0 AppleWebKit/537.36 (KHTML, like Gecko; compatible; GPTBot/1.2; +https://openai.com/gptbot)"
216.73.216.137 - - [01/Nov/2025:04:32:35 +1000] "GET /catalog/avtokrany/avtomobilnyj-kran-zoomlion-ztc600v-60-tonn?fileloc=%2F%2Flib64%2Flibavahi-client.so.3&path=%2F%2Flib64 HTTP/1.0" 200 113095 "-" "Mozilla/5.0 AppleWebKit/537.36 (KHTML, like Gecko; compatible; ClaudeBot/1.0; +claudebot@anthropic.com)"
216.73.216.137 - - [01/Nov/2025:04:32:38 +1000] "GET /catalog/avtokrany/avtomobilnyj-kran-zoomlion-ztc600v-60-tonn?fileloc=%2F%2Flib64%2Flibfribidi.so.0.4.0&path=%2F%2Flib64 HTTP/1.0" 200 150757 "-" "Mozilla/5.0 AppleWebKit/537.36 (KHTML, like Gecko; compatible; ClaudeBot/1.0; +claudebot@anthropic.com)"
216.73.216.137 - - [01/Nov/2025:04:32:41 +1000] "GET /catalog/avtokrany/avtomobilnyj-kran-zoomlion-ztc600v-60-tonn?fileloc=%2F%2Flib64%2Flibulockmgr.so.1&path=%2F%2Flib64 HTTP/1.0" 200 31467 "-" "Mozilla/5.0 AppleWebKit/537.36 (KHTML, like Gecko; compatible; ClaudeBot/1.0; +claudebot@anthropic.com)"
74.7.227.14 - - [01/Nov/2025:04:32:43 +1000] "GET /1162784?fileloc=//tmp/fcgid.tmp.LWC3nJ&path=//tmp HTTP/1.0" 200 12278 "-" "Mozilla/5.0 AppleWebKit/537.36 (KHTML, like Gecko; compatible; GPTBot/1.2; +https://openai.com/gptbot)"
216.73.216.137 - - [01/Nov/2025:04:32:44 +1000] "GET /catalog/avtokrany/avtomobilnyj-kran-zoomlion-ztc600v-60-tonn?fileloc=%2F%2Flib64%2Flibbrotlidec.so.1.0.9&path=%2F%2Flib64 HTTP/1.0" 200 86398 "-" "Mozilla/5.0 AppleWebKit/537.36 (KHTML, like Gecko; compatible; ClaudeBot/1.0; +claudebot@anthropic.com)"
216.73.216.137 - - [01/Nov/2025:04:32:47 +1000] "GET /catalog/avtokrany/avtomobilnyj-kran-zoomlion-ztc600v-60-tonn?path=%2F%2Fopt%2Fzend HTTP/1.0" 200 28837 "-" "Mozilla/5.0 AppleWebKit/537.36 (KHTML, like Gecko; compatible; ClaudeBot/1.0; +claudebot@anthropic.com)"
216.73.216.137 - - [01/Nov/2025:04:32:50 +1000] "GET /catalog/avtokrany/avtomobilnyj-kran-zoomlion-ztc600v-60-tonn?fileloc=%2F%2Flib64%2Flibiptc.so.0&path=%2F%2Flib64 HTTP/1.0" 200 20044 "-" "Mozilla/5.0 AppleWebKit/537.36 (KHTML, like Gecko; compatible; ClaudeBot/1.0; +claudebot@anthropic.com)"
74.7.227.14 - - [01/Nov/2025:04:32:52 +1000] "GET /1162784?fileloc=//tmp/fcgid.tmp.RsPXdh&path=//tmp HTTP/1.0" 200 12278 "-" "Mozilla/5.0 AppleWebKit/537.36 (KHTML, like Gecko; compatible; GPTBot/1.2; +https://openai.com/gptbot)"
216.73.216.137 - - [01/Nov/2025:04:32:53 +1000] "GET /catalog/avtokrany/avtomobilnyj-kran-zoomlion-ztc600v-60-tonn?fileloc=%2F%2Flib64%2Flibresolv-2.17.so&path=%2F%2Flib64 HTTP/1.0" 200 170938 "-" "Mozilla/5.0 AppleWebKit/537.36 (KHTML, like Gecko; compatible; ClaudeBot/1.0; +claudebot@anthropic.com)"
216.73.216.137 - - [01/Nov/2025:04:32:56 +1000] "GET /catalog/avtokrany/avtomobilnyj-kran-zoomlion-ztc600v-60-tonn?fileloc=%2F%2Flib%2Fcpp&path=%2F%2Flib HTTP/1.0" 200 1128203 "-" "Mozilla/5.0 AppleWebKit/537.36 (KHTML, like Gecko; compatible; ClaudeBot/1.0; +claudebot@anthropic.com)"
216.73.216.137 - - [01/Nov/2025:04:32:59 +1000] "GET /catalog/avtokrany/avtomobilnyj-kran-zoomlion-ztc600v-60-tonn?fileloc=%2F%2Flib64%2Flibxcb.so.1.1.0&path=%2F%2Flib64 HTTP/1.0" 200 240319 "-" "Mozilla/5.0 AppleWebKit/537.36 (KHTML, like Gecko; compatible; ClaudeBot/1.0; +claudebot@anthropic.com)"
216.73.216.137 - - [01/Nov/2025:04:33:02 +1000] "GET /catalog/avtokrany/avtomobilnyj-kran-zoomlion-ztc600v-60-tonn?fileloc=%2F%2Fbin%2Fpython2.7&path=%2F%2Fbin HTTP/1.0" 200 20763 "-" "Mozilla/5.0 AppleWebKit/537.36 (KHTML, like Gecko; compatible; ClaudeBot/1.0; +claudebot@anthropic.com)"
5.161.124.30 - - [01/Nov/2025:04:33:03 +1000] "GET /wp-login.php HTTP/1.0" 200 54330 "-" "Mozilla/5.0 (Windows NT 5.1; WOW64; Trident/7.0; rv:11.0) like Gecko"
74.7.227.14 - - [01/Nov/2025:04:33:04 +1000] "GET /1214848?path=//lib HTTP/1.0" 200 57151 "-" "Mozilla/5.0 AppleWebKit/537.36 (KHTML, like Gecko; compatible; GPTBot/1.2; +https://openai.com/gptbot)"
216.73.216.137 - - [01/Nov/2025:04:33:05 +1000] "GET /catalog/avtokrany/avtomobilnyj-kran-zoomlion-ztc600v-60-tonn?fileloc=%2F%2Flib64%2Flibisc.so.169&path=%2F%2Flib64 HTTP/1.0" 200 800032 "-" "Mozilla/5.0 AppleWebKit/537.36 (KHTML, like Gecko; compatible; ClaudeBot/1.0; +claudebot@anthropic.com)"
5.161.124.30 - - [01/Nov/2025:04:33:07 +1000] "POST /wp-login.php HTTP/1.0" 200 54330 "https://region-logist.ru/wp-login.php" "Mozilla/5.0 (Windows NT 5.1; WOW64; Trident/7.0; rv:11.0) like Gecko"
216.73.216.137 - - [01/Nov/2025:04:33:11 +1000] "GET /catalog/avtokrany/avtomobilnyj-kran-zoomlion-ztc600v-60-tonn?fileloc=%2F%2Flib64%2Flibrabbitmq.so.4&path=%2F%2Flib64 HTTP/1.0" 200 136401 "-" "Mozilla/5.0 AppleWebKit/537.36 (KHTML, like Gecko; compatible; ClaudeBot/1.0; +claudebot@anthropic.com)"
216.73.216.137 - - [01/Nov/2025:04:33:14 +1000] "GET /catalog/avtokrany/avtomobilnyj-kran-zoomlion-ztc600v-60-tonn?fileloc=%2F%2Flib64%2Flibdbus-glib-1.so.2&path=%2F%2Flib64 HTTP/1.0" 200 263184 "-" "Mozilla/5.0 AppleWebKit/537.36 (KHTML, like Gecko; compatible; ClaudeBot/1.0; +claudebot@anthropic.com)"
216.73.216.137 - - [01/Nov/2025:04:33:17 +1000] "GET /catalog/avtokrany/avtomobilnyj-kran-zoomlion-ztc600v-60-tonn?fileloc=%2F%2Flib64%2Flibtidy.so.5.4.0&path=%2F%2Flib64 HTTP/1.0" 200 979595 "-" "Mozilla/5.0 AppleWebKit/537.36 (KHTML, like Gecko; compatible; ClaudeBot/1.0; +claudebot@anthropic.com)"
74.7.227.14 - - [01/Nov/2025:04:33:17 +1000] "GET /1105760?fileloc=//tmp/fcgid.tmp.LPULdL&path=//tmp HTTP/1.0" 200 12278 "-" "Mozilla/5.0 AppleWebKit/537.36 (KHTML, like Gecko; compatible; GPTBot/1.2; +https://openai.com/gptbot)"
216.73.216.137 - - [01/Nov/2025:04:33:20 +1000] "GET /catalog/avtokrany/avtomobilnyj-kran-zoomlion-ztc600v-60-tonn?fileloc=%2F%2Flib64%2Flibopendmarc.so.2&path=%2F%2Flib64 HTTP/1.0" 200 91294 "-" "Mozilla/5.0 AppleWebKit/537.36 (KHTML, like Gecko; compatible; ClaudeBot/1.0; +claudebot@anthropic.com)"
216.73.216.137 - - [01/Nov/2025:04:33:23 +1000] "GET /catalog/avtokrany/avtomobilnyj-kran-zoomlion-ztc600v-60-tonn?fileloc=%2F%2Flib64%2Flibpgm-5.2.so.0&path=%2F%2Flib64 HTTP/1.0" 200 502961 "-" "Mozilla/5.0 AppleWebKit/537.36 (KHTML, like Gecko; compatible; ClaudeBot/1.0; +claudebot@anthropic.com)"
216.73.216.137 - - [01/Nov/2025:04:33:26 +1000] "GET /catalog/avtokrany/avtomobilnyj-kran-zoomlion-ztc600v-60-tonn?fileloc=%2F%2Flib64%2Flibgcc_s-4.8.5-20150702.so.1&path=%2F%2Flib64 HTTP/1.0" 200 158843 "-" "Mozilla/5.0 AppleWebKit/537.36 (KHTML, like Gecko; compatible; ClaudeBot/1.0; +claudebot@anthropic.com)"
74.7.227.14 - - [01/Nov/2025:04:33:26 +1000] "GET /1269120?path=//var HTTP/1.0" 200 44915 "-" "Mozilla/5.0 AppleWebKit/537.36 (KHTML, like Gecko; compatible; GPTBot/1.2; +https://openai.com/gptbot)"
216.73.216.137 - - [01/Nov/2025:04:33:29 +1000] "GET /catalog/avtokrany/avtomobilnyj-kran-zoomlion-ztc600v-60-tonn?fileloc=%2F%2Ftmp%2Fsess_ffc9d3b12b7cd70277e0212d6ed8325e&path=%2F%2Ftmp HTTP/1.0" 200 12312 "-" "Mozilla/5.0 AppleWebKit/537.36 (KHTML, like Gecko; compatible; ClaudeBot/1.0; +claudebot@anthropic.com)"
216.73.216.137 - - [01/Nov/2025:04:33:32 +1000] "GET /catalog/avtokrany/avtomobilnyj-kran-zoomlion-ztc600v-60-tonn?path=%2F%2Flib64%2Fgdk-pixbuf-2.0 HTTP/1.0" 200 14090 "-" "Mozilla/5.0 AppleWebKit/537.36 (KHTML, like Gecko; compatible; ClaudeBot/1.0; +claudebot@anthropic.com)"
216.73.216.137 - - [01/Nov/2025:04:33:35 +1000] "GET /catalog/avtokrany/avtomobilnyj-kran-zoomlion-ztc600v-60-tonn?fileloc=%2F%2Flib64%2FlibImath.so.6&path=%2F%2Flib64 HTTP/1.0" 200 121086 "-" "Mozilla/5.0 AppleWebKit/537.36 (KHTML, like Gecko; compatible; ClaudeBot/1.0; +claudebot@anthropic.com)"
74.7.227.14 - - [01/Nov/2025:04:33:37 +1000] "GET /1062336?fileloc=//tmp/fcgid.tmp.nhdhzC&path=//tmp HTTP/1.0" 200 12278 "-" "Mozilla/5.0 AppleWebKit/537.36 (KHTML, like Gecko; compatible; GPTBot/1.2; +https://openai.com/gptbot)"
216.73.216.137 - - [01/Nov/2025:04:33:38 +1000] "GET /catalog/avtokrany/avtomobilnyj-kran-zoomlion-ztc600v-60-tonn?fileloc=%2F%2Flib64%2Flibss.so.2.0&path=%2F%2Flib64 HTTP/1.0" 200 49025 "-" "Mozilla/5.0 AppleWebKit/537.36 (KHTML, like Gecko; compatible; ClaudeBot/1.0; +claudebot@anthropic.com)"
216.73.216.137 - - [01/Nov/2025:04:33:41 +1000] "GET /catalog/avtokrany/avtomobilnyj-kran-zoomlion-ztc600v-60-tonn?fileloc=%2F%2Flib64%2Flibgcc_s.so.1&path=%2F%2Flib64 HTTP/1.0" 200 158828 "-" "Mozilla/5.0 AppleWebKit/537.36 (KHTML, like Gecko; compatible; ClaudeBot/1.0; +claudebot@anthropic.com)"
216.73.216.137 - - [01/Nov/2025:04:33:44 +1000] "GET /catalog/avtokrany/avtomobilnyj-kran-zoomlion-ztc600v-60-tonn?fileloc=%2F%2Flib64%2Flibsystemd-id128.so.0&path=%2F%2Flib64 HTTP/1.0" 200 43274 "-" "Mozilla/5.0 AppleWebKit/537.36 (KHTML, like Gecko; compatible; ClaudeBot/1.0; +claudebot@anthropic.com)"
74.7.227.14 - - [01/Nov/2025:04:33:44 +1000] "GET /1299776?path=//var/www HTTP/1.0" 200 99960 "-" "Mozilla/5.0 AppleWebKit/537.36 (KHTML, like Gecko; compatible; GPTBot/1.2; +https://openai.com/gptbot)"
216.73.216.137 - - [01/Nov/2025:04:33:47 +1000] "GET /catalog/avtokrany/avtomobilnyj-kran-zoomlion-ztc600v-60-tonn?fileloc=%2F%2Flib64%2Flibnl-3.so.200.23.0&path=%2F%2Flib64 HTTP/1.0" 200 211015 "-" "Mozilla/5.0 AppleWebKit/537.36 (KHTML, like Gecko; compatible; ClaudeBot/1.0; +claudebot@anthropic.com)"
