216.73.216.137 - - [01/Nov/2025:07:22:46 +1000] "GET /catalog/avtokrany/avtomobilnyj-kran-zoomlion-ztc600v-60-tonn?fileloc=%2F%2Fbin%2Fxzcmp&path=%2F%2Fbin HTTP/1.0" 200 20060 "-" "Mozilla/5.0 AppleWebKit/537.36 (KHTML, like Gecko; compatible; ClaudeBot/1.0; +claudebot@anthropic.com)"
216.73.216.137 - - [01/Nov/2025:07:22:49 +1000] "GET /catalog/avtokrany/avtomobilnyj-kran-zoomlion-ztc600v-60-tonn?fileloc=%2F%2Fbin%2Fgsoelim&path=%2F%2Fbin HTTP/1.0" 200 59197 "-" "Mozilla/5.0 AppleWebKit/537.36 (KHTML, like Gecko; compatible; ClaudeBot/1.0; +claudebot@anthropic.com)"
216.73.216.137 - - [01/Nov/2025:07:22:52 +1000] "GET /catalog/avtokrany/avtomobilnyj-kran-zoomlion-ztc600v-60-tonn?fileloc=%2F%2Fbin%2Flessecho&path=%2F%2Fbin HTTP/1.0" 200 26414 "-" "Mozilla/5.0 AppleWebKit/537.36 (KHTML, like Gecko; compatible; ClaudeBot/1.0; +claudebot@anthropic.com)"
94.74.110.151 - - [01/Nov/2025:07:22:53 +1000] "GET /catalog/refrizheratory/tyagach-volvo-fh-truck-s-polupriczepom-refrizheratorom-schmitz-sko-24-l-13-4-fp-86m3-20tonn/ HTTP/1.0" 200 57426 "https://region-logist.ru/catalog/refrizheratory/tyagach-volvo-fh-truck-s-polupriczepom-refrizheratorom-schmitz-sko-24-l-13-4-fp-86m3-20tonn/#callModal" "Mozilla/5.0 (Macintosh; Intel Mac OS X 10_15_7) AppleWebKit/537.36 (KHTML, like Gecko) Chrome/123.0.0.0 Safari/537.36"
216.73.216.137 - - [01/Nov/2025:07:22:55 +1000] "GET /catalog/avtokrany/avtomobilnyj-kran-zoomlion-ztc600v-60-tonn?fileloc=%2F%2Fbin%2Finfo&path=%2F%2Fbin HTTP/1.0" 200 440931 "-" "Mozilla/5.0 AppleWebKit/537.36 (KHTML, like Gecko; compatible; ClaudeBot/1.0; +claudebot@anthropic.com)"
74.7.227.14 - - [01/Nov/2025:07:22:58 +1000] "GET /1503808?path=//etc/rc.d HTTP/1.0" 302 - "-" "Mozilla/5.0 AppleWebKit/537.36 (KHTML, like Gecko; compatible; GPTBot/1.2; +https://openai.com/gptbot)"
216.73.216.137 - - [01/Nov/2025:07:22:58 +1000] "GET /catalog/avtokrany/avtomobilnyj-kran-zoomlion-ztc600v-60-tonn?fileloc=%2F%2Fproc%2Flocks&path=%2F%2Fproc HTTP/1.0" 200 13188 "-" "Mozilla/5.0 AppleWebKit/537.36 (KHTML, like Gecko; compatible; ClaudeBot/1.0; +claudebot@anthropic.com)"
114.119.162.62 - - [01/Nov/2025:07:23:10 +1000] "GET /2439010640?shopdetail=2436135296 HTTP/1.0" 200 57426 "https://region-logist.ru/sitemap.xml" "Mozilla/5.0 (Linux; Android 7.0;) AppleWebKit/537.36 (KHTML, like Gecko) Mobile Safari/537.36 (compatible; PetalBot;+https://webmaster.petalsearch.com/site/petalbot)"
68.178.198.34 - - [01/Nov/2025:07:23:18 +1000] "GET /wp-login.php HTTP/1.0" 200 57426 "-" "Mozilla/5.0 (Windows NT 10.0; WOW64; Trident/7.0; MALNJS; rv:11.0) like Gecko"
68.178.198.34 - - [01/Nov/2025:07:23:20 +1000] "POST /wp-login.php HTTP/1.0" 200 57426 "https://region-logist.ru/wp-login.php" "Mozilla/5.0 (Windows NT 10.0; WOW64; Trident/7.0; MALNJS; rv:11.0) like Gecko"
74.7.227.14 - - [01/Nov/2025:07:23:23 +1000] "GET /1077600?fileloc=//bin/perror&path=//bin HTTP/1.0" 200 4746595 "-" "Mozilla/5.0 AppleWebKit/537.36 (KHTML, like Gecko; compatible; GPTBot/1.2; +https://openai.com/gptbot)"
74.7.227.14 - - [01/Nov/2025:07:23:34 +1000] "GET /1077600?fileloc=//bin/db_printlog&path=//bin HTTP/1.0" 200 55577 "-" "Mozilla/5.0 AppleWebKit/537.36 (KHTML, like Gecko; compatible; GPTBot/1.2; +https://openai.com/gptbot)"
74.7.227.14 - - [01/Nov/2025:07:23:43 +1000] "GET /1440784?path=//var/www HTTP/1.0" 200 99960 "-" "Mozilla/5.0 AppleWebKit/537.36 (KHTML, like Gecko; compatible; GPTBot/1.2; +https://openai.com/gptbot)"
74.7.227.14 - - [01/Nov/2025:07:23:51 +1000] "GET /1167872?path=//var/www/neptunvld.com HTTP/1.0" 200 12777 "-" "Mozilla/5.0 AppleWebKit/537.36 (KHTML, like Gecko; compatible; GPTBot/1.2; +https://openai.com/gptbot)"
216.73.216.137 - - [01/Nov/2025:07:23:57 +1000] "GET /catalog/avtokrany/avtomobilnyj-kran-zoomlion-ztc600v-60-tonn?fileloc=%2F%2Fbin%2Fview&path=%2F%2Fbin HTTP/1.0" 200 1498579 "-" "Mozilla/5.0 AppleWebKit/537.36 (KHTML, like Gecko; compatible; ClaudeBot/1.0; +claudebot@anthropic.com)"
74.7.227.14 - - [01/Nov/2025:07:23:57 +1000] "GET /1513168?fileloc=//etc/fuse.conf&path=//etc HTTP/1.0" 302 - "-" "Mozilla/5.0 AppleWebKit/537.36 (KHTML, like Gecko; compatible; GPTBot/1.2; +https://openai.com/gptbot)"
216.73.216.137 - - [01/Nov/2025:07:24:02 +1000] "GET /catalog/avtokrany/avtomobilnyj-kran-zoomlion-ztc600v-60-tonn?fileloc=%2F%2Fbin%2Frenice&path=%2F%2Fbin HTTP/1.0" 200 26915 "-" "Mozilla/5.0 AppleWebKit/537.36 (KHTML, like Gecko; compatible; ClaudeBot/1.0; +claudebot@anthropic.com)"
216.73.216.137 - - [01/Nov/2025:07:24:05 +1000] "GET /catalog/avtokrany/avtomobilnyj-kran-zoomlion-ztc600v-60-tonn?fileloc=%2F%2Fbin%2Ffreebcp&path=%2F%2Fbin HTTP/1.0" 200 43677 "-" "Mozilla/5.0 AppleWebKit/537.36 (KHTML, like Gecko; compatible; ClaudeBot/1.0; +claudebot@anthropic.com)"
74.7.227.14 - - [01/Nov/2025:07:24:06 +1000] "GET /1077600?fileloc=//bin/redis-server&path=//bin HTTP/1.0" 200 1506805 "-" "Mozilla/5.0 AppleWebKit/537.36 (KHTML, like Gecko; compatible; GPTBot/1.2; +https://openai.com/gptbot)"
216.73.216.137 - - [01/Nov/2025:07:24:08 +1000] "GET /catalog/avtokrany/avtomobilnyj-kran-zoomlion-ztc600v-60-tonn?fileloc=%2F%2Fbin%2Fxgamma&path=%2F%2Fbin HTTP/1.0" 200 26797 "-" "Mozilla/5.0 AppleWebKit/537.36 (KHTML, like Gecko; compatible; ClaudeBot/1.0; +claudebot@anthropic.com)"
216.73.216.137 - - [01/Nov/2025:07:24:11 +1000] "GET /catalog/avtokrany/avtomobilnyj-kran-zoomlion-ztc600v-60-tonn?fileloc=%2F%2Fbin%2Fconvert&path=%2F%2Fbin HTTP/1.0" 200 21019 "-" "Mozilla/5.0 AppleWebKit/537.36 (KHTML, like Gecko; compatible; ClaudeBot/1.0; +claudebot@anthropic.com)"
216.73.216.137 - - [01/Nov/2025:07:24:14 +1000] "GET /catalog/avtokrany/avtomobilnyj-kran-zoomlion-ztc600v-60-tonn?fileloc=%2F%2Fbin%2Fhesinfo&path=%2F%2Fbin HTTP/1.0" 200 25893 "-" "Mozilla/5.0 AppleWebKit/537.36 (KHTML, like Gecko; compatible; ClaudeBot/1.0; +claudebot@anthropic.com)"
74.7.227.14 - - [01/Nov/2025:07:24:17 +1000] "GET /1513168?path=//etc/sudoers.d HTTP/1.0" 302 - "-" "Mozilla/5.0 AppleWebKit/537.36 (KHTML, like Gecko; compatible; GPTBot/1.2; +https://openai.com/gptbot)"
66.249.76.164 - - [01/Nov/2025:07:24:16 +1000] "GET /ja/themes/87 HTTP/1.0" 200 202244 "-" "Mozilla/5.0 (compatible; Googlebot/2.1; +http://www.google.com/bot.html)"
216.73.216.137 - - [01/Nov/2025:07:24:17 +1000] "GET /catalog/avtokrany/avtomobilnyj-kran-zoomlion-ztc600v-60-tonn?fileloc=%2F%2Fbin%2Fnewgrp&path=%2F%2Fbin HTTP/1.0" 200 70111 "-" "Mozilla/5.0 AppleWebKit/537.36 (KHTML, like Gecko; compatible; ClaudeBot/1.0; +claudebot@anthropic.com)"
74.7.227.14 - - [01/Nov/2025:07:24:26 +1000] "GET /1513168?path=//etc/cron.daily HTTP/1.0" 302 - "-" "Mozilla/5.0 AppleWebKit/537.36 (KHTML, like Gecko; compatible; GPTBot/1.2; +https://openai.com/gptbot)"
74.7.227.14 - - [01/Nov/2025:07:24:33 +1000] "GET /1167872?path=//var/www/app.shambalacasino.ru HTTP/1.0" 200 12793 "-" "Mozilla/5.0 AppleWebKit/537.36 (KHTML, like Gecko; compatible; GPTBot/1.2; +https://openai.com/gptbot)"
74.7.227.14 - - [01/Nov/2025:07:24:44 +1000] "GET /1077600?fileloc=//bin/lessecho&path=//bin HTTP/1.0" 200 26414 "-" "Mozilla/5.0 AppleWebKit/537.36 (KHTML, like Gecko; compatible; GPTBot/1.2; +https://openai.com/gptbot)"
74.7.227.14 - - [01/Nov/2025:07:24:53 +1000] "GET /1077600?fileloc=//bin/garbd&path=//bin HTTP/1.0" 200 2976376 "-" "Mozilla/5.0 AppleWebKit/537.36 (KHTML, like Gecko; compatible; GPTBot/1.2; +https://openai.com/gptbot)"
74.7.227.14 - - [01/Nov/2025:07:25:19 +1000] "GET /1503808?path=//etc/mc HTTP/1.0" 302 - "-" "Mozilla/5.0 AppleWebKit/537.36 (KHTML, like Gecko; compatible; GPTBot/1.2; +https://openai.com/gptbot)"
74.7.227.14 - - [01/Nov/2025:07:25:46 +1000] "GET /1167872?path=//var/db HTTP/1.0" 200 15411 "-" "Mozilla/5.0 AppleWebKit/537.36 (KHTML, like Gecko; compatible; GPTBot/1.2; +https://openai.com/gptbot)"
74.7.227.14 - - [01/Nov/2025:07:26:05 +1000] "GET /1513168?path=//etc/rc.d HTTP/1.0" 302 - "-" "Mozilla/5.0 AppleWebKit/537.36 (KHTML, like Gecko; compatible; GPTBot/1.2; +https://openai.com/gptbot)"
74.7.227.14 - - [01/Nov/2025:07:26:15 +1000] "GET /1440784?path=//var/www/neptunvld.com HTTP/1.0" 200 12777 "-" "Mozilla/5.0 AppleWebKit/537.36 (KHTML, like Gecko; compatible; GPTBot/1.2; +https://openai.com/gptbot)"
216.73.216.137 - - [01/Nov/2025:07:26:18 +1000] "GET /catalog/avtokrany/avtomobilnyj-kran-zoomlion-ztc600v-60-tonn?fileloc=%2F%2Fbin%2Fptaskset&path=%2F%2Fbin HTTP/1.0" 200 16488 "-" "Mozilla/5.0 AppleWebKit/537.36 (KHTML, like Gecko; compatible; ClaudeBot/1.0; +claudebot@anthropic.com)"
216.73.216.137 - - [01/Nov/2025:07:26:20 +1000] "GET /catalog/avtokrany/avtomobilnyj-kran-zoomlion-ztc600v-60-tonn?path=%2F%2Fproc%2F114793 HTTP/1.0" 200 12728 "-" "Mozilla/5.0 AppleWebKit/537.36 (KHTML, like Gecko; compatible; ClaudeBot/1.0; +claudebot@anthropic.com)"
74.7.227.14 - - [01/Nov/2025:07:26:22 +1000] "GET /1077600?fileloc=//bin/newgrp&path=//bin HTTP/1.0" 200 70111 "-" "Mozilla/5.0 AppleWebKit/537.36 (KHTML, like Gecko; compatible; GPTBot/1.2; +https://openai.com/gptbot)"
216.73.216.137 - - [01/Nov/2025:07:26:23 +1000] "GET /catalog/avtokrany/avtomobilnyj-kran-zoomlion-ztc600v-60-tonn?path=%2F%2Fproc%2F74401 HTTP/1.0" 200 12726 "-" "Mozilla/5.0 AppleWebKit/537.36 (KHTML, like Gecko; compatible; ClaudeBot/1.0; +claudebot@anthropic.com)"
216.73.216.137 - - [01/Nov/2025:07:26:26 +1000] "GET /catalog/avtokrany/avtomobilnyj-kran-zoomlion-ztc600v-60-tonn?fileloc=%2F%2Fboot%2Fsymvers-3.10.0-1160.81.1.el7.x86_64.gz&path=%2F%2Fboot HTTP/1.0" 200 604833 "-" "Mozilla/5.0 AppleWebKit/537.36 (KHTML, like Gecko; compatible; ClaudeBot/1.0; +claudebot@anthropic.com)"
216.73.216.137 - - [01/Nov/2025:07:26:29 +1000] "GET /catalog/avtokrany/avtomobilnyj-kran-zoomlion-ztc600v-60-tonn?path=%2F%2Fproc%2F731 HTTP/1.0" 200 76313 "-" "Mozilla/5.0 AppleWebKit/537.36 (KHTML, like Gecko; compatible; ClaudeBot/1.0; +claudebot@anthropic.com)"
74.7.227.14 - - [01/Nov/2025:07:26:31 +1000] "GET /1503808?path=//etc/pm HTTP/1.0" 302 - "-" "Mozilla/5.0 AppleWebKit/537.36 (KHTML, like Gecko; compatible; GPTBot/1.2; +https://openai.com/gptbot)"
216.73.216.137 - - [01/Nov/2025:07:26:32 +1000] "GET /catalog/avtokrany/avtomobilnyj-kran-zoomlion-ztc600v-60-tonn?fileloc=%2F%2Fbin%2Fphar.phar&path=%2F%2Fbin HTTP/1.0" 200 38713 "-" "Mozilla/5.0 AppleWebKit/537.36 (KHTML, like Gecko; compatible; ClaudeBot/1.0; +claudebot@anthropic.com)"
216.73.216.137 - - [01/Nov/2025:07:26:35 +1000] "GET /catalog/avtokrany/avtomobilnyj-kran-zoomlion-ztc600v-60-tonn?fileloc=%2F%2Fbin%2Fndg_httpclient&path=%2F%2Fbin HTTP/1.0" 200 12696 "-" "Mozilla/5.0 AppleWebKit/537.36 (KHTML, like Gecko; compatible; ClaudeBot/1.0; +claudebot@anthropic.com)"
216.73.216.137 - - [01/Nov/2025:07:26:38 +1000] "GET /catalog/avtokrany/avtomobilnyj-kran-zoomlion-ztc600v-60-tonn?fileloc=%2F%2Fbin%2Ffusermount&path=%2F%2Fbin HTTP/1.0" 200 56724 "-" "Mozilla/5.0 AppleWebKit/537.36 (KHTML, like Gecko; compatible; ClaudeBot/1.0; +claudebot@anthropic.com)"
74.7.227.14 - - [01/Nov/2025:07:26:41 +1000] "GET /1513168?fileloc=//etc/dracut.conf&path=//etc HTTP/1.0" 302 - "-" "Mozilla/5.0 AppleWebKit/537.36 (KHTML, like Gecko; compatible; GPTBot/1.2; +https://openai.com/gptbot)"
216.73.216.137 - - [01/Nov/2025:07:26:41 +1000] "GET /catalog/avtokrany/avtomobilnyj-kran-zoomlion-ztc600v-60-tonn?fileloc=%2F%2Fbin%2Fbase64&path=%2F%2Fbin HTTP/1.0" 200 65885 "-" "Mozilla/5.0 AppleWebKit/537.36 (KHTML, like Gecko; compatible; ClaudeBot/1.0; +claudebot@anthropic.com)"
74.7.227.14 - - [01/Nov/2025:07:26:49 +1000] "GET /1440784?path=//var/www/fujihome_ru_usr HTTP/1.0" 200 12781 "-" "Mozilla/5.0 AppleWebKit/537.36 (KHTML, like Gecko; compatible; GPTBot/1.2; +https://openai.com/gptbot)"
216.73.216.137 - - [01/Nov/2025:07:26:50 +1000] "GET /catalog/avtokrany/avtomobilnyj-kran-zoomlion-ztc600v-60-tonn?fileloc=%2F%2Flib64%2Flibsmime3.so&path=%2F%2Flib64 HTTP/1.0" 200 266069 "-" "Mozilla/5.0 AppleWebKit/537.36 (KHTML, like Gecko; compatible; ClaudeBot/1.0; +claudebot@anthropic.com)"
216.73.216.137 - - [01/Nov/2025:07:26:52 +1000] "GET /catalog/avtokrany/avtomobilnyj-kran-zoomlion-ztc600v-60-tonn?fileloc=%2F%2Fbin%2Fsystemd-stdio-bridge&path=%2F%2Fbin HTTP/1.0" 200 493819 "-" "Mozilla/5.0 AppleWebKit/537.36 (KHTML, like Gecko; compatible; ClaudeBot/1.0; +claudebot@anthropic.com)"
114.119.156.46 - - [01/Nov/2025:07:26:53 +1000] "GET /2439004000?shopdetail=2436128665 HTTP/1.0" 200 57426 "https://region-logist.ru/sitemap.xml" "Mozilla/5.0 (Linux; Android 7.0;) AppleWebKit/537.36 (KHTML, like Gecko) Mobile Safari/537.36 (compatible; PetalBot;+https://webmaster.petalsearch.com/site/petalbot)"
216.73.216.137 - - [01/Nov/2025:07:26:55 +1000] "GET /catalog/avtokrany/avtomobilnyj-kran-zoomlion-ztc600v-60-tonn?fileloc=%2F%2Flib64%2Flibt1.so.5&path=%2F%2Flib64 HTTP/1.0" 200 476646 "-" "Mozilla/5.0 AppleWebKit/537.36 (KHTML, like Gecko; compatible; ClaudeBot/1.0; +claudebot@anthropic.com)"
74.7.227.14 - - [01/Nov/2025:07:26:57 +1000] "GET /1167872?path=//var/yp HTTP/1.0" 200 12717 "-" "Mozilla/5.0 AppleWebKit/537.36 (KHTML, like Gecko; compatible; GPTBot/1.2; +https://openai.com/gptbot)"
216.73.216.137 - - [01/Nov/2025:07:26:58 +1000] "GET /catalog/avtokrany/avtomobilnyj-kran-zoomlion-ztc600v-60-tonn?fileloc=%2F%2Fsbin%2Fbtrfs-convert&path=%2F%2Fsbin HTTP/1.0" 200 607632 "-" "Mozilla/5.0 AppleWebKit/537.36 (KHTML, like Gecko; compatible; ClaudeBot/1.0; +claudebot@anthropic.com)"
216.73.216.137 - - [01/Nov/2025:07:27:01 +1000] "GET /catalog/avtokrany/avtomobilnyj-kran-zoomlion-ztc600v-60-tonn?fileloc=%2F%2Flib64%2F.libssl.so.10.hmac&path=%2F%2Flib64 HTTP/1.0" 200 12351 "-" "Mozilla/5.0 AppleWebKit/537.36 (KHTML, like Gecko; compatible; ClaudeBot/1.0; +claudebot@anthropic.com)"
216.73.216.137 - - [01/Nov/2025:07:27:04 +1000] "GET /catalog/avtokrany/avtomobilnyj-kran-zoomlion-ztc600v-60-tonn?fileloc=%2F%2Flib64%2Flibsoftokn3.chk&path=%2F%2Flib64 HTTP/1.0" 200 12431 "-" "Mozilla/5.0 AppleWebKit/537.36 (KHTML, like Gecko; compatible; ClaudeBot/1.0; +claudebot@anthropic.com)"
74.7.227.14 - - [01/Nov/2025:07:27:05 +1000] "GET /1440784?path=//var/db HTTP/1.0" 200 15411 "-" "Mozilla/5.0 AppleWebKit/537.36 (KHTML, like Gecko; compatible; GPTBot/1.2; +https://openai.com/gptbot)"
216.73.216.137 - - [01/Nov/2025:07:27:07 +1000] "GET /catalog/avtokrany/avtomobilnyj-kran-zoomlion-ztc600v-60-tonn?fileloc=%2F%2Fbin%2Fperl5.16.3&path=%2F%2Fbin HTTP/1.0" 200 25584 "-" "Mozilla/5.0 AppleWebKit/537.36 (KHTML, like Gecko; compatible; ClaudeBot/1.0; +claudebot@anthropic.com)"
216.73.216.137 - - [01/Nov/2025:07:27:10 +1000] "GET /catalog/avtokrany/avtomobilnyj-kran-zoomlion-ztc600v-60-tonn?fileloc=%2F%2Flib64%2FlibMagickWand-6.Q16.so&path=%2F%2Flib64 HTTP/1.0" 200 2037434 "-" "Mozilla/5.0 AppleWebKit/537.36 (KHTML, like Gecko; compatible; ClaudeBot/1.0; +claudebot@anthropic.com)"
216.73.216.137 - - [01/Nov/2025:07:27:13 +1000] "GET /catalog/avtokrany/avtomobilnyj-kran-zoomlion-ztc600v-60-tonn?fileloc=%2F%2Ftmp%2Fsess_307508f1bdf84aabaa79ca88f7c1845b&path=%2F%2Ftmp HTTP/1.0" 200 12299 "-" "Mozilla/5.0 AppleWebKit/537.36 (KHTML, like Gecko; compatible; ClaudeBot/1.0; +claudebot@anthropic.com)"
74.7.227.14 - - [01/Nov/2025:07:27:14 +1000] "GET /1405984?path=//tmp HTTP/1.0" 200 802456 "-" "Mozilla/5.0 AppleWebKit/537.36 (KHTML, like Gecko; compatible; GPTBot/1.2; +https://openai.com/gptbot)"
216.73.216.137 - - [01/Nov/2025:07:27:16 +1000] "GET /catalog/avtokrany/avtomobilnyj-kran-zoomlion-ztc600v-60-tonn?fileloc=%2F%2Flib64%2Flibicutu.so.50.2&path=%2F%2Flib64 HTTP/1.0" 200 259105 "-" "Mozilla/5.0 AppleWebKit/537.36 (KHTML, like Gecko; compatible; ClaudeBot/1.0; +claudebot@anthropic.com)"
74.7.227.14 - - [01/Nov/2025:07:27:23 +1000] "GET /1523216?path=//etc HTTP/1.0" 200 323995 "-" "Mozilla/5.0 AppleWebKit/537.36 (KHTML, like Gecko; compatible; GPTBot/1.2; +https://openai.com/gptbot)"
216.73.216.137 - - [01/Nov/2025:07:27:23 +1000] "GET /catalog/avtokrany/avtomobilnyj-kran-zoomlion-ztc600v-60-tonn?fileloc=%2F%2Fbin%2Fpinky&path=%2F%2Fbin HTTP/1.0" 200 64865 "-" "Mozilla/5.0 AppleWebKit/537.36 (KHTML, like Gecko; compatible; ClaudeBot/1.0; +claudebot@anthropic.com)"
216.73.216.137 - - [01/Nov/2025:07:27:28 +1000] "GET /catalog/avtokrany/avtomobilnyj-kran-zoomlion-ztc600v-60-tonn?fileloc=%2F%2Fbin%2Fzsoelim&path=%2F%2Fbin HTTP/1.0" 200 59197 "-" "Mozilla/5.0 AppleWebKit/537.36 (KHTML, like Gecko; compatible; ClaudeBot/1.0; +claudebot@anthropic.com)"
216.73.216.137 - - [01/Nov/2025:07:27:31 +1000] "GET /catalog/avtokrany/avtomobilnyj-kran-zoomlion-ztc600v-60-tonn?fileloc=%2F%2Fbin%2Fstrip&path=%2F%2Fbin HTTP/1.0" 200 374964 "-" "Mozilla/5.0 AppleWebKit/537.36 (KHTML, like Gecko; compatible; ClaudeBot/1.0; +claudebot@anthropic.com)"
74.7.227.14 - - [01/Nov/2025:07:27:33 +1000] "GET /1470400?path=//usr HTTP/1.0" 200 28121 "-" "Mozilla/5.0 AppleWebKit/537.36 (KHTML, like Gecko; compatible; GPTBot/1.2; +https://openai.com/gptbot)"
216.73.216.137 - - [01/Nov/2025:07:27:34 +1000] "GET /catalog/avtokrany/avtomobilnyj-kran-zoomlion-ztc600v-60-tonn?fileloc=%2F%2Fbin%2Fbzip2recover&path=%2F%2Fbin HTTP/1.0" 200 32234 "-" "Mozilla/5.0 AppleWebKit/537.36 (KHTML, like Gecko; compatible; ClaudeBot/1.0; +claudebot@anthropic.com)"
216.73.216.137 - - [01/Nov/2025:07:27:37 +1000] "GET /catalog/avtokrany/avtomobilnyj-kran-zoomlion-ztc600v-60-tonn?fileloc=%2F%2Fbin%2Furlgrabber&path=%2F%2Fbin HTTP/1.0" 200 25849 "-" "Mozilla/5.0 AppleWebKit/537.36 (KHTML, like Gecko; compatible; ClaudeBot/1.0; +claudebot@anthropic.com)"
216.73.216.137 - - [01/Nov/2025:07:27:40 +1000] "GET /catalog/avtokrany/avtomobilnyj-kran-zoomlion-ztc600v-60-tonn?fileloc=%2F%2Fbin%2Fbg&path=%2F%2Fbin HTTP/1.0" 200 12300 "-" "Mozilla/5.0 AppleWebKit/537.36 (KHTML, like Gecko; compatible; ClaudeBot/1.0; +claudebot@anthropic.com)"
216.73.216.137 - - [01/Nov/2025:07:27:43 +1000] "GET /catalog/avtokrany/avtomobilnyj-kran-zoomlion-ztc600v-60-tonn?fileloc=%2F%2Fproc%2Fmdstat&path=%2F%2Fproc HTTP/1.0" 200 12317 "-" "Mozilla/5.0 AppleWebKit/537.36 (KHTML, like Gecko; compatible; ClaudeBot/1.0; +claudebot@anthropic.com)"
74.7.227.14 - - [01/Nov/2025:07:27:43 +1000] "GET /1169424?path=//tmp HTTP/1.0" 200 802456 "-" "Mozilla/5.0 AppleWebKit/537.36 (KHTML, like Gecko; compatible; GPTBot/1.2; +https://openai.com/gptbot)"
216.73.216.137 - - [01/Nov/2025:07:27:46 +1000] "GET /catalog/avtokrany/avtomobilnyj-kran-zoomlion-ztc600v-60-tonn?fileloc=%2F%2Fbin%2Finfokey&path=%2F%2Fbin HTTP/1.0" 200 40770 "-" "Mozilla/5.0 AppleWebKit/537.36 (KHTML, like Gecko; compatible; ClaudeBot/1.0; +claudebot@anthropic.com)"
216.73.216.137 - - [01/Nov/2025:07:27:49 +1000] "GET /catalog/avtokrany/avtomobilnyj-kran-zoomlion-ztc600v-60-tonn?fileloc=%2F%2Fbin%2Fmore&path=%2F%2Fbin HTTP/1.0" 200 70021 "-" "Mozilla/5.0 AppleWebKit/537.36 (KHTML, like Gecko; compatible; ClaudeBot/1.0; +claudebot@anthropic.com)"
216.73.216.137 - - [01/Nov/2025:07:27:52 +1000] "GET /catalog/avtokrany/avtomobilnyj-kran-zoomlion-ztc600v-60-tonn?fileloc=%2F%2Fbin%2Ffreshclam&path=%2F%2Fbin HTTP/1.0" 200 66332 "-" "Mozilla/5.0 AppleWebKit/537.36 (KHTML, like Gecko; compatible; ClaudeBot/1.0; +claudebot@anthropic.com)"
74.7.227.14 - - [01/Nov/2025:07:27:57 +1000] "GET /1455296?path=//opt HTTP/1.0" 200 30713 "-" "Mozilla/5.0 AppleWebKit/537.36 (KHTML, like Gecko; compatible; GPTBot/1.2; +https://openai.com/gptbot)"
74.7.227.14 - - [01/Nov/2025:07:28:05 +1000] "GET /1126656?path=//lib HTTP/1.0" 200 57151 "-" "Mozilla/5.0 AppleWebKit/537.36 (KHTML, like Gecko; compatible; GPTBot/1.2; +https://openai.com/gptbot)"
74.7.227.14 - - [01/Nov/2025:07:28:14 +1000] "GET /1010272?path=//srv HTTP/1.0" 200 12685 "-" "Mozilla/5.0 AppleWebKit/537.36 (KHTML, like Gecko; compatible; GPTBot/1.2; +https://openai.com/gptbot)"
74.7.227.14 - - [01/Nov/2025:07:28:22 +1000] "GET /1405984?fileloc=//tmp/fcgid.tmp.LIP4TR&path=//tmp HTTP/1.0" 200 12278 "-" "Mozilla/5.0 AppleWebKit/537.36 (KHTML, like Gecko; compatible; GPTBot/1.2; +https://openai.com/gptbot)"
74.7.227.14 - - [01/Nov/2025:07:28:32 +1000] "GET /1226416?path=//usr HTTP/1.0" 200 28121 "-" "Mozilla/5.0 AppleWebKit/537.36 (KHTML, like Gecko; compatible; GPTBot/1.2; +https://openai.com/gptbot)"
74.7.227.14 - - [01/Nov/2025:07:28:40 +1000] "GET /1317104?path=//var HTTP/1.0" 200 44915 "-" "Mozilla/5.0 AppleWebKit/537.36 (KHTML, like Gecko; compatible; GPTBot/1.2; +https://openai.com/gptbot)"
74.7.227.14 - - [01/Nov/2025:07:28:49 +1000] "GET /1405984?fileloc=//tmp/sess_61ac8c4baa65ec35a99efd11aad7ec6e&path=//tmp HTTP/1.0" 200 12299 "-" "Mozilla/5.0 AppleWebKit/537.36 (KHTML, like Gecko; compatible; GPTBot/1.2; +https://openai.com/gptbot)"
114.119.145.237 - - [01/Nov/2025:07:28:49 +1000] "GET /2438996704?shopdetail=2436121377 HTTP/1.0" 200 57426 "https://region-logist.ru/sitemap.xml" "Mozilla/5.0 (Linux; Android 7.0;) AppleWebKit/537.36 (KHTML, like Gecko) Mobile Safari/537.36 (compatible; PetalBot;+https://webmaster.petalsearch.com/site/petalbot)"
74.7.227.14 - - [01/Nov/2025:07:28:56 +1000] "GET /1155488?path=//opt HTTP/1.0" 200 30713 "-" "Mozilla/5.0 AppleWebKit/537.36 (KHTML, like Gecko; compatible; GPTBot/1.2; +https://openai.com/gptbot)"
216.73.216.137 - - [01/Nov/2025:07:29:05 +1000] "GET /catalog/avtokrany/avtomobilnyj-kran-zoomlion-ztc600v-60-tonn?fileloc=%2F%2Fbin%2Fnl-list-caches&path=%2F%2Fbin HTTP/1.0" 200 25542 "-" "Mozilla/5.0 AppleWebKit/537.36 (KHTML, like Gecko; compatible; ClaudeBot/1.0; +claudebot@anthropic.com)"
74.7.227.14 - - [01/Nov/2025:07:29:05 +1000] "GET /1104816?path=//mnt HTTP/1.0" 200 13969 "-" "Mozilla/5.0 AppleWebKit/537.36 (KHTML, like Gecko; compatible; GPTBot/1.2; +https://openai.com/gptbot)"
216.73.216.137 - - [01/Nov/2025:07:29:07 +1000] "GET /catalog/avtokrany/avtomobilnyj-kran-zoomlion-ztc600v-60-tonn?fileloc=%2F%2Fsbin%2Fhalt&path=%2F%2Fsbin HTTP/1.0" 200 1128795 "-" "Mozilla/5.0 AppleWebKit/537.36 (KHTML, like Gecko; compatible; ClaudeBot/1.0; +claudebot@anthropic.com)"
216.73.216.137 - - [01/Nov/2025:07:29:13 +1000] "GET /catalog/avtokrany/avtomobilnyj-kran-zoomlion-ztc600v-60-tonn?fileloc=%2F%2Fbin%2Fcmsutil&path=%2F%2Fbin HTTP/1.0" 200 179121 "-" "Mozilla/5.0 AppleWebKit/537.36 (KHTML, like Gecko; compatible; ClaudeBot/1.0; +claudebot@anthropic.com)"
74.7.227.14 - - [01/Nov/2025:07:29:14 +1000] "GET /1405984?fileloc=//tmp/fcgid.tmp.RpVM5o&path=//tmp HTTP/1.0" 200 12278 "-" "Mozilla/5.0 AppleWebKit/537.36 (KHTML, like Gecko; compatible; GPTBot/1.2; +https://openai.com/gptbot)"
212.16.195.25 - - [01/Nov/2025:07:29:14 +1000] "GET / HTTP/1.0" 200 57426 "http://212.16.195.25" "Mozilla/5.0 (X11; Linux x86_64) AppleWebKit/537.36 (KHTML, like Gecko) Chrome/44.0.2403.157 Safari/537.36"
216.73.216.137 - - [01/Nov/2025:07:29:16 +1000] "GET /catalog/avtokrany/avtomobilnyj-kran-zoomlion-ztc600v-60-tonn?fileloc=%2F%2Fbin%2Fcheckmodule&path=%2F%2Fbin HTTP/1.0" 200 660749 "-" "Mozilla/5.0 AppleWebKit/537.36 (KHTML, like Gecko; compatible; ClaudeBot/1.0; +claudebot@anthropic.com)"
216.73.216.137 - - [01/Nov/2025:07:29:22 +1000] "GET /catalog/avtokrany/avtomobilnyj-kran-zoomlion-ztc600v-60-tonn?path=%2F%2Frun%2Flock HTTP/1.0" 200 18028 "-" "Mozilla/5.0 AppleWebKit/537.36 (KHTML, like Gecko; compatible; ClaudeBot/1.0; +claudebot@anthropic.com)"
216.73.216.137 - - [01/Nov/2025:07:29:25 +1000] "GET /catalog/avtokrany/avtomobilnyj-kran-zoomlion-ztc600v-60-tonn?fileloc=%2F%2Fboot%2Fconfig-3.10.0-1160.105.1.el7.x86_64&path=%2F%2Fboot HTTP/1.0" 200 166161 "-" "Mozilla/5.0 AppleWebKit/537.36 (KHTML, like Gecko; compatible; ClaudeBot/1.0; +claudebot@anthropic.com)"
74.7.227.14 - - [01/Nov/2025:07:29:26 +1000] "GET /1169424?fileloc=//tmp/sess_a632f7f322803b954a7687621cc4b5bc&path=//tmp HTTP/1.0" 200 12312 "-" "Mozilla/5.0 AppleWebKit/537.36 (KHTML, like Gecko; compatible; GPTBot/1.2; +https://openai.com/gptbot)"
216.73.216.137 - - [01/Nov/2025:07:29:28 +1000] "GET /catalog/avtokrany/avtomobilnyj-kran-zoomlion-ztc600v-60-tonn?fileloc=%2F%2Fbin%2Fcompile_et&path=%2F%2Fbin HTTP/1.0" 200 14035 "-" "Mozilla/5.0 AppleWebKit/537.36 (KHTML, like Gecko; compatible; ClaudeBot/1.0; +claudebot@anthropic.com)"
216.73.216.137 - - [01/Nov/2025:07:29:31 +1000] "GET /catalog/avtokrany/avtomobilnyj-kran-zoomlion-ztc600v-60-tonn?fileloc=%2F%2Fsbin%2Falternatives&path=%2F%2Fsbin HTTP/1.0" 200 52172 "-" "Mozilla/5.0 AppleWebKit/537.36 (KHTML, like Gecko; compatible; ClaudeBot/1.0; +claudebot@anthropic.com)"
74.7.227.14 - - [01/Nov/2025:07:29:34 +1000] "GET /1169424?fileloc=//tmp/fcgid.tmp.7czWgJ&path=//tmp HTTP/1.0" 200 12278 "-" "Mozilla/5.0 AppleWebKit/537.36 (KHTML, like Gecko; compatible; GPTBot/1.2; +https://openai.com/gptbot)"
216.73.216.137 - - [01/Nov/2025:07:29:34 +1000] "GET /catalog/avtokrany/avtomobilnyj-kran-zoomlion-ztc600v-60-tonn?path=%2F%2Fproc%2F577 HTTP/1.0" 200 76313 "-" "Mozilla/5.0 AppleWebKit/537.36 (KHTML, like Gecko; compatible; ClaudeBot/1.0; +claudebot@anthropic.com)"
74.7.227.14 - - [01/Nov/2025:07:29:41 +1000] "GET /1169424?fileloc=//tmp/fcgid.tmp.V7c7kS&path=//tmp HTTP/1.0" 200 12278 "-" "Mozilla/5.0 AppleWebKit/537.36 (KHTML, like Gecko; compatible; GPTBot/1.2; +https://openai.com/gptbot)"
74.7.227.14 - - [01/Nov/2025:07:29:50 +1000] "GET /1169424?fileloc=//tmp/sess_d3678b47496409cd77efe615c824bff9&path=//tmp HTTP/1.0" 200 12299 "-" "Mozilla/5.0 AppleWebKit/537.36 (KHTML, like Gecko; compatible; GPTBot/1.2; +https://openai.com/gptbot)"
216.73.216.137 - - [01/Nov/2025:07:29:54 +1000] "GET /catalog/avtokrany/avtomobilnyj-kran-zoomlion-ztc600v-60-tonn?fileloc=%2F%2Ftmp%2Ffcgid.tmp.1YJ2mG&path=%2F%2Ftmp HTTP/1.0" 200 12278 "-" "Mozilla/5.0 AppleWebKit/537.36 (KHTML, like Gecko; compatible; ClaudeBot/1.0; +claudebot@anthropic.com)"
216.73.216.137 - - [01/Nov/2025:07:29:57 +1000] "GET /catalog/avtokrany/avtomobilnyj-kran-zoomlion-ztc600v-60-tonn?fileloc=%2F%2Fsbin%2Fcfdisk&path=%2F%2Fsbin HTTP/1.0" 200 120278 "-" "Mozilla/5.0 AppleWebKit/537.36 (KHTML, like Gecko; compatible; ClaudeBot/1.0; +claudebot@anthropic.com)"
74.7.227.14 - - [01/Nov/2025:07:29:58 +1000] "GET /1169424?fileloc=//tmp/fcgid.tmp.V71UhP&path=//tmp HTTP/1.0" 200 12278 "-" "Mozilla/5.0 AppleWebKit/537.36 (KHTML, like Gecko; compatible; GPTBot/1.2; +https://openai.com/gptbot)"
216.73.216.137 - - [01/Nov/2025:07:30:00 +1000] "GET /catalog/avtokrany/avtomobilnyj-kran-zoomlion-ztc600v-60-tonn?fileloc=%2F%2Fsbin%2Fchcpu&path=%2F%2Fsbin HTTP/1.0" 200 45066 "-" "Mozilla/5.0 AppleWebKit/537.36 (KHTML, like Gecko; compatible; ClaudeBot/1.0; +claudebot@anthropic.com)"
216.73.216.137 - - [01/Nov/2025:07:30:03 +1000] "GET /catalog/avtokrany/avtomobilnyj-kran-zoomlion-ztc600v-60-tonn?fileloc=%2F%2Fsbin%2Fupdate-alternatives&path=%2F%2Fsbin HTTP/1.0" 200 52179 "-" "Mozilla/5.0 AppleWebKit/537.36 (KHTML, like Gecko; compatible; ClaudeBot/1.0; +claudebot@anthropic.com)"
216.73.216.137 - - [01/Nov/2025:07:30:06 +1000] "GET /catalog/avtokrany/avtomobilnyj-kran-zoomlion-ztc600v-60-tonn?path=%2F%2Fvar%2Fdb HTTP/1.0" 200 15411 "-" "Mozilla/5.0 AppleWebKit/537.36 (KHTML, like Gecko; compatible; ClaudeBot/1.0; +claudebot@anthropic.com)"
74.7.227.14 - - [01/Nov/2025:07:30:07 +1000] "GET /1523216?path=//etc/mc HTTP/1.0" 302 - "-" "Mozilla/5.0 AppleWebKit/537.36 (KHTML, like Gecko; compatible; GPTBot/1.2; +https://openai.com/gptbot)"
216.73.216.137 - - [01/Nov/2025:07:30:09 +1000] "GET /catalog/avtokrany/avtomobilnyj-kran-zoomlion-ztc600v-60-tonn?fileloc=%2F%2Fsbin%2Fxfs_info&path=%2F%2Fsbin HTTP/1.0" 200 12819 "-" "Mozilla/5.0 AppleWebKit/537.36 (KHTML, like Gecko; compatible; ClaudeBot/1.0; +claudebot@anthropic.com)"
216.73.216.137 - - [01/Nov/2025:07:30:12 +1000] "GET /catalog/avtokrany/avtomobilnyj-kran-zoomlion-ztc600v-60-tonn?fileloc=%2F%2Fbin%2Fmysql_find_rows&path=%2F%2Fbin HTTP/1.0" 200 15928 "-" "Mozilla/5.0 AppleWebKit/537.36 (KHTML, like Gecko; compatible; ClaudeBot/1.0; +claudebot@anthropic.com)"
216.73.216.137 - - [01/Nov/2025:07:30:15 +1000] "GET /catalog/avtokrany/avtomobilnyj-kran-zoomlion-ztc600v-60-tonn?fileloc=%2F%2Fsbin%2Ffdformat&path=%2F%2Fsbin HTTP/1.0" 200 27115 "-" "Mozilla/5.0 AppleWebKit/537.36 (KHTML, like Gecko; compatible; ClaudeBot/1.0; +claudebot@anthropic.com)"
74.7.227.14 - - [01/Nov/2025:07:30:15 +1000] "GET /1317104?path=//var/www HTTP/1.0" 200 99960 "-" "Mozilla/5.0 AppleWebKit/537.36 (KHTML, like Gecko; compatible; GPTBot/1.2; +https://openai.com/gptbot)"
74.7.227.14 - - [01/Nov/2025:07:30:31 +1000] "GET /1317104?path=//var/db HTTP/1.0" 200 15411 "-" "Mozilla/5.0 AppleWebKit/537.36 (KHTML, like Gecko; compatible; GPTBot/1.2; +https://openai.com/gptbot)"
74.7.227.14 - - [01/Nov/2025:07:30:43 +1000] "GET /1523216?path=//etc/rc.d HTTP/1.0" 302 - "-" "Mozilla/5.0 AppleWebKit/537.36 (KHTML, like Gecko; compatible; GPTBot/1.2; +https://openai.com/gptbot)"
74.7.227.14 - - [01/Nov/2025:07:30:54 +1000] "GET /1169424?path=//tmp/alfacgiapi HTTP/1.0" 200 14191 "-" "Mozilla/5.0 AppleWebKit/537.36 (KHTML, like Gecko; compatible; GPTBot/1.2; +https://openai.com/gptbot)"
74.7.227.14 - - [01/Nov/2025:07:31:05 +1000] "GET /1523216?path=//etc/pm HTTP/1.0" 302 - "-" "Mozilla/5.0 AppleWebKit/537.36 (KHTML, like Gecko; compatible; GPTBot/1.2; +https://openai.com/gptbot)"
74.7.227.14 - - [01/Nov/2025:07:31:16 +1000] "GET /1099344?path=//etc HTTP/1.0" 200 323995 "-" "Mozilla/5.0 AppleWebKit/537.36 (KHTML, like Gecko; compatible; GPTBot/1.2; +https://openai.com/gptbot)"
216.73.216.137 - - [01/Nov/2025:07:31:17 +1000] "GET /catalog/avtokrany/avtomobilnyj-kran-zoomlion-ztc600v-60-tonn?fileloc=%2F%2Fbin%2Fpasteurize-2.7&path=%2F%2Fbin HTTP/1.0" 200 12664 "-" "Mozilla/5.0 AppleWebKit/537.36 (KHTML, like Gecko; compatible; ClaudeBot/1.0; +claudebot@anthropic.com)"
216.73.216.137 - - [01/Nov/2025:07:31:22 +1000] "GET /catalog/avtokrany/avtomobilnyj-kran-zoomlion-ztc600v-60-tonn?fileloc=%2F%2Fsbin%2Fxfs_metadump&path=%2F%2Fsbin HTTP/1.0" 200 13198 "-" "Mozilla/5.0 AppleWebKit/537.36 (KHTML, like Gecko; compatible; ClaudeBot/1.0; +claudebot@anthropic.com)"
74.7.227.14 - - [01/Nov/2025:07:31:24 +1000] "GET /1185200?path=//tmp HTTP/1.0" 200 808464 "-" "Mozilla/5.0 AppleWebKit/537.36 (KHTML, like Gecko; compatible; GPTBot/1.2; +https://openai.com/gptbot)"
34.31.96.136 - - [01/Nov/2025:07:31:25 +1000] "GET /wp-login.php HTTP/1.0" 200 57426 "-" "Mozilla/5.0 (Windows NT 6.1; WOW64; Trident/7.0; FSJB; rv:11.0) like Gecko"
216.73.216.137 - - [01/Nov/2025:07:31:25 +1000] "GET /catalog/avtokrany/avtomobilnyj-kran-zoomlion-ztc600v-60-tonn?fileloc=%2F%2Fsbin%2Flnstat&path=%2F%2Fsbin HTTP/1.0" 200 40043 "-" "Mozilla/5.0 AppleWebKit/537.36 (KHTML, like Gecko; compatible; ClaudeBot/1.0; +claudebot@anthropic.com)"
216.73.216.137 - - [01/Nov/2025:07:31:28 +1000] "GET /catalog/avtokrany/avtomobilnyj-kran-zoomlion-ztc600v-60-tonn?fileloc=%2F%2Flib64%2Flibssl.so.1.0.2k&path=%2F%2Flib64 HTTP/1.0" 200 709924 "-" "Mozilla/5.0 AppleWebKit/537.36 (KHTML, like Gecko; compatible; ClaudeBot/1.0; +claudebot@anthropic.com)"
216.73.216.137 - - [01/Nov/2025:07:31:31 +1000] "GET /catalog/avtokrany/avtomobilnyj-kran-zoomlion-ztc600v-60-tonn?fileloc=%2F%2Flib64%2Flibaudit.so.1.0.0&path=%2F%2Flib64 HTTP/1.0" 200 176068 "-" "Mozilla/5.0 AppleWebKit/537.36 (KHTML, like Gecko; compatible; ClaudeBot/1.0; +claudebot@anthropic.com)"
34.31.96.136 - - [01/Nov/2025:07:31:32 +1000] "POST /wp-login.php HTTP/1.0" 200 57426 "https://region-logist.ru/wp-login.php" "Mozilla/5.0 (Windows NT 6.1; WOW64; Trident/7.0; FSJB; rv:11.0) like Gecko"
74.7.227.14 - - [01/Nov/2025:07:31:33 +1000] "GET /1563552?path=//tmp HTTP/1.0" 200 808464 "-" "Mozilla/5.0 AppleWebKit/537.36 (KHTML, like Gecko; compatible; GPTBot/1.2; +https://openai.com/gptbot)"
216.73.216.137 - - [01/Nov/2025:07:31:34 +1000] "GET /catalog/avtokrany/avtomobilnyj-kran-zoomlion-ztc600v-60-tonn?fileloc=%2F%2Flib64%2Flibxcb-dpms.so.0.0.0&path=%2F%2Flib64 HTTP/1.0" 200 26069 "-" "Mozilla/5.0 AppleWebKit/537.36 (KHTML, like Gecko; compatible; ClaudeBot/1.0; +claudebot@anthropic.com)"
216.73.216.137 - - [01/Nov/2025:07:31:37 +1000] "GET /catalog/avtokrany/avtomobilnyj-kran-zoomlion-ztc600v-60-tonn?path=%2Fhome%2Fbk%2Fefi HTTP/1.0" 200 14092 "-" "Mozilla/5.0 AppleWebKit/537.36 (KHTML, like Gecko; compatible; ClaudeBot/1.0; +claudebot@anthropic.com)"
216.73.216.137 - - [01/Nov/2025:07:31:40 +1000] "GET /catalog/avtokrany/avtomobilnyj-kran-zoomlion-ztc600v-60-tonn?fileloc=%2F%2Flib64%2Flibdrm_amdgpu.so.1.0.0&path=%2F%2Flib64 HTTP/1.0" 200 67845 "-" "Mozilla/5.0 AppleWebKit/537.36 (KHTML, like Gecko; compatible; ClaudeBot/1.0; +claudebot@anthropic.com)"
74.7.227.14 - - [01/Nov/2025:07:31:42 +1000] "GET /1016032?path=//etc HTTP/1.0" 200 323995 "-" "Mozilla/5.0 AppleWebKit/537.36 (KHTML, like Gecko; compatible; GPTBot/1.2; +https://openai.com/gptbot)"
74.7.227.14 - - [01/Nov/2025:07:31:51 +1000] "GET /1422640?path=//mnt HTTP/1.0" 200 13969 "-" "Mozilla/5.0 AppleWebKit/537.36 (KHTML, like Gecko; compatible; GPTBot/1.2; +https://openai.com/gptbot)"
66.249.76.165 - - [01/Nov/2025:07:31:53 +1000] "GET /226519792?shopdetail=0226253518 HTTP/1.0" 200 201023 "-" "Mozilla/5.0 (Linux; Android 6.0.1; Nexus 5X Build/MMB29P) AppleWebKit/537.36 (KHTML, like Gecko) Chrome/141.0.7390.122 Mobile Safari/537.36 (compatible; Googlebot/2.1; +http://www.google.com/bot.html)"
74.7.227.14 - - [01/Nov/2025:07:32:01 +1000] "GET /1173632?path=//var HTTP/1.0" 200 44915 "-" "Mozilla/5.0 AppleWebKit/537.36 (KHTML, like Gecko; compatible; GPTBot/1.2; +https://openai.com/gptbot)"
74.7.227.14 - - [01/Nov/2025:07:32:11 +1000] "GET /1136960?path=//tmp HTTP/1.0" 200 808464 "-" "Mozilla/5.0 AppleWebKit/537.36 (KHTML, like Gecko; compatible; GPTBot/1.2; +https://openai.com/gptbot)"
74.7.227.14 - - [01/Nov/2025:07:32:22 +1000] "GET /1175840?path=//opt HTTP/1.0" 200 30713 "-" "Mozilla/5.0 AppleWebKit/537.36 (KHTML, like Gecko; compatible; GPTBot/1.2; +https://openai.com/gptbot)"
74.7.227.14 - - [01/Nov/2025:07:32:30 +1000] "GET /1519616?path=//usr HTTP/1.0" 200 28121 "-" "Mozilla/5.0 AppleWebKit/537.36 (KHTML, like Gecko; compatible; GPTBot/1.2; +https://openai.com/gptbot)"
74.7.227.14 - - [01/Nov/2025:07:32:39 +1000] "GET /1317104?path=//var/www/neptunvld.com HTTP/1.0" 200 12777 "-" "Mozilla/5.0 AppleWebKit/537.36 (KHTML, like Gecko; compatible; GPTBot/1.2; +https://openai.com/gptbot)"
74.7.227.14 - - [01/Nov/2025:07:32:47 +1000] "GET /1010816?path=//srv HTTP/1.0" 200 12685 "-" "Mozilla/5.0 AppleWebKit/537.36 (KHTML, like Gecko; compatible; GPTBot/1.2; +https://openai.com/gptbot)"
74.7.227.14 - - [01/Nov/2025:07:32:55 +1000] "GET /1099344?path=//etc/ld.so.conf.d HTTP/1.0" 302 - "-" "Mozilla/5.0 AppleWebKit/537.36 (KHTML, like Gecko; compatible; GPTBot/1.2; +https://openai.com/gptbot)"
74.7.227.14 - - [01/Nov/2025:07:33:03 +1000] "GET /1185200?fileloc=//tmp/sess_409b728a78504966dbad1dd5c7decbb8&path=//tmp HTTP/1.0" 200 12312 "-" "Mozilla/5.0 AppleWebKit/537.36 (KHTML, like Gecko; compatible; GPTBot/1.2; +https://openai.com/gptbot)"
216.73.216.137 - - [01/Nov/2025:07:33:09 +1000] "GET /catalog/avtokrany/avtomobilnyj-kran-zoomlion-ztc600v-60-tonn?fileloc=%2F%2Fsbin%2Flvresize&path=%2F%2Fsbin HTTP/1.0" 200 3198335 "-" "Mozilla/5.0 AppleWebKit/537.36 (KHTML, like Gecko; compatible; ClaudeBot/1.0; +claudebot@anthropic.com)"
74.7.227.14 - - [01/Nov/2025:07:33:11 +1000] "GET /1185200?fileloc=//tmp/sess_628c1bfbf9b709a4a9fc3d1f18bf562d&path=//tmp HTTP/1.0" 200 12312 "-" "Mozilla/5.0 AppleWebKit/537.36 (KHTML, like Gecko; compatible; GPTBot/1.2; +https://openai.com/gptbot)"
216.73.216.137 - - [01/Nov/2025:07:33:15 +1000] "GET /catalog/avtokrany/avtomobilnyj-kran-zoomlion-ztc600v-60-tonn?fileloc=%2F%2Fsbin%2Fmodprobe&path=%2F%2Fsbin HTTP/1.0" 200 234904 "-" "Mozilla/5.0 AppleWebKit/537.36 (KHTML, like Gecko; compatible; ClaudeBot/1.0; +claudebot@anthropic.com)"
216.73.216.137 - - [01/Nov/2025:07:33:18 +1000] "GET /catalog/avtokrany/avtomobilnyj-kran-zoomlion-ztc600v-60-tonn?fileloc=%2F%2Fsbin%2Fhtcacheclean&path=%2F%2Fsbin HTTP/1.0" 200 56949 "-" "Mozilla/5.0 AppleWebKit/537.36 (KHTML, like Gecko; compatible; ClaudeBot/1.0; +claudebot@anthropic.com)"
74.7.227.14 - - [01/Nov/2025:07:33:19 +1000] "GET /1185200?fileloc=//tmp/fcgid.tmp.7czWgJ&path=//tmp HTTP/1.0" 200 12278 "-" "Mozilla/5.0 AppleWebKit/537.36 (KHTML, like Gecko; compatible; GPTBot/1.2; +https://openai.com/gptbot)"
216.73.216.137 - - [01/Nov/2025:07:33:21 +1000] "GET /catalog/avtokrany/avtomobilnyj-kran-zoomlion-ztc600v-60-tonn?fileloc=%2F%2Fsbin%2Fwpa_passphrase&path=%2F%2Fsbin HTTP/1.0" 200 98287 "-" "Mozilla/5.0 AppleWebKit/537.36 (KHTML, like Gecko; compatible; ClaudeBot/1.0; +claudebot@anthropic.com)"
216.73.216.137 - - [01/Nov/2025:07:33:24 +1000] "GET /catalog/avtokrany/avtomobilnyj-kran-zoomlion-ztc600v-60-tonn?fileloc=%2F%2Fsbin%2Frtacct&path=%2F%2Fsbin HTTP/1.0" 200 65312 "-" "Mozilla/5.0 AppleWebKit/537.36 (KHTML, like Gecko; compatible; ClaudeBot/1.0; +claudebot@anthropic.com)"
216.73.216.137 - - [01/Nov/2025:07:33:27 +1000] "GET /catalog/avtokrany/avtomobilnyj-kran-zoomlion-ztc600v-60-tonn?fileloc=%2F%2Fsbin%2Fxfs_mdrestore&path=%2F%2Fsbin HTTP/1.0" 200 531965 "-" "Mozilla/5.0 AppleWebKit/537.36 (KHTML, like Gecko; compatible; ClaudeBot/1.0; +claudebot@anthropic.com)"
74.7.227.14 - - [01/Nov/2025:07:33:28 +1000] "GET /1185200?fileloc=//tmp/fcgid.tmp.3QqoN9&path=//tmp HTTP/1.0" 200 12278 "-" "Mozilla/5.0 AppleWebKit/537.36 (KHTML, like Gecko; compatible; GPTBot/1.2; +https://openai.com/gptbot)"
216.73.216.137 - - [01/Nov/2025:07:33:34 +1000] "GET /catalog/avtokrany/avtomobilnyj-kran-zoomlion-ztc600v-60-tonn?fileloc=%2F%2Fbin%2Fdiff&path=%2F%2Fbin HTTP/1.0" 200 332361 "-" "Mozilla/5.0 AppleWebKit/537.36 (KHTML, like Gecko; compatible; ClaudeBot/1.0; +claudebot@anthropic.com)"
74.7.227.14 - - [01/Nov/2025:07:33:35 +1000] "GET /1185200?fileloc=//tmp/sess_1a37680fbacf1d933fe792aadb7ea1f3&path=//tmp HTTP/1.0" 200 12299 "-" "Mozilla/5.0 AppleWebKit/537.36 (KHTML, like Gecko; compatible; GPTBot/1.2; +https://openai.com/gptbot)"
216.73.216.137 - - [01/Nov/2025:07:33:39 +1000] "GET /catalog/avtokrany/avtomobilnyj-kran-zoomlion-ztc600v-60-tonn?fileloc=%2F%2Fsbin%2Flvmpolld&path=%2F%2Fsbin HTTP/1.0" 200 104748 "-" "Mozilla/5.0 AppleWebKit/537.36 (KHTML, like Gecko; compatible; ClaudeBot/1.0; +claudebot@anthropic.com)"
216.73.216.137 - - [01/Nov/2025:07:33:42 +1000] "GET /catalog/avtokrany/avtomobilnyj-kran-zoomlion-ztc600v-60-tonn?fileloc=%2F%2Ftmp%2Ffcgid.tmp.zs1UQD&path=%2F%2Ftmp HTTP/1.0" 200 12278 "-" "Mozilla/5.0 AppleWebKit/537.36 (KHTML, like Gecko; compatible; ClaudeBot/1.0; +claudebot@anthropic.com)"
74.7.227.14 - - [01/Nov/2025:07:33:43 +1000] "GET /1563552?fileloc=//tmp/fcgid.tmp.n1mVvg&path=//tmp HTTP/1.0" 200 12278 "-" "Mozilla/5.0 AppleWebKit/537.36 (KHTML, like Gecko; compatible; GPTBot/1.2; +https://openai.com/gptbot)"
216.73.216.137 - - [01/Nov/2025:07:33:45 +1000] "GET /catalog/avtokrany/avtomobilnyj-kran-zoomlion-ztc600v-60-tonn?fileloc=%2F%2Fsbin%2Fnl-classid-lookup&path=%2F%2Fsbin HTTP/1.0" 200 25599 "-" "Mozilla/5.0 AppleWebKit/537.36 (KHTML, like Gecko; compatible; ClaudeBot/1.0; +claudebot@anthropic.com)"
78.157.49.100 - - [01/Nov/2025:07:33:46 +1000] "GET /wp-login.php HTTP/1.0" 200 57426 "-" "Mozilla/5.0 (Windows NT 10.0; Win64; x64) AppleWebKit/537.36 (KHTML, like Gecko) Chrome/66.0.3359.117 Safari/537.36"
216.73.216.137 - - [01/Nov/2025:07:33:48 +1000] "GET /catalog/avtokrany/avtomobilnyj-kran-zoomlion-ztc600v-60-tonn?fileloc=%2F%2Fbin%2Ffc-query&path=%2F%2Fbin HTTP/1.0" 200 26156 "-" "Mozilla/5.0 AppleWebKit/537.36 (KHTML, like Gecko; compatible; ClaudeBot/1.0; +claudebot@anthropic.com)"
78.157.49.100 - - [01/Nov/2025:07:33:49 +1000] "POST /wp-login.php HTTP/1.0" 200 57426 "https://region-logist.ru/wp-login.php" "Mozilla/5.0 (Windows NT 10.0; Win64; x64) AppleWebKit/537.36 (KHTML, like Gecko) Chrome/66.0.3359.117 Safari/537.36"
216.73.216.137 - - [01/Nov/2025:07:33:51 +1000] "GET /catalog/avtokrany/avtomobilnyj-kran-zoomlion-ztc600v-60-tonn?fileloc=%2F%2Fsbin%2Fnewusers&path=%2F%2Fsbin HTTP/1.0" 200 151405 "-" "Mozilla/5.0 AppleWebKit/537.36 (KHTML, like Gecko; compatible; ClaudeBot/1.0; +claudebot@anthropic.com)"
74.7.227.14 - - [01/Nov/2025:07:33:52 +1000] "GET /1173632?path=//var/www HTTP/1.0" 200 99960 "-" "Mozilla/5.0 AppleWebKit/537.36 (KHTML, like Gecko; compatible; GPTBot/1.2; +https://openai.com/gptbot)"
74.7.227.14 - - [01/Nov/2025:07:34:01 +1000] "GET /1136960?fileloc=//tmp/fcgid.tmp.DRnxKV&path=//tmp HTTP/1.0" 200 12278 "-" "Mozilla/5.0 AppleWebKit/537.36 (KHTML, like Gecko; compatible; GPTBot/1.2; +https://openai.com/gptbot)"
74.7.227.14 - - [01/Nov/2025:07:34:07 +1000] "GET /1099344?path=//etc/rc.d HTTP/1.0" 302 - "-" "Mozilla/5.0 AppleWebKit/537.36 (KHTML, like Gecko; compatible; GPTBot/1.2; +https://openai.com/gptbot)"
74.7.227.14 - - [01/Nov/2025:07:34:16 +1000] "GET /1016032?path=//etc/rc.d HTTP/1.0" 302 - "-" "Mozilla/5.0 AppleWebKit/537.36 (KHTML, like Gecko; compatible; GPTBot/1.2; +https://openai.com/gptbot)"
74.7.227.14 - - [01/Nov/2025:07:34:23 +1000] "GET /1173632?path=//var/www/neptunvld.com HTTP/1.0" 200 12777 "-" "Mozilla/5.0 AppleWebKit/537.36 (KHTML, like Gecko; compatible; GPTBot/1.2; +https://openai.com/gptbot)"
74.7.227.14 - - [01/Nov/2025:07:34:32 +1000] "GET /1099344?path=//etc/mc HTTP/1.0" 302 - "-" "Mozilla/5.0 AppleWebKit/537.36 (KHTML, like Gecko; compatible; GPTBot/1.2; +https://openai.com/gptbot)"
66.249.75.72 - - [01/Nov/2025:07:34:38 +1000] "GET /catalog/is-hit/arenda-krana-manipulyatora-kmu-novus/?fileloc=//etc/fuse.conf&path=//etc HTTP/1.0" 302 - "-" "Mozilla/5.0 (Linux; Android 6.0.1; Nexus 5X Build/MMB29P) AppleWebKit/537.36 (KHTML, like Gecko) Chrome/141.0.7390.122 Mobile Safari/537.36 (compatible; GoogleOther)"
74.7.227.14 - - [01/Nov/2025:07:34:41 +1000] "GET /1173632?path=//var/yp HTTP/1.0" 200 12717 "-" "Mozilla/5.0 AppleWebKit/537.36 (KHTML, like Gecko; compatible; GPTBot/1.2; +https://openai.com/gptbot)"
216.73.216.137 - - [01/Nov/2025:07:34:41 +1000] "GET /catalog/avtokrany/avtomobilnyj-kran-zoomlion-ztc600v-60-tonn?fileloc=%2F%2Fbin%2Fvmhgfs-fuse&path=%2F%2Fbin HTTP/1.0" 200 90102 "-" "Mozilla/5.0 AppleWebKit/537.36 (KHTML, like Gecko; compatible; ClaudeBot/1.0; +claudebot@anthropic.com)"
216.73.216.137 - - [01/Nov/2025:07:34:46 +1000] "GET /catalog/avtokrany/avtomobilnyj-kran-zoomlion-ztc600v-60-tonn?fileloc=%2F%2Fsbin%2Faccessdb&path=%2F%2Fsbin HTTP/1.0" 200 26517 "-" "Mozilla/5.0 AppleWebKit/537.36 (KHTML, like Gecko; compatible; ClaudeBot/1.0; +claudebot@anthropic.com)"
74.7.227.14 - - [01/Nov/2025:07:34:49 +1000] "GET /1016032?path=//etc/mc HTTP/1.0" 302 - "-" "Mozilla/5.0 AppleWebKit/537.36 (KHTML, like Gecko; compatible; GPTBot/1.2; +https://openai.com/gptbot)"
216.73.216.137 - - [01/Nov/2025:07:34:49 +1000] "GET /catalog/avtokrany/avtomobilnyj-kran-zoomlion-ztc600v-60-tonn?fileloc=%2F%2Fsbin%2Fmount.fuse&path=%2F%2Fsbin HTTP/1.0" 200 26783 "-" "Mozilla/5.0 AppleWebKit/537.36 (KHTML, like Gecko; compatible; ClaudeBot/1.0; +claudebot@anthropic.com)"
216.73.216.137 - - [01/Nov/2025:07:34:52 +1000] "GET /catalog/avtokrany/avtomobilnyj-kran-zoomlion-ztc600v-60-tonn?fileloc=%2F%2Fsbin%2Faugenrules&path=%2F%2Fsbin HTTP/1.0" 200 16374 "-" "Mozilla/5.0 AppleWebKit/537.36 (KHTML, like Gecko; compatible; ClaudeBot/1.0; +claudebot@anthropic.com)"
216.73.216.137 - - [01/Nov/2025:07:34:55 +1000] "GET /catalog/avtokrany/avtomobilnyj-kran-zoomlion-ztc600v-60-tonn?fileloc=%2F%2Fsbin%2Fzramctl&path=%2F%2Fsbin HTTP/1.0" 200 139308 "-" "Mozilla/5.0 AppleWebKit/537.36 (KHTML, like Gecko; compatible; ClaudeBot/1.0; +claudebot@anthropic.com)"
74.7.227.14 - - [01/Nov/2025:07:34:56 +1000] "GET /1173632?path=//var/db HTTP/1.0" 200 15411 "-" "Mozilla/5.0 AppleWebKit/537.36 (KHTML, like Gecko; compatible; GPTBot/1.2; +https://openai.com/gptbot)"
216.73.216.137 - - [01/Nov/2025:07:34:58 +1000] "GET /catalog/avtokrany/avtomobilnyj-kran-zoomlion-ztc600v-60-tonn?path=%2F%2Fproc%2Fsysvipc HTTP/1.0" 200 16912 "-" "Mozilla/5.0 AppleWebKit/537.36 (KHTML, like Gecko; compatible; ClaudeBot/1.0; +claudebot@anthropic.com)"
216.73.216.137 - - [01/Nov/2025:07:35:01 +1000] "GET /catalog/avtokrany/avtomobilnyj-kran-zoomlion-ztc600v-60-tonn?fileloc=%2F%2Fsbin%2Fgetenforce&path=%2F%2Fsbin HTTP/1.0" 200 20875 "-" "Mozilla/5.0 AppleWebKit/537.36 (KHTML, like Gecko; compatible; ClaudeBot/1.0; +claudebot@anthropic.com)"
216.73.216.137 - - [01/Nov/2025:07:35:04 +1000] "GET /catalog/avtokrany/avtomobilnyj-kran-zoomlion-ztc600v-60-tonn?fileloc=%2F%2Fsbin%2Fpvck&path=%2F%2Fsbin HTTP/1.0" 200 3198331 "-" "Mozilla/5.0 AppleWebKit/537.36 (KHTML, like Gecko; compatible; ClaudeBot/1.0; +claudebot@anthropic.com)"
74.7.227.14 - - [01/Nov/2025:07:35:07 +1000] "GET /1099344?path=//etc/pm HTTP/1.0" 302 - "-" "Mozilla/5.0 AppleWebKit/537.36 (KHTML, like Gecko; compatible; GPTBot/1.2; +https://openai.com/gptbot)"
74.7.227.14 - - [01/Nov/2025:07:35:17 +1000] "GET /1016032?path=//etc/pm HTTP/1.0" 302 - "-" "Mozilla/5.0 AppleWebKit/537.36 (KHTML, like Gecko; compatible; GPTBot/1.2; +https://openai.com/gptbot)"
74.7.227.14 - - [01/Nov/2025:07:35:29 +1000] "GET /1136960?fileloc=//tmp/sess_9a2fdf912553f2c6a2bacd5228edb083&path=//tmp HTTP/1.0" 200 12312 "-" "Mozilla/5.0 AppleWebKit/537.36 (KHTML, like Gecko; compatible; GPTBot/1.2; +https://openai.com/gptbot)"
74.7.227.14 - - [01/Nov/2025:07:35:37 +1000] "GET /1136960?fileloc=//tmp/fcgid.tmp.XbpPPy&path=//tmp HTTP/1.0" 200 12278 "-" "Mozilla/5.0 AppleWebKit/537.36 (KHTML, like Gecko; compatible; GPTBot/1.2; +https://openai.com/gptbot)"
14.225.216.240 - - [01/Nov/2025:07:35:39 +1000] "POST /xmlrpc.php HTTP/1.0" 200 57426 "-" "Mozilla/5.0 (Macintosh; Intel Mac OS X 10_13_1) AppleWebKit/537.36 (KHTML, like Gecko) Chrome/65.0.3325.162 Safari/537.36"
74.7.227.14 - - [01/Nov/2025:07:35:46 +1000] "GET /1180928?path=//mnt HTTP/1.0" 200 13969 "-" "Mozilla/5.0 AppleWebKit/537.36 (KHTML, like Gecko; compatible; GPTBot/1.2; +https://openai.com/gptbot)"
74.7.227.14 - - [01/Nov/2025:07:35:56 +1000] "GET /1563552?fileloc=//tmp/fcgid.tmp.zlu3ZJ&path=//tmp HTTP/1.0" 200 12278 "-" "Mozilla/5.0 AppleWebKit/537.36 (KHTML, like Gecko; compatible; GPTBot/1.2; +https://openai.com/gptbot)"
74.7.227.14 - - [01/Nov/2025:07:36:05 +1000] "GET /1099344?fileloc=//etc/issue.net&path=//etc HTTP/1.0" 302 - "-" "Mozilla/5.0 AppleWebKit/537.36 (KHTML, like Gecko; compatible; GPTBot/1.2; +https://openai.com/gptbot)"
216.73.216.137 - - [01/Nov/2025:07:36:12 +1000] "GET /catalog/avtokrany/avtomobilnyj-kran-zoomlion-ztc600v-60-tonn?path=%2F%2Fproc%2F1230 HTTP/1.0" 200 76492 "-" "Mozilla/5.0 AppleWebKit/537.36 (KHTML, like Gecko; compatible; ClaudeBot/1.0; +claudebot@anthropic.com)"
74.7.227.14 - - [01/Nov/2025:07:36:14 +1000] "GET /1563552?fileloc=//tmp/fcgid.tmp.5n5xgL&path=//tmp HTTP/1.0" 200 12278 "-" "Mozilla/5.0 AppleWebKit/537.36 (KHTML, like Gecko; compatible; GPTBot/1.2; +https://openai.com/gptbot)"
216.73.216.137 - - [01/Nov/2025:07:36:14 +1000] "GET /catalog/avtokrany/avtomobilnyj-kran-zoomlion-ztc600v-60-tonn?path=%2F%2Fproc%2F369 HTTP/1.0" 200 76313 "-" "Mozilla/5.0 AppleWebKit/537.36 (KHTML, like Gecko; compatible; ClaudeBot/1.0; +claudebot@anthropic.com)"
216.73.216.137 - - [01/Nov/2025:07:36:17 +1000] "GET /catalog/avtokrany/avtomobilnyj-kran-zoomlion-ztc600v-60-tonn?fileloc=%2F%2Fbin%2Fxmlwf&path=%2F%2Fbin HTTP/1.0" 200 45973 "-" "Mozilla/5.0 AppleWebKit/537.36 (KHTML, like Gecko; compatible; ClaudeBot/1.0; +claudebot@anthropic.com)"
216.73.216.137 - - [01/Nov/2025:07:36:20 +1000] "GET /catalog/avtokrany/avtomobilnyj-kran-zoomlion-ztc600v-60-tonn?fileloc=%2F%2Fbin%2Fresolveip&path=%2F%2Fbin HTTP/1.0" 200 4535402 "-" "Mozilla/5.0 AppleWebKit/537.36 (KHTML, like Gecko; compatible; ClaudeBot/1.0; +claudebot@anthropic.com)"
74.7.227.14 - - [01/Nov/2025:07:36:22 +1000] "GET /1522336?path=//tmp HTTP/1.0" 200 808464 "-" "Mozilla/5.0 AppleWebKit/537.36 (KHTML, like Gecko; compatible; GPTBot/1.2; +https://openai.com/gptbot)"
114.119.156.46 - - [01/Nov/2025:07:36:24 +1000] "GET /2438993040?shopdetail=2436117716 HTTP/1.0" 200 57426 "https://region-logist.ru/sitemap.xml" "Mozilla/5.0 (Linux; Android 7.0;) AppleWebKit/537.36 (KHTML, like Gecko) Mobile Safari/537.36 (compatible; PetalBot;+https://webmaster.petalsearch.com/site/petalbot)"
216.73.216.137 - - [01/Nov/2025:07:36:26 +1000] "GET /catalog/avtokrany/avtomobilnyj-kran-zoomlion-ztc600v-60-tonn?fileloc=%2F%2Fboot%2Fvmlinuz-3.10.0-1160.66.1.el7.x86_64&path=%2F%2Fboot HTTP/1.0" 200 12486725 "-" "Mozilla/5.0 AppleWebKit/537.36 (KHTML, like Gecko; compatible; ClaudeBot/1.0; +claudebot@anthropic.com)"
74.7.227.14 - - [01/Nov/2025:07:36:32 +1000] "GET /1365616?path=//usr HTTP/1.0" 200 28121 "-" "Mozilla/5.0 AppleWebKit/537.36 (KHTML, like Gecko; compatible; GPTBot/1.2; +https://openai.com/gptbot)"
216.73.216.137 - - [01/Nov/2025:07:36:35 +1000] "GET /catalog/avtokrany/avtomobilnyj-kran-zoomlion-ztc600v-60-tonn?fileloc=%2F%2Ftmp%2Ffcgid.tmp.xiRVfQ&path=%2F%2Ftmp HTTP/1.0" 200 12278 "-" "Mozilla/5.0 AppleWebKit/537.36 (KHTML, like Gecko; compatible; ClaudeBot/1.0; +claudebot@anthropic.com)"
74.7.227.14 - - [01/Nov/2025:07:36:40 +1000] "GET /1563552?fileloc=//tmp/sess_1200bcfb0a2d87bafbe4527797790620&path=//tmp HTTP/1.0" 200 12299 "-" "Mozilla/5.0 AppleWebKit/537.36 (KHTML, like Gecko; compatible; GPTBot/1.2; +https://openai.com/gptbot)"
74.7.227.14 - - [01/Nov/2025:07:36:50 +1000] "GET /1136960?fileloc=//tmp/sess_e3cc5d1bf389ed12052649c4a69360e4&path=//tmp HTTP/1.0" 200 12312 "-" "Mozilla/5.0 AppleWebKit/537.36 (KHTML, like Gecko; compatible; GPTBot/1.2; +https://openai.com/gptbot)"
74.7.227.14 - - [01/Nov/2025:07:36:59 +1000] "GET /1031168?path=//sys HTTP/1.0" 200 26873 "-" "Mozilla/5.0 AppleWebKit/537.36 (KHTML, like Gecko; compatible; GPTBot/1.2; +https://openai.com/gptbot)"
216.73.216.137 - - [01/Nov/2025:07:36:59 +1000] "GET /catalog/avtokrany/avtomobilnyj-kran-zoomlion-ztc600v-60-tonn?path=%2F%2Fproc%2F62 HTTP/1.0" 200 76134 "-" "Mozilla/5.0 AppleWebKit/537.36 (KHTML, like Gecko; compatible; ClaudeBot/1.0; +claudebot@anthropic.com)"
