20.171.207.117 - - [30/Oct/2025:05:53:30 +1000] "GET /1438607568?shopdetail=1436911944 HTTP/2.0" 200 4639 "-" "Mozilla/5.0 AppleWebKit/537.36 (KHTML, like Gecko; compatible; GPTBot/1.2; +https://openai.com/gptbot)"
20.171.207.117 - - [30/Oct/2025:05:53:35 +1000] "GET /1438488176?shopdetail=1436792694 HTTP/2.0" 200 4639 "-" "Mozilla/5.0 AppleWebKit/537.36 (KHTML, like Gecko; compatible; GPTBot/1.2; +https://openai.com/gptbot)"
198.244.240.224 - - [30/Oct/2025:05:53:42 +1000] "GET /2084543264?shopdetail=2082085925 HTTP/2.0" 200 4639 "-" "Mozilla/5.0 (compatible; AhrefsBot/7.0; +http://ahrefs.com/robot/)"
20.171.207.117 - - [30/Oct/2025:05:53:54 +1000] "GET /1515814208?shopdetail=1514027539 HTTP/2.0" 200 4639 "-" "Mozilla/5.0 AppleWebKit/537.36 (KHTML, like Gecko; compatible; GPTBot/1.2; +https://openai.com/gptbot)"
43.131.36.84 - - [30/Oct/2025:05:54:01 +1000] "GET /?path=/ HTTP/1.1" 200 4025 "-" "Mozilla/5.0 (iPhone; CPU iPhone OS 13_2_3 like Mac OS X) AppleWebKit/605.1.15 (KHTML, like Gecko) Version/13.0.3 Mobile/15E148 Safari/604.1"
20.171.207.117 - - [30/Oct/2025:05:54:04 +1000] "GET /1438674608?shopdetail=1436978906 HTTP/2.0" 200 4639 "-" "Mozilla/5.0 AppleWebKit/537.36 (KHTML, like Gecko; compatible; GPTBot/1.2; +https://openai.com/gptbot)"
54.38.147.92 - - [30/Oct/2025:05:54:14 +1000] "GET /2084374032?shopdetail=2081916892 HTTP/2.0" 200 4639 "-" "Mozilla/5.0 (compatible; AhrefsBot/7.0; +http://ahrefs.com/robot/)"
20.171.207.117 - - [30/Oct/2025:05:54:18 +1000] "GET /1438640688?shopdetail=1436945026 HTTP/2.0" 200 4639 "-" "Mozilla/5.0 AppleWebKit/537.36 (KHTML, like Gecko; compatible; GPTBot/1.2; +https://openai.com/gptbot)"
20.171.207.117 - - [30/Oct/2025:05:54:26 +1000] "GET /186541680?shopdetail=0186322550 HTTP/2.0" 200 4639 "-" "Mozilla/5.0 AppleWebKit/537.36 (KHTML, like Gecko; compatible; GPTBot/1.2; +https://openai.com/gptbot)"
20.171.207.117 - - [30/Oct/2025:05:54:32 +1000] "GET /1516008608?shopdetail=1514221709 HTTP/2.0" 200 4639 "-" "Mozilla/5.0 AppleWebKit/537.36 (KHTML, like Gecko; compatible; GPTBot/1.2; +https://openai.com/gptbot)"
198.244.226.176 - - [30/Oct/2025:05:54:46 +1000] "GET /2084353680?shopdetail=2081896564 HTTP/2.0" 200 4639 "-" "Mozilla/5.0 (compatible; AhrefsBot/7.0; +http://ahrefs.com/robot/)"
20.171.207.117 - - [30/Oct/2025:05:55:04 +1000] "GET /1515683856?shopdetail=1513897340 HTTP/2.0" 200 4639 "-" "Mozilla/5.0 AppleWebKit/537.36 (KHTML, like Gecko; compatible; GPTBot/1.2; +https://openai.com/gptbot)"
51.195.215.20 - - [30/Oct/2025:05:55:11 +1000] "GET /2084190864?shopdetail=2081733940 HTTP/2.0" 200 4639 "-" "Mozilla/5.0 (compatible; AhrefsBot/7.0; +http://ahrefs.com/robot/)"
20.171.207.117 - - [30/Oct/2025:05:55:13 +1000] "GET /1515596176?shopdetail=1513809764 HTTP/2.0" 200 4639 "-" "Mozilla/5.0 AppleWebKit/537.36 (KHTML, like Gecko; compatible; GPTBot/1.2; +https://openai.com/gptbot)"
20.171.207.117 - - [30/Oct/2025:05:55:21 +1000] "GET /186657184?shopdetail=0186437917 HTTP/2.0" 200 4639 "-" "Mozilla/5.0 AppleWebKit/537.36 (KHTML, like Gecko; compatible; GPTBot/1.2; +https://openai.com/gptbot)"
20.171.207.117 - - [30/Oct/2025:05:55:29 +1000] "GET /1516014704?shopdetail=1514227798 HTTP/2.0" 200 4639 "-" "Mozilla/5.0 AppleWebKit/537.36 (KHTML, like Gecko; compatible; GPTBot/1.2; +https://openai.com/gptbot)"
20.171.207.117 - - [30/Oct/2025:05:55:36 +1000] "GET /1439119088?shopdetail=1437422862 HTTP/2.0" 200 4639 "-" "Mozilla/5.0 AppleWebKit/537.36 (KHTML, like Gecko; compatible; GPTBot/1.2; +https://openai.com/gptbot)"
51.195.215.174 - - [30/Oct/2025:05:55:42 +1000] "GET /2084125152?shopdetail=2081668305 HTTP/2.0" 200 4639 "-" "Mozilla/5.0 (compatible; AhrefsBot/7.0; +http://ahrefs.com/robot/)"
20.171.207.117 - - [30/Oct/2025:05:55:47 +1000] "GET /1439092128?shopdetail=1437395933 HTTP/2.0" 200 4639 "-" "Mozilla/5.0 AppleWebKit/537.36 (KHTML, like Gecko; compatible; GPTBot/1.2; +https://openai.com/gptbot)"
20.171.207.117 - - [30/Oct/2025:05:55:54 +1000] "GET /1439170352?shopdetail=1437474066 HTTP/2.0" 200 4639 "-" "Mozilla/5.0 AppleWebKit/537.36 (KHTML, like Gecko; compatible; GPTBot/1.2; +https://openai.com/gptbot)"
20.171.207.117 - - [30/Oct/2025:05:55:59 +1000] "GET /475581840?shopdetail=0475021860 HTTP/2.0" 200 4639 "-" "Mozilla/5.0 AppleWebKit/537.36 (KHTML, like Gecko; compatible; GPTBot/1.2; +https://openai.com/gptbot)"
20.171.207.117 - - [30/Oct/2025:05:56:04 +1000] "GET /186238400?shopdetail=0186019627 HTTP/2.0" 200 4639 "-" "Mozilla/5.0 AppleWebKit/537.36 (KHTML, like Gecko; compatible; GPTBot/1.2; +https://openai.com/gptbot)"
20.171.207.117 - - [30/Oct/2025:05:56:09 +1000] "GET /1516070176?shopdetail=1514283205 HTTP/2.0" 200 4639 "-" "Mozilla/5.0 AppleWebKit/537.36 (KHTML, like Gecko; compatible; GPTBot/1.2; +https://openai.com/gptbot)"
51.195.215.222 - - [30/Oct/2025:05:56:16 +1000] "GET /2084084528?shopdetail=2081627730 HTTP/2.0" 200 4639 "-" "Mozilla/5.0 (compatible; AhrefsBot/7.0; +http://ahrefs.com/robot/)"
64.227.133.80 - - [30/Oct/2025:05:56:18 +1000] "GET /wp-login.php HTTP/2.0" 200 4639 "-" "Mozilla/4.0 (compatible; MSIE 7.0; Windows NT 6.1; WOW64; Trident/7.0; SLCC2; .NET CLR 2.0.50727; .NET CLR 3.5.30729; .NET CLR 3.0.30729; Media Center PC 6.0; .NET4.0C; .NET4.0E)"
20.171.207.117 - - [30/Oct/2025:05:56:19 +1000] "GET /474956144?shopdetail=0474396902 HTTP/2.0" 200 4639 "-" "Mozilla/5.0 AppleWebKit/537.36 (KHTML, like Gecko; compatible; GPTBot/1.2; +https://openai.com/gptbot)"
20.171.207.117 - - [30/Oct/2025:05:56:27 +1000] "GET /1438668256?shopdetail=1436972561 HTTP/2.0" 200 4639 "-" "Mozilla/5.0 AppleWebKit/537.36 (KHTML, like Gecko; compatible; GPTBot/1.2; +https://openai.com/gptbot)"
185.191.171.5 - - [30/Oct/2025:05:56:30 +1000] "GET /robots.txt HTTP/1.1" 200 107 "-" "Mozilla/5.0 (compatible; SemrushBot/7~bl; +http://www.semrush.com/bot.html)"
20.171.207.117 - - [30/Oct/2025:05:56:34 +1000] "GET /1438846208?shopdetail=1437150303 HTTP/2.0" 200 4639 "-" "Mozilla/5.0 AppleWebKit/537.36 (KHTML, like Gecko; compatible; GPTBot/1.2; +https://openai.com/gptbot)"
185.191.171.5 - - [30/Oct/2025:05:56:37 +1000] "GET /news/poka-ne-vtorom-meste-no-idem-k-pervomu/ HTTP/1.1" 200 4729 "-" "Mozilla/5.0 (compatible; SemrushBot/7~bl; +http://www.semrush.com/bot.html)"
20.171.207.117 - - [30/Oct/2025:05:56:41 +1000] "GET /1515458928?shopdetail=1513672678 HTTP/2.0" 200 4639 "-" "Mozilla/5.0 AppleWebKit/537.36 (KHTML, like Gecko; compatible; GPTBot/1.2; +https://openai.com/gptbot)"
51.195.215.145 - - [30/Oct/2025:05:56:43 +1000] "GET /2084082320?shopdetail=2081625524 HTTP/2.0" 200 4639 "-" "Mozilla/5.0 (compatible; AhrefsBot/7.0; +http://ahrefs.com/robot/)"
20.171.207.117 - - [30/Oct/2025:05:56:49 +1000] "GET /1438819568?shopdetail=1437123694 HTTP/2.0" 200 4639 "-" "Mozilla/5.0 AppleWebKit/537.36 (KHTML, like Gecko; compatible; GPTBot/1.2; +https://openai.com/gptbot)"
20.171.207.117 - - [30/Oct/2025:05:56:56 +1000] "GET /1515521008?shopdetail=1513734686 HTTP/2.0" 200 4639 "-" "Mozilla/5.0 AppleWebKit/537.36 (KHTML, like Gecko; compatible; GPTBot/1.2; +https://openai.com/gptbot)"
20.171.207.117 - - [30/Oct/2025:05:57:04 +1000] "GET /1515679552?shopdetail=1513893043 HTTP/2.0" 200 4639 "-" "Mozilla/5.0 AppleWebKit/537.36 (KHTML, like Gecko; compatible; GPTBot/1.2; +https://openai.com/gptbot)"
198.244.242.204 - - [30/Oct/2025:05:57:10 +1000] "GET /2084058704?shopdetail=2081601936 HTTP/2.0" 200 4639 "-" "Mozilla/5.0 (compatible; AhrefsBot/7.0; +http://ahrefs.com/robot/)"
20.171.207.117 - - [30/Oct/2025:05:57:15 +1000] "GET /474852688?shopdetail=0474293568 HTTP/2.0" 200 4639 "-" "Mozilla/5.0 AppleWebKit/537.36 (KHTML, like Gecko; compatible; GPTBot/1.2; +https://openai.com/gptbot)"
20.171.207.117 - - [30/Oct/2025:05:57:25 +1000] "GET /1515996432?shopdetail=1514209548 HTTP/2.0" 200 4639 "-" "Mozilla/5.0 AppleWebKit/537.36 (KHTML, like Gecko; compatible; GPTBot/1.2; +https://openai.com/gptbot)"
212.16.195.25 - - [30/Oct/2025:05:57:31 +1000] "GET / HTTP/1.1" 301 169 "-" "Mozilla/5.0 (X11; Linux x86_64) AppleWebKit/537.36 (KHTML, like Gecko) Chrome/44.0.2403.157 Safari/537.36"
20.171.207.117 - - [30/Oct/2025:05:57:33 +1000] "GET /1438661840?shopdetail=1436966152 HTTP/2.0" 200 4639 "-" "Mozilla/5.0 AppleWebKit/537.36 (KHTML, like Gecko; compatible; GPTBot/1.2; +https://openai.com/gptbot)"
212.16.195.25 - - [30/Oct/2025:05:57:34 +1000] "GET / HTTP/1.1" 200 1649 "http://212.16.195.25" "Mozilla/5.0 (X11; Linux x86_64) AppleWebKit/537.36 (KHTML, like Gecko) Chrome/44.0.2403.157 Safari/537.36"
198.244.242.39 - - [30/Oct/2025:05:57:38 +1000] "GET /2084053616?shopdetail=2081596854 HTTP/2.0" 200 4639 "-" "Mozilla/5.0 (compatible; AhrefsBot/7.0; +http://ahrefs.com/robot/)"
20.171.207.117 - - [30/Oct/2025:05:57:38 +1000] "GET /475570992?shopdetail=0475011026 HTTP/2.0" 200 4639 "-" "Mozilla/5.0 AppleWebKit/537.36 (KHTML, like Gecko; compatible; GPTBot/1.2; +https://openai.com/gptbot)"
20.171.207.117 - - [30/Oct/2025:05:57:45 +1000] "GET /447421968?shopdetail=0446895196 HTTP/2.0" 200 4639 "-" "Mozilla/5.0 AppleWebKit/537.36 (KHTML, like Gecko; compatible; GPTBot/1.2; +https://openai.com/gptbot)"
20.171.207.117 - - [30/Oct/2025:05:57:52 +1000] "GET /1438802240?shopdetail=1437106387 HTTP/2.0" 200 4639 "-" "Mozilla/5.0 AppleWebKit/537.36 (KHTML, like Gecko; compatible; GPTBot/1.2; +https://openai.com/gptbot)"
20.171.207.117 - - [30/Oct/2025:05:57:57 +1000] "GET /1515701968?shopdetail=1513915432 HTTP/2.0" 200 4639 "-" "Mozilla/5.0 AppleWebKit/537.36 (KHTML, like Gecko; compatible; GPTBot/1.2; +https://openai.com/gptbot)"
20.171.207.117 - - [30/Oct/2025:05:58:04 +1000] "GET /474939488?shopdetail=0474380265 HTTP/2.0" 200 4639 "-" "Mozilla/5.0 AppleWebKit/537.36 (KHTML, like Gecko; compatible; GPTBot/1.2; +https://openai.com/gptbot)"
198.244.242.0 - - [30/Oct/2025:05:58:10 +1000] "GET /2083887040?shopdetail=2081430475 HTTP/2.0" 200 4639 "-" "Mozilla/5.0 (compatible; AhrefsBot/7.0; +http://ahrefs.com/robot/)"
51.195.244.197 - - [30/Oct/2025:05:58:41 +1000] "GET /1892474656?shopdetail=1890243813 HTTP/2.0" 200 4639 "-" "Mozilla/5.0 (compatible; AhrefsBot/7.0; +http://ahrefs.com/robot/)"
20.171.207.117 - - [30/Oct/2025:05:58:46 +1000] "GET /447165120?shopdetail=0446638651 HTTP/2.0" 200 4639 "-" "Mozilla/5.0 AppleWebKit/537.36 (KHTML, like Gecko; compatible; GPTBot/1.2; +https://openai.com/gptbot)"
20.171.207.117 - - [30/Oct/2025:05:59:09 +1000] "GET /447619648?shopdetail=0447092643 HTTP/2.0" 200 4639 "-" "Mozilla/5.0 AppleWebKit/537.36 (KHTML, like Gecko; compatible; GPTBot/1.2; +https://openai.com/gptbot)"
51.195.215.105 - - [30/Oct/2025:05:59:13 +1000] "GET /1892269424?shopdetail=1890038822 HTTP/2.0" 200 4639 "-" "Mozilla/5.0 (compatible; AhrefsBot/7.0; +http://ahrefs.com/robot/)"
20.171.207.117 - - [30/Oct/2025:05:59:25 +1000] "GET /1438497472?shopdetail=1436801979 HTTP/2.0" 200 4639 "-" "Mozilla/5.0 AppleWebKit/537.36 (KHTML, like Gecko; compatible; GPTBot/1.2; +https://openai.com/gptbot)"
20.171.207.117 - - [30/Oct/2025:05:59:31 +1000] "GET /474939488?fileloc=/home/region-gk.ru/data/www/new.region-gk.ru/wp-trackback.php&path=/home/region-gk.ru/data/www/new.region-gk.ru HTTP/2.0" 200 4708 "-" "Mozilla/5.0 AppleWebKit/537.36 (KHTML, like Gecko; compatible; GPTBot/1.2; +https://openai.com/gptbot)"
20.171.207.117 - - [30/Oct/2025:05:59:34 +1000] "GET /1438848928?shopdetail=1437153021 HTTP/2.0" 200 4639 "-" "Mozilla/5.0 AppleWebKit/537.36 (KHTML, like Gecko; compatible; GPTBot/1.2; +https://openai.com/gptbot)"
54.38.147.27 - - [30/Oct/2025:05:59:41 +1000] "GET /1892154112?shopdetail=1889923647 HTTP/2.0" 200 4639 "-" "Mozilla/5.0 (compatible; AhrefsBot/7.0; +http://ahrefs.com/robot/)"
20.171.207.117 - - [30/Oct/2025:05:59:42 +1000] "GET /1515677216?shopdetail=1513890709 HTTP/2.0" 200 4639 "-" "Mozilla/5.0 AppleWebKit/537.36 (KHTML, like Gecko; compatible; GPTBot/1.2; +https://openai.com/gptbot)"
198.244.168.5 - - [30/Oct/2025:06:00:13 +1000] "GET /1891772128?shopdetail=1889542113 HTTP/2.0" 200 4639 "-" "Mozilla/5.0 (compatible; AhrefsBot/7.0; +http://ahrefs.com/robot/)"
20.171.207.117 - - [30/Oct/2025:06:00:33 +1000] "GET /1515961632?shopdetail=1514174789 HTTP/2.0" 200 4639 "-" "Mozilla/5.0 AppleWebKit/537.36 (KHTML, like Gecko; compatible; GPTBot/1.2; +https://openai.com/gptbot)"
51.195.183.161 - - [30/Oct/2025:06:00:45 +1000] "GET /1636972928?shopdetail=1635043383 HTTP/2.0" 200 4639 "-" "Mozilla/5.0 (compatible; AhrefsBot/7.0; +http://ahrefs.com/robot/)"
20.171.207.117 - - [30/Oct/2025:06:00:49 +1000] "GET /1438802240?path=/home/region-gk.ru/data HTTP/2.0" 200 3610 "-" "Mozilla/5.0 AppleWebKit/537.36 (KHTML, like Gecko; compatible; GPTBot/1.2; +https://openai.com/gptbot)"
198.244.183.137 - - [30/Oct/2025:06:01:14 +1000] "GET /1636928960?shopdetail=1634999467 HTTP/2.0" 200 4639 "-" "Mozilla/5.0 (compatible; AhrefsBot/7.0; +http://ahrefs.com/robot/)"
20.171.207.117 - - [30/Oct/2025:06:01:24 +1000] "GET /1439093008?shopdetail=1437396812 HTTP/2.0" 200 4639 "-" "Mozilla/5.0 AppleWebKit/537.36 (KHTML, like Gecko; compatible; GPTBot/1.2; +https://openai.com/gptbot)"
212.16.195.25 - - [30/Oct/2025:06:01:25 +1000] "GET / HTTP/1.1" 301 169 "-" "Mozilla/5.0 (X11; Linux x86_64) AppleWebKit/537.36 (KHTML, like Gecko) Chrome/44.0.2403.157 Safari/537.36"
212.16.195.25 - - [30/Oct/2025:06:01:28 +1000] "GET / HTTP/1.1" 200 1649 "http://212.16.195.25" "Mozilla/5.0 (X11; Linux x86_64) AppleWebKit/537.36 (KHTML, like Gecko) Chrome/44.0.2403.157 Safari/537.36"
20.171.207.117 - - [30/Oct/2025:06:01:35 +1000] "GET /1439197920?shopdetail=1437501601 HTTP/2.0" 200 4639 "-" "Mozilla/5.0 AppleWebKit/537.36 (KHTML, like Gecko; compatible; GPTBot/1.2; +https://openai.com/gptbot)"
198.244.242.155 - - [30/Oct/2025:06:01:51 +1000] "GET /1636878288?shopdetail=1634948856 HTTP/2.0" 200 4639 "-" "Mozilla/5.0 (compatible; AhrefsBot/7.0; +http://ahrefs.com/robot/)"
20.171.207.117 - - [30/Oct/2025:06:01:55 +1000] "GET /186477104?shopdetail=0186258050 HTTP/2.0" 200 4639 "-" "Mozilla/5.0 AppleWebKit/537.36 (KHTML, like Gecko; compatible; GPTBot/1.2; +https://openai.com/gptbot)"
20.171.207.117 - - [30/Oct/2025:06:02:04 +1000] "GET /1439153696?shopdetail=1437457429 HTTP/2.0" 200 4639 "-" "Mozilla/5.0 AppleWebKit/537.36 (KHTML, like Gecko; compatible; GPTBot/1.2; +https://openai.com/gptbot)"
20.171.207.117 - - [30/Oct/2025:06:02:11 +1000] "GET /1515961632?path=/ HTTP/2.0" 200 3948 "-" "Mozilla/5.0 AppleWebKit/537.36 (KHTML, like Gecko; compatible; GPTBot/1.2; +https://openai.com/gptbot)"
20.171.207.117 - - [30/Oct/2025:06:02:17 +1000] "GET /1516015904?shopdetail=1514228997 HTTP/2.0" 200 4639 "-" "Mozilla/5.0 AppleWebKit/537.36 (KHTML, like Gecko; compatible; GPTBot/1.2; +https://openai.com/gptbot)"
198.244.168.61 - - [30/Oct/2025:06:02:20 +1000] "GET /1636478720?shopdetail=1634549759 HTTP/2.0" 200 4639 "-" "Mozilla/5.0 (compatible; AhrefsBot/7.0; +http://ahrefs.com/robot/)"
20.171.207.117 - - [30/Oct/2025:06:02:37 +1000] "GET /1515788768?shopdetail=1514002129 HTTP/2.0" 200 4639 "-" "Mozilla/5.0 AppleWebKit/537.36 (KHTML, like Gecko; compatible; GPTBot/1.2; +https://openai.com/gptbot)"
20.171.207.117 - - [30/Oct/2025:06:02:46 +1000] "GET /1438706464?shopdetail=1437010725 HTTP/2.0" 200 4639 "-" "Mozilla/5.0 AppleWebKit/537.36 (KHTML, like Gecko; compatible; GPTBot/1.2; +https://openai.com/gptbot)"
51.195.215.45 - - [30/Oct/2025:06:02:49 +1000] "GET /1636450560?shopdetail=1634521631 HTTP/2.0" 200 4639 "-" "Mozilla/5.0 (compatible; AhrefsBot/7.0; +http://ahrefs.com/robot/)"
20.171.207.117 - - [30/Oct/2025:06:03:11 +1000] "GET /1516075264?shopdetail=1514288287 HTTP/2.0" 200 4639 "-" "Mozilla/5.0 AppleWebKit/537.36 (KHTML, like Gecko; compatible; GPTBot/1.2; +https://openai.com/gptbot)"
51.195.244.146 - - [30/Oct/2025:06:03:19 +1000] "GET /1605484320?shopdetail=1603591909 HTTP/2.0" 200 4639 "-" "Mozilla/5.0 (compatible; AhrefsBot/7.0; +http://ahrefs.com/robot/)"
20.171.207.117 - - [30/Oct/2025:06:03:22 +1000] "GET /186335440?shopdetail=0186116552 HTTP/2.0" 200 4639 "-" "Mozilla/5.0 AppleWebKit/537.36 (KHTML, like Gecko; compatible; GPTBot/1.2; +https://openai.com/gptbot)"
217.160.244.17 - - [30/Oct/2025:06:03:32 +1000] "GET /wp-login.php HTTP/2.0" 200 4639 "-" "Mozilla/4.0 (compatible; MSIE 7.0; Windows NT 6.3; WOW64; Trident/7.0; .NET4.0E; .NET4.0C; .NET CLR 3.5.30729; .NET CLR 2.0.50727; .NET CLR 3.0.30729)"
217.160.244.17 - - [30/Oct/2025:06:03:41 +1000] "POST /wp-login.php HTTP/2.0" 200 4627 "https://region-logist.ru/wp-login.php" "Mozilla/4.0 (compatible; MSIE 7.0; Windows NT 6.3; WOW64; Trident/7.0; .NET4.0E; .NET4.0C; .NET CLR 3.5.30729; .NET CLR 2.0.50727; .NET CLR 3.0.30729)"
20.171.207.117 - - [30/Oct/2025:06:03:49 +1000] "GET /1516181728?shopdetail=1514394625 HTTP/2.0" 200 4639 "-" "Mozilla/5.0 AppleWebKit/537.36 (KHTML, like Gecko; compatible; GPTBot/1.2; +https://openai.com/gptbot)"
54.38.147.90 - - [30/Oct/2025:06:03:52 +1000] "GET /1605291136?shopdetail=1603398951 HTTP/2.0" 200 4639 "-" "Mozilla/5.0 (compatible; AhrefsBot/7.0; +http://ahrefs.com/robot/)"
20.171.207.117 - - [30/Oct/2025:06:03:57 +1000] "GET /1515968240?shopdetail=1514181390 HTTP/2.0" 200 4639 "-" "Mozilla/5.0 AppleWebKit/537.36 (KHTML, like Gecko; compatible; GPTBot/1.2; +https://openai.com/gptbot)"
66.249.77.77 - - [30/Oct/2025:06:03:59 +1000] "GET /wp-content/uploads/2023/09/kran-60-450x281.jpg HTTP/1.1" 200 23156 "-" "Googlebot-Image/1.0"
20.171.207.117 - - [30/Oct/2025:06:04:04 +1000] "GET /1438594512?shopdetail=1436898904 HTTP/2.0" 200 4639 "-" "Mozilla/5.0 AppleWebKit/537.36 (KHTML, like Gecko; compatible; GPTBot/1.2; +https://openai.com/gptbot)"
20.171.207.117 - - [30/Oct/2025:06:04:10 +1000] "GET /1515698960?shopdetail=1513912428 HTTP/2.0" 200 4639 "-" "Mozilla/5.0 AppleWebKit/537.36 (KHTML, like Gecko; compatible; GPTBot/1.2; +https://openai.com/gptbot)"
198.244.242.224 - - [30/Oct/2025:06:04:13 +1000] "GET /1605267520?shopdetail=1603375363 HTTP/2.0" 200 4639 "-" "Mozilla/5.0 (compatible; AhrefsBot/7.0; +http://ahrefs.com/robot/)"
198.244.168.126 - - [30/Oct/2025:06:04:40 +1000] "GET /1605015568?shopdetail=1603123708 HTTP/2.0" 200 4639 "-" "Mozilla/5.0 (compatible; AhrefsBot/7.0; +http://ahrefs.com/robot/)"
43.131.253.14 - - [30/Oct/2025:06:04:44 +1000] "GET /?path=/home/region-gk.ru/data/www/new.region-gk.ru/wp-admin HTTP/1.1" 200 9248 "-" "Mozilla/5.0 (iPhone; CPU iPhone OS 13_2_3 like Mac OS X) AppleWebKit/605.1.15 (KHTML, like Gecko) Version/13.0.3 Mobile/15E148 Safari/604.1"
20.171.207.117 - - [30/Oct/2025:06:04:54 +1000] "GET /186530112?shopdetail=0186310995 HTTP/2.0" 200 4639 "-" "Mozilla/5.0 AppleWebKit/537.36 (KHTML, like Gecko; compatible; GPTBot/1.2; +https://openai.com/gptbot)"
20.171.207.117 - - [30/Oct/2025:06:05:03 +1000] "GET /475588256?shopdetail=0475028269 HTTP/2.0" 200 4639 "-" "Mozilla/5.0 AppleWebKit/537.36 (KHTML, like Gecko; compatible; GPTBot/1.2; +https://openai.com/gptbot)"
51.195.215.198 - - [30/Oct/2025:06:05:06 +1000] "GET /1604901936?shopdetail=1603010210 HTTP/2.0" 200 4639 "-" "Mozilla/5.0 (compatible; AhrefsBot/7.0; +http://ahrefs.com/robot/)"
20.171.207.117 - - [30/Oct/2025:06:05:18 +1000] "GET /1438610976?shopdetail=1436915349 HTTP/2.0" 200 4639 "-" "Mozilla/5.0 AppleWebKit/537.36 (KHTML, like Gecko; compatible; GPTBot/1.2; +https://openai.com/gptbot)"
20.171.207.117 - - [30/Oct/2025:06:05:25 +1000] "GET /447568128?shopdetail=0447041183 HTTP/2.0" 200 4639 "-" "Mozilla/5.0 AppleWebKit/537.36 (KHTML, like Gecko; compatible; GPTBot/1.2; +https://openai.com/gptbot)"
20.171.207.117 - - [30/Oct/2025:06:05:31 +1000] "GET /1515496384?shopdetail=1513710091 HTTP/2.0" 200 4639 "-" "Mozilla/5.0 AppleWebKit/537.36 (KHTML, like Gecko; compatible; GPTBot/1.2; +https://openai.com/gptbot)"
20.171.207.117 - - [30/Oct/2025:06:05:38 +1000] "GET /1438617616?shopdetail=1436921980 HTTP/2.0" 200 4639 "-" "Mozilla/5.0 AppleWebKit/537.36 (KHTML, like Gecko; compatible; GPTBot/1.2; +https://openai.com/gptbot)"
54.38.147.6 - - [30/Oct/2025:06:05:43 +1000] "GET /1538404128?shopdetail=1536590821 HTTP/2.0" 200 4639 "-" "Mozilla/5.0 (compatible; AhrefsBot/7.0; +http://ahrefs.com/robot/)"
20.171.207.117 - - [30/Oct/2025:06:05:47 +1000] "GET /1515428272?shopdetail=1513642058 HTTP/2.0" 200 4639 "-" "Mozilla/5.0 AppleWebKit/537.36 (KHTML, like Gecko; compatible; GPTBot/1.2; +https://openai.com/gptbot)"
20.171.207.117 - - [30/Oct/2025:06:05:57 +1000] "GET /1516113728?shopdetail=1514326707 HTTP/2.0" 200 4639 "-" "Mozilla/5.0 AppleWebKit/537.36 (KHTML, like Gecko; compatible; GPTBot/1.2; +https://openai.com/gptbot)"
20.171.207.117 - - [30/Oct/2025:06:06:04 +1000] "GET /1515698960?fileloc=/home/region-gk.ru/data/www/new.region-gk.ru/wp-trackback.php&path=/home/region-gk.ru/data/www/new.region-gk.ru HTTP/2.0" 200 4712 "-" "Mozilla/5.0 AppleWebKit/537.36 (KHTML, like Gecko; compatible; GPTBot/1.2; +https://openai.com/gptbot)"
198.244.183.156 - - [30/Oct/2025:06:06:11 +1000] "GET /1498038816?shopdetail=1496273109 HTTP/2.0" 200 4639 "-" "Mozilla/5.0 (compatible; AhrefsBot/7.0; +http://ahrefs.com/robot/)"
20.171.207.117 - - [30/Oct/2025:06:06:14 +1000] "GET /186602240?shopdetail=0186383039 HTTP/2.0" 200 4639 "-" "Mozilla/5.0 AppleWebKit/537.36 (KHTML, like Gecko; compatible; GPTBot/1.2; +https://openai.com/gptbot)"
20.171.207.117 - - [30/Oct/2025:06:06:22 +1000] "GET /1438706464?fileloc=/home/region-gk.ru/data/www/new.region-gk.ru/wp-links-opml.php&path=/home/region-gk.ru/data/www/new.region-gk.ru HTTP/2.0" 200 3912 "-" "Mozilla/5.0 AppleWebKit/537.36 (KHTML, like Gecko; compatible; GPTBot/1.2; +https://openai.com/gptbot)"
20.171.207.117 - - [30/Oct/2025:06:06:32 +1000] "GET /186390912?shopdetail=0186171959 HTTP/2.0" 200 4639 "-" "Mozilla/5.0 AppleWebKit/537.36 (KHTML, like Gecko; compatible; GPTBot/1.2; +https://openai.com/gptbot)"
20.171.207.117 - - [30/Oct/2025:06:06:39 +1000] "GET /1515601392?shopdetail=1513814974 HTTP/2.0" 200 4639 "-" "Mozilla/5.0 AppleWebKit/537.36 (KHTML, like Gecko; compatible; GPTBot/1.2; +https://openai.com/gptbot)"
51.195.215.185 - - [30/Oct/2025:06:06:44 +1000] "GET /1497991184?shopdetail=1496225532 HTTP/2.0" 200 4639 "-" "Mozilla/5.0 (compatible; AhrefsBot/7.0; +http://ahrefs.com/robot/)"
20.171.207.117 - - [30/Oct/2025:06:06:48 +1000] "GET /1438508192?shopdetail=1436812685 HTTP/2.0" 200 4639 "-" "Mozilla/5.0 AppleWebKit/537.36 (KHTML, like Gecko; compatible; GPTBot/1.2; +https://openai.com/gptbot)"
20.171.207.117 - - [30/Oct/2025:06:06:56 +1000] "GET /475565184?shopdetail=0475005223 HTTP/2.0" 200 4639 "-" "Mozilla/5.0 AppleWebKit/537.36 (KHTML, like Gecko; compatible; GPTBot/1.2; +https://openai.com/gptbot)"
20.171.207.117 - - [30/Oct/2025:06:07:01 +1000] "GET /474995152?shopdetail=0474435864 HTTP/2.0" 200 4639 "-" "Mozilla/5.0 AppleWebKit/537.36 (KHTML, like Gecko; compatible; GPTBot/1.2; +https://openai.com/gptbot)"
20.171.207.117 - - [30/Oct/2025:06:07:06 +1000] "GET /185980096?shopdetail=0185761627 HTTP/2.0" 200 4639 "-" "Mozilla/5.0 AppleWebKit/537.36 (KHTML, like Gecko; compatible; GPTBot/1.2; +https://openai.com/gptbot)"
51.89.129.203 - - [30/Oct/2025:06:07:14 +1000] "GET /1497332080?shopdetail=1495567206 HTTP/2.0" 200 4639 "-" "Mozilla/5.0 (compatible; AhrefsBot/7.0; +http://ahrefs.com/robot/)"
20.171.207.117 - - [30/Oct/2025:06:07:16 +1000] "GET /1515860896?shopdetail=1514074173 HTTP/2.0" 200 4639 "-" "Mozilla/5.0 AppleWebKit/537.36 (KHTML, like Gecko; compatible; GPTBot/1.2; +https://openai.com/gptbot)"
20.171.207.117 - - [30/Oct/2025:06:07:25 +1000] "GET /447665136?shopdetail=0447138078 HTTP/2.0" 200 4639 "-" "Mozilla/5.0 AppleWebKit/537.36 (KHTML, like Gecko; compatible; GPTBot/1.2; +https://openai.com/gptbot)"
20.171.207.117 - - [30/Oct/2025:06:07:38 +1000] "GET /474920016?shopdetail=0474360816 HTTP/2.0" 200 4639 "-" "Mozilla/5.0 AppleWebKit/537.36 (KHTML, like Gecko; compatible; GPTBot/1.2; +https://openai.com/gptbot)"
51.195.244.139 - - [30/Oct/2025:06:07:50 +1000] "GET /1486750240?shopdetail=1484997845 HTTP/2.0" 200 4639 "-" "Mozilla/5.0 (compatible; AhrefsBot/7.0; +http://ahrefs.com/robot/)"
198.244.240.242 - - [30/Oct/2025:06:08:22 +1000] "GET /1486550096?shopdetail=1484797936 HTTP/2.0" 200 4639 "-" "Mozilla/5.0 (compatible; AhrefsBot/7.0; +http://ahrefs.com/robot/)"
20.171.207.117 - - [30/Oct/2025:06:08:47 +1000] "GET /1439036656?shopdetail=1437340526 HTTP/2.0" 200 4639 "-" "Mozilla/5.0 AppleWebKit/537.36 (KHTML, like Gecko; compatible; GPTBot/1.2; +https://openai.com/gptbot)"
51.195.215.123 - - [30/Oct/2025:06:08:51 +1000] "GET /1486317616?shopdetail=1484565730 HTTP/2.0" 200 4639 "-" "Mozilla/5.0 (compatible; AhrefsBot/7.0; +http://ahrefs.com/robot/)"
20.171.207.117 - - [30/Oct/2025:06:08:58 +1000] "GET /475413936?shopdetail=0474854154 HTTP/2.0" 200 4639 "-" "Mozilla/5.0 AppleWebKit/537.36 (KHTML, like Gecko; compatible; GPTBot/1.2; +https://openai.com/gptbot)"
20.171.207.117 - - [30/Oct/2025:06:09:03 +1000] "GET /474880848?shopdetail=0474321696 HTTP/2.0" 200 4639 "-" "Mozilla/5.0 AppleWebKit/537.36 (KHTML, like Gecko; compatible; GPTBot/1.2; +https://openai.com/gptbot)"
20.171.207.117 - - [30/Oct/2025:06:09:15 +1000] "GET /1439125536?shopdetail=1437429301 HTTP/2.0" 200 4639 "-" "Mozilla/5.0 AppleWebKit/537.36 (KHTML, like Gecko; compatible; GPTBot/1.2; +https://openai.com/gptbot)"
198.244.240.229 - - [30/Oct/2025:06:09:22 +1000] "GET /1486261792?shopdetail=1484509973 HTTP/2.0" 200 4639 "-" "Mozilla/5.0 (compatible; AhrefsBot/7.0; +http://ahrefs.com/robot/)"
20.171.207.117 - - [30/Oct/2025:06:09:25 +1000] "GET /474955136?shopdetail=0474395895 HTTP/2.0" 200 4639 "-" "Mozilla/5.0 AppleWebKit/537.36 (KHTML, like Gecko; compatible; GPTBot/1.2; +https://openai.com/gptbot)"
20.171.207.117 - - [30/Oct/2025:06:09:31 +1000] "GET /1515437904?shopdetail=1513651680 HTTP/2.0" 200 4639 "-" "Mozilla/5.0 AppleWebKit/537.36 (KHTML, like Gecko; compatible; GPTBot/1.2; +https://openai.com/gptbot)"
20.171.207.117 - - [30/Oct/2025:06:09:37 +1000] "GET /1439051760?shopdetail=1437355614 HTTP/2.0" 200 4639 "-" "Mozilla/5.0 AppleWebKit/537.36 (KHTML, like Gecko; compatible; GPTBot/1.2; +https://openai.com/gptbot)"
20.171.207.117 - - [30/Oct/2025:06:09:46 +1000] "GET /474890016?shopdetail=0474330853 HTTP/2.0" 200 4639 "-" "Mozilla/5.0 AppleWebKit/537.36 (KHTML, like Gecko; compatible; GPTBot/1.2; +https://openai.com/gptbot)"
20.171.207.117 - - [30/Oct/2025:06:10:02 +1000] "GET /1438997488?shopdetail=1437301406 HTTP/2.0" 200 4639 "-" "Mozilla/5.0 AppleWebKit/537.36 (KHTML, like Gecko; compatible; GPTBot/1.2; +https://openai.com/gptbot)"
20.171.207.117 - - [30/Oct/2025:06:10:10 +1000] "GET /186412784?shopdetail=0186193806 HTTP/2.0" 200 4639 "-" "Mozilla/5.0 AppleWebKit/537.36 (KHTML, like Gecko; compatible; GPTBot/1.2; +https://openai.com/gptbot)"
198.244.242.122 - - [30/Oct/2025:06:10:14 +1000] "GET /1440550512?shopdetail=1438852598 HTTP/2.0" 200 4639 "-" "Mozilla/5.0 (compatible; AhrefsBot/7.0; +http://ahrefs.com/robot/)"
20.171.207.117 - - [30/Oct/2025:06:10:28 +1000] "GET /185967040?shopdetail=0185748587 HTTP/2.0" 200 4639 "-" "Mozilla/5.0 AppleWebKit/537.36 (KHTML, like Gecko; compatible; GPTBot/1.2; +https://openai.com/gptbot)"
20.171.207.117 - - [30/Oct/2025:06:10:36 +1000] "GET /1516031296?shopdetail=1514244371 HTTP/2.0" 200 4639 "-" "Mozilla/5.0 AppleWebKit/537.36 (KHTML, like Gecko; compatible; GPTBot/1.2; +https://openai.com/gptbot)"
51.89.129.111 - - [30/Oct/2025:06:10:42 +1000] "GET /1440274608?shopdetail=1438577018 HTTP/2.0" 200 4639 "-" "Mozilla/5.0 (compatible; AhrefsBot/7.0; +http://ahrefs.com/robot/)"
20.171.207.117 - - [30/Oct/2025:06:10:46 +1000] "GET /1515601392?path=/home/region-gk.ru/data/www/new.region-gk.ru/wp-content HTTP/2.0" 200 3585 "-" "Mozilla/5.0 AppleWebKit/537.36 (KHTML, like Gecko; compatible; GPTBot/1.2; +https://openai.com/gptbot)"
20.171.207.117 - - [30/Oct/2025:06:10:53 +1000] "GET /474914928?shopdetail=0474355734 HTTP/2.0" 200 4639 "-" "Mozilla/5.0 AppleWebKit/537.36 (KHTML, like Gecko; compatible; GPTBot/1.2; +https://openai.com/gptbot)"
20.171.207.117 - - [30/Oct/2025:06:11:01 +1000] "GET /1438969328?shopdetail=1437273278 HTTP/2.0" 200 4639 "-" "Mozilla/5.0 AppleWebKit/537.36 (KHTML, like Gecko; compatible; GPTBot/1.2; +https://openai.com/gptbot)"
20.171.207.117 - - [30/Oct/2025:06:11:07 +1000] "GET /447549984?shopdetail=0447023061 HTTP/2.0" 200 4639 "-" "Mozilla/5.0 AppleWebKit/537.36 (KHTML, like Gecko; compatible; GPTBot/1.2; +https://openai.com/gptbot)"
20.171.207.117 - - [30/Oct/2025:06:11:13 +1000] "GET /447385968?shopdetail=0446859238 HTTP/2.0" 200 4639 "-" "Mozilla/5.0 AppleWebKit/537.36 (KHTML, like Gecko; compatible; GPTBot/1.2; +https://openai.com/gptbot)"
51.195.183.1 - - [30/Oct/2025:06:11:16 +1000] "GET /1440197920?shopdetail=1438500421 HTTP/2.0" 200 4639 "-" "Mozilla/5.0 (compatible; AhrefsBot/7.0; +http://ahrefs.com/robot/)"
20.171.207.117 - - [30/Oct/2025:06:11:20 +1000] "GET /1438653744?shopdetail=1436958066 HTTP/2.0" 200 4639 "-" "Mozilla/5.0 AppleWebKit/537.36 (KHTML, like Gecko; compatible; GPTBot/1.2; +https://openai.com/gptbot)"
20.171.207.117 - - [30/Oct/2025:06:11:29 +1000] "GET /1438576368?shopdetail=1436880782 HTTP/2.0" 200 4639 "-" "Mozilla/5.0 AppleWebKit/537.36 (KHTML, like Gecko; compatible; GPTBot/1.2; +https://openai.com/gptbot)"
20.171.207.117 - - [30/Oct/2025:06:11:34 +1000] "GET /1439125536?fileloc=/home/region-gk.ru/data/www/new.region-gk.ru/wp-activate.php&path=/home/region-gk.ru/data/www/new.region-gk.ru HTTP/2.0" 200 5401 "-" "Mozilla/5.0 AppleWebKit/537.36 (KHTML, like Gecko; compatible; GPTBot/1.2; +https://openai.com/gptbot)"
54.38.147.31 - - [30/Oct/2025:06:11:42 +1000] "GET /1401505872?shopdetail=1399854000 HTTP/2.0" 200 4639 "-" "Mozilla/5.0 (compatible; AhrefsBot/7.0; +http://ahrefs.com/robot/)"
20.171.207.117 - - [30/Oct/2025:06:11:48 +1000] "GET /447622400?shopdetail=0447095391 HTTP/2.0" 200 4639 "-" "Mozilla/5.0 AppleWebKit/537.36 (KHTML, like Gecko; compatible; GPTBot/1.2; +https://openai.com/gptbot)"
20.171.207.117 - - [30/Oct/2025:06:11:57 +1000] "GET /1515437024?shopdetail=1513650801 HTTP/2.0" 200 4639 "-" "Mozilla/5.0 AppleWebKit/537.36 (KHTML, like Gecko; compatible; GPTBot/1.2; +https://openai.com/gptbot)"
198.244.242.180 - - [30/Oct/2025:06:12:11 +1000] "GET /1401313344?shopdetail=1399661699 HTTP/2.0" 200 4639 "-" "Mozilla/5.0 (compatible; AhrefsBot/7.0; +http://ahrefs.com/robot/)"
20.171.207.117 - - [30/Oct/2025:06:12:26 +1000] "GET /1515445872?shopdetail=1513659638 HTTP/2.0" 200 4639 "-" "Mozilla/5.0 AppleWebKit/537.36 (KHTML, like Gecko; compatible; GPTBot/1.2; +https://openai.com/gptbot)"
20.171.207.117 - - [30/Oct/2025:06:12:34 +1000] "GET /1438740672?shopdetail=1437044891 HTTP/2.0" 200 4639 "-" "Mozilla/5.0 AppleWebKit/537.36 (KHTML, like Gecko; compatible; GPTBot/1.2; +https://openai.com/gptbot)"
198.244.183.32 - - [30/Oct/2025:06:12:43 +1000] "GET /1401270640?shopdetail=1399619046 HTTP/2.0" 200 4639 "-" "Mozilla/5.0 (compatible; AhrefsBot/7.0; +http://ahrefs.com/robot/)"
20.171.207.117 - - [30/Oct/2025:06:12:46 +1000] "GET /1438824368?shopdetail=1437128490 HTTP/2.0" 200 4639 "-" "Mozilla/5.0 AppleWebKit/537.36 (KHTML, like Gecko; compatible; GPTBot/1.2; +https://openai.com/gptbot)"
20.171.207.117 - - [30/Oct/2025:06:12:54 +1000] "GET /1438755776?shopdetail=1437059979 HTTP/2.0" 200 4639 "-" "Mozilla/5.0 AppleWebKit/537.36 (KHTML, like Gecko; compatible; GPTBot/1.2; +https://openai.com/gptbot)"
20.171.207.117 - - [30/Oct/2025:06:13:03 +1000] "GET /1516089168?shopdetail=1514302176 HTTP/2.0" 200 4639 "-" "Mozilla/5.0 AppleWebKit/537.36 (KHTML, like Gecko; compatible; GPTBot/1.2; +https://openai.com/gptbot)"
51.89.129.86 - - [30/Oct/2025:06:13:10 +1000] "GET /1400942512?shopdetail=1399291306 HTTP/2.0" 200 4639 "-" "Mozilla/5.0 (compatible; AhrefsBot/7.0; +http://ahrefs.com/robot/)"
20.171.207.117 - - [30/Oct/2025:06:13:10 +1000] "GET /1438909296?shopdetail=1437213318 HTTP/2.0" 200 4639 "-" "Mozilla/5.0 AppleWebKit/537.36 (KHTML, like Gecko; compatible; GPTBot/1.2; +https://openai.com/gptbot)"
198.244.183.189 - - [30/Oct/2025:06:13:37 +1000] "GET /1400926736?shopdetail=1399275548 HTTP/2.0" 200 4639 "-" "Mozilla/5.0 (compatible; AhrefsBot/7.0; +http://ahrefs.com/robot/)"
20.171.207.117 - - [30/Oct/2025:06:13:57 +1000] "GET /186606800?shopdetail=0186387592 HTTP/2.0" 200 4639 "-" "Mozilla/5.0 AppleWebKit/537.36 (KHTML, like Gecko; compatible; GPTBot/1.2; +https://openai.com/gptbot)"
20.171.207.117 - - [30/Oct/2025:06:14:08 +1000] "GET /186465536?shopdetail=0186246495 HTTP/2.0" 200 4639 "-" "Mozilla/5.0 AppleWebKit/537.36 (KHTML, like Gecko; compatible; GPTBot/1.2; +https://openai.com/gptbot)"
198.244.240.220 - - [30/Oct/2025:06:14:12 +1000] "GET /1014762048?shopdetail=1013566243 HTTP/2.0" 200 4639 "-" "Mozilla/5.0 (compatible; AhrefsBot/7.0; +http://ahrefs.com/robot/)"
20.171.207.117 - - [30/Oct/2025:06:14:31 +1000] "GET /1438939616?shopdetail=1437243601 HTTP/2.0" 200 4639 "-" "Mozilla/5.0 AppleWebKit/537.36 (KHTML, like Gecko; compatible; GPTBot/1.2; +https://openai.com/gptbot)"
20.171.207.117 - - [30/Oct/2025:06:14:39 +1000] "GET /1439147280?shopdetail=1437451020 HTTP/2.0" 200 4639 "-" "Mozilla/5.0 AppleWebKit/537.36 (KHTML, like Gecko; compatible; GPTBot/1.2; +https://openai.com/gptbot)"
198.244.242.226 - - [30/Oct/2025:06:14:40 +1000] "GET /1014753264?shopdetail=1013557470 HTTP/2.0" 200 4639 "-" "Mozilla/5.0 (compatible; AhrefsBot/7.0; +http://ahrefs.com/robot/)"
20.171.207.117 - - [30/Oct/2025:06:14:48 +1000] "GET /1515715024?shopdetail=1513928472 HTTP/2.0" 200 4639 "-" "Mozilla/5.0 AppleWebKit/537.36 (KHTML, like Gecko; compatible; GPTBot/1.2; +https://openai.com/gptbot)"
20.171.207.117 - - [30/Oct/2025:06:14:52 +1000] "GET /1439097216?shopdetail=1437401015 HTTP/2.0" 200 4639 "-" "Mozilla/5.0 AppleWebKit/537.36 (KHTML, like Gecko; compatible; GPTBot/1.2; +https://openai.com/gptbot)"
51.195.215.68 - - [30/Oct/2025:06:15:06 +1000] "GET /1014748048?shopdetail=1013552260 HTTP/2.0" 200 4639 "-" "Mozilla/5.0 (compatible; AhrefsBot/7.0; +http://ahrefs.com/robot/)"
212.16.195.25 - - [30/Oct/2025:06:15:20 +1000] "GET / HTTP/1.1" 301 169 "-" "Mozilla/5.0 (X11; Linux x86_64) AppleWebKit/537.36 (KHTML, like Gecko) Chrome/44.0.2403.157 Safari/537.36"
212.16.195.25 - - [30/Oct/2025:06:15:22 +1000] "GET / HTTP/1.1" 200 2562 "http://212.16.195.25" "Mozilla/5.0 (X11; Linux x86_64) AppleWebKit/537.36 (KHTML, like Gecko) Chrome/44.0.2403.157 Safari/537.36"
20.171.207.117 - - [30/Oct/2025:06:15:30 +1000] "GET /1515427600?shopdetail=1513641388 HTTP/2.0" 200 4639 "-" "Mozilla/5.0 AppleWebKit/537.36 (KHTML, like Gecko; compatible; GPTBot/1.2; +https://openai.com/gptbot)"
198.244.168.96 - - [30/Oct/2025:06:15:35 +1000] "GET /1014743248?shopdetail=1013547464 HTTP/2.0" 200 4639 "-" "Mozilla/5.0 (compatible; AhrefsBot/7.0; +http://ahrefs.com/robot/)"
20.171.207.117 - - [30/Oct/2025:06:15:42 +1000] "GET /185979808?shopdetail=0185761341 HTTP/2.0" 200 4639 "-" "Mozilla/5.0 AppleWebKit/537.36 (KHTML, like Gecko; compatible; GPTBot/1.2; +https://openai.com/gptbot)"
20.171.207.117 - - [30/Oct/2025:06:16:04 +1000] "GET /1438806512?shopdetail=1437110654 HTTP/2.0" 200 4639 "-" "Mozilla/5.0 AppleWebKit/537.36 (KHTML, like Gecko; compatible; GPTBot/1.2; +https://openai.com/gptbot)"
51.195.183.177 - - [30/Oct/2025:06:16:07 +1000] "GET /1014742960?shopdetail=1013547178 HTTP/2.0" 200 4639 "-" "Mozilla/5.0 (compatible; AhrefsBot/7.0; +http://ahrefs.com/robot/)"
43.157.38.228 - - [30/Oct/2025:06:16:09 +1000] "GET /?path=/home/region-gk.ru/data HTTP/1.1" 200 3664 "-" "Mozilla/5.0 (iPhone; CPU iPhone OS 13_2_3 like Mac OS X) AppleWebKit/605.1.15 (KHTML, like Gecko) Version/13.0.3 Mobile/15E148 Safari/604.1"
20.171.207.117 - - [30/Oct/2025:06:16:14 +1000] "GET /186268112?shopdetail=0186049304 HTTP/2.0" 200 4639 "-" "Mozilla/5.0 AppleWebKit/537.36 (KHTML, like Gecko; compatible; GPTBot/1.2; +https://openai.com/gptbot)"
20.171.207.117 - - [30/Oct/2025:06:16:22 +1000] "GET /474988512?shopdetail=0474429233 HTTP/2.0" 200 4639 "-" "Mozilla/5.0 AppleWebKit/537.36 (KHTML, like Gecko; compatible; GPTBot/1.2; +https://openai.com/gptbot)"
198.244.242.97 - - [30/Oct/2025:06:16:30 +1000] "GET /1014740240?shopdetail=1013544460 HTTP/2.0" 200 4639 "-" "Mozilla/5.0 (compatible; AhrefsBot/7.0; +http://ahrefs.com/robot/)"
20.171.207.117 - - [30/Oct/2025:06:16:31 +1000] "GET /1439157584?shopdetail=1437461312 HTTP/2.0" 200 4639 "-" "Mozilla/5.0 AppleWebKit/537.36 (KHTML, like Gecko; compatible; GPTBot/1.2; +https://openai.com/gptbot)"
20.171.207.117 - - [30/Oct/2025:06:16:38 +1000] "GET /1439097216?path=/home/region-gk.ru HTTP/2.0" 200 3046 "-" "Mozilla/5.0 AppleWebKit/537.36 (KHTML, like Gecko; compatible; GPTBot/1.2; +https://openai.com/gptbot)"
20.171.207.117 - - [30/Oct/2025:06:16:47 +1000] "GET /1438646448?shopdetail=1436950778 HTTP/2.0" 200 4639 "-" "Mozilla/5.0 AppleWebKit/537.36 (KHTML, like Gecko; compatible; GPTBot/1.2; +https://openai.com/gptbot)"
20.171.207.117 - - [30/Oct/2025:06:16:53 +1000] "GET /1515603472?shopdetail=1513817052 HTTP/2.0" 200 4639 "-" "Mozilla/5.0 AppleWebKit/537.36 (KHTML, like Gecko; compatible; GPTBot/1.2; +https://openai.com/gptbot)"
198.244.240.169 - - [30/Oct/2025:06:16:57 +1000] "GET /1014738160?shopdetail=1013542382 HTTP/2.0" 200 4639 "-" "Mozilla/5.0 (compatible; AhrefsBot/7.0; +http://ahrefs.com/robot/)"
20.171.207.117 - - [30/Oct/2025:06:17:01 +1000] "GET /186606800?fileloc=/home/region-gk.ru/data/www/new.region-gk.ru/wp-config-sample.php&path=/home/region-gk.ru/data/www/new.region-gk.ru HTTP/2.0" 200 4128 "-" "Mozilla/5.0 AppleWebKit/537.36 (KHTML, like Gecko; compatible; GPTBot/1.2; +https://openai.com/gptbot)"
20.171.207.117 - - [30/Oct/2025:06:17:10 +1000] "GET /474865456?shopdetail=0474306322 HTTP/2.0" 200 4639 "-" "Mozilla/5.0 AppleWebKit/537.36 (KHTML, like Gecko; compatible; GPTBot/1.2; +https://openai.com/gptbot)"
20.171.207.117 - - [30/Oct/2025:06:17:26 +1000] "GET /1515669248?shopdetail=1513882751 HTTP/2.0" 200 4639 "-" "Mozilla/5.0 AppleWebKit/537.36 (KHTML, like Gecko; compatible; GPTBot/1.2; +https://openai.com/gptbot)"
198.244.240.14 - - [30/Oct/2025:06:17:30 +1000] "GET /1014736608?shopdetail=1013540833 HTTP/2.0" 200 4639 "-" "Mozilla/5.0 (compatible; AhrefsBot/7.0; +http://ahrefs.com/robot/)"
20.171.207.117 - - [30/Oct/2025:06:17:33 +1000] "GET /1515842368?shopdetail=1514055667 HTTP/2.0" 200 4639 "-" "Mozilla/5.0 AppleWebKit/537.36 (KHTML, like Gecko; compatible; GPTBot/1.2; +https://openai.com/gptbot)"
20.171.207.117 - - [30/Oct/2025:06:17:56 +1000] "GET /186256416?shopdetail=0186037621 HTTP/2.0" 200 4639 "-" "Mozilla/5.0 AppleWebKit/537.36 (KHTML, like Gecko; compatible; GPTBot/1.2; +https://openai.com/gptbot)"
51.195.244.96 - - [30/Oct/2025:06:18:01 +1000] "GET /1014728800?shopdetail=1013533033 HTTP/2.0" 200 4639 "-" "Mozilla/5.0 (compatible; AhrefsBot/7.0; +http://ahrefs.com/robot/)"
20.171.207.117 - - [30/Oct/2025:06:18:07 +1000] "GET /1438922352?shopdetail=1437226358 HTTP/2.0" 200 4639 "-" "Mozilla/5.0 AppleWebKit/537.36 (KHTML, like Gecko; compatible; GPTBot/1.2; +https://openai.com/gptbot)"
20.171.207.117 - - [30/Oct/2025:06:18:12 +1000] "GET /1515486080?shopdetail=1513699799 HTTP/2.0" 200 4639 "-" "Mozilla/5.0 AppleWebKit/537.36 (KHTML, like Gecko; compatible; GPTBot/1.2; +https://openai.com/gptbot)"
20.171.207.117 - - [30/Oct/2025:06:18:19 +1000] "GET /186311536?shopdetail=0186092678 HTTP/2.0" 200 4639 "-" "Mozilla/5.0 AppleWebKit/537.36 (KHTML, like Gecko; compatible; GPTBot/1.2; +https://openai.com/gptbot)"
20.171.207.117 - - [30/Oct/2025:06:18:25 +1000] "GET /474901872?shopdetail=0474342694 HTTP/2.0" 200 4639 "-" "Mozilla/5.0 AppleWebKit/537.36 (KHTML, like Gecko; compatible; GPTBot/1.2; +https://openai.com/gptbot)"
198.244.240.180 - - [30/Oct/2025:06:18:28 +1000] "GET /1014722096?shopdetail=1013526338 HTTP/2.0" 200 4639 "-" "Mozilla/5.0 (compatible; AhrefsBot/7.0; +http://ahrefs.com/robot/)"
20.171.207.117 - - [30/Oct/2025:06:18:31 +1000] "GET /186705696?shopdetail=0186486373 HTTP/2.0" 200 4639 "-" "Mozilla/5.0 AppleWebKit/537.36 (KHTML, like Gecko; compatible; GPTBot/1.2; +https://openai.com/gptbot)"
20.171.207.117 - - [30/Oct/2025:06:18:38 +1000] "GET /1438648784?shopdetail=1436953112 HTTP/2.0" 200 4639 "-" "Mozilla/5.0 AppleWebKit/537.36 (KHTML, like Gecko; compatible; GPTBot/1.2; +https://openai.com/gptbot)"
20.171.207.117 - - [30/Oct/2025:06:18:44 +1000] "GET /1516177360?shopdetail=1514390264 HTTP/2.0" 200 4639 "-" "Mozilla/5.0 AppleWebKit/537.36 (KHTML, like Gecko; compatible; GPTBot/1.2; +https://openai.com/gptbot)"
20.171.207.117 - - [30/Oct/2025:06:18:49 +1000] "GET /1438646448?fileloc=/home/region-gk.ru/data/www/new.region-gk.ru/postnews.php&path=/home/region-gk.ru/data/www/new.region-gk.ru HTTP/2.0" 200 5264 "-" "Mozilla/5.0 AppleWebKit/537.36 (KHTML, like Gecko; compatible; GPTBot/1.2; +https://openai.com/gptbot)"
198.244.183.145 - - [30/Oct/2025:06:18:56 +1000] "GET /1014720832?shopdetail=1013525075 HTTP/2.0" 200 4639 "-" "Mozilla/5.0 (compatible; AhrefsBot/7.0; +http://ahrefs.com/robot/)"
20.171.207.117 - - [30/Oct/2025:06:18:58 +1000] "GET /1438970528?shopdetail=1437274477 HTTP/2.0" 200 4639 "-" "Mozilla/5.0 AppleWebKit/537.36 (KHTML, like Gecko; compatible; GPTBot/1.2; +https://openai.com/gptbot)"
20.171.207.117 - - [30/Oct/2025:06:19:06 +1000] "GET /186705984?shopdetail=0186486659 HTTP/2.0" 200 4639 "-" "Mozilla/5.0 AppleWebKit/537.36 (KHTML, like Gecko; compatible; GPTBot/1.2; +https://openai.com/gptbot)"
20.171.207.117 - - [30/Oct/2025:06:19:11 +1000] "GET /1515486080?fileloc=/home/region-gk.ru/data/www/new.region-gk.ru/wp-login.php&path=/home/region-gk.ru/data/www/new.region-gk.ru HTTP/2.0" 200 17562 "-" "Mozilla/5.0 AppleWebKit/537.36 (KHTML, like Gecko; compatible; GPTBot/1.2; +https://openai.com/gptbot)"
198.244.240.238 - - [30/Oct/2025:06:19:22 +1000] "GET /1014719888?shopdetail=1013524132 HTTP/2.0" 200 4639 "-" "Mozilla/5.0 (compatible; AhrefsBot/7.0; +http://ahrefs.com/robot/)"
20.171.207.117 - - [30/Oct/2025:06:19:23 +1000] "GET /474913376?shopdetail=0474354185 HTTP/2.0" 200 4639 "-" "Mozilla/5.0 AppleWebKit/537.36 (KHTML, like Gecko; compatible; GPTBot/1.2; +https://openai.com/gptbot)"
20.171.207.117 - - [30/Oct/2025:06:19:31 +1000] "GET /1515542848?shopdetail=1513756499 HTTP/2.0" 200 4639 "-" "Mozilla/5.0 AppleWebKit/537.36 (KHTML, like Gecko; compatible; GPTBot/1.2; +https://openai.com/gptbot)"
20.171.207.117 - - [30/Oct/2025:06:19:48 +1000] "GET /186346944?shopdetail=0186128043 HTTP/2.0" 200 4639 "-" "Mozilla/5.0 AppleWebKit/537.36 (KHTML, like Gecko; compatible; GPTBot/1.2; +https://openai.com/gptbot)"
20.171.207.117 - - [30/Oct/2025:06:19:57 +1000] "GET /1515693280?shopdetail=1513906753 HTTP/2.0" 200 4639 "-" "Mozilla/5.0 AppleWebKit/537.36 (KHTML, like Gecko; compatible; GPTBot/1.2; +https://openai.com/gptbot)"
198.244.226.226 - - [30/Oct/2025:06:19:59 +1000] "GET /1014717136?shopdetail=1013521384 HTTP/2.0" 200 4639 "-" "Mozilla/5.0 (compatible; AhrefsBot/7.0; +http://ahrefs.com/robot/)"
20.171.207.117 - - [30/Oct/2025:06:20:12 +1000] "GET /186692928?shopdetail=0186473619 HTTP/2.0" 200 4639 "-" "Mozilla/5.0 AppleWebKit/537.36 (KHTML, like Gecko; compatible; GPTBot/1.2; +https://openai.com/gptbot)"
20.171.207.117 - - [30/Oct/2025:06:20:18 +1000] "GET /1438922352?path=/home/region-gk.ru/data/www/new.region-gk.ru/.tmb HTTP/2.0" 200 2826 "-" "Mozilla/5.0 AppleWebKit/537.36 (KHTML, like Gecko; compatible; GPTBot/1.2; +https://openai.com/gptbot)"
51.195.215.202 - - [30/Oct/2025:06:20:24 +1000] "GET /1014713536?shopdetail=1013517787 HTTP/2.0" 200 4639 "-" "Mozilla/5.0 (compatible; AhrefsBot/7.0; +http://ahrefs.com/robot/)"
20.171.207.117 - - [30/Oct/2025:06:20:26 +1000] "GET /1515774256?shopdetail=1513987634 HTTP/2.0" 200 4639 "-" "Mozilla/5.0 AppleWebKit/537.36 (KHTML, like Gecko; compatible; GPTBot/1.2; +https://openai.com/gptbot)"
20.171.207.117 - - [30/Oct/2025:06:20:34 +1000] "GET /447654832?shopdetail=0447127786 HTTP/2.0" 200 4639 "-" "Mozilla/5.0 AppleWebKit/537.36 (KHTML, like Gecko; compatible; GPTBot/1.2; +https://openai.com/gptbot)"
20.171.207.117 - - [30/Oct/2025:06:20:39 +1000] "GET /1439120288?shopdetail=1437424061 HTTP/2.0" 200 4639 "-" "Mozilla/5.0 AppleWebKit/537.36 (KHTML, like Gecko; compatible; GPTBot/1.2; +https://openai.com/gptbot)"
198.244.242.151 - - [30/Oct/2025:06:20:57 +1000] "GET /1014712048?shopdetail=1013516302 HTTP/2.0" 200 4639 "-" "Mozilla/5.0 (compatible; AhrefsBot/7.0; +http://ahrefs.com/robot/)"
198.244.183.7 - - [30/Oct/2025:06:21:40 +1000] "GET /1014710528?shopdetail=1013514783 HTTP/2.0" 200 4639 "-" "Mozilla/5.0 (compatible; AhrefsBot/7.0; +http://ahrefs.com/robot/)"
20.171.207.117 - - [30/Oct/2025:06:21:50 +1000] "GET /186289664?shopdetail=0186070831 HTTP/2.0" 200 4639 "-" "Mozilla/5.0 AppleWebKit/537.36 (KHTML, like Gecko; compatible; GPTBot/1.2; +https://openai.com/gptbot)"
20.171.207.117 - - [30/Oct/2025:06:22:07 +1000] "GET /1515621744?shopdetail=1513835302 HTTP/2.0" 200 4639 "-" "Mozilla/5.0 AppleWebKit/537.36 (KHTML, like Gecko; compatible; GPTBot/1.2; +https://openai.com/gptbot)"
20.171.207.117 - - [30/Oct/2025:06:22:12 +1000] "GET /1515756240?shopdetail=1513969640 HTTP/2.0" 200 4639 "-" "Mozilla/5.0 AppleWebKit/537.36 (KHTML, like Gecko; compatible; GPTBot/1.2; +https://openai.com/gptbot)"
198.244.226.206 - - [30/Oct/2025:06:22:15 +1000] "GET /1014708448?shopdetail=1013512705 HTTP/2.0" 200 4639 "-" "Mozilla/5.0 (compatible; AhrefsBot/7.0; +http://ahrefs.com/robot/)"
20.171.207.117 - - [30/Oct/2025:06:22:18 +1000] "GET /1515481280?shopdetail=1513695003 HTTP/2.0" 200 4639 "-" "Mozilla/5.0 AppleWebKit/537.36 (KHTML, like Gecko; compatible; GPTBot/1.2; +https://openai.com/gptbot)"
20.171.207.117 - - [30/Oct/2025:06:22:24 +1000] "GET /186265776?shopdetail=0186046970 HTTP/2.0" 200 4639 "-" "Mozilla/5.0 AppleWebKit/537.36 (KHTML, like Gecko; compatible; GPTBot/1.2; +https://openai.com/gptbot)"
20.171.207.117 - - [30/Oct/2025:06:22:31 +1000] "GET /474889360?shopdetail=0474330196 HTTP/2.0" 200 4639 "-" "Mozilla/5.0 AppleWebKit/537.36 (KHTML, like Gecko; compatible; GPTBot/1.2; +https://openai.com/gptbot)"
20.171.207.117 - - [30/Oct/2025:06:22:38 +1000] "GET /1438953264?shopdetail=1437257234 HTTP/2.0" 200 4639 "-" "Mozilla/5.0 AppleWebKit/537.36 (KHTML, like Gecko; compatible; GPTBot/1.2; +https://openai.com/gptbot)"
20.171.207.117 - - [30/Oct/2025:06:22:46 +1000] "GET /186602912?shopdetail=0186383709 HTTP/2.0" 200 4639 "-" "Mozilla/5.0 AppleWebKit/537.36 (KHTML, like Gecko; compatible; GPTBot/1.2; +https://openai.com/gptbot)"
20.171.207.117 - - [30/Oct/2025:06:22:56 +1000] "GET /1515546448?shopdetail=1513760096 HTTP/2.0" 200 4639 "-" "Mozilla/5.0 AppleWebKit/537.36 (KHTML, like Gecko; compatible; GPTBot/1.2; +https://openai.com/gptbot)"
198.244.240.119 - - [30/Oct/2025:06:22:58 +1000] "GET /1014705440?shopdetail=1013509701 HTTP/2.0" 200 4639 "-" "Mozilla/5.0 (compatible; AhrefsBot/7.0; +http://ahrefs.com/robot/)"
20.171.207.117 - - [30/Oct/2025:06:23:04 +1000] "GET /1515925472?shopdetail=1514138673 HTTP/2.0" 200 4639 "-" "Mozilla/5.0 AppleWebKit/537.36 (KHTML, like Gecko; compatible; GPTBot/1.2; +https://openai.com/gptbot)"
198.244.168.87 - - [30/Oct/2025:06:23:32 +1000] "GET /1014687424?shopdetail=1013491707 HTTP/2.0" 200 4639 "-" "Mozilla/5.0 (compatible; AhrefsBot/7.0; +http://ahrefs.com/robot/)"
198.244.183.160 - - [30/Oct/2025:06:24:01 +1000] "GET /1014675920?shopdetail=1013480216 HTTP/2.0" 200 4639 "-" "Mozilla/5.0 (compatible; AhrefsBot/7.0; +http://ahrefs.com/robot/)"
198.244.168.135 - - [30/Oct/2025:06:24:30 +1000] "GET /1014674368?shopdetail=1013478667 HTTP/2.0" 200 4639 "-" "Mozilla/5.0 (compatible; AhrefsBot/7.0; +http://ahrefs.com/robot/)"
198.244.226.54 - - [30/Oct/2025:06:25:04 +1000] "GET /1014670160?shopdetail=1013474464 HTTP/2.0" 200 4639 "-" "Mozilla/5.0 (compatible; AhrefsBot/7.0; +http://ahrefs.com/robot/)"
198.244.242.167 - - [30/Oct/2025:06:25:28 +1000] "GET /1014666560?shopdetail=1013470867 HTTP/2.0" 200 4639 "-" "Mozilla/5.0 (compatible; AhrefsBot/7.0; +http://ahrefs.com/robot/)"
3.237.67.75 - - [30/Oct/2025:06:25:29 +1000] "GET /wp-login.php HTTP/1.1" 200 4737 "-" "Mozilla/5.0 (X11; Ubuntu; Linux x86_64; rv:85.0) Gecko/20100101 Firefox/91.0"
3.237.67.75 - - [30/Oct/2025:06:25:31 +1000] "POST /wp-login.php HTTP/1.1" 200 4720 "-" "Mozilla/5.0 (X11; Ubuntu; Linux x86_64; rv:85.0) Gecko/20100101 Firefox/91.0"
51.195.215.138 - - [30/Oct/2025:06:25:55 +1000] "GET /1014664224?shopdetail=1013468533 HTTP/2.0" 200 4639 "-" "Mozilla/5.0 (compatible; AhrefsBot/7.0; +http://ahrefs.com/robot/)"
40.77.167.187 - - [30/Oct/2025:06:26:12 +1000] "GET /robots.txt HTTP/2.0" 200 96 "-" "Mozilla/5.0 AppleWebKit/537.36 (KHTML, like Gecko; compatible; bingbot/2.0; +http://www.bing.com/bingbot.htm) Chrome/116.0.1938.76 Safari/537.36"
170.106.65.93 - - [30/Oct/2025:06:26:20 +1000] "GET /?path=/home/region-gk.ru/data/www HTTP/1.1" 200 3281 "-" "Mozilla/5.0 (iPhone; CPU iPhone OS 13_2_3 like Mac OS X) AppleWebKit/605.1.15 (KHTML, like Gecko) Version/13.0.3 Mobile/15E148 Safari/604.1"
51.195.215.252 - - [30/Oct/2025:06:26:21 +1000] "GET /1014660528?shopdetail=1013464842 HTTP/2.0" 200 4639 "-" "Mozilla/5.0 (compatible; AhrefsBot/7.0; +http://ahrefs.com/robot/)"
52.167.144.191 - - [30/Oct/2025:06:26:34 +1000] "GET /wp-content/uploads/2023/08/0z5a5051_resized-1536x1024.jpg HTTP/2.0" 200 301466 "-" "Mozilla/5.0 AppleWebKit/537.36 (KHTML, like Gecko; compatible; bingbot/2.0; +http://www.bing.com/bingbot.htm) Chrome/116.0.1938.76 Safari/537.36"
52.167.144.191 - - [30/Oct/2025:06:26:47 +1000] "GET /wp-content/uploads/2024/11/whatsapp-image-2024-11-18-at-13.21.13-2-2-300x169.jpeg HTTP/2.0" 200 9468 "-" "Mozilla/5.0 AppleWebKit/537.36 (KHTML, like Gecko; compatible; bingbot/2.0; +http://www.bing.com/bingbot.htm) Chrome/116.0.1938.76 Safari/537.36"
54.38.147.128 - - [30/Oct/2025:06:26:48 +1000] "GET /1014659264?shopdetail=1013463579 HTTP/2.0" 200 4639 "-" "Mozilla/5.0 (compatible; AhrefsBot/7.0; +http://ahrefs.com/robot/)"
51.195.215.132 - - [30/Oct/2025:06:27:18 +1000] "GET /1014655056?shopdetail=1013459376 HTTP/2.0" 200 4639 "-" "Mozilla/5.0 (compatible; AhrefsBot/7.0; +http://ahrefs.com/robot/)"
