74.7.227.14 - - [30/Oct/2025:14:31:55 +1000] "GET /1337456?path=/ HTTP/2.0" 200 3948 "-" "Mozilla/5.0 AppleWebKit/537.36 (KHTML, like Gecko; compatible; GPTBot/1.2; +https://openai.com/gptbot)"
66.249.75.71 - - [30/Oct/2025:14:31:59 +1000] "GET /122723568?shopdetail=0122579694 HTTP/1.1" 200 35341 "-" "Mozilla/5.0 (Linux; Android 6.0.1; Nexus 5X Build/MMB29P) AppleWebKit/537.36 (KHTML, like Gecko) Chrome/141.0.7390.122 Mobile Safari/537.36 (compatible; Googlebot/2.1; +http://www.google.com/bot.html)"
74.7.227.14 - - [30/Oct/2025:14:32:06 +1000] "GET /1499264?shopdetail=0001498343 HTTP/2.0" 200 4637 "-" "Mozilla/5.0 AppleWebKit/537.36 (KHTML, like Gecko; compatible; GPTBot/1.2; +https://openai.com/gptbot)"
74.7.227.14 - - [30/Oct/2025:14:32:17 +1000] "GET /1077600?fileloc=//proc/net/raw6&path=//proc/net HTTP/2.0" 200 2862 "-" "Mozilla/5.0 AppleWebKit/537.36 (KHTML, like Gecko; compatible; GPTBot/1.2; +https://openai.com/gptbot)"
74.7.227.14 - - [30/Oct/2025:14:32:29 +1000] "GET /1383760?shopdetail=0001382976 HTTP/2.0" 200 4637 "-" "Mozilla/5.0 AppleWebKit/537.36 (KHTML, like Gecko; compatible; GPTBot/1.2; +https://openai.com/gptbot)"
74.7.227.14 - - [30/Oct/2025:14:32:41 +1000] "GET /1372576?shopdetail=0001371805 HTTP/2.0" 200 4637 "-" "Mozilla/5.0 AppleWebKit/537.36 (KHTML, like Gecko; compatible; GPTBot/1.2; +https://openai.com/gptbot)"
74.7.227.14 - - [30/Oct/2025:14:32:52 +1000] "GET /1268576?shopdetail=0001267929 HTTP/2.0" 200 4637 "-" "Mozilla/5.0 AppleWebKit/537.36 (KHTML, like Gecko; compatible; GPTBot/1.2; +https://openai.com/gptbot)"
74.7.227.14 - - [30/Oct/2025:14:33:02 +1000] "GET /1315552?shopdetail=0001314849 HTTP/2.0" 200 4637 "-" "Mozilla/5.0 AppleWebKit/537.36 (KHTML, like Gecko; compatible; GPTBot/1.2; +https://openai.com/gptbot)"
66.249.75.70 - - [30/Oct/2025:14:33:08 +1000] "GET /3291248?shopdetail=0003288214 HTTP/1.1" 200 37185 "-" "Mozilla/5.0 (Linux; Android 6.0.1; Nexus 5X Build/MMB29P) AppleWebKit/537.36 (KHTML, like Gecko) Chrome/141.0.7390.122 Mobile Safari/537.36 (compatible; Googlebot/2.1; +http://www.google.com/bot.html)"
74.7.227.14 - - [30/Oct/2025:14:33:14 +1000] "GET /1238208?shopdetail=0001237595 HTTP/2.0" 200 4637 "-" "Mozilla/5.0 AppleWebKit/537.36 (KHTML, like Gecko; compatible; GPTBot/1.2; +https://openai.com/gptbot)"
74.7.227.14 - - [30/Oct/2025:14:33:28 +1000] "GET /1077600?fileloc=//proc/net/wireless&path=//proc/net HTTP/2.0" 200 2846 "-" "Mozilla/5.0 AppleWebKit/537.36 (KHTML, like Gecko; compatible; GPTBot/1.2; +https://openai.com/gptbot)"
85.208.96.201 - - [30/Oct/2025:14:33:31 +1000] "GET /robots.txt HTTP/1.1" 200 107 "-" "Mozilla/5.0 (compatible; SemrushBot/7~bl; +http://www.semrush.com/bot.html)"
185.191.171.14 - - [30/Oct/2025:14:33:33 +1000] "GET /catalog-category/bortovye/ HTTP/1.1" 200 4730 "-" "Mozilla/5.0 (compatible; SemrushBot/7~bl; +http://www.semrush.com/bot.html)"
74.7.227.14 - - [30/Oct/2025:14:33:39 +1000] "GET /1077600?fileloc=//proc/net/sockstat&path=//proc/net HTTP/2.0" 200 2825 "-" "Mozilla/5.0 AppleWebKit/537.36 (KHTML, like Gecko; compatible; GPTBot/1.2; +https://openai.com/gptbot)"
66.249.75.70 - - [30/Oct/2025:14:33:45 +1000] "GET /122697456?shopdetail=0122553614 HTTP/1.1" 200 35938 "-" "Mozilla/5.0 (Linux; Android 6.0.1; Nexus 5X Build/MMB29P) AppleWebKit/537.36 (KHTML, like Gecko) Chrome/141.0.7390.122 Mobile Safari/537.36 (compatible; Googlebot/2.1; +http://www.google.com/bot.html)"
74.7.227.14 - - [30/Oct/2025:14:33:49 +1000] "GET /1077600?fileloc=//proc/net/ip6_tables_targets&path=//proc/net HTTP/2.0" 200 2736 "-" "Mozilla/5.0 AppleWebKit/537.36 (KHTML, like Gecko; compatible; GPTBot/1.2; +https://openai.com/gptbot)"
66.249.75.70 - - [30/Oct/2025:14:33:55 +1000] "GET /1454366800?shopdetail=1452652592 HTTP/1.1" 200 35933 "-" "Mozilla/5.0 (Linux; Android 6.0.1; Nexus 5X Build/MMB29P) AppleWebKit/537.36 (KHTML, like Gecko) Chrome/141.0.7390.122 Mobile Safari/537.36 (compatible; Googlebot/2.1; +http://www.google.com/bot.html)"
74.7.227.14 - - [30/Oct/2025:14:34:02 +1000] "GET /1455296?shopdetail=0001454427 HTTP/2.0" 200 4637 "-" "Mozilla/5.0 AppleWebKit/537.36 (KHTML, like Gecko; compatible; GPTBot/1.2; +https://openai.com/gptbot)"
66.249.75.72 - - [30/Oct/2025:14:34:06 +1000] "GET /4805616?shopdetail=0004800798 HTTP/1.1" 200 37094 "-" "Mozilla/5.0 (Linux; Android 6.0.1; Nexus 5X Build/MMB29P) AppleWebKit/537.36 (KHTML, like Gecko) Chrome/141.0.7390.122 Mobile Safari/537.36 (compatible; Googlebot/2.1; +http://www.google.com/bot.html)"
52.167.144.158 - - [30/Oct/2025:14:34:09 +1000] "GET /wp-content/uploads/2024/11/whatsapp-image-2024-11-18-at-13.21.11-1-1-768x512.jpeg HTTP/2.0" 200 86588 "-" "Mozilla/5.0 AppleWebKit/537.36 (KHTML, like Gecko; compatible; bingbot/2.0; +http://www.bing.com/bingbot.htm) Chrome/116.0.1938.76 Safari/537.36"
74.7.227.14 - - [30/Oct/2025:14:34:14 +1000] "GET /1499264?path=/home/region-gk.ru/data/www/new.region-gk.ru/wp-includes HTTP/2.0" 200 17556 "-" "Mozilla/5.0 AppleWebKit/537.36 (KHTML, like Gecko; compatible; GPTBot/1.2; +https://openai.com/gptbot)"
74.7.227.14 - - [30/Oct/2025:14:34:26 +1000] "GET /1077600?fileloc=//proc/net/ip6_tables_matches&path=//proc/net HTTP/2.0" 200 2738 "-" "Mozilla/5.0 AppleWebKit/537.36 (KHTML, like Gecko; compatible; GPTBot/1.2; +https://openai.com/gptbot)"
74.7.227.14 - - [30/Oct/2025:14:34:36 +1000] "GET /1077600?fileloc=//proc/net/nf_conntrack_expect&path=//proc/net HTTP/2.0" 200 2741 "-" "Mozilla/5.0 AppleWebKit/537.36 (KHTML, like Gecko; compatible; GPTBot/1.2; +https://openai.com/gptbot)"
66.249.75.70 - - [30/Oct/2025:14:34:43 +1000] "GET /122698656?shopdetail=0122554813 HTTP/1.1" 200 35457 "-" "Mozilla/5.0 (Linux; Android 6.0.1; Nexus 5X Build/MMB29P) AppleWebKit/537.36 (KHTML, like Gecko) Chrome/141.0.7390.122 Mobile Safari/537.36 (compatible; Googlebot/2.1; +http://www.google.com/bot.html)"
66.249.75.70 - - [30/Oct/2025:14:34:47 +1000] "GET /?2979712?shopdetail=0002977047 HTTP/1.1" 200 35664 "-" "Mozilla/5.0 (Linux; Android 6.0.1; Nexus 5X Build/MMB29P) AppleWebKit/537.36 (KHTML, like Gecko) Chrome/141.0.7390.122 Mobile Safari/537.36 (compatible; Googlebot/2.1; +http://www.google.com/bot.html)"
74.7.227.14 - - [30/Oct/2025:14:34:49 +1000] "GET /1077600?fileloc=//proc/net/ip6_tables_names&path=//proc/net HTTP/2.0" 200 2737 "-" "Mozilla/5.0 AppleWebKit/537.36 (KHTML, like Gecko; compatible; GPTBot/1.2; +https://openai.com/gptbot)"
66.249.75.70 - - [30/Oct/2025:14:34:52 +1000] "GET /?1452805680?shopdetail=1451093314 HTTP/1.1" 200 35854 "-" "Mozilla/5.0 (Linux; Android 6.0.1; Nexus 5X Build/MMB29P) AppleWebKit/537.36 (KHTML, like Gecko) Chrome/141.0.7390.122 Mobile Safari/537.36 (compatible; Googlebot/2.1; +http://www.google.com/bot.html)"
74.7.227.14 - - [30/Oct/2025:14:35:01 +1000] "GET /1268576?fileloc=/home/region-gk.ru/data/www/new.region-gk.ru/wp-links-opml.php&path=/home/region-gk.ru/data/www/new.region-gk.ru HTTP/2.0" 200 3911 "-" "Mozilla/5.0 AppleWebKit/537.36 (KHTML, like Gecko; compatible; GPTBot/1.2; +https://openai.com/gptbot)"
74.7.227.14 - - [30/Oct/2025:14:35:11 +1000] "GET /1077600?fileloc=//proc/net/mcfilter&path=//proc/net HTTP/2.0" 200 2757 "-" "Mozilla/5.0 AppleWebKit/537.36 (KHTML, like Gecko; compatible; GPTBot/1.2; +https://openai.com/gptbot)"
74.7.227.14 - - [30/Oct/2025:14:35:21 +1000] "GET /1077600?fileloc=//proc/net/ip6_flowlabel&path=//proc/net HTTP/2.0" 200 2776 "-" "Mozilla/5.0 AppleWebKit/537.36 (KHTML, like Gecko; compatible; GPTBot/1.2; +https://openai.com/gptbot)"
74.7.227.14 - - [30/Oct/2025:14:35:33 +1000] "GET /1077600?fileloc=//proc/net/ip_mr_cache&path=//proc/net HTTP/2.0" 200 2773 "-" "Mozilla/5.0 AppleWebKit/537.36 (KHTML, like Gecko; compatible; GPTBot/1.2; +https://openai.com/gptbot)"
74.7.227.14 - - [30/Oct/2025:14:35:44 +1000] "GET /1077600?fileloc=//proc/net/ip_tables_targets&path=//proc/net HTTP/2.0" 200 2733 "-" "Mozilla/5.0 AppleWebKit/537.36 (KHTML, like Gecko; compatible; GPTBot/1.2; +https://openai.com/gptbot)"
74.7.227.14 - - [30/Oct/2025:14:35:55 +1000] "GET /1077600?fileloc=//proc/net/connector&path=//proc/net HTTP/2.0" 200 2750 "-" "Mozilla/5.0 AppleWebKit/537.36 (KHTML, like Gecko; compatible; GPTBot/1.2; +https://openai.com/gptbot)"
66.249.75.70 - - [30/Oct/2025:14:36:02 +1000] "GET /3259920?shopdetail=0003256924 HTTP/1.1" 200 35602 "-" "Mozilla/5.0 (Linux; Android 6.0.1; Nexus 5X Build/MMB29P) AppleWebKit/537.36 (KHTML, like Gecko) Chrome/141.0.7390.122 Mobile Safari/537.36 (compatible; Googlebot/2.1; +http://www.google.com/bot.html)"
74.7.227.14 - - [30/Oct/2025:14:36:05 +1000] "GET /1077600?fileloc=//proc/net/softnet_stat&path=//proc/net HTTP/2.0" 200 2890 "-" "Mozilla/5.0 AppleWebKit/537.36 (KHTML, like Gecko; compatible; GPTBot/1.2; +https://openai.com/gptbot)"
74.7.227.14 - - [30/Oct/2025:14:36:14 +1000] "GET /1077600?fileloc=//proc/net/fib_triestat&path=//proc/net HTTP/2.0" 200 2982 "-" "Mozilla/5.0 AppleWebKit/537.36 (KHTML, like Gecko; compatible; GPTBot/1.2; +https://openai.com/gptbot)"
74.7.227.14 - - [30/Oct/2025:14:36:25 +1000] "GET /1077600?fileloc=//proc/net/protocols&path=//proc/net HTTP/2.0" 200 3134 "-" "Mozilla/5.0 AppleWebKit/537.36 (KHTML, like Gecko; compatible; GPTBot/1.2; +https://openai.com/gptbot)"
74.7.227.14 - - [30/Oct/2025:14:36:34 +1000] "GET /1499264?fileloc=/home/region-gk.ru/data/www/new.region-gk.ru/wp-includes/ms-default-constants.php&path=/home/region-gk.ru/data/www/new.region-gk.ru/wp-includes HTTP/2.0" 200 4470 "-" "Mozilla/5.0 AppleWebKit/537.36 (KHTML, like Gecko; compatible; GPTBot/1.2; +https://openai.com/gptbot)"
66.249.75.71 - - [30/Oct/2025:14:36:39 +1000] "GET /122701152?shopdetail=0122557305 HTTP/1.1" 200 37245 "-" "Mozilla/5.0 (Linux; Android 6.0.1; Nexus 5X Build/MMB29P) AppleWebKit/537.36 (KHTML, like Gecko) Chrome/141.0.7390.122 Mobile Safari/537.36 (compatible; Googlebot/2.1; +http://www.google.com/bot.html)"
74.7.227.14 - - [30/Oct/2025:14:36:45 +1000] "GET /1499264?fileloc=/home/region-gk.ru/data/www/new.region-gk.ru/wp-includes/class-wp-application-passwords.php&path=/home/region-gk.ru/data/www/new.region-gk.ru/wp-includes HTTP/2.0" 200 6357 "-" "Mozilla/5.0 AppleWebKit/537.36 (KHTML, like Gecko; compatible; GPTBot/1.2; +https://openai.com/gptbot)"
74.7.227.14 - - [30/Oct/2025:14:36:55 +1000] "GET /1077600?fileloc=//proc/net/nf_conntrack&path=//proc/net HTTP/2.0" 200 2736 "-" "Mozilla/5.0 AppleWebKit/537.36 (KHTML, like Gecko; compatible; GPTBot/1.2; +https://openai.com/gptbot)"
74.7.227.14 - - [30/Oct/2025:14:37:04 +1000] "GET /1077600?fileloc=//proc/net/ip_tables_matches&path=//proc/net HTTP/2.0" 200 2735 "-" "Mozilla/5.0 AppleWebKit/537.36 (KHTML, like Gecko; compatible; GPTBot/1.2; +https://openai.com/gptbot)"
66.249.75.71 - - [30/Oct/2025:14:37:16 +1000] "GET /?122692240?shopdetail=0122548404 HTTP/1.1" 200 35545 "-" "Mozilla/5.0 (Linux; Android 6.0.1; Nexus 5X Build/MMB29P) AppleWebKit/537.36 (KHTML, like Gecko) Chrome/141.0.7390.122 Mobile Safari/537.36 (compatible; Googlebot/2.1; +http://www.google.com/bot.html)"
74.7.227.14 - - [30/Oct/2025:14:37:17 +1000] "GET /1077600?fileloc=//proc/net/mcfilter6&path=//proc/net HTTP/2.0" 200 2775 "-" "Mozilla/5.0 AppleWebKit/537.36 (KHTML, like Gecko; compatible; GPTBot/1.2; +https://openai.com/gptbot)"
74.7.227.14 - - [30/Oct/2025:14:37:28 +1000] "GET /1077600?fileloc=//proc/net/sockstat6&path=//proc/net HTTP/2.0" 200 2778 "-" "Mozilla/5.0 AppleWebKit/537.36 (KHTML, like Gecko; compatible; GPTBot/1.2; +https://openai.com/gptbot)"
74.7.227.14 - - [30/Oct/2025:14:37:43 +1000] "GET /1077600?fileloc=//proc/net/icmp&path=//proc/net HTTP/2.0" 200 2818 "-" "Mozilla/5.0 AppleWebKit/537.36 (KHTML, like Gecko; compatible; GPTBot/1.2; +https://openai.com/gptbot)"
74.7.227.14 - - [30/Oct/2025:14:37:53 +1000] "GET /1077600?fileloc=//proc/net/ip6_mr_cache&path=//proc/net HTTP/2.0" 200 2782 "-" "Mozilla/5.0 AppleWebKit/537.36 (KHTML, like Gecko; compatible; GPTBot/1.2; +https://openai.com/gptbot)"
66.249.75.70 - - [30/Oct/2025:14:37:53 +1000] "GET /3256288?shopdetail=0003253297 HTTP/1.1" 200 36636 "-" "Mozilla/5.0 (Linux; Android 6.0.1; Nexus 5X Build/MMB29P) AppleWebKit/537.36 (KHTML, like Gecko) Chrome/141.0.7390.122 Mobile Safari/537.36 (compatible; Googlebot/2.1; +http://www.google.com/bot.html)"
66.249.75.70 - - [30/Oct/2025:14:37:58 +1000] "GET /124953808?shopdetail=0124807304 HTTP/1.1" 200 36517 "-" "Mozilla/5.0 (Linux; Android 6.0.1; Nexus 5X Build/MMB29P) AppleWebKit/537.36 (KHTML, like Gecko) Chrome/141.0.7390.122 Mobile Safari/537.36 (compatible; Googlebot/2.1; +http://www.google.com/bot.html)"
74.7.227.14 - - [30/Oct/2025:14:38:04 +1000] "GET /1077600?fileloc=//proc/net/udplite6&path=//proc/net HTTP/2.0" 200 2821 "-" "Mozilla/5.0 AppleWebKit/537.36 (KHTML, like Gecko; compatible; GPTBot/1.2; +https://openai.com/gptbot)"
74.7.227.14 - - [30/Oct/2025:14:38:14 +1000] "GET /1077600?fileloc=//proc/net/igmp&path=//proc/net HTTP/2.0" 200 2823 "-" "Mozilla/5.0 AppleWebKit/537.36 (KHTML, like Gecko; compatible; GPTBot/1.2; +https://openai.com/gptbot)"
74.7.227.14 - - [30/Oct/2025:14:38:25 +1000] "GET /1077600?fileloc=//proc/net/tcp&path=//proc/net HTTP/2.0" 200 9013 "-" "Mozilla/5.0 AppleWebKit/537.36 (KHTML, like Gecko; compatible; GPTBot/1.2; +https://openai.com/gptbot)"
66.249.75.71 - - [30/Oct/2025:14:38:35 +1000] "GET /122708992?shopdetail=0122565135 HTTP/1.1" 200 36254 "-" "Mozilla/5.0 (Linux; Android 6.0.1; Nexus 5X Build/MMB29P) AppleWebKit/537.36 (KHTML, like Gecko) Chrome/141.0.7390.122 Mobile Safari/537.36 (compatible; Googlebot/2.1; +http://www.google.com/bot.html)"
74.7.227.14 - - [30/Oct/2025:14:38:36 +1000] "GET /1077600?fileloc=//proc/net/ipv6_route&path=//proc/net HTTP/2.0" 200 2983 "-" "Mozilla/5.0 AppleWebKit/537.36 (KHTML, like Gecko; compatible; GPTBot/1.2; +https://openai.com/gptbot)"
74.7.227.14 - - [30/Oct/2025:14:38:47 +1000] "GET /1077600?fileloc=//proc/net/anycast6&path=//proc/net HTTP/2.0" 200 2730 "-" "Mozilla/5.0 AppleWebKit/537.36 (KHTML, like Gecko; compatible; GPTBot/1.2; +https://openai.com/gptbot)"
74.7.227.14 - - [30/Oct/2025:14:38:58 +1000] "GET /1077600?fileloc=//proc/net/snmp&path=//proc/net HTTP/2.0" 200 3310 "-" "Mozilla/5.0 AppleWebKit/537.36 (KHTML, like Gecko; compatible; GPTBot/1.2; +https://openai.com/gptbot)"
74.7.227.14 - - [30/Oct/2025:14:39:08 +1000] "GET /1077600?fileloc=//proc/net/unix&path=//proc/net HTTP/2.0" 200 4862 "-" "Mozilla/5.0 AppleWebKit/537.36 (KHTML, like Gecko; compatible; GPTBot/1.2; +https://openai.com/gptbot)"
74.7.227.14 - - [30/Oct/2025:14:39:19 +1000] "GET /1077600?fileloc=//proc/net/udp&path=//proc/net HTTP/2.0" 200 2870 "-" "Mozilla/5.0 AppleWebKit/537.36 (KHTML, like Gecko; compatible; GPTBot/1.2; +https://openai.com/gptbot)"
74.7.227.14 - - [30/Oct/2025:14:39:29 +1000] "GET /1077600?fileloc=//proc/net/arp&path=//proc/net HTTP/2.0" 200 2815 "-" "Mozilla/5.0 AppleWebKit/537.36 (KHTML, like Gecko; compatible; GPTBot/1.2; +https://openai.com/gptbot)"
66.249.75.72 - - [30/Oct/2025:14:39:45 +1000] "GET /3261376?shopdetail=0003258379 HTTP/1.1" 200 36267 "-" "Mozilla/5.0 (Linux; Android 6.0.1; Nexus 5X Build/MMB29P) AppleWebKit/537.36 (KHTML, like Gecko) Chrome/141.0.7390.122 Mobile Safari/537.36 (compatible; Googlebot/2.1; +http://www.google.com/bot.html)"
74.7.227.14 - - [30/Oct/2025:14:39:46 +1000] "GET /1077600?fileloc=//proc/net/raw&path=//proc/net HTTP/2.0" 200 2814 "-" "Mozilla/5.0 AppleWebKit/537.36 (KHTML, like Gecko; compatible; GPTBot/1.2; +https://openai.com/gptbot)"
74.7.227.14 - - [30/Oct/2025:14:39:58 +1000] "GET /1077600?fileloc=//proc/net/ip_tables_names&path=//proc/net HTTP/2.0" 200 2736 "-" "Mozilla/5.0 AppleWebKit/537.36 (KHTML, like Gecko; compatible; GPTBot/1.2; +https://openai.com/gptbot)"
74.7.227.14 - - [30/Oct/2025:14:40:06 +1000] "GET /1372576?path=/ HTTP/2.0" 200 3948 "-" "Mozilla/5.0 AppleWebKit/537.36 (KHTML, like Gecko; compatible; GPTBot/1.2; +https://openai.com/gptbot)"
74.7.227.14 - - [30/Oct/2025:14:40:17 +1000] "GET /1268576?path=/ HTTP/2.0" 200 3948 "-" "Mozilla/5.0 AppleWebKit/537.36 (KHTML, like Gecko; compatible; GPTBot/1.2; +https://openai.com/gptbot)"
74.7.227.14 - - [30/Oct/2025:14:40:28 +1000] "GET /1383760?path=/ HTTP/2.0" 200 3948 "-" "Mozilla/5.0 AppleWebKit/537.36 (KHTML, like Gecko; compatible; GPTBot/1.2; +https://openai.com/gptbot)"
74.7.227.14 - - [30/Oct/2025:14:40:38 +1000] "GET /1499264?path=/ HTTP/2.0" 200 3948 "-" "Mozilla/5.0 AppleWebKit/537.36 (KHTML, like Gecko; compatible; GPTBot/1.2; +https://openai.com/gptbot)"
74.7.227.14 - - [30/Oct/2025:14:40:47 +1000] "GET /1455296?path=/ HTTP/2.0" 200 3948 "-" "Mozilla/5.0 AppleWebKit/537.36 (KHTML, like Gecko; compatible; GPTBot/1.2; +https://openai.com/gptbot)"
66.249.75.70 - - [30/Oct/2025:14:40:55 +1000] "GET /3293840?shopdetail=0003290804 HTTP/1.1" 200 36851 "-" "Mozilla/5.0 (Linux; Android 6.0.1; Nexus 5X Build/MMB29P) AppleWebKit/537.36 (KHTML, like Gecko) Chrome/141.0.7390.122 Mobile Safari/537.36 (compatible; Googlebot/2.1; +http://www.google.com/bot.html)"
66.249.75.70 - - [30/Oct/2025:14:41:00 +1000] "GET /?122695936?shopdetail=0122552095 HTTP/1.1" 200 35470 "-" "Mozilla/5.0 (Linux; Android 6.0.1; Nexus 5X Build/MMB29P) AppleWebKit/537.36 (KHTML, like Gecko) Chrome/141.0.7390.122 Mobile Safari/537.36 (compatible; Googlebot/2.1; +http://www.google.com/bot.html)"
74.7.227.14 - - [30/Oct/2025:14:41:01 +1000] "GET /1358320?path=/ HTTP/2.0" 200 3948 "-" "Mozilla/5.0 AppleWebKit/537.36 (KHTML, like Gecko; compatible; GPTBot/1.2; +https://openai.com/gptbot)"
74.7.227.14 - - [30/Oct/2025:14:41:10 +1000] "GET /1238208?path=/ HTTP/2.0" 200 3948 "-" "Mozilla/5.0 AppleWebKit/537.36 (KHTML, like Gecko; compatible; GPTBot/1.2; +https://openai.com/gptbot)"
74.7.227.14 - - [30/Oct/2025:14:41:21 +1000] "GET /1077600?fileloc=//proc/net/route&path=//proc/net HTTP/2.0" 200 2855 "-" "Mozilla/5.0 AppleWebKit/537.36 (KHTML, like Gecko; compatible; GPTBot/1.2; +https://openai.com/gptbot)"
74.7.227.14 - - [30/Oct/2025:14:41:31 +1000] "GET /1077600?fileloc=//proc/net/ptype&path=//proc/net HTTP/2.0" 200 2778 "-" "Mozilla/5.0 AppleWebKit/537.36 (KHTML, like Gecko; compatible; GPTBot/1.2; +https://openai.com/gptbot)"
66.249.75.70 - - [30/Oct/2025:14:41:37 +1000] "GET /3267888?shopdetail=0003264882 HTTP/1.1" 200 34860 "-" "Mozilla/5.0 (Linux; Android 6.0.1; Nexus 5X Build/MMB29P) AppleWebKit/537.36 (KHTML, like Gecko) Chrome/141.0.7390.122 Mobile Safari/537.36 (compatible; Googlebot/2.1; +http://www.google.com/bot.html)"
66.249.75.74 - - [30/Oct/2025:14:41:39 +1000] "GET /?fileloc=/home/region-gk.ru/data/www/new.region-gk.ru/wp-admin/widgets-form.php&path=/home/region-gk.ru/data/www/new.region-gk.ru/wp-admin HTTP/1.1" 200 9315 "-" "Mozilla/5.0 (Linux; Android 6.0.1; Nexus 5X Build/MMB29P) AppleWebKit/537.36 (KHTML, like Gecko) Chrome/141.0.7390.122 Mobile Safari/537.36 (compatible; Googlebot/2.1; +http://www.google.com/bot.html)"
74.7.227.14 - - [30/Oct/2025:14:41:44 +1000] "GET /1238208?path=//root HTTP/2.0" 200 2785 "-" "Mozilla/5.0 AppleWebKit/537.36 (KHTML, like Gecko; compatible; GPTBot/1.2; +https://openai.com/gptbot)"
74.7.227.14 - - [30/Oct/2025:14:41:54 +1000] "GET /1499264?path=//opt HTTP/2.0" 200 3520 "-" "Mozilla/5.0 AppleWebKit/537.36 (KHTML, like Gecko; compatible; GPTBot/1.2; +https://openai.com/gptbot)"
74.7.227.14 - - [30/Oct/2025:14:42:03 +1000] "GET /1077600?fileloc=//proc/net/packet&path=//proc/net HTTP/2.0" 200 2808 "-" "Mozilla/5.0 AppleWebKit/537.36 (KHTML, like Gecko; compatible; GPTBot/1.2; +https://openai.com/gptbot)"
74.7.227.14 - - [30/Oct/2025:14:42:12 +1000] "GET /1077600?fileloc=//proc/net/udp6&path=//proc/net HTTP/2.0" 200 2871 "-" "Mozilla/5.0 AppleWebKit/537.36 (KHTML, like Gecko; compatible; GPTBot/1.2; +https://openai.com/gptbot)"
74.7.227.14 - - [30/Oct/2025:14:42:24 +1000] "GET /1077600?fileloc=//proc/net/snmp6&path=//proc/net HTTP/2.0" 200 3379 "-" "Mozilla/5.0 AppleWebKit/537.36 (KHTML, like Gecko; compatible; GPTBot/1.2; +https://openai.com/gptbot)"
74.7.227.14 - - [30/Oct/2025:14:42:34 +1000] "GET /1077600?fileloc=//proc/net/tcp6&path=//proc/net HTTP/2.0" 200 3026 "-" "Mozilla/5.0 AppleWebKit/537.36 (KHTML, like Gecko; compatible; GPTBot/1.2; +https://openai.com/gptbot)"
74.7.227.14 - - [30/Oct/2025:14:42:44 +1000] "GET /1077600?fileloc=//proc/net/ip6_mr_vif&path=//proc/net HTTP/2.0" 200 2770 "-" "Mozilla/5.0 AppleWebKit/537.36 (KHTML, like Gecko; compatible; GPTBot/1.2; +https://openai.com/gptbot)"
66.249.75.71 - - [30/Oct/2025:14:42:49 +1000] "GET /4821424?shopdetail=0004816586 HTTP/1.1" 200 36020 "-" "Mozilla/5.0 (Linux; Android 6.0.1; Nexus 5X Build/MMB29P) AppleWebKit/537.36 (KHTML, like Gecko) Chrome/141.0.7390.122 Mobile Safari/537.36 (compatible; Googlebot/2.1; +http://www.google.com/bot.html)"
66.249.75.70 - - [30/Oct/2025:14:42:54 +1000] "GET /122709840?shopdetail=0122565984 HTTP/1.1" 200 35465 "-" "Mozilla/5.0 (Linux; Android 6.0.1; Nexus 5X Build/MMB29P) AppleWebKit/537.36 (KHTML, like Gecko) Chrome/141.0.7390.122 Mobile Safari/537.36 (compatible; Googlebot/2.1; +http://www.google.com/bot.html)"
74.7.227.14 - - [30/Oct/2025:14:42:55 +1000] "GET /1077600?fileloc=//proc/net/igmp6&path=//proc/net HTTP/2.0" 200 2808 "-" "Mozilla/5.0 AppleWebKit/537.36 (KHTML, like Gecko; compatible; GPTBot/1.2; +https://openai.com/gptbot)"
212.16.195.25 - - [30/Oct/2025:14:42:57 +1000] "GET / HTTP/1.1" 301 169 "-" "Mozilla/5.0 (X11; Linux x86_64) AppleWebKit/537.36 (KHTML, like Gecko) Chrome/44.0.2403.157 Safari/537.36"
212.16.195.25 - - [30/Oct/2025:14:42:58 +1000] "GET / HTTP/1.1" 200 3079 "http://212.16.195.25" "Mozilla/5.0 (X11; Linux x86_64) AppleWebKit/537.36 (KHTML, like Gecko) Chrome/44.0.2403.157 Safari/537.36"
74.7.227.14 - - [30/Oct/2025:14:43:05 +1000] "GET /1077600?fileloc=//proc/net/psched&path=//proc/net HTTP/2.0" 200 2759 "-" "Mozilla/5.0 AppleWebKit/537.36 (KHTML, like Gecko; compatible; GPTBot/1.2; +https://openai.com/gptbot)"
170.106.65.93 - - [30/Oct/2025:14:43:10 +1000] "GET / HTTP/1.1" 200 4726 "-" "Mozilla/5.0 (iPhone; CPU iPhone OS 13_2_3 like Mac OS X) AppleWebKit/605.1.15 (KHTML, like Gecko) Version/13.0.3 Mobile/15E148 Safari/604.1"
74.7.227.14 - - [30/Oct/2025:14:43:14 +1000] "GET /1383760?path=//var HTTP/2.0" 200 4146 "-" "Mozilla/5.0 AppleWebKit/537.36 (KHTML, like Gecko; compatible; GPTBot/1.2; +https://openai.com/gptbot)"
74.7.227.14 - - [30/Oct/2025:14:43:25 +1000] "GET /1315552?path=/ HTTP/2.0" 200 3948 "-" "Mozilla/5.0 AppleWebKit/537.36 (KHTML, like Gecko; compatible; GPTBot/1.2; +https://openai.com/gptbot)"
66.249.75.70 - - [30/Oct/2025:14:43:30 +1000] "GET /124258320?shopdetail=0124112636 HTTP/1.1" 200 35029 "-" "Mozilla/5.0 (Linux; Android 6.0.1; Nexus 5X Build/MMB29P) AppleWebKit/537.36 (KHTML, like Gecko) Chrome/141.0.7390.122 Mobile Safari/537.36 (compatible; Googlebot/2.1; +http://www.google.com/bot.html)"
66.249.75.70 - - [30/Oct/2025:14:43:35 +1000] "GET /122703744?shopdetail=0122559895 HTTP/1.1" 200 35434 "-" "Mozilla/5.0 (Linux; Android 6.0.1; Nexus 5X Build/MMB29P) AppleWebKit/537.36 (KHTML, like Gecko) Chrome/141.0.7390.122 Mobile Safari/537.36 (compatible; Googlebot/2.1; +http://www.google.com/bot.html)"
74.7.227.14 - - [30/Oct/2025:14:43:37 +1000] "GET /1077600?fileloc=//proc/net/fib_trie&path=//proc/net HTTP/2.0" 200 2938 "-" "Mozilla/5.0 AppleWebKit/537.36 (KHTML, like Gecko; compatible; GPTBot/1.2; +https://openai.com/gptbot)"
74.7.227.14 - - [30/Oct/2025:14:43:51 +1000] "GET /1077600?fileloc=//proc/net/if_inet6&path=//proc/net HTTP/2.0" 200 2787 "-" "Mozilla/5.0 AppleWebKit/537.36 (KHTML, like Gecko; compatible; GPTBot/1.2; +https://openai.com/gptbot)"
74.7.227.14 - - [30/Oct/2025:14:44:01 +1000] "GET /1077600?fileloc=//proc/net/rt6_stats&path=//proc/net HTTP/2.0" 200 2743 "-" "Mozilla/5.0 AppleWebKit/537.36 (KHTML, like Gecko; compatible; GPTBot/1.2; +https://openai.com/gptbot)"
74.7.227.14 - - [30/Oct/2025:14:44:10 +1000] "GET /1077600?fileloc=//proc/net/rt_acct&path=//proc/net HTTP/2.0" 200 2775 "-" "Mozilla/5.0 AppleWebKit/537.36 (KHTML, like Gecko; compatible; GPTBot/1.2; +https://openai.com/gptbot)"
74.7.227.14 - - [30/Oct/2025:14:44:20 +1000] "GET /1077600?fileloc=//proc/net/netlink&path=//proc/net HTTP/2.0" 200 3065 "-" "Mozilla/5.0 AppleWebKit/537.36 (KHTML, like Gecko; compatible; GPTBot/1.2; +https://openai.com/gptbot)"
74.7.227.14 - - [30/Oct/2025:14:44:33 +1000] "GET /1536272?shopdetail=0001535308 HTTP/2.0" 200 4637 "-" "Mozilla/5.0 AppleWebKit/537.36 (KHTML, like Gecko; compatible; GPTBot/1.2; +https://openai.com/gptbot)"
74.7.227.14 - - [30/Oct/2025:14:44:42 +1000] "GET /1383760?path=//var/www HTTP/2.0" 200 6203 "-" "Mozilla/5.0 AppleWebKit/537.36 (KHTML, like Gecko; compatible; GPTBot/1.2; +https://openai.com/gptbot)"
66.249.75.70 - - [30/Oct/2025:14:44:46 +1000] "GET /122722896?shopdetail=0122579024 HTTP/1.1" 200 35480 "-" "Mozilla/5.0 (Linux; Android 6.0.1; Nexus 5X Build/MMB29P) AppleWebKit/537.36 (KHTML, like Gecko) Chrome/141.0.7390.122 Mobile Safari/537.36 (compatible; Googlebot/2.1; +http://www.google.com/bot.html)"
66.249.75.71 - - [30/Oct/2025:14:44:50 +1000] "GET /122699536?shopdetail=0122555692 HTTP/1.1" 200 35493 "-" "Mozilla/5.0 (Linux; Android 6.0.1; Nexus 5X Build/MMB29P) AppleWebKit/537.36 (KHTML, like Gecko) Chrome/141.0.7390.122 Mobile Safari/537.36 (compatible; Googlebot/2.1; +http://www.google.com/bot.html)"
74.7.227.14 - - [30/Oct/2025:14:44:56 +1000] "GET /1077600?fileloc=//proc/net/udplite&path=//proc/net HTTP/2.0" 200 2823 "-" "Mozilla/5.0 AppleWebKit/537.36 (KHTML, like Gecko; compatible; GPTBot/1.2; +https://openai.com/gptbot)"
74.7.227.14 - - [30/Oct/2025:14:45:06 +1000] "GET /1077600?fileloc=//proc/net/netstat&path=//proc/net HTTP/2.0" 200 3938 "-" "Mozilla/5.0 AppleWebKit/537.36 (KHTML, like Gecko; compatible; GPTBot/1.2; +https://openai.com/gptbot)"
205.185.121.77 - - [30/Oct/2025:14:45:11 +1000] "GET /wp-login.php HTTP/1.1" 200 54566 "-" "Mozilla/5.0 (Windows NT 5.1) AppleWebKit/537.36 (KHTML, like Gecko) Chrome/36.0.1985.125 Safari/537.36"
74.7.227.14 - - [30/Oct/2025:14:45:18 +1000] "GET /1077600?fileloc=//proc/net/rt_cache&path=//proc/net HTTP/2.0" 200 2828 "-" "Mozilla/5.0 AppleWebKit/537.36 (KHTML, like Gecko; compatible; GPTBot/1.2; +https://openai.com/gptbot)"
66.249.75.70 - - [30/Oct/2025:14:45:22 +1000] "GET /123414496?shopdetail=0123269809 HTTP/1.1" 200 36407 "-" "Mozilla/5.0 (Linux; Android 6.0.1; Nexus 5X Build/MMB29P) AppleWebKit/537.36 (KHTML, like Gecko) Chrome/141.0.7390.122 Mobile Safari/537.36 (compatible; Googlebot/2.1; +http://www.google.com/bot.html)"
74.7.227.14 - - [30/Oct/2025:14:45:27 +1000] "GET /1437152?shopdetail=0001436305 HTTP/2.0" 200 4637 "-" "Mozilla/5.0 AppleWebKit/537.36 (KHTML, like Gecko; compatible; GPTBot/1.2; +https://openai.com/gptbot)"
74.7.227.14 - - [30/Oct/2025:14:45:38 +1000] "GET /1398016?shopdetail=0001397215 HTTP/2.0" 200 4637 "-" "Mozilla/5.0 AppleWebKit/537.36 (KHTML, like Gecko; compatible; GPTBot/1.2; +https://openai.com/gptbot)"
74.7.227.14 - - [30/Oct/2025:14:45:51 +1000] "GET /1563840?shopdetail=0001562843 HTTP/2.0" 200 4637 "-" "Mozilla/5.0 AppleWebKit/537.36 (KHTML, like Gecko; compatible; GPTBot/1.2; +https://openai.com/gptbot)"
74.7.227.14 - - [30/Oct/2025:14:46:01 +1000] "GET /1072384?shopdetail=0001071967 HTTP/2.0" 200 4637 "-" "Mozilla/5.0 AppleWebKit/537.36 (KHTML, like Gecko; compatible; GPTBot/1.2; +https://openai.com/gptbot)"
74.7.227.14 - - [30/Oct/2025:14:46:12 +1000] "GET /1522336?shopdetail=0001521389 HTTP/2.0" 200 4637 "-" "Mozilla/5.0 AppleWebKit/537.36 (KHTML, like Gecko; compatible; GPTBot/1.2; +https://openai.com/gptbot)"
66.249.75.72 - - [30/Oct/2025:14:46:20 +1000] "GET /13356128?shopdetail=0013341225 HTTP/1.1" 200 37022 "-" "Mozilla/5.0 (Linux; Android 6.0.1; Nexus 5X Build/MMB29P) AppleWebKit/537.36 (KHTML, like Gecko) Chrome/141.0.7390.122 Mobile Safari/537.36 (compatible; Googlebot/2.1; +http://www.google.com/bot.html)"
74.7.227.14 - - [30/Oct/2025:14:46:24 +1000] "GET /1536272?path=/ HTTP/2.0" 200 3948 "-" "Mozilla/5.0 AppleWebKit/537.36 (KHTML, like Gecko; compatible; GPTBot/1.2; +https://openai.com/gptbot)"
74.7.227.14 - - [30/Oct/2025:14:46:35 +1000] "GET /1266368?shopdetail=0001265723 HTTP/2.0" 200 4637 "-" "Mozilla/5.0 AppleWebKit/537.36 (KHTML, like Gecko; compatible; GPTBot/1.2; +https://openai.com/gptbot)"
74.7.227.14 - - [30/Oct/2025:14:46:49 +1000] "GET /1383760?path=//var/www/neptunvld.com HTTP/2.0" 200 2813 "-" "Mozilla/5.0 AppleWebKit/537.36 (KHTML, like Gecko; compatible; GPTBot/1.2; +https://openai.com/gptbot)"
74.7.227.14 - - [30/Oct/2025:14:47:03 +1000] "GET /1057248?shopdetail=0001056849 HTTP/2.0" 200 4637 "-" "Mozilla/5.0 AppleWebKit/537.36 (KHTML, like Gecko; compatible; GPTBot/1.2; +https://openai.com/gptbot)"
74.7.227.14 - - [30/Oct/2025:14:47:15 +1000] "GET /1383760?path=//var/www/assambleyanar_usr HTTP/2.0" 200 2819 "-" "Mozilla/5.0 AppleWebKit/537.36 (KHTML, like Gecko; compatible; GPTBot/1.2; +https://openai.com/gptbot)"
66.249.75.72 - - [30/Oct/2025:14:47:20 +1000] "GET /123424544?shopdetail=0123279845 HTTP/1.1" 200 36296 "-" "Mozilla/5.0 (Linux; Android 6.0.1; Nexus 5X Build/MMB29P) AppleWebKit/537.36 (KHTML, like Gecko) Chrome/141.0.7390.122 Mobile Safari/537.36 (compatible; Googlebot/2.1; +http://www.google.com/bot.html)"
74.7.227.14 - - [30/Oct/2025:14:47:26 +1000] "GET /1437152?path=/ HTTP/2.0" 200 3948 "-" "Mozilla/5.0 AppleWebKit/537.36 (KHTML, like Gecko; compatible; GPTBot/1.2; +https://openai.com/gptbot)"
74.7.227.14 - - [30/Oct/2025:14:47:36 +1000] "GET /1427728?shopdetail=0001426892 HTTP/2.0" 200 4637 "-" "Mozilla/5.0 AppleWebKit/537.36 (KHTML, like Gecko; compatible; GPTBot/1.2; +https://openai.com/gptbot)"
52.167.144.18 - - [30/Oct/2025:14:47:47 +1000] "GET /wp-content/uploads/2023/08/0z5a4779_resized-1366x2048.jpg HTTP/2.0" 200 484915 "-" "Mozilla/5.0 AppleWebKit/537.36 (KHTML, like Gecko; compatible; bingbot/2.0; +http://www.bing.com/bingbot.htm) Chrome/116.0.1938.76 Safari/537.36"
74.7.227.14 - - [30/Oct/2025:14:47:47 +1000] "GET /1398016?path=/ HTTP/2.0" 200 3948 "-" "Mozilla/5.0 AppleWebKit/537.36 (KHTML, like Gecko; compatible; GPTBot/1.2; +https://openai.com/gptbot)"
74.7.227.14 - - [30/Oct/2025:14:48:01 +1000] "GET /1072384?path=/ HTTP/2.0" 200 3948 "-" "Mozilla/5.0 AppleWebKit/537.36 (KHTML, like Gecko; compatible; GPTBot/1.2; +https://openai.com/gptbot)"
74.7.227.14 - - [30/Oct/2025:14:48:11 +1000] "GET /1287392?shopdetail=0001286721 HTTP/2.0" 200 4637 "-" "Mozilla/5.0 AppleWebKit/537.36 (KHTML, like Gecko; compatible; GPTBot/1.2; +https://openai.com/gptbot)"
66.249.75.72 - - [30/Oct/2025:14:48:17 +1000] "GET /112704800?shopdetail=0112572741 HTTP/1.1" 200 36624 "-" "Mozilla/5.0 (Linux; Android 6.0.1; Nexus 5X Build/MMB29P) AppleWebKit/537.36 (KHTML, like Gecko) Chrome/141.0.7390.122 Mobile Safari/537.36 (compatible; Googlebot/2.1; +http://www.google.com/bot.html)"
74.7.227.14 - - [30/Oct/2025:14:48:20 +1000] "GET /1522336?path=/ HTTP/2.0" 200 3948 "-" "Mozilla/5.0 AppleWebKit/537.36 (KHTML, like Gecko; compatible; GPTBot/1.2; +https://openai.com/gptbot)"
74.7.227.14 - - [30/Oct/2025:14:48:31 +1000] "GET /1057248?path=/ HTTP/2.0" 200 3948 "-" "Mozilla/5.0 AppleWebKit/537.36 (KHTML, like Gecko; compatible; GPTBot/1.2; +https://openai.com/gptbot)"
74.7.227.14 - - [30/Oct/2025:14:48:40 +1000] "GET /1563840?path=/ HTTP/2.0" 200 3948 "-" "Mozilla/5.0 AppleWebKit/537.36 (KHTML, like Gecko; compatible; GPTBot/1.2; +https://openai.com/gptbot)"
208.113.147.98 - - [30/Oct/2025:14:48:41 +1000] "GET /wp-login.php HTTP/2.0" 200 4639 "-" "Mozilla/5.0 (Windows NT 6.1; WOW64; Trident/7.0; EIE10;ENUSMCM; rv:11.0) like Gecko"
74.7.227.14 - - [30/Oct/2025:14:48:51 +1000] "GET /1264032?shopdetail=0001263389 HTTP/2.0" 200 4637 "-" "Mozilla/5.0 AppleWebKit/537.36 (KHTML, like Gecko; compatible; GPTBot/1.2; +https://openai.com/gptbot)"
74.7.227.14 - - [30/Oct/2025:14:49:00 +1000] "GET /1094256?shopdetail=0001093814 HTTP/2.0" 200 4637 "-" "Mozilla/5.0 AppleWebKit/537.36 (KHTML, like Gecko; compatible; GPTBot/1.2; +https://openai.com/gptbot)"
208.113.147.98 - - [30/Oct/2025:14:49:00 +1000] "GET /wp-login.php HTTP/2.0" 200 4639 "-" "Mozilla/5.0 (Windows NT 6.1; WOW64; Trident/7.0; EIE10;ENUSMCM; rv:11.0) like Gecko"
208.113.147.98 - - [30/Oct/2025:14:49:04 +1000] "POST /wp-login.php HTTP/2.0" 200 4627 "https://region-logist.ru/wp-login.php" "Mozilla/5.0 (Windows NT 6.1; WOW64; Trident/7.0; EIE10;ENUSMCM; rv:11.0) like Gecko"
74.7.227.14 - - [30/Oct/2025:14:49:09 +1000] "GET /1266368?path=/ HTTP/2.0" 200 3948 "-" "Mozilla/5.0 AppleWebKit/537.36 (KHTML, like Gecko; compatible; GPTBot/1.2; +https://openai.com/gptbot)"
74.7.227.14 - - [30/Oct/2025:14:49:18 +1000] "GET /1427728?path=/ HTTP/2.0" 200 3948 "-" "Mozilla/5.0 AppleWebKit/537.36 (KHTML, like Gecko; compatible; GPTBot/1.2; +https://openai.com/gptbot)"
74.7.227.14 - - [30/Oct/2025:14:49:27 +1000] "GET /1545696?shopdetail=0001544721 HTTP/2.0" 200 4637 "-" "Mozilla/5.0 AppleWebKit/537.36 (KHTML, like Gecko; compatible; GPTBot/1.2; +https://openai.com/gptbot)"
74.7.227.14 - - [30/Oct/2025:14:49:36 +1000] "GET /1424096?shopdetail=0001423265 HTTP/2.0" 200 4637 "-" "Mozilla/5.0 AppleWebKit/537.36 (KHTML, like Gecko; compatible; GPTBot/1.2; +https://openai.com/gptbot)"
45.61.184.130 - - [30/Oct/2025:14:49:37 +1000] "GET /wp-login.php HTTP/1.1" 200 54566 "-" "Mozilla/5.0 (Macintosh; Intel Mac OS X 10_10) AppleWebKit/600.1.3 (KHTML, like Gecko) Version/8.0 Safari/600.1.3"
66.249.75.71 - - [30/Oct/2025:14:49:41 +1000] "GET /13351760?shopdetail=0013336864 HTTP/1.1" 200 36580 "-" "Mozilla/5.0 (Linux; Android 6.0.1; Nexus 5X Build/MMB29P) AppleWebKit/537.36 (KHTML, like Gecko) Chrome/141.0.7390.122 Mobile Safari/537.36 (compatible; Googlebot/2.1; +http://www.google.com/bot.html)"
66.249.75.70 - - [30/Oct/2025:14:49:47 +1000] "GET /13349424?shopdetail=0013334530 HTTP/1.1" 200 37900 "-" "Mozilla/5.0 (Linux; Android 6.0.1; Nexus 5X Build/MMB29P) AppleWebKit/537.36 (KHTML, like Gecko) Chrome/141.0.7390.122 Mobile Safari/537.36 (compatible; Googlebot/2.1; +http://www.google.com/bot.html)"
74.7.227.14 - - [30/Oct/2025:14:49:48 +1000] "GET /1264032?fileloc=/home/region-gk.ru/data/www/new.region-gk.ru/wp-config-sample.php&path=/home/region-gk.ru/data/www/new.region-gk.ru HTTP/2.0" 200 4127 "-" "Mozilla/5.0 AppleWebKit/537.36 (KHTML, like Gecko; compatible; GPTBot/1.2; +https://openai.com/gptbot)"
74.7.227.14 - - [30/Oct/2025:14:50:00 +1000] "GET /1414672?shopdetail=0001413852 HTTP/2.0" 200 4637 "-" "Mozilla/5.0 AppleWebKit/537.36 (KHTML, like Gecko; compatible; GPTBot/1.2; +https://openai.com/gptbot)"
74.7.227.14 - - [30/Oct/2025:14:50:13 +1000] "GET /1094256?path=/ HTTP/2.0" 200 3948 "-" "Mozilla/5.0 AppleWebKit/537.36 (KHTML, like Gecko; compatible; GPTBot/1.2; +https://openai.com/gptbot)"
66.249.75.72 - - [30/Oct/2025:14:50:24 +1000] "GET /123399392?shopdetail=0123254721 HTTP/1.1" 200 35721 "-" "Mozilla/5.0 (Linux; Android 6.0.1; Nexus 5X Build/MMB29P) AppleWebKit/537.36 (KHTML, like Gecko) Chrome/141.0.7390.122 Mobile Safari/537.36 (compatible; Googlebot/2.1; +http://www.google.com/bot.html)"
74.7.227.14 - - [30/Oct/2025:14:50:25 +1000] "GET /1424096?fileloc=/home/region-gk.ru/data/www/new.region-gk.ru/wp-config-sample.php&path=/home/region-gk.ru/data/www/new.region-gk.ru HTTP/2.0" 200 4127 "-" "Mozilla/5.0 AppleWebKit/537.36 (KHTML, like Gecko; compatible; GPTBot/1.2; +https://openai.com/gptbot)"
66.249.75.70 - - [30/Oct/2025:14:50:28 +1000] "GET /122693856?shopdetail=0122550017 HTTP/1.1" 200 35544 "-" "Mozilla/5.0 (Linux; Android 6.0.1; Nexus 5X Build/MMB29P) AppleWebKit/537.36 (KHTML, like Gecko) Chrome/141.0.7390.122 Mobile Safari/537.36 (compatible; Googlebot/2.1; +http://www.google.com/bot.html)"
74.7.227.14 - - [30/Oct/2025:14:50:34 +1000] "GET /1059328?shopdetail=0001058927 HTTP/2.0" 200 4637 "-" "Mozilla/5.0 AppleWebKit/537.36 (KHTML, like Gecko; compatible; GPTBot/1.2; +https://openai.com/gptbot)"
74.7.227.14 - - [30/Oct/2025:14:50:44 +1000] "GET /1287392?path=/ HTTP/2.0" 200 3948 "-" "Mozilla/5.0 AppleWebKit/537.36 (KHTML, like Gecko; compatible; GPTBot/1.2; +https://openai.com/gptbot)"
74.7.227.14 - - [30/Oct/2025:14:50:53 +1000] "GET /1264032?path=/ HTTP/2.0" 200 3948 "-" "Mozilla/5.0 AppleWebKit/537.36 (KHTML, like Gecko; compatible; GPTBot/1.2; +https://openai.com/gptbot)"
74.7.227.14 - - [30/Oct/2025:14:51:03 +1000] "GET /1424096?path=/ HTTP/2.0" 200 3948 "-" "Mozilla/5.0 AppleWebKit/537.36 (KHTML, like Gecko; compatible; GPTBot/1.2; +https://openai.com/gptbot)"
66.249.75.71 - - [30/Oct/2025:14:51:04 +1000] "GET /?112734512?shopdetail=0112602418 HTTP/1.1" 200 35705 "-" "Mozilla/5.0 (Linux; Android 6.0.1; Nexus 5X Build/MMB29P) AppleWebKit/537.36 (KHTML, like Gecko) Chrome/141.0.7390.122 Mobile Safari/537.36 (compatible; Googlebot/2.1; +http://www.google.com/bot.html)"
74.7.227.14 - - [30/Oct/2025:14:51:11 +1000] "GET /1545696?path=/ HTTP/2.0" 200 3948 "-" "Mozilla/5.0 AppleWebKit/537.36 (KHTML, like Gecko; compatible; GPTBot/1.2; +https://openai.com/gptbot)"
74.7.227.14 - - [30/Oct/2025:14:51:20 +1000] "GET /1072384?path=//etc HTTP/2.0" 200 13909 "-" "Mozilla/5.0 AppleWebKit/537.36 (KHTML, like Gecko; compatible; GPTBot/1.2; +https://openai.com/gptbot)"
74.7.227.14 - - [30/Oct/2025:14:51:29 +1000] "GET /1421376?shopdetail=0001420547 HTTP/2.0" 200 4637 "-" "Mozilla/5.0 AppleWebKit/537.36 (KHTML, like Gecko; compatible; GPTBot/1.2; +https://openai.com/gptbot)"
74.7.227.14 - - [30/Oct/2025:14:51:40 +1000] "GET /1473152?shopdetail=0001472263 HTTP/2.0" 200 4637 "-" "Mozilla/5.0 AppleWebKit/537.36 (KHTML, like Gecko; compatible; GPTBot/1.2; +https://openai.com/gptbot)"
66.249.75.70 - - [30/Oct/2025:14:51:41 +1000] "GET /13360928?shopdetail=0013346021 HTTP/1.1" 200 35826 "-" "Mozilla/5.0 (Linux; Android 6.0.1; Nexus 5X Build/MMB29P) AppleWebKit/537.36 (KHTML, like Gecko) Chrome/141.0.7390.122 Mobile Safari/537.36 (compatible; Googlebot/2.1; +http://www.google.com/bot.html)"
66.249.75.70 - - [30/Oct/2025:14:51:46 +1000] "GET /13355184?shopdetail=0013340282 HTTP/1.1" 200 37877 "-" "Mozilla/5.0 (Linux; Android 6.0.1; Nexus 5X Build/MMB29P) AppleWebKit/537.36 (KHTML, like Gecko) Chrome/141.0.7390.122 Mobile Safari/537.36 (compatible; Googlebot/2.1; +http://www.google.com/bot.html)"
74.7.227.14 - - [30/Oct/2025:14:51:50 +1000] "GET /1414672?fileloc=/home/region-gk.ru/data/www/new.region-gk.ru/zlbpq.php&path=/home/region-gk.ru/data/www/new.region-gk.ru HTTP/2.0" 200 6819 "-" "Mozilla/5.0 AppleWebKit/537.36 (KHTML, like Gecko; compatible; GPTBot/1.2; +https://openai.com/gptbot)"
74.7.227.14 - - [30/Oct/2025:14:52:04 +1000] "GET /1414672?path=/ HTTP/2.0" 200 3948 "-" "Mozilla/5.0 AppleWebKit/537.36 (KHTML, like Gecko; compatible; GPTBot/1.2; +https://openai.com/gptbot)"
74.7.227.14 - - [30/Oct/2025:14:52:12 +1000] "GET /1453808?shopdetail=0001452942 HTTP/2.0" 200 4637 "-" "Mozilla/5.0 AppleWebKit/537.36 (KHTML, like Gecko; compatible; GPTBot/1.2; +https://openai.com/gptbot)"
66.249.75.72 - - [30/Oct/2025:14:52:22 +1000] "GET /123400272?shopdetail=0123255600 HTTP/1.1" 200 35420 "-" "Mozilla/5.0 (Linux; Android 6.0.1; Nexus 5X Build/MMB29P) AppleWebKit/537.36 (KHTML, like Gecko) Chrome/141.0.7390.122 Mobile Safari/537.36 (compatible; Googlebot/2.1; +http://www.google.com/bot.html)"
74.7.227.14 - - [30/Oct/2025:14:52:23 +1000] "GET /1435536?shopdetail=0001434692 HTTP/2.0" 200 4637 "-" "Mozilla/5.0 AppleWebKit/537.36 (KHTML, like Gecko; compatible; GPTBot/1.2; +https://openai.com/gptbot)"
74.7.227.14 - - [30/Oct/2025:14:52:34 +1000] "GET /1399536?shopdetail=0001398734 HTTP/2.0" 200 4637 "-" "Mozilla/5.0 AppleWebKit/537.36 (KHTML, like Gecko; compatible; GPTBot/1.2; +https://openai.com/gptbot)"
74.7.227.14 - - [30/Oct/2025:14:52:46 +1000] "GET /1466864?shopdetail=0001465982 HTTP/2.0" 200 4637 "-" "Mozilla/5.0 AppleWebKit/537.36 (KHTML, like Gecko; compatible; GPTBot/1.2; +https://openai.com/gptbot)"
74.7.227.14 - - [30/Oct/2025:14:52:55 +1000] "GET /1473152?path=/ HTTP/2.0" 200 3948 "-" "Mozilla/5.0 AppleWebKit/537.36 (KHTML, like Gecko; compatible; GPTBot/1.2; +https://openai.com/gptbot)"
74.7.227.14 - - [30/Oct/2025:14:53:04 +1000] "GET /1354048?shopdetail=0001353299 HTTP/2.0" 200 4637 "-" "Mozilla/5.0 AppleWebKit/537.36 (KHTML, like Gecko; compatible; GPTBot/1.2; +https://openai.com/gptbot)"
74.7.227.14 - - [30/Oct/2025:14:53:13 +1000] "GET /1421376?fileloc=/home/region-gk.ru/data/www/new.region-gk.ru/license.txt&path=/home/region-gk.ru/data/www/new.region-gk.ru HTTP/2.0" 200 10336 "-" "Mozilla/5.0 AppleWebKit/537.36 (KHTML, like Gecko; compatible; GPTBot/1.2; +https://openai.com/gptbot)"
74.7.227.14 - - [30/Oct/2025:14:53:23 +1000] "GET /1072384?path=//etc/logrotate.d HTTP/2.0" 302 0 "-" "Mozilla/5.0 AppleWebKit/537.36 (KHTML, like Gecko; compatible; GPTBot/1.2; +https://openai.com/gptbot)"
107.189.5.134 - - [30/Oct/2025:14:53:27 +1000] "GET /wp-login.php HTTP/1.1" 200 4737 "https://www.yahoo.com/" "Mozilla/5.0 (Windows NT 10.0; Win64; x64) AppleWebKit/537.36 (KHTML, like Gecko) Chrome/118.0.5993.117 Safari/537.36"
66.249.75.72 - - [30/Oct/2025:14:53:32 +1000] "GET /123427552?shopdetail=0123282849 HTTP/1.1" 200 35331 "-" "Mozilla/5.0 (Linux; Android 6.0.1; Nexus 5X Build/MMB29P) AppleWebKit/537.36 (KHTML, like Gecko) Chrome/141.0.7390.122 Mobile Safari/537.36 (compatible; Googlebot/2.1; +http://www.google.com/bot.html)"
74.7.227.14 - - [30/Oct/2025:14:53:34 +1000] "GET /1059328?path=/ HTTP/2.0" 200 3948 "-" "Mozilla/5.0 AppleWebKit/537.36 (KHTML, like Gecko; compatible; GPTBot/1.2; +https://openai.com/gptbot)"
74.7.227.14 - - [30/Oct/2025:14:53:44 +1000] "GET /1421376?path=/ HTTP/2.0" 200 3948 "-" "Mozilla/5.0 AppleWebKit/537.36 (KHTML, like Gecko; compatible; GPTBot/1.2; +https://openai.com/gptbot)"
74.7.227.14 - - [30/Oct/2025:14:53:57 +1000] "GET /1399536?path=/ HTTP/2.0" 200 3948 "-" "Mozilla/5.0 AppleWebKit/537.36 (KHTML, like Gecko; compatible; GPTBot/1.2; +https://openai.com/gptbot)"
74.7.227.14 - - [30/Oct/2025:14:54:05 +1000] "GET /1399536?path=/home/region-gk.ru HTTP/2.0" 200 3047 "-" "Mozilla/5.0 AppleWebKit/537.36 (KHTML, like Gecko; compatible; GPTBot/1.2; +https://openai.com/gptbot)"
74.7.227.14 - - [30/Oct/2025:14:54:15 +1000] "GET /1354048?path=/ HTTP/2.0" 200 3948 "-" "Mozilla/5.0 AppleWebKit/537.36 (KHTML, like Gecko; compatible; GPTBot/1.2; +https://openai.com/gptbot)"
74.7.227.14 - - [30/Oct/2025:14:54:25 +1000] "GET /1516864?shopdetail=0001515923 HTTP/2.0" 200 4637 "-" "Mozilla/5.0 AppleWebKit/537.36 (KHTML, like Gecko; compatible; GPTBot/1.2; +https://openai.com/gptbot)"
74.7.227.14 - - [30/Oct/2025:14:54:34 +1000] "GET /1149072?shopdetail=0001148564 HTTP/2.0" 200 4637 "-" "Mozilla/5.0 AppleWebKit/537.36 (KHTML, like Gecko; compatible; GPTBot/1.2; +https://openai.com/gptbot)"
66.249.75.70 - - [30/Oct/2025:14:54:42 +1000] "GET /123435392?shopdetail=0123290679 HTTP/1.1" 200 35437 "-" "Mozilla/5.0 (Linux; Android 6.0.1; Nexus 5X Build/MMB29P) AppleWebKit/537.36 (KHTML, like Gecko) Chrome/141.0.7390.122 Mobile Safari/537.36 (compatible; Googlebot/2.1; +http://www.google.com/bot.html)"
74.7.227.14 - - [30/Oct/2025:14:54:48 +1000] "GET /1453808?path=/ HTTP/2.0" 200 3948 "-" "Mozilla/5.0 AppleWebKit/537.36 (KHTML, like Gecko; compatible; GPTBot/1.2; +https://openai.com/gptbot)"
74.7.227.14 - - [30/Oct/2025:14:54:59 +1000] "GET /1466864?fileloc=/home/region-gk.ru/data/www/new.region-gk.ru/wp-settings.php&path=/home/region-gk.ru/data/www/new.region-gk.ru HTTP/2.0" 200 9341 "-" "Mozilla/5.0 AppleWebKit/537.36 (KHTML, like Gecko; compatible; GPTBot/1.2; +https://openai.com/gptbot)"
74.7.227.14 - - [30/Oct/2025:14:55:08 +1000] "GET /1466864?path=/ HTTP/2.0" 200 3948 "-" "Mozilla/5.0 AppleWebKit/537.36 (KHTML, like Gecko; compatible; GPTBot/1.2; +https://openai.com/gptbot)"
74.7.227.14 - - [30/Oct/2025:14:55:17 +1000] "GET /1435536?path=/ HTTP/2.0" 200 3948 "-" "Mozilla/5.0 AppleWebKit/537.36 (KHTML, like Gecko; compatible; GPTBot/1.2; +https://openai.com/gptbot)"
66.249.75.71 - - [30/Oct/2025:14:55:22 +1000] "GET /?13355184?shopdetail=0013340282 HTTP/1.1" 200 37880 "-" "Mozilla/5.0 (Linux; Android 6.0.1; Nexus 5X Build/MMB29P) AppleWebKit/537.36 (KHTML, like Gecko) Chrome/141.0.7390.122 Mobile Safari/537.36 (compatible; Googlebot/2.1; +http://www.google.com/bot.html)"
74.7.227.14 - - [30/Oct/2025:14:55:25 +1000] "GET /1473152?path=//mnt HTTP/2.0" 200 3034 "-" "Mozilla/5.0 AppleWebKit/537.36 (KHTML, like Gecko; compatible; GPTBot/1.2; +https://openai.com/gptbot)"
74.7.227.14 - - [30/Oct/2025:14:55:34 +1000] "GET /1421376?path=//sys HTTP/2.0" 200 3459 "-" "Mozilla/5.0 AppleWebKit/537.36 (KHTML, like Gecko; compatible; GPTBot/1.2; +https://openai.com/gptbot)"
74.7.227.14 - - [30/Oct/2025:14:55:45 +1000] "GET /1528432?shopdetail=0001527478 HTTP/2.0" 200 4637 "-" "Mozilla/5.0 AppleWebKit/537.36 (KHTML, like Gecko; compatible; GPTBot/1.2; +https://openai.com/gptbot)"
66.249.75.70 - - [30/Oct/2025:14:55:59 +1000] "GET /14920560?shopdetail=0014903814 HTTP/1.1" 200 35211 "-" "Mozilla/5.0 (Linux; Android 6.0.1; Nexus 5X Build/MMB29P) AppleWebKit/537.36 (KHTML, like Gecko) Chrome/141.0.7390.122 Mobile Safari/537.36 (compatible; Googlebot/2.1; +http://www.google.com/bot.html)"
74.7.227.14 - - [30/Oct/2025:14:55:59 +1000] "GET /1149072?path=/ HTTP/2.0" 200 3948 "-" "Mozilla/5.0 AppleWebKit/537.36 (KHTML, like Gecko; compatible; GPTBot/1.2; +https://openai.com/gptbot)"
74.7.227.14 - - [30/Oct/2025:14:56:14 +1000] "GET /1453808?path=//sys HTTP/2.0" 200 3459 "-" "Mozilla/5.0 AppleWebKit/537.36 (KHTML, like Gecko; compatible; GPTBot/1.2; +https://openai.com/gptbot)"
74.7.227.14 - - [30/Oct/2025:14:56:24 +1000] "GET /1515376?shopdetail=0001514438 HTTP/2.0" 200 4637 "-" "Mozilla/5.0 AppleWebKit/537.36 (KHTML, like Gecko; compatible; GPTBot/1.2; +https://openai.com/gptbot)"
74.7.227.14 - - [30/Oct/2025:14:56:34 +1000] "GET /1528432?fileloc=/home/region-gk.ru/data/www/new.region-gk.ru/license.txt&path=/home/region-gk.ru/data/www/new.region-gk.ru HTTP/2.0" 200 10336 "-" "Mozilla/5.0 AppleWebKit/537.36 (KHTML, like Gecko; compatible; GPTBot/1.2; +https://openai.com/gptbot)"
87.106.167.90 - - [30/Oct/2025:14:56:35 +1000] "GET /wp-login.php HTTP/2.0" 200 4639 "-" "Mozilla/4.0 (compatible; MSIE 7.0; Windows NT 10.0; WOW64; Trident/7.0; Touch; .NET4.0C; .NET4.0E; .NET CLR 2.0.50727; .NET CLR 3.0.30729; .NET CLR 3.5.30729; Tablet PC 2.0)"
66.249.75.71 - - [30/Oct/2025:14:56:35 +1000] "GET /123398720?shopdetail=0123254051 HTTP/1.1" 200 35569 "-" "Mozilla/5.0 (Linux; Android 6.0.1; Nexus 5X Build/MMB29P) AppleWebKit/537.36 (KHTML, like Gecko) Chrome/141.0.7390.122 Mobile Safari/537.36 (compatible; Googlebot/2.1; +http://www.google.com/bot.html)"
66.249.75.71 - - [30/Oct/2025:14:56:40 +1000] "GET /?122699536?shopdetail=0122555692 HTTP/1.1" 200 35491 "-" "Mozilla/5.0 (Linux; Android 6.0.1; Nexus 5X Build/MMB29P) AppleWebKit/537.36 (KHTML, like Gecko) Chrome/141.0.7390.122 Mobile Safari/537.36 (compatible; Googlebot/2.1; +http://www.google.com/bot.html)"
66.249.75.70 - - [30/Oct/2025:14:56:45 +1000] "GET /124996224?shopdetail=0124849671 HTTP/1.1" 200 35816 "-" "Mozilla/5.0 (Linux; Android 6.0.1; Nexus 5X Build/MMB29P) AppleWebKit/537.36 (KHTML, like Gecko) Chrome/141.0.7390.122 Mobile Safari/537.36 (compatible; Googlebot/2.1; +http://www.google.com/bot.html)"
74.7.227.14 - - [30/Oct/2025:14:56:45 +1000] "GET /1385632?shopdetail=0001384845 HTTP/2.0" 200 4637 "-" "Mozilla/5.0 AppleWebKit/537.36 (KHTML, like Gecko; compatible; GPTBot/1.2; +https://openai.com/gptbot)"
66.249.75.70 - - [30/Oct/2025:14:56:49 +1000] "GET /114249168?shopdetail=0114115288 HTTP/1.1" 200 35871 "-" "Mozilla/5.0 (Linux; Android 6.0.1; Nexus 5X Build/MMB29P) AppleWebKit/537.36 (KHTML, like Gecko) Chrome/141.0.7390.122 Mobile Safari/537.36 (compatible; Googlebot/2.1; +http://www.google.com/bot.html)"
66.249.75.70 - - [30/Oct/2025:14:56:54 +1000] "GET /?122720560?shopdetail=0122576690 HTTP/1.1" 200 35528 "-" "Mozilla/5.0 (Linux; Android 6.0.1; Nexus 5X Build/MMB29P) AppleWebKit/537.36 (KHTML, like Gecko) Chrome/141.0.7390.122 Mobile Safari/537.36 (compatible; Googlebot/2.1; +http://www.google.com/bot.html)"
74.7.227.14 - - [30/Oct/2025:14:56:55 +1000] "GET /1516864?path=/ HTTP/2.0" 200 3948 "-" "Mozilla/5.0 AppleWebKit/537.36 (KHTML, like Gecko; compatible; GPTBot/1.2; +https://openai.com/gptbot)"
212.16.195.25 - - [30/Oct/2025:14:57:00 +1000] "GET / HTTP/1.1" 301 169 "-" "Mozilla/5.0 (X11; Linux x86_64) AppleWebKit/537.36 (KHTML, like Gecko) Chrome/44.0.2403.157 Safari/537.36"
212.16.195.25 - - [30/Oct/2025:14:57:01 +1000] "GET / HTTP/1.1" 200 1649 "http://212.16.195.25" "Mozilla/5.0 (X11; Linux x86_64) AppleWebKit/537.36 (KHTML, like Gecko) Chrome/44.0.2403.157 Safari/537.36"
74.7.227.14 - - [30/Oct/2025:14:57:05 +1000] "GET /1327152?shopdetail=0001326434 HTTP/2.0" 200 4637 "-" "Mozilla/5.0 AppleWebKit/537.36 (KHTML, like Gecko; compatible; GPTBot/1.2; +https://openai.com/gptbot)"
74.7.227.14 - - [30/Oct/2025:14:57:16 +1000] "GET /1497776?shopdetail=0001496858 HTTP/2.0" 200 4637 "-" "Mozilla/5.0 AppleWebKit/537.36 (KHTML, like Gecko; compatible; GPTBot/1.2; +https://openai.com/gptbot)"
74.7.227.14 - - [30/Oct/2025:14:57:27 +1000] "GET /1426176?shopdetail=0001425343 HTTP/2.0" 200 4637 "-" "Mozilla/5.0 AppleWebKit/537.36 (KHTML, like Gecko; compatible; GPTBot/1.2; +https://openai.com/gptbot)"
66.249.75.71 - - [30/Oct/2025:14:57:31 +1000] "GET /14906656?shopdetail=0014889925 HTTP/1.1" 200 35352 "-" "Mozilla/5.0 (Linux; Android 6.0.1; Nexus 5X Build/MMB29P) AppleWebKit/537.36 (KHTML, like Gecko) Chrome/141.0.7390.122 Mobile Safari/537.36 (compatible; Googlebot/2.1; +http://www.google.com/bot.html)"
74.7.227.14 - - [30/Oct/2025:14:57:37 +1000] "GET /1244016?shopdetail=0001243398 HTTP/2.0" 200 4637 "-" "Mozilla/5.0 AppleWebKit/537.36 (KHTML, like Gecko; compatible; GPTBot/1.2; +https://openai.com/gptbot)"
