84.46.240.221 - - [30/Oct/2025:13:38:04 +1000] "POST /wp-login.php HTTP/1.1" 200 4719 "-" "Mozilla/5.0 (X11; Ubuntu; Linux x86_64; rv:85.0) Gecko/20100101 Firefox/91.0"
74.7.227.14 - - [30/Oct/2025:13:38:10 +1000] "GET /922592?fileloc=//proc/net/snmp6&path=//proc/net HTTP/2.0" 200 3379 "-" "Mozilla/5.0 AppleWebKit/537.36 (KHTML, like Gecko; compatible; GPTBot/1.2; +https://openai.com/gptbot)"
74.7.227.14 - - [30/Oct/2025:13:38:16 +1000] "GET /922592?fileloc=//proc/net/igmp6&path=//proc/net HTTP/2.0" 200 2808 "-" "Mozilla/5.0 AppleWebKit/537.36 (KHTML, like Gecko; compatible; GPTBot/1.2; +https://openai.com/gptbot)"
74.7.227.14 - - [30/Oct/2025:13:38:30 +1000] "GET /876160?fileloc=//proc/net/wireless&path=//proc/net HTTP/2.0" 200 2850 "-" "Mozilla/5.0 AppleWebKit/537.36 (KHTML, like Gecko; compatible; GPTBot/1.2; +https://openai.com/gptbot)"
74.7.227.14 - - [30/Oct/2025:13:38:39 +1000] "GET /876160?fileloc=//bin/nf-log&path=//bin HTTP/2.0" 200 6953 "-" "Mozilla/5.0 AppleWebKit/537.36 (KHTML, like Gecko; compatible; GPTBot/1.2; +https://openai.com/gptbot)"
74.7.227.14 - - [30/Oct/2025:13:38:47 +1000] "GET /922592?fileloc=//proc/net/route&path=//proc/net HTTP/2.0" 200 2855 "-" "Mozilla/5.0 AppleWebKit/537.36 (KHTML, like Gecko; compatible; GPTBot/1.2; +https://openai.com/gptbot)"
74.7.227.14 - - [30/Oct/2025:13:38:55 +1000] "GET /876160?fileloc=//proc/net/fib_trie&path=//proc/net HTTP/2.0" 200 2941 "-" "Mozilla/5.0 AppleWebKit/537.36 (KHTML, like Gecko; compatible; GPTBot/1.2; +https://openai.com/gptbot)"
74.7.227.14 - - [30/Oct/2025:13:39:04 +1000] "GET /1560832?fileloc=/home/region-gk.ru/data/www/new.region-gk.ru/delpaths.php&path=/home/region-gk.ru/data/www/new.region-gk.ru HTTP/2.0" 200 2930 "-" "Mozilla/5.0 AppleWebKit/537.36 (KHTML, like Gecko; compatible; GPTBot/1.2; +https://openai.com/gptbot)"
74.7.227.14 - - [30/Oct/2025:13:39:13 +1000] "GET /922592?fileloc=//proc/net/ptype&path=//proc/net HTTP/2.0" 200 2778 "-" "Mozilla/5.0 AppleWebKit/537.36 (KHTML, like Gecko; compatible; GPTBot/1.2; +https://openai.com/gptbot)"
74.7.227.14 - - [30/Oct/2025:13:39:22 +1000] "GET /876160?fileloc=//proc/net/sockstat&path=//proc/net HTTP/2.0" 200 2828 "-" "Mozilla/5.0 AppleWebKit/537.36 (KHTML, like Gecko; compatible; GPTBot/1.2; +https://openai.com/gptbot)"
74.7.227.14 - - [30/Oct/2025:13:39:31 +1000] "GET /922592?fileloc=//proc/net/tcp6&path=//proc/net HTTP/2.0" 200 2977 "-" "Mozilla/5.0 AppleWebKit/537.36 (KHTML, like Gecko; compatible; GPTBot/1.2; +https://openai.com/gptbot)"
52.167.144.211 - - [30/Oct/2025:13:39:34 +1000] "GET /wp-content/uploads/2024/11/whatsapp-image-2024-11-18-at-13.21.15-1-1-768x576.jpeg HTTP/2.0" 200 90908 "-" "Mozilla/5.0 AppleWebKit/537.36 (KHTML, like Gecko; compatible; bingbot/2.0; +http://www.bing.com/bingbot.htm) Chrome/116.0.1938.76 Safari/537.36"
74.7.227.14 - - [30/Oct/2025:13:39:45 +1000] "GET /876160?fileloc=//proc/net/raw6&path=//proc/net HTTP/2.0" 200 2861 "-" "Mozilla/5.0 AppleWebKit/537.36 (KHTML, like Gecko; compatible; GPTBot/1.2; +https://openai.com/gptbot)"
74.7.227.14 - - [30/Oct/2025:13:39:56 +1000] "GET /922592?fileloc=//proc/net/raw6&path=//proc/net HTTP/2.0" 200 2861 "-" "Mozilla/5.0 AppleWebKit/537.36 (KHTML, like Gecko; compatible; GPTBot/1.2; +https://openai.com/gptbot)"
74.7.227.14 - - [30/Oct/2025:13:40:10 +1000] "GET /876160?fileloc=//proc/net/snmp6&path=//proc/net HTTP/2.0" 200 3376 "-" "Mozilla/5.0 AppleWebKit/537.36 (KHTML, like Gecko; compatible; GPTBot/1.2; +https://openai.com/gptbot)"
74.7.227.14 - - [30/Oct/2025:13:40:19 +1000] "GET /876160?fileloc=//proc/net/tcp6&path=//proc/net HTTP/2.0" 200 3052 "-" "Mozilla/5.0 AppleWebKit/537.36 (KHTML, like Gecko; compatible; GPTBot/1.2; +https://openai.com/gptbot)"
74.7.227.14 - - [30/Oct/2025:13:40:29 +1000] "GET /876160?path=//run/dbus HTTP/2.0" 200 2798 "-" "Mozilla/5.0 AppleWebKit/537.36 (KHTML, like Gecko; compatible; GPTBot/1.2; +https://openai.com/gptbot)"
74.7.227.14 - - [30/Oct/2025:13:40:42 +1000] "GET /876160?fileloc=//proc/net/route&path=//proc/net HTTP/2.0" 200 2855 "-" "Mozilla/5.0 AppleWebKit/537.36 (KHTML, like Gecko; compatible; GPTBot/1.2; +https://openai.com/gptbot)"
74.7.227.14 - - [30/Oct/2025:13:40:56 +1000] "GET /922592?fileloc=//proc/net/ip6_tables_names&path=//proc/net HTTP/2.0" 200 2737 "-" "Mozilla/5.0 AppleWebKit/537.36 (KHTML, like Gecko; compatible; GPTBot/1.2; +https://openai.com/gptbot)"
74.7.227.14 - - [30/Oct/2025:13:41:07 +1000] "GET /876160?fileloc=//proc/net/udp6&path=//proc/net HTTP/2.0" 200 2870 "-" "Mozilla/5.0 AppleWebKit/537.36 (KHTML, like Gecko; compatible; GPTBot/1.2; +https://openai.com/gptbot)"
74.7.227.14 - - [30/Oct/2025:13:41:17 +1000] "GET /876160?fileloc=//proc/net/ptype&path=//proc/net HTTP/2.0" 200 2778 "-" "Mozilla/5.0 AppleWebKit/537.36 (KHTML, like Gecko; compatible; GPTBot/1.2; +https://openai.com/gptbot)"
74.7.227.14 - - [30/Oct/2025:13:41:29 +1000] "GET /876160?fileloc=//proc/net/ip6_tables_names&path=//proc/net HTTP/2.0" 200 2737 "-" "Mozilla/5.0 AppleWebKit/537.36 (KHTML, like Gecko; compatible; GPTBot/1.2; +https://openai.com/gptbot)"
74.7.227.14 - - [30/Oct/2025:13:41:51 +1000] "GET /922592?fileloc=//proc/net/udp6&path=//proc/net HTTP/2.0" 200 2870 "-" "Mozilla/5.0 AppleWebKit/537.36 (KHTML, like Gecko; compatible; GPTBot/1.2; +https://openai.com/gptbot)"
74.7.227.14 - - [30/Oct/2025:13:42:04 +1000] "GET /876160?fileloc=//proc/net/igmp6&path=//proc/net HTTP/2.0" 200 2808 "-" "Mozilla/5.0 AppleWebKit/537.36 (KHTML, like Gecko; compatible; GPTBot/1.2; +https://openai.com/gptbot)"
74.7.227.14 - - [30/Oct/2025:13:42:19 +1000] "GET /922592?fileloc=//proc/net/psched&path=//proc/net HTTP/2.0" 200 2758 "-" "Mozilla/5.0 AppleWebKit/537.36 (KHTML, like Gecko; compatible; GPTBot/1.2; +https://openai.com/gptbot)"
23.230.6.217 - - [30/Oct/2025:13:42:30 +1000] "GET /wp-content/uploads/wp-config.php.old HTTP/2.0" 200 0 "-" "Mozilla/5.0 (iPhone; CPU iPhone OS 17_5 like Mac OS X) AppleWebKit/605.1.15 (KHTML, like Gecko) Version/17.5 Mobile/15E148 Safari/604.1"
74.7.227.14 - - [30/Oct/2025:13:42:32 +1000] "GET /876160?fileloc=//proc/net/netlink&path=//proc/net HTTP/2.0" 200 3064 "-" "Mozilla/5.0 AppleWebKit/537.36 (KHTML, like Gecko; compatible; GPTBot/1.2; +https://openai.com/gptbot)"
95.164.206.184 - - [30/Oct/2025:13:42:34 +1000] "GET /wp-content/uploads/wp-config.php.old HTTP/1.1" 200 54566 "-" "Mozilla/5.0 (iPhone; CPU iPhone OS 17_5 like Mac OS X) AppleWebKit/605.1.15 (KHTML, like Gecko) Version/17.5 Mobile/15E148 Safari/604.1"
74.7.227.14 - - [30/Oct/2025:13:42:43 +1000] "GET /922592?fileloc=//proc/net/rt_acct&path=//proc/net HTTP/2.0" 200 2774 "-" "Mozilla/5.0 AppleWebKit/537.36 (KHTML, like Gecko; compatible; GPTBot/1.2; +https://openai.com/gptbot)"
212.16.195.25 - - [30/Oct/2025:13:42:44 +1000] "GET / HTTP/1.1" 301 169 "-" "Mozilla/5.0 (X11; Linux x86_64) AppleWebKit/537.36 (KHTML, like Gecko) Chrome/44.0.2403.157 Safari/537.36"
212.16.195.25 - - [30/Oct/2025:13:42:45 +1000] "GET / HTTP/1.1" 200 1649 "http://212.16.195.25" "Mozilla/5.0 (X11; Linux x86_64) AppleWebKit/537.36 (KHTML, like Gecko) Chrome/44.0.2403.157 Safari/537.36"
74.7.227.14 - - [30/Oct/2025:13:42:57 +1000] "GET /922592?fileloc=//proc/net/netlink&path=//proc/net HTTP/2.0" 200 3064 "-" "Mozilla/5.0 AppleWebKit/537.36 (KHTML, like Gecko; compatible; GPTBot/1.2; +https://openai.com/gptbot)"
74.7.227.14 - - [30/Oct/2025:13:43:08 +1000] "GET /922592?fileloc=//proc/net/mcfilter6&path=//proc/net HTTP/2.0" 200 2776 "-" "Mozilla/5.0 AppleWebKit/537.36 (KHTML, like Gecko; compatible; GPTBot/1.2; +https://openai.com/gptbot)"
74.7.227.14 - - [30/Oct/2025:13:43:18 +1000] "GET /876160?fileloc=//proc/net/rt_acct&path=//proc/net HTTP/2.0" 200 2774 "-" "Mozilla/5.0 AppleWebKit/537.36 (KHTML, like Gecko; compatible; GPTBot/1.2; +https://openai.com/gptbot)"
74.7.227.14 - - [30/Oct/2025:13:43:31 +1000] "GET /876160?fileloc=//proc/net/packet&path=//proc/net HTTP/2.0" 200 2807 "-" "Mozilla/5.0 AppleWebKit/537.36 (KHTML, like Gecko; compatible; GPTBot/1.2; +https://openai.com/gptbot)"
74.7.227.14 - - [30/Oct/2025:13:43:41 +1000] "GET /922592?fileloc=//proc/net/udplite&path=//proc/net HTTP/2.0" 200 2822 "-" "Mozilla/5.0 AppleWebKit/537.36 (KHTML, like Gecko; compatible; GPTBot/1.2; +https://openai.com/gptbot)"
74.7.227.14 - - [30/Oct/2025:13:43:50 +1000] "GET /922592?fileloc=//proc/net/netstat&path=//proc/net HTTP/2.0" 200 3928 "-" "Mozilla/5.0 AppleWebKit/537.36 (KHTML, like Gecko; compatible; GPTBot/1.2; +https://openai.com/gptbot)"
74.7.227.14 - - [30/Oct/2025:13:43:59 +1000] "GET /876160?fileloc=//etc/e2fsck.conf&path=//etc HTTP/2.0" 302 0 "-" "Mozilla/5.0 AppleWebKit/537.36 (KHTML, like Gecko; compatible; GPTBot/1.2; +https://openai.com/gptbot)"
74.7.227.14 - - [30/Oct/2025:13:44:10 +1000] "GET /922592?fileloc=//proc/net/packet&path=//proc/net HTTP/2.0" 200 2807 "-" "Mozilla/5.0 AppleWebKit/537.36 (KHTML, like Gecko; compatible; GPTBot/1.2; +https://openai.com/gptbot)"
74.7.227.14 - - [30/Oct/2025:13:44:23 +1000] "GET /1310336?shopdetail=0001309639 HTTP/2.0" 200 4637 "-" "Mozilla/5.0 AppleWebKit/537.36 (KHTML, like Gecko; compatible; GPTBot/1.2; +https://openai.com/gptbot)"
74.7.227.14 - - [30/Oct/2025:13:44:36 +1000] "GET /1080352?shopdetail=0001079925 HTTP/2.0" 200 4637 "-" "Mozilla/5.0 AppleWebKit/537.36 (KHTML, like Gecko; compatible; GPTBot/1.2; +https://openai.com/gptbot)"
74.7.227.14 - - [30/Oct/2025:13:44:47 +1000] "GET /1120368?shopdetail=0001119894 HTTP/2.0" 200 4637 "-" "Mozilla/5.0 AppleWebKit/537.36 (KHTML, like Gecko; compatible; GPTBot/1.2; +https://openai.com/gptbot)"
74.7.227.14 - - [30/Oct/2025:13:44:55 +1000] "GET /1160032?shopdetail=0001159513 HTTP/2.0" 200 4637 "-" "Mozilla/5.0 AppleWebKit/537.36 (KHTML, like Gecko; compatible; GPTBot/1.2; +https://openai.com/gptbot)"
74.7.227.14 - - [30/Oct/2025:13:45:07 +1000] "GET /1400736?shopdetail=0001399933 HTTP/2.0" 200 4637 "-" "Mozilla/5.0 AppleWebKit/537.36 (KHTML, like Gecko; compatible; GPTBot/1.2; +https://openai.com/gptbot)"
74.7.227.14 - - [30/Oct/2025:13:45:18 +1000] "GET /1510832?shopdetail=0001509898 HTTP/2.0" 200 4637 "-" "Mozilla/5.0 AppleWebKit/537.36 (KHTML, like Gecko; compatible; GPTBot/1.2; +https://openai.com/gptbot)"
45.227.253.15 - - [30/Oct/2025:13:45:27 +1000] "GET /postnews.php?ARRAY=7o2230223n313736313739393737372p2231223n22687474703n5p2s5p2s7n7335353876313373752r6772616469736q2r6265617574795p2s3s6p633q78696164616r5s72616r645s7061746826743q313736313739363137372q3634653939623863656264373064303330376230323963393962656533376563222p2232223n223039363837633835373466313934666439643439343139613861313463323065222p2233223n223938383633363430623431383065623061613663653330623236356137346638222p2262696r675s70617373223n2231322q34352q35362q36372q37352q38392q3234227q HTTP/2.0" 301 169 "-" "Mozilla/5.0 (Macintosh; Intel Mac OS X 10.14; rv:103.0) Gecko/20100101 Firefox/102.0"
74.7.227.14 - - [30/Oct/2025:13:45:33 +1000] "GET /1440784?shopdetail=0001439932 HTTP/2.0" 200 4637 "-" "Mozilla/5.0 AppleWebKit/537.36 (KHTML, like Gecko; compatible; GPTBot/1.2; +https://openai.com/gptbot)"
45.227.253.15 - - [30/Oct/2025:13:45:34 +1000] "GET /postnews.php?ARRAY=7o2230223n313736313739393737372p2231223n22687474703n5p2s5p2s7n7335353876313373752r6772616469736q2r6265617574795p2s3s6p633q78696164616r5s72616r645s7061746826743q313736313739363137372q3634653939623863656264373064303330376230323963393962656533376563222p2232223n223039363837633835373466313934666439643439343139613861313463323065222p2233223n223938383633363430623431383065623061613663653330623236356137346638222p2262696r675s70617373223n2231322q34352q35362q36372q37352q38392q3234227q HTTP/1.1" 200 527 "https://new.region-gk.ru/postnews.php?ARRAY=7o2230223n313736313739393737372p2231223n22687474703n5p2s5p2s7n7335353876313373752r6772616469736q2r6265617574795p2s3s6p633q78696164616r5s72616r645s7061746826743q313736313739363137372q3634653939623863656264373064303330376230323963393962656533376563222p2232223n223039363837633835373466313934666439643439343139613861313463323065222p2233223n223938383633363430623431383065623061613663653330623236356137346638222p2262696r675s70617373223n2231322q34352q35362q36372q37352q38392q3234227q" "Mozilla/5.0 (Macintosh; Intel Mac OS X 10.14; rv:103.0) Gecko/20100101 Firefox/102.0"
74.7.227.14 - - [30/Oct/2025:13:45:42 +1000] "GET /876160?fileloc=//proc/net/psched&path=//proc/net HTTP/2.0" 200 2758 "-" "Mozilla/5.0 AppleWebKit/537.36 (KHTML, like Gecko; compatible; GPTBot/1.2; +https://openai.com/gptbot)"
74.7.227.14 - - [30/Oct/2025:13:45:52 +1000] "GET /1450208?shopdetail=0001449345 HTTP/2.0" 200 4637 "-" "Mozilla/5.0 AppleWebKit/537.36 (KHTML, like Gecko; compatible; GPTBot/1.2; +https://openai.com/gptbot)"
74.7.227.14 - - [30/Oct/2025:13:46:01 +1000] "GET /1420432?shopdetail=0001419604 HTTP/2.0" 200 4637 "-" "Mozilla/5.0 AppleWebKit/537.36 (KHTML, like Gecko; compatible; GPTBot/1.2; +https://openai.com/gptbot)"
74.7.227.14 - - [30/Oct/2025:13:46:09 +1000] "GET /1080192?shopdetail=0001079767 HTTP/2.0" 200 4637 "-" "Mozilla/5.0 AppleWebKit/537.36 (KHTML, like Gecko; compatible; GPTBot/1.2; +https://openai.com/gptbot)"
74.7.227.14 - - [30/Oct/2025:13:46:20 +1000] "GET /1310336?path=/ HTTP/2.0" 200 3948 "-" "Mozilla/5.0 AppleWebKit/537.36 (KHTML, like Gecko; compatible; GPTBot/1.2; +https://openai.com/gptbot)"
74.7.227.14 - - [30/Oct/2025:13:46:32 +1000] "GET /1080352?fileloc=/home/region-gk.ru/data/www/new.region-gk.ru/xmlrpc.php&path=/home/region-gk.ru/data/www/new.region-gk.ru HTTP/2.0" 200 4243 "-" "Mozilla/5.0 AppleWebKit/537.36 (KHTML, like Gecko; compatible; GPTBot/1.2; +https://openai.com/gptbot)"
74.7.227.14 - - [30/Oct/2025:13:46:47 +1000] "GET /1160032?path=/ HTTP/2.0" 200 3948 "-" "Mozilla/5.0 AppleWebKit/537.36 (KHTML, like Gecko; compatible; GPTBot/1.2; +https://openai.com/gptbot)"
74.7.227.14 - - [30/Oct/2025:13:47:01 +1000] "GET /1080192?path=/ HTTP/2.0" 200 3948 "-" "Mozilla/5.0 AppleWebKit/537.36 (KHTML, like Gecko; compatible; GPTBot/1.2; +https://openai.com/gptbot)"
74.7.227.14 - - [30/Oct/2025:13:47:11 +1000] "GET /1120368?fileloc=/home/region-gk.ru/data/www/new.region-gk.ru/.htaccess&path=/home/region-gk.ru/data/www/new.region-gk.ru HTTP/2.0" 200 3568 "-" "Mozilla/5.0 AppleWebKit/537.36 (KHTML, like Gecko; compatible; GPTBot/1.2; +https://openai.com/gptbot)"
74.7.227.14 - - [30/Oct/2025:13:47:22 +1000] "GET /1510832?path=/ HTTP/2.0" 200 3948 "-" "Mozilla/5.0 AppleWebKit/537.36 (KHTML, like Gecko; compatible; GPTBot/1.2; +https://openai.com/gptbot)"
74.7.227.14 - - [30/Oct/2025:13:47:35 +1000] "GET /1420432?path=/ HTTP/2.0" 200 3948 "-" "Mozilla/5.0 AppleWebKit/537.36 (KHTML, like Gecko; compatible; GPTBot/1.2; +https://openai.com/gptbot)"
74.7.227.14 - - [30/Oct/2025:13:47:46 +1000] "GET /1080352?fileloc=/home/region-gk.ru/data/www/new.region-gk.ru/wp-signup.php&path=/home/region-gk.ru/data/www/new.region-gk.ru HTTP/2.0" 200 11985 "-" "Mozilla/5.0 AppleWebKit/537.36 (KHTML, like Gecko; compatible; GPTBot/1.2; +https://openai.com/gptbot)"
74.7.227.14 - - [30/Oct/2025:13:48:00 +1000] "GET /1160032?fileloc=/home/region-gk.ru/data/www/new.region-gk.ru/zlbpq.php&path=/home/region-gk.ru/data/www/new.region-gk.ru HTTP/2.0" 200 6819 "-" "Mozilla/5.0 AppleWebKit/537.36 (KHTML, like Gecko; compatible; GPTBot/1.2; +https://openai.com/gptbot)"
20.194.157.176 - - [30/Oct/2025:13:48:08 +1000] "GET /category/news/ HTTP/2.0" 200 4626 "-" "Mozilla/5.0 AppleWebKit/537.36 (KHTML, like Gecko); compatible; ChatGPT-User/1.0; +https://openai.com/bot"
20.194.157.176 - - [30/Oct/2025:13:48:09 +1000] "GET / HTTP/2.0" 200 0 "-" "Mozilla/5.0 AppleWebKit/537.36 (KHTML, like Gecko); compatible; ChatGPT-User/1.0; +https://openai.com/bot"
20.194.157.184 - - [30/Oct/2025:13:48:10 +1000] "GET / HTTP/2.0" 200 0 "-" "Mozilla/5.0 AppleWebKit/537.36 (KHTML, like Gecko); compatible; ChatGPT-User/1.0; +https://openai.com/bot"
74.7.227.14 - - [30/Oct/2025:13:48:11 +1000] "GET /1450208?fileloc=/home/region-gk.ru/data/www/new.region-gk.ru/wp-config.php&path=/home/region-gk.ru/data/www/new.region-gk.ru HTTP/2.0" 200 4625 "-" "Mozilla/5.0 AppleWebKit/537.36 (KHTML, like Gecko; compatible; GPTBot/1.2; +https://openai.com/gptbot)"
74.7.227.14 - - [30/Oct/2025:13:48:20 +1000] "GET /1080352?path=/ HTTP/2.0" 200 3948 "-" "Mozilla/5.0 AppleWebKit/537.36 (KHTML, like Gecko; compatible; GPTBot/1.2; +https://openai.com/gptbot)"
74.7.227.14 - - [30/Oct/2025:13:48:30 +1000] "GET /1510832?fileloc=/home/region-gk.ru/data/www/new.region-gk.ru/zlbpq.php&path=/home/region-gk.ru/data/www/new.region-gk.ru HTTP/2.0" 200 6819 "-" "Mozilla/5.0 AppleWebKit/537.36 (KHTML, like Gecko; compatible; GPTBot/1.2; +https://openai.com/gptbot)"
74.7.227.14 - - [30/Oct/2025:13:48:44 +1000] "GET /1120368?path=/ HTTP/2.0" 200 3948 "-" "Mozilla/5.0 AppleWebKit/537.36 (KHTML, like Gecko; compatible; GPTBot/1.2; +https://openai.com/gptbot)"
74.7.227.14 - - [30/Oct/2025:13:48:58 +1000] "GET /1480448?shopdetail=0001479551 HTTP/2.0" 200 4637 "-" "Mozilla/5.0 AppleWebKit/537.36 (KHTML, like Gecko; compatible; GPTBot/1.2; +https://openai.com/gptbot)"
74.7.227.14 - - [30/Oct/2025:13:49:08 +1000] "GET /1440784?path=/ HTTP/2.0" 200 3948 "-" "Mozilla/5.0 AppleWebKit/537.36 (KHTML, like Gecko; compatible; GPTBot/1.2; +https://openai.com/gptbot)"
74.7.227.14 - - [30/Oct/2025:13:49:18 +1000] "GET /1240416?shopdetail=0001239801 HTTP/2.0" 200 4637 "-" "Mozilla/5.0 AppleWebKit/537.36 (KHTML, like Gecko; compatible; GPTBot/1.2; +https://openai.com/gptbot)"
74.7.227.14 - - [30/Oct/2025:13:49:27 +1000] "GET /1360400?shopdetail=0001359644 HTTP/2.0" 200 4637 "-" "Mozilla/5.0 AppleWebKit/537.36 (KHTML, like Gecko; compatible; GPTBot/1.2; +https://openai.com/gptbot)"
66.249.75.72 - - [30/Oct/2025:13:49:35 +1000] "GET /1452781728?shopdetail=1451069389 HTTP/1.1" 200 35548 "-" "Mozilla/5.0 (Linux; Android 6.0.1; Nexus 5X Build/MMB29P) AppleWebKit/537.36 (KHTML, like Gecko) Chrome/141.0.7390.122 Mobile Safari/537.36 (compatible; Googlebot/2.1; +http://www.google.com/bot.html)"
74.7.227.14 - - [30/Oct/2025:13:49:37 +1000] "GET /1400736?path=/ HTTP/2.0" 200 3948 "-" "Mozilla/5.0 AppleWebKit/537.36 (KHTML, like Gecko; compatible; GPTBot/1.2; +https://openai.com/gptbot)"
66.249.75.71 - - [30/Oct/2025:13:49:49 +1000] "GET /1452792912?shopdetail=1451080560 HTTP/1.1" 200 35954 "-" "Mozilla/5.0 (Linux; Android 6.0.1; Nexus 5X Build/MMB29P) AppleWebKit/537.36 (KHTML, like Gecko) Chrome/141.0.7390.122 Mobile Safari/537.36 (compatible; Googlebot/2.1; +http://www.google.com/bot.html)"
74.7.227.14 - - [30/Oct/2025:13:49:50 +1000] "GET /1470560?shopdetail=0001469673 HTTP/2.0" 200 4637 "-" "Mozilla/5.0 AppleWebKit/537.36 (KHTML, like Gecko; compatible; GPTBot/1.2; +https://openai.com/gptbot)"
74.7.227.14 - - [30/Oct/2025:13:49:59 +1000] "GET /1540480?shopdetail=0001539511 HTTP/2.0" 200 4637 "-" "Mozilla/5.0 AppleWebKit/537.36 (KHTML, like Gecko; compatible; GPTBot/1.2; +https://openai.com/gptbot)"
74.7.227.14 - - [30/Oct/2025:13:50:09 +1000] "GET /1120208?shopdetail=0001119736 HTTP/2.0" 200 4637 "-" "Mozilla/5.0 AppleWebKit/537.36 (KHTML, like Gecko; compatible; GPTBot/1.2; +https://openai.com/gptbot)"
52.167.144.233 - - [30/Oct/2025:13:50:10 +1000] "GET /wp-content/uploads/2024/10/whatsapp-image-2024-10-16-at-15.44.27-768x576.jpeg HTTP/2.0" 200 69914 "-" "Mozilla/5.0 AppleWebKit/537.36 (KHTML, like Gecko; compatible; bingbot/2.0; +http://www.bing.com/bingbot.htm) Chrome/116.0.1938.76 Safari/537.36"
74.7.227.14 - - [30/Oct/2025:13:50:20 +1000] "GET /1230112?shopdetail=0001229509 HTTP/2.0" 200 4637 "-" "Mozilla/5.0 AppleWebKit/537.36 (KHTML, like Gecko; compatible; GPTBot/1.2; +https://openai.com/gptbot)"
74.7.227.14 - - [30/Oct/2025:13:50:31 +1000] "GET /1450208?path=/ HTTP/2.0" 200 3948 "-" "Mozilla/5.0 AppleWebKit/537.36 (KHTML, like Gecko; compatible; GPTBot/1.2; +https://openai.com/gptbot)"
74.7.227.14 - - [30/Oct/2025:13:50:42 +1000] "GET /1370704?shopdetail=0001369936 HTTP/2.0" 200 4637 "-" "Mozilla/5.0 AppleWebKit/537.36 (KHTML, like Gecko; compatible; GPTBot/1.2; +https://openai.com/gptbot)"
74.7.227.14 - - [30/Oct/2025:13:50:55 +1000] "GET /1540480?path=/ HTTP/2.0" 200 3948 "-" "Mozilla/5.0 AppleWebKit/537.36 (KHTML, like Gecko; compatible; GPTBot/1.2; +https://openai.com/gptbot)"
74.7.227.14 - - [30/Oct/2025:13:51:06 +1000] "GET /1230112?path=/ HTTP/2.0" 200 3948 "-" "Mozilla/5.0 AppleWebKit/537.36 (KHTML, like Gecko; compatible; GPTBot/1.2; +https://openai.com/gptbot)"
74.7.227.14 - - [30/Oct/2025:13:51:16 +1000] "GET /1320640?shopdetail=0001319931 HTTP/2.0" 200 4637 "-" "Mozilla/5.0 AppleWebKit/537.36 (KHTML, like Gecko; compatible; GPTBot/1.2; +https://openai.com/gptbot)"
74.7.227.14 - - [30/Oct/2025:13:51:25 +1000] "GET /1470560?path=/ HTTP/2.0" 200 3948 "-" "Mozilla/5.0 AppleWebKit/537.36 (KHTML, like Gecko; compatible; GPTBot/1.2; +https://openai.com/gptbot)"
40.77.167.241 - - [30/Oct/2025:13:51:28 +1000] "GET /wp-content/uploads/2024/11/whatsapp-image-2024-11-18-at-13.21.16-1.jpeg HTTP/2.0" 200 640848 "-" "Mozilla/5.0 AppleWebKit/537.36 (KHTML, like Gecko; compatible; bingbot/2.0; +http://www.bing.com/bingbot.htm) Chrome/116.0.1938.76 Safari/537.36"
74.7.227.14 - - [30/Oct/2025:13:51:36 +1000] "GET /1120208?path=/ HTTP/2.0" 200 3948 "-" "Mozilla/5.0 AppleWebKit/537.36 (KHTML, like Gecko; compatible; GPTBot/1.2; +https://openai.com/gptbot)"
74.7.227.14 - - [30/Oct/2025:13:51:46 +1000] "GET /1240416?path=/ HTTP/2.0" 200 3948 "-" "Mozilla/5.0 AppleWebKit/537.36 (KHTML, like Gecko; compatible; GPTBot/1.2; +https://openai.com/gptbot)"
74.7.227.14 - - [30/Oct/2025:13:51:56 +1000] "GET /1360400?path=/ HTTP/2.0" 200 3948 "-" "Mozilla/5.0 AppleWebKit/537.36 (KHTML, like Gecko; compatible; GPTBot/1.2; +https://openai.com/gptbot)"
74.7.227.14 - - [30/Oct/2025:13:52:05 +1000] "GET /1480448?path=/ HTTP/2.0" 200 3948 "-" "Mozilla/5.0 AppleWebKit/537.36 (KHTML, like Gecko; compatible; GPTBot/1.2; +https://openai.com/gptbot)"
74.7.227.14 - - [30/Oct/2025:13:52:15 +1000] "GET /1450208?fileloc=//.autorelabel&path=/ HTTP/2.0" 200 2707 "-" "Mozilla/5.0 AppleWebKit/537.36 (KHTML, like Gecko; compatible; GPTBot/1.2; +https://openai.com/gptbot)"
74.7.227.14 - - [30/Oct/2025:13:52:25 +1000] "GET /1130256?shopdetail=0001129772 HTTP/2.0" 200 4637 "-" "Mozilla/5.0 AppleWebKit/537.36 (KHTML, like Gecko; compatible; GPTBot/1.2; +https://openai.com/gptbot)"
74.7.227.14 - - [30/Oct/2025:13:52:38 +1000] "GET /1450800?shopdetail=0001449938 HTTP/2.0" 200 4637 "-" "Mozilla/5.0 AppleWebKit/537.36 (KHTML, like Gecko; compatible; GPTBot/1.2; +https://openai.com/gptbot)"
74.7.227.14 - - [30/Oct/2025:13:52:50 +1000] "GET /1360400?path=//opt HTTP/2.0" 200 3520 "-" "Mozilla/5.0 AppleWebKit/537.36 (KHTML, like Gecko; compatible; GPTBot/1.2; +https://openai.com/gptbot)"
74.7.227.14 - - [30/Oct/2025:13:52:59 +1000] "GET /1440752?shopdetail=0001439902 HTTP/2.0" 200 4637 "-" "Mozilla/5.0 AppleWebKit/537.36 (KHTML, like Gecko; compatible; GPTBot/1.2; +https://openai.com/gptbot)"
74.7.227.14 - - [30/Oct/2025:13:53:09 +1000] "GET /1370704?path=/ HTTP/2.0" 200 3948 "-" "Mozilla/5.0 AppleWebKit/537.36 (KHTML, like Gecko; compatible; GPTBot/1.2; +https://openai.com/gptbot)"
74.7.227.14 - - [30/Oct/2025:13:53:20 +1000] "GET /1070304?shopdetail=0001069889 HTTP/2.0" 200 4637 "-" "Mozilla/5.0 AppleWebKit/537.36 (KHTML, like Gecko; compatible; GPTBot/1.2; +https://openai.com/gptbot)"
74.7.227.14 - - [30/Oct/2025:13:53:29 +1000] "GET /1390720?shopdetail=0001389927 HTTP/2.0" 200 4637 "-" "Mozilla/5.0 AppleWebKit/537.36 (KHTML, like Gecko; compatible; GPTBot/1.2; +https://openai.com/gptbot)"
66.249.75.71 - - [30/Oct/2025:13:53:38 +1000] "GET /1452792624?shopdetail=1451080274 HTTP/1.1" 200 35618 "-" "Mozilla/5.0 (Linux; Android 6.0.1; Nexus 5X Build/MMB29P) AppleWebKit/537.36 (KHTML, like Gecko) Chrome/141.0.7390.122 Mobile Safari/537.36 (compatible; Googlebot/2.1; +http://www.google.com/bot.html)"
74.7.227.14 - - [30/Oct/2025:13:53:40 +1000] "GET /1550784?shopdetail=0001549803 HTTP/2.0" 200 4637 "-" "Mozilla/5.0 AppleWebKit/537.36 (KHTML, like Gecko; compatible; GPTBot/1.2; +https://openai.com/gptbot)"
74.7.227.14 - - [30/Oct/2025:13:53:50 +1000] "GET /1320640?path=/ HTTP/2.0" 200 3948 "-" "Mozilla/5.0 AppleWebKit/537.36 (KHTML, like Gecko; compatible; GPTBot/1.2; +https://openai.com/gptbot)"
74.7.227.14 - - [30/Oct/2025:13:54:01 +1000] "GET /1190288?shopdetail=0001189732 HTTP/2.0" 200 4637 "-" "Mozilla/5.0 AppleWebKit/537.36 (KHTML, like Gecko; compatible; GPTBot/1.2; +https://openai.com/gptbot)"
74.7.227.14 - - [30/Oct/2025:13:54:11 +1000] "GET /1500272?shopdetail=0001499350 HTTP/2.0" 200 4637 "-" "Mozilla/5.0 AppleWebKit/537.36 (KHTML, like Gecko; compatible; GPTBot/1.2; +https://openai.com/gptbot)"
74.7.227.14 - - [30/Oct/2025:13:54:21 +1000] "GET /1130256?path=/ HTTP/2.0" 200 3948 "-" "Mozilla/5.0 AppleWebKit/537.36 (KHTML, like Gecko; compatible; GPTBot/1.2; +https://openai.com/gptbot)"
74.7.227.14 - - [30/Oct/2025:13:54:35 +1000] "GET /1450800?path=/ HTTP/2.0" 200 3948 "-" "Mozilla/5.0 AppleWebKit/537.36 (KHTML, like Gecko; compatible; GPTBot/1.2; +https://openai.com/gptbot)"
74.7.227.14 - - [30/Oct/2025:13:54:43 +1000] "GET /1510160?shopdetail=0001509228 HTTP/2.0" 200 4637 "-" "Mozilla/5.0 AppleWebKit/537.36 (KHTML, like Gecko; compatible; GPTBot/1.2; +https://openai.com/gptbot)"
66.249.75.70 - - [30/Oct/2025:13:54:52 +1000] "GET /1454351248?shopdetail=1452637060 HTTP/1.1" 200 34902 "-" "Mozilla/5.0 (Linux; Android 6.0.1; Nexus 5X Build/MMB29P) AppleWebKit/537.36 (KHTML, like Gecko) Chrome/141.0.7390.122 Mobile Safari/537.36 (compatible; Googlebot/2.1; +http://www.google.com/bot.html)"
74.7.227.14 - - [30/Oct/2025:13:54:53 +1000] "GET /1440752?path=/ HTTP/2.0" 200 3948 "-" "Mozilla/5.0 AppleWebKit/537.36 (KHTML, like Gecko; compatible; GPTBot/1.2; +https://openai.com/gptbot)"
66.249.75.71 - - [30/Oct/2025:13:54:57 +1000] "GET /4556096?shopdetail=0004551571 HTTP/1.1" 200 36199 "-" "Mozilla/5.0 (Linux; Android 6.0.1; Nexus 5X Build/MMB29P) AppleWebKit/537.36 (KHTML, like Gecko) Chrome/141.0.7390.122 Mobile Safari/537.36 (compatible; GoogleOther)"
66.249.75.74 - - [30/Oct/2025:13:54:59 +1000] "GET /?path=/home/region-gk.ru/data/www/new.region-gk.ru HTTP/1.1" 200 4733 "-" "Mozilla/5.0 (Linux; Android 6.0.1; Nexus 5X Build/MMB29P) AppleWebKit/537.36 (KHTML, like Gecko) Chrome/141.0.7390.122 Mobile Safari/537.36 (compatible; Googlebot/2.1; +http://www.google.com/bot.html)"
74.7.227.14 - - [30/Oct/2025:13:55:02 +1000] "GET /1440752?fileloc=/home/region-gk.ru/data/www/new.region-gk.ru/zlbpq.php&path=/home/region-gk.ru/data/www/new.region-gk.ru HTTP/2.0" 200 6819 "-" "Mozilla/5.0 AppleWebKit/537.36 (KHTML, like Gecko; compatible; GPTBot/1.2; +https://openai.com/gptbot)"
66.249.75.71 - - [30/Oct/2025:13:55:06 +1000] "GET /122708960?shopdetail=0122565105 HTTP/1.1" 200 35572 "-" "Mozilla/5.0 (Linux; Android 6.0.1; Nexus 5X Build/MMB29P) AppleWebKit/537.36 (KHTML, like Gecko) Chrome/141.0.7390.122 Mobile Safari/537.36 (compatible; Googlebot/2.1; +http://www.google.com/bot.html)"
66.249.75.70 - - [30/Oct/2025:13:55:13 +1000] "GET /1454359216?shopdetail=1452645018 HTTP/1.1" 200 36460 "-" "Mozilla/5.0 (Linux; Android 6.0.1; Nexus 5X Build/MMB29P) AppleWebKit/537.36 (KHTML, like Gecko) Chrome/141.0.7390.122 Mobile Safari/537.36 (compatible; Googlebot/2.1; +http://www.google.com/bot.html)"
74.7.227.14 - - [30/Oct/2025:13:55:14 +1000] "GET /1190288?path=/ HTTP/2.0" 200 3948 "-" "Mozilla/5.0 AppleWebKit/537.36 (KHTML, like Gecko; compatible; GPTBot/1.2; +https://openai.com/gptbot)"
66.249.75.70 - - [30/Oct/2025:13:55:18 +1000] "GET /112711408?shopdetail=0112579342 HTTP/1.1" 200 36148 "-" "Mozilla/5.0 (Linux; Android 6.0.1; Nexus 5X Build/MMB29P) AppleWebKit/537.36 (KHTML, like Gecko) Chrome/141.0.7390.122 Mobile Safari/537.36 (compatible; Googlebot/2.1; +http://www.google.com/bot.html)"
66.249.75.70 - - [30/Oct/2025:13:55:22 +1000] "GET /3286032?shopdetail=0003283004 HTTP/1.1" 200 35857 "-" "Mozilla/5.0 (Linux; Android 6.0.1; Nexus 5X Build/MMB29P) AppleWebKit/537.36 (KHTML, like Gecko) Chrome/141.0.7390.122 Mobile Safari/537.36 (compatible; Googlebot/2.1; +http://www.google.com/bot.html)"
74.7.227.14 - - [30/Oct/2025:13:55:26 +1000] "GET /1390720?path=/ HTTP/2.0" 200 3948 "-" "Mozilla/5.0 AppleWebKit/537.36 (KHTML, like Gecko; compatible; GPTBot/1.2; +https://openai.com/gptbot)"
66.249.75.70 - - [30/Oct/2025:13:55:26 +1000] "GET /catalog/traly/specpricep-9942l5/ HTTP/1.1" 200 36334 "-" "Mozilla/5.0 (Linux; Android 6.0.1; Nexus 5X Build/MMB29P) AppleWebKit/537.36 (KHTML, like Gecko) Chrome/141.0.7390.122 Mobile Safari/537.36 (compatible; Googlebot/2.1; +http://www.google.com/bot.html)"
74.7.227.14 - - [30/Oct/2025:13:55:36 +1000] "GET /1390720?fileloc=/home/region-gk.ru/data/www/new.region-gk.ru/zlbpq.php&path=/home/region-gk.ru/data/www/new.region-gk.ru HTTP/2.0" 200 6819 "-" "Mozilla/5.0 AppleWebKit/537.36 (KHTML, like Gecko; compatible; GPTBot/1.2; +https://openai.com/gptbot)"
74.7.227.14 - - [30/Oct/2025:13:55:46 +1000] "GET /1370704?path=//sys HTTP/2.0" 200 3459 "-" "Mozilla/5.0 AppleWebKit/537.36 (KHTML, like Gecko; compatible; GPTBot/1.2; +https://openai.com/gptbot)"
74.7.227.14 - - [30/Oct/2025:13:55:55 +1000] "GET /1500272?fileloc=/home/region-gk.ru/data/www/new.region-gk.ru/wp-activate.php&path=/home/region-gk.ru/data/www/new.region-gk.ru HTTP/2.0" 200 5402 "-" "Mozilla/5.0 AppleWebKit/537.36 (KHTML, like Gecko; compatible; GPTBot/1.2; +https://openai.com/gptbot)"
66.249.75.70 - - [30/Oct/2025:13:55:57 +1000] "GET /112734512?shopdetail=0112602418 HTTP/1.1" 200 35703 "-" "Mozilla/5.0 (Linux; Android 6.0.1; Nexus 5X Build/MMB29P) AppleWebKit/537.36 (KHTML, like Gecko) Chrome/141.0.7390.122 Mobile Safari/537.36 (compatible; Googlebot/2.1; +http://www.google.com/bot.html)"
74.7.227.14 - - [30/Oct/2025:13:56:06 +1000] "GET /1370704?path=//dev HTTP/2.0" 200 3998 "-" "Mozilla/5.0 AppleWebKit/537.36 (KHTML, like Gecko; compatible; GPTBot/1.2; +https://openai.com/gptbot)"
66.249.75.71 - - [30/Oct/2025:13:56:10 +1000] "GET /?1452795632?shopdetail=1451083278 HTTP/1.1" 200 35635 "-" "Mozilla/5.0 (Linux; Android 6.0.1; Nexus 5X Build/MMB29P) AppleWebKit/537.36 (KHTML, like Gecko) Chrome/141.0.7390.122 Mobile Safari/537.36 (compatible; Googlebot/2.1; +http://www.google.com/bot.html)"
74.7.227.14 - - [30/Oct/2025:13:56:16 +1000] "GET /1500272?path=/ HTTP/2.0" 200 3948 "-" "Mozilla/5.0 AppleWebKit/537.36 (KHTML, like Gecko; compatible; GPTBot/1.2; +https://openai.com/gptbot)"
66.249.75.71 - - [30/Oct/2025:13:56:22 +1000] "GET /?1452784064?shopdetail=1451071723 HTTP/1.1" 200 36325 "-" "Mozilla/5.0 (Linux; Android 6.0.1; Nexus 5X Build/MMB29P) AppleWebKit/537.36 (KHTML, like Gecko) Chrome/141.0.7390.122 Mobile Safari/537.36 (compatible; Googlebot/2.1; +http://www.google.com/bot.html)"
66.249.75.70 - - [30/Oct/2025:13:56:29 +1000] "GET /?1452792624?shopdetail=1451080274 HTTP/1.1" 200 35619 "-" "Mozilla/5.0 (Linux; Android 6.0.1; Nexus 5X Build/MMB29P) AppleWebKit/537.36 (KHTML, like Gecko) Chrome/141.0.7390.122 Mobile Safari/537.36 (compatible; Googlebot/2.1; +http://www.google.com/bot.html)"
74.7.227.14 - - [30/Oct/2025:13:56:31 +1000] "GET /876160?path=//var/www/neptunvld.com HTTP/2.0" 200 2813 "-" "Mozilla/5.0 AppleWebKit/537.36 (KHTML, like Gecko; compatible; GPTBot/1.2; +https://openai.com/gptbot)"
66.249.75.70 - - [30/Oct/2025:13:56:33 +1000] "GET /?1452785328?shopdetail=1451072986 HTTP/1.1" 200 36322 "-" "Mozilla/5.0 (Linux; Android 6.0.1; Nexus 5X Build/MMB29P) AppleWebKit/537.36 (KHTML, like Gecko) Chrome/141.0.7390.122 Mobile Safari/537.36 (compatible; Googlebot/2.1; +http://www.google.com/bot.html)"
66.249.75.70 - - [30/Oct/2025:13:56:37 +1000] "GET /?1452796832?shopdetail=1451084477 HTTP/1.1" 200 36072 "-" "Mozilla/5.0 (Linux; Android 6.0.1; Nexus 5X Build/MMB29P) AppleWebKit/537.36 (KHTML, like Gecko) Chrome/141.0.7390.122 Mobile Safari/537.36 (compatible; Googlebot/2.1; +http://www.google.com/bot.html)"
66.249.75.70 - - [30/Oct/2025:13:56:41 +1000] "GET /?1452781056?shopdetail=1451068719 HTTP/1.1" 200 35550 "-" "Mozilla/5.0 (Linux; Android 6.0.1; Nexus 5X Build/MMB29P) AppleWebKit/537.36 (KHTML, like Gecko) Chrome/141.0.7390.122 Mobile Safari/537.36 (compatible; Googlebot/2.1; +http://www.google.com/bot.html)"
74.7.227.14 - - [30/Oct/2025:13:56:42 +1000] "GET /922592?fileloc=//proc/net/rt6_stats&path=//proc/net HTTP/2.0" 200 2744 "-" "Mozilla/5.0 AppleWebKit/537.36 (KHTML, like Gecko; compatible; GPTBot/1.2; +https://openai.com/gptbot)"
212.16.195.25 - - [30/Oct/2025:13:56:43 +1000] "GET / HTTP/1.1" 301 169 "-" "Mozilla/5.0 (X11; Linux x86_64) AppleWebKit/537.36 (KHTML, like Gecko) Chrome/44.0.2403.157 Safari/537.36"
212.16.195.25 - - [30/Oct/2025:13:56:44 +1000] "GET / HTTP/1.1" 200 4726 "http://212.16.195.25" "Mozilla/5.0 (X11; Linux x86_64) AppleWebKit/537.36 (KHTML, like Gecko) Chrome/44.0.2403.157 Safari/537.36"
66.249.75.70 - - [30/Oct/2025:13:56:45 +1000] "GET /?1452804416?shopdetail=1451092051 HTTP/1.1" 200 35265 "-" "Mozilla/5.0 (Linux; Android 6.0.1; Nexus 5X Build/MMB29P) AppleWebKit/537.36 (KHTML, like Gecko) Chrome/141.0.7390.122 Mobile Safari/537.36 (compatible; Googlebot/2.1; +http://www.google.com/bot.html)"
66.249.75.70 - - [30/Oct/2025:13:56:49 +1000] "GET /?1452801920?shopdetail=1451089559 HTTP/1.1" 200 35656 "-" "Mozilla/5.0 (Linux; Android 6.0.1; Nexus 5X Build/MMB29P) AppleWebKit/537.36 (KHTML, like Gecko) Chrome/141.0.7390.122 Mobile Safari/537.36 (compatible; Googlebot/2.1; +http://www.google.com/bot.html)"
74.7.227.14 - - [30/Oct/2025:13:56:52 +1000] "GET /876160?fileloc=//proc/net/ip_tables_names&path=//proc/net HTTP/2.0" 200 2735 "-" "Mozilla/5.0 AppleWebKit/537.36 (KHTML, like Gecko; compatible; GPTBot/1.2; +https://openai.com/gptbot)"
66.249.75.70 - - [30/Oct/2025:13:56:53 +1000] "GET /?ctg/search/similarImageSearchResultView/?ctgItemCd=1710511 HTTP/1.1" 200 36053 "-" "Mozilla/5.0 (Linux; Android 6.0.1; Nexus 5X Build/MMB29P) AppleWebKit/537.36 (KHTML, like Gecko) Chrome/141.0.7390.122 Mobile Safari/537.36 (compatible; Googlebot/2.1; +http://www.google.com/bot.html)"
66.249.75.70 - - [30/Oct/2025:13:57:01 +1000] "GET /?1452791360?shopdetail=1451079011 HTTP/1.1" 200 36266 "-" "Mozilla/5.0 (Linux; Android 6.0.1; Nexus 5X Build/MMB29P) AppleWebKit/537.36 (KHTML, like Gecko) Chrome/141.0.7390.122 Mobile Safari/537.36 (compatible; Googlebot/2.1; +http://www.google.com/bot.html)"
74.7.227.14 - - [30/Oct/2025:13:57:02 +1000] "GET /1070304?path=/ HTTP/2.0" 200 3948 "-" "Mozilla/5.0 AppleWebKit/537.36 (KHTML, like Gecko; compatible; GPTBot/1.2; +https://openai.com/gptbot)"
66.249.75.70 - - [30/Oct/2025:13:57:13 +1000] "GET /?1452797120?shopdetail=1451084763 HTTP/1.1" 200 35261 "-" "Mozilla/5.0 (Linux; Android 6.0.1; Nexus 5X Build/MMB29P) AppleWebKit/537.36 (KHTML, like Gecko) Chrome/141.0.7390.122 Mobile Safari/537.36 (compatible; Googlebot/2.1; +http://www.google.com/bot.html)"
74.7.227.14 - - [30/Oct/2025:13:57:13 +1000] "GET /1430448?shopdetail=0001429610 HTTP/2.0" 200 4637 "-" "Mozilla/5.0 AppleWebKit/537.36 (KHTML, like Gecko; compatible; GPTBot/1.2; +https://openai.com/gptbot)"
66.249.75.70 - - [30/Oct/2025:13:57:26 +1000] "GET /?1452807136?shopdetail=1451094769 HTTP/1.1" 200 34892 "-" "Mozilla/5.0 (Linux; Android 6.0.1; Nexus 5X Build/MMB29P) AppleWebKit/537.36 (KHTML, like Gecko) Chrome/141.0.7390.122 Mobile Safari/537.36 (compatible; Googlebot/2.1; +http://www.google.com/bot.html)"
74.7.227.14 - - [30/Oct/2025:13:57:28 +1000] "GET /1340048?shopdetail=0001339316 HTTP/2.0" 200 4637 "-" "Mozilla/5.0 AppleWebKit/537.36 (KHTML, like Gecko; compatible; GPTBot/1.2; +https://openai.com/gptbot)"
66.249.75.70 - - [30/Oct/2025:13:57:37 +1000] "GET /?1452786272?shopdetail=1451073929 HTTP/1.1" 200 36253 "-" "Mozilla/5.0 (Linux; Android 6.0.1; Nexus 5X Build/MMB29P) AppleWebKit/537.36 (KHTML, like Gecko) Chrome/141.0.7390.122 Mobile Safari/537.36 (compatible; Googlebot/2.1; +http://www.google.com/bot.html)"
74.7.227.14 - - [30/Oct/2025:13:57:39 +1000] "GET /922592?fileloc=//proc/net/udplite6&path=//proc/net HTTP/2.0" 200 2825 "-" "Mozilla/5.0 AppleWebKit/537.36 (KHTML, like Gecko; compatible; GPTBot/1.2; +https://openai.com/gptbot)"
66.249.75.70 - - [30/Oct/2025:13:57:50 +1000] "GET /?1452792032?shopdetail=1451079681 HTTP/1.1" 200 36190 "-" "Mozilla/5.0 (Linux; Android 6.0.1; Nexus 5X Build/MMB29P) AppleWebKit/537.36 (KHTML, like Gecko) Chrome/141.0.7390.122 Mobile Safari/537.36 (compatible; Googlebot/2.1; +http://www.google.com/bot.html)"
74.7.227.14 - - [30/Oct/2025:13:57:50 +1000] "GET /1470400?shopdetail=0001469515 HTTP/2.0" 200 4637 "-" "Mozilla/5.0 AppleWebKit/537.36 (KHTML, like Gecko; compatible; GPTBot/1.2; +https://openai.com/gptbot)"
74.7.227.14 - - [30/Oct/2025:13:58:00 +1000] "GET /1510160?path=/ HTTP/2.0" 200 3948 "-" "Mozilla/5.0 AppleWebKit/537.36 (KHTML, like Gecko; compatible; GPTBot/1.2; +https://openai.com/gptbot)"
66.249.75.70 - - [30/Oct/2025:13:58:02 +1000] "GET /?1452797712?shopdetail=1451085356 HTTP/1.1" 200 41890 "-" "Mozilla/5.0 (Linux; Android 6.0.1; Nexus 5X Build/MMB29P) AppleWebKit/537.36 (KHTML, like Gecko) Chrome/141.0.7390.122 Mobile Safari/537.36 (compatible; Googlebot/2.1; +http://www.google.com/bot.html)"
74.7.227.14 - - [30/Oct/2025:13:58:10 +1000] "GET /1550784?path=/ HTTP/2.0" 200 3948 "-" "Mozilla/5.0 AppleWebKit/537.36 (KHTML, like Gecko; compatible; GPTBot/1.2; +https://openai.com/gptbot)"
66.249.75.70 - - [30/Oct/2025:13:58:14 +1000] "GET /?2978512?shopdetail=0002975848 HTTP/1.1" 200 35593 "-" "Mozilla/5.0 (Linux; Android 6.0.1; Nexus 5X Build/MMB29P) AppleWebKit/537.36 (KHTML, like Gecko) Chrome/141.0.7390.122 Mobile Safari/537.36 (compatible; Googlebot/2.1; +http://www.google.com/bot.html)"
74.7.227.14 - - [30/Oct/2025:13:58:20 +1000] "GET /876160?fileloc=//proc/net/if_inet6&path=//proc/net HTTP/2.0" 200 2791 "-" "Mozilla/5.0 AppleWebKit/537.36 (KHTML, like Gecko; compatible; GPTBot/1.2; +https://openai.com/gptbot)"
66.249.75.70 - - [30/Oct/2025:13:58:26 +1000] "GET /?1452790416?shopdetail=1451078068 HTTP/1.1" 200 35257 "-" "Mozilla/5.0 (Linux; Android 6.0.1; Nexus 5X Build/MMB29P) AppleWebKit/537.36 (KHTML, like Gecko) Chrome/141.0.7390.122 Mobile Safari/537.36 (compatible; Googlebot/2.1; +http://www.google.com/bot.html)"
74.7.227.14 - - [30/Oct/2025:13:58:31 +1000] "GET /922592?fileloc=//proc/net/if_inet6&path=//proc/net HTTP/2.0" 200 2791 "-" "Mozilla/5.0 AppleWebKit/537.36 (KHTML, like Gecko; compatible; GPTBot/1.2; +https://openai.com/gptbot)"
66.249.75.70 - - [30/Oct/2025:13:58:39 +1000] "GET /?2976176?shopdetail=0002973514 HTTP/1.1" 200 36461 "-" "Mozilla/5.0 (Linux; Android 6.0.1; Nexus 5X Build/MMB29P) AppleWebKit/537.36 (KHTML, like Gecko) Chrome/141.0.7390.122 Mobile Safari/537.36 (compatible; Googlebot/2.1; +http://www.google.com/bot.html)"
74.7.227.14 - - [30/Oct/2025:13:58:44 +1000] "GET /1340048?path=/ HTTP/2.0" 200 3948 "-" "Mozilla/5.0 AppleWebKit/537.36 (KHTML, like Gecko; compatible; GPTBot/1.2; +https://openai.com/gptbot)"
66.249.75.70 - - [30/Oct/2025:13:58:51 +1000] "GET /?2980720?shopdetail=0002978054 HTTP/1.1" 200 35480 "-" "Mozilla/5.0 (Linux; Android 6.0.1; Nexus 5X Build/MMB29P) AppleWebKit/537.36 (KHTML, like Gecko) Chrome/141.0.7390.122 Mobile Safari/537.36 (compatible; Googlebot/2.1; +http://www.google.com/bot.html)"
74.7.227.14 - - [30/Oct/2025:13:59:00 +1000] "GET /876160?path=//proc/9 HTTP/2.0" 200 5188 "-" "Mozilla/5.0 AppleWebKit/537.36 (KHTML, like Gecko; compatible; GPTBot/1.2; +https://openai.com/gptbot)"
66.249.75.70 - - [30/Oct/2025:13:59:03 +1000] "GET /?1452802928?shopdetail=1451090566 HTTP/1.1" 200 35704 "-" "Mozilla/5.0 (Linux; Android 6.0.1; Nexus 5X Build/MMB29P) AppleWebKit/537.36 (KHTML, like Gecko) Chrome/141.0.7390.122 Mobile Safari/537.36 (compatible; Googlebot/2.1; +http://www.google.com/bot.html)"
74.7.227.14 - - [30/Oct/2025:13:59:10 +1000] "GET /1460256?shopdetail=0001459381 HTTP/2.0" 200 4637 "-" "Mozilla/5.0 AppleWebKit/537.36 (KHTML, like Gecko; compatible; GPTBot/1.2; +https://openai.com/gptbot)"
66.249.75.74 - - [30/Oct/2025:13:59:13 +1000] "GET /?path=/home/region-gk.ru/data/www/new.region-gk.ru/wp-admin HTTP/1.1" 200 9248 "-" "Mozilla/5.0 (Linux; Android 6.0.1; Nexus 5X Build/MMB29P) AppleWebKit/537.36 (KHTML, like Gecko) Chrome/141.0.7390.122 Mobile Safari/537.36 (compatible; Googlebot/2.1; +http://www.google.com/bot.html)"
74.7.227.14 - - [30/Oct/2025:13:59:20 +1000] "GET /876160?path=//proc/4 HTTP/2.0" 200 5188 "-" "Mozilla/5.0 AppleWebKit/537.36 (KHTML, like Gecko; compatible; GPTBot/1.2; +https://openai.com/gptbot)"
66.249.75.74 - - [30/Oct/2025:13:59:25 +1000] "GET /?fileloc=/home/region-gk.ru/data/www/new.region-gk.ru/wp-config-sample.php&path=/home/region-gk.ru/data/www/new.region-gk.ru HTTP/1.1" 200 4172 "-" "Mozilla/5.0 (Linux; Android 6.0.1; Nexus 5X Build/MMB29P) AppleWebKit/537.36 (KHTML, like Gecko) Chrome/141.0.7390.122 Mobile Safari/537.36 (compatible; Googlebot/2.1; +http://www.google.com/bot.html)"
74.7.227.14 - - [30/Oct/2025:13:59:30 +1000] "GET /876160?fileloc=//tmp/sess_70f583aa5afdf7ea7645c3b48a4b0000&path=//tmp HTTP/2.0" 200 2743 "-" "Mozilla/5.0 AppleWebKit/537.36 (KHTML, like Gecko; compatible; GPTBot/1.2; +https://openai.com/gptbot)"
66.249.75.74 - - [30/Oct/2025:13:59:37 +1000] "GET /?path=/home/region-gk.ru/data/www/new.region-gk.ru/wp-content HTTP/1.1" 200 3637 "-" "Mozilla/5.0 (Linux; Android 6.0.1; Nexus 5X Build/MMB29P) AppleWebKit/537.36 (KHTML, like Gecko) Chrome/141.0.7390.122 Mobile Safari/537.36 (compatible; Googlebot/2.1; +http://www.google.com/bot.html)"
74.7.227.14 - - [30/Oct/2025:13:59:40 +1000] "GET /922592?fileloc=//proc/net/anycast6&path=//proc/net HTTP/2.0" 200 2734 "-" "Mozilla/5.0 AppleWebKit/537.36 (KHTML, like Gecko; compatible; GPTBot/1.2; +https://openai.com/gptbot)"
66.249.75.74 - - [30/Oct/2025:13:59:49 +1000] "GET /?fileloc=/home/region-gk.ru/data/www/new.region-gk.ru/wp-mail.php&path=/home/region-gk.ru/data/www/new.region-gk.ru HTTP/1.1" 200 6044 "-" "Mozilla/5.0 (Linux; Android 6.0.1; Nexus 5X Build/MMB29P) AppleWebKit/537.36 (KHTML, like Gecko) Chrome/141.0.7390.122 Mobile Safari/537.36 (compatible; Googlebot/2.1; +http://www.google.com/bot.html)"
74.7.227.14 - - [30/Oct/2025:13:59:51 +1000] "GET /876160?path=//home/bk HTTP/2.0" 200 3306 "-" "Mozilla/5.0 AppleWebKit/537.36 (KHTML, like Gecko; compatible; GPTBot/1.2; +https://openai.com/gptbot)"
74.7.227.14 - - [30/Oct/2025:14:00:01 +1000] "GET /1430448?path=/ HTTP/2.0" 200 3948 "-" "Mozilla/5.0 AppleWebKit/537.36 (KHTML, like Gecko; compatible; GPTBot/1.2; +https://openai.com/gptbot)"
66.249.75.76 - - [30/Oct/2025:14:00:02 +1000] "GET /?fileloc=/home/region-gk.ru/data/www/new.region-gk.ru/wp-login.php&path=/home/region-gk.ru/data/www/new.region-gk.ru HTTP/1.1" 200 17700 "-" "Mozilla/5.0 (Linux; Android 6.0.1; Nexus 5X Build/MMB29P) AppleWebKit/537.36 (KHTML, like Gecko) Chrome/141.0.7390.122 Mobile Safari/537.36 (compatible; Googlebot/2.1; +http://www.google.com/bot.html)"
74.7.227.14 - - [30/Oct/2025:14:00:10 +1000] "GET /1490752?shopdetail=0001489843 HTTP/2.0" 200 4637 "-" "Mozilla/5.0 AppleWebKit/537.36 (KHTML, like Gecko; compatible; GPTBot/1.2; +https://openai.com/gptbot)"
66.249.75.74 - - [30/Oct/2025:14:00:13 +1000] "GET /?fileloc=/home/region-gk.ru/data/www/new.region-gk.ru/wp-settings.php&path=/home/region-gk.ru/data/www/new.region-gk.ru HTTP/1.1" 200 9444 "-" "Mozilla/5.0 (Linux; Android 6.0.1; Nexus 5X Build/MMB29P) AppleWebKit/537.36 (KHTML, like Gecko) Chrome/141.0.7390.122 Mobile Safari/537.36 (compatible; Googlebot/2.1; +http://www.google.com/bot.html)"
74.7.227.14 - - [30/Oct/2025:14:00:18 +1000] "GET /1470400?path=/ HTTP/2.0" 200 3948 "-" "Mozilla/5.0 AppleWebKit/537.36 (KHTML, like Gecko; compatible; GPTBot/1.2; +https://openai.com/gptbot)"
66.249.75.74 - - [30/Oct/2025:14:00:25 +1000] "GET /?fileloc=/home/region-gk.ru/data/www/new.region-gk.ru/wp-links-opml.php&path=/home/region-gk.ru/data/www/new.region-gk.ru HTTP/1.1" 200 3955 "-" "Mozilla/5.0 (Linux; Android 6.0.1; Nexus 5X Build/MMB29P) AppleWebKit/537.36 (KHTML, like Gecko) Chrome/141.0.7390.122 Mobile Safari/537.36 (compatible; Googlebot/2.1; +http://www.google.com/bot.html)"
74.7.227.14 - - [30/Oct/2025:14:00:29 +1000] "GET /922592?path=/home/html HTTP/2.0" 200 2796 "-" "Mozilla/5.0 AppleWebKit/537.36 (KHTML, like Gecko; compatible; GPTBot/1.2; +https://openai.com/gptbot)"
74.7.227.14 - - [30/Oct/2025:14:00:38 +1000] "GET /876160?path=/home/html HTTP/2.0" 200 2796 "-" "Mozilla/5.0 AppleWebKit/537.36 (KHTML, like Gecko; compatible; GPTBot/1.2; +https://openai.com/gptbot)"
66.249.75.74 - - [30/Oct/2025:14:00:40 +1000] "GET /?fileloc=/home/region-gk.ru/data/www/new.region-gk.ru/wp-comments-post.php&path=/home/region-gk.ru/data/www/new.region-gk.ru HTTP/1.1" 200 3885 "-" "Mozilla/5.0 (Linux; Android 6.0.1; Nexus 5X Build/MMB29P) AppleWebKit/537.36 (KHTML, like Gecko) Chrome/141.0.7390.122 Mobile Safari/537.36 (compatible; Googlebot/2.1; +http://www.google.com/bot.html)"
212.16.195.25 - - [30/Oct/2025:14:00:49 +1000] "GET / HTTP/1.1" 301 169 "-" "Mozilla/5.0 (X11; Linux x86_64) AppleWebKit/537.36 (KHTML, like Gecko) Chrome/44.0.2403.157 Safari/537.36"
212.16.195.25 - - [30/Oct/2025:14:00:50 +1000] "GET / HTTP/1.1" 200 1649 "http://212.16.195.25" "Mozilla/5.0 (X11; Linux x86_64) AppleWebKit/537.36 (KHTML, like Gecko) Chrome/44.0.2403.157 Safari/537.36"
66.249.75.74 - - [30/Oct/2025:14:00:52 +1000] "GET /?fileloc=/home/region-gk.ru/data/www/new.region-gk.ru/wp-cron.php&path=/home/region-gk.ru/data/www/new.region-gk.ru HTTP/1.1" 200 4950 "-" "Mozilla/5.0 (Linux; Android 6.0.1; Nexus 5X Build/MMB29P) AppleWebKit/537.36 (KHTML, like Gecko) Chrome/141.0.7390.122 Mobile Safari/537.36 (compatible; Googlebot/2.1; +http://www.google.com/bot.html)"
74.7.227.14 - - [30/Oct/2025:14:00:53 +1000] "GET /876160?path=//proc/4/net HTTP/2.0" 200 5566 "-" "Mozilla/5.0 AppleWebKit/537.36 (KHTML, like Gecko; compatible; GPTBot/1.2; +https://openai.com/gptbot)"
74.7.227.14 - - [30/Oct/2025:14:01:01 +1000] "GET /1460256?path=/ HTTP/2.0" 200 3948 "-" "Mozilla/5.0 AppleWebKit/537.36 (KHTML, like Gecko; compatible; GPTBot/1.2; +https://openai.com/gptbot)"
74.7.227.14 - - [30/Oct/2025:14:01:11 +1000] "GET /876160?path=//proc/9/net HTTP/2.0" 200 5566 "-" "Mozilla/5.0 AppleWebKit/537.36 (KHTML, like Gecko; compatible; GPTBot/1.2; +https://openai.com/gptbot)"
66.249.75.76 - - [30/Oct/2025:14:01:11 +1000] "GET /?path=/home/region-gk.ru/data/www/new.region-gk.ru/images HTTP/1.1" 200 3317 "-" "Mozilla/5.0 (Linux; Android 6.0.1; Nexus 5X Build/MMB29P) AppleWebKit/537.36 (KHTML, like Gecko) Chrome/141.0.7390.122 Mobile Safari/537.36 (compatible; Googlebot/2.1; +http://www.google.com/bot.html)"
66.249.75.72 - - [30/Oct/2025:14:01:17 +1000] "GET /122728368?shopdetail=0122584490 HTTP/1.1" 200 35705 "-" "Mozilla/5.0 (Linux; Android 6.0.1; Nexus 5X Build/MMB29P) AppleWebKit/537.36 (KHTML, like Gecko) Chrome/141.0.7390.122 Mobile Safari/537.36 (compatible; Googlebot/2.1; +http://www.google.com/bot.html)"
74.7.227.14 - - [30/Oct/2025:14:01:19 +1000] "GET /922592?fileloc=//proc/net/fib_trie&path=//proc/net HTTP/2.0" 200 2941 "-" "Mozilla/5.0 AppleWebKit/537.36 (KHTML, like Gecko; compatible; GPTBot/1.2; +https://openai.com/gptbot)"
66.249.75.71 - - [30/Oct/2025:14:01:22 +1000] "GET /123401472?shopdetail=0123256799 HTTP/1.1" 200 36385 "-" "Mozilla/5.0 (Linux; Android 6.0.1; Nexus 5X Build/MMB29P) AppleWebKit/537.36 (KHTML, like Gecko) Chrome/141.0.7390.122 Mobile Safari/537.36 (compatible; Googlebot/2.1; +http://www.google.com/bot.html)"
66.249.75.70 - - [30/Oct/2025:14:01:27 +1000] "GET /3281728?shopdetail=0003278707 HTTP/1.1" 200 36751 "-" "Mozilla/5.0 (Linux; Android 6.0.1; Nexus 5X Build/MMB29P) AppleWebKit/537.36 (KHTML, like Gecko) Chrome/141.0.7390.122 Mobile Safari/537.36 (compatible; Googlebot/2.1; +http://www.google.com/bot.html)"
74.7.227.14 - - [30/Oct/2025:14:01:29 +1000] "GET /876160?fileloc=//proc/net/rt_cache&path=//proc/net HTTP/2.0" 200 2832 "-" "Mozilla/5.0 AppleWebKit/537.36 (KHTML, like Gecko; compatible; GPTBot/1.2; +https://openai.com/gptbot)"
66.249.75.70 - - [30/Oct/2025:14:01:31 +1000] "GET /3260592?shopdetail=0003257594 HTTP/1.1" 200 35511 "-" "Mozilla/5.0 (Linux; Android 6.0.1; Nexus 5X Build/MMB29P) AppleWebKit/537.36 (KHTML, like Gecko) Chrome/141.0.7390.122 Mobile Safari/537.36 (compatible; Googlebot/2.1; +http://www.google.com/bot.html)"
74.7.227.14 - - [30/Oct/2025:14:01:38 +1000] "GET /1430448?path=//home HTTP/2.0" 200 6197 "-" "Mozilla/5.0 AppleWebKit/537.36 (KHTML, like Gecko; compatible; GPTBot/1.2; +https://openai.com/gptbot)"
66.249.75.70 - - [30/Oct/2025:14:01:44 +1000] "GET /?1452777520?shopdetail=1451065186 HTTP/1.1" 200 36277 "-" "Mozilla/5.0 (Linux; Android 6.0.1; Nexus 5X Build/MMB29P) AppleWebKit/537.36 (KHTML, like Gecko) Chrome/141.0.7390.122 Mobile Safari/537.36 (compatible; Googlebot/2.1; +http://www.google.com/bot.html)"
74.7.227.14 - - [30/Oct/2025:14:01:49 +1000] "GET /1463856?shopdetail=0001462978 HTTP/2.0" 200 4637 "-" "Mozilla/5.0 AppleWebKit/537.36 (KHTML, like Gecko; compatible; GPTBot/1.2; +https://openai.com/gptbot)"
66.249.75.70 - - [30/Oct/2025:14:01:49 +1000] "GET /3283280?shopdetail=0003280256 HTTP/1.1" 200 37452 "-" "Mozilla/5.0 (Linux; Android 6.0.1; Nexus 5X Build/MMB29P) AppleWebKit/537.36 (KHTML, like Gecko) Chrome/141.0.7390.122 Mobile Safari/537.36 (compatible; Googlebot/2.1; +http://www.google.com/bot.html)"
66.249.75.70 - - [30/Oct/2025:14:01:53 +1000] "GET /122688640?shopdetail=0122544807 HTTP/1.1" 200 36244 "-" "Mozilla/5.0 (Linux; Android 6.0.1; Nexus 5X Build/MMB29P) AppleWebKit/537.36 (KHTML, like Gecko) Chrome/141.0.7390.122 Mobile Safari/537.36 (compatible; Googlebot/2.1; +http://www.google.com/bot.html)"
74.7.227.14 - - [30/Oct/2025:14:01:59 +1000] "GET /1490752?path=/ HTTP/2.0" 200 3948 "-" "Mozilla/5.0 AppleWebKit/537.36 (KHTML, like Gecko; compatible; GPTBot/1.2; +https://openai.com/gptbot)"
