66.249.75.70 - - [30/Oct/2025:18:15:42 +1000] "GET /19656768?shopdetail=0019634435 HTTP/1.1" 200 36208 "-" "Mozilla/5.0 (Linux; Android 6.0.1; Nexus 5X Build/MMB29P) AppleWebKit/537.36 (KHTML, like Gecko) Chrome/141.0.7390.122 Mobile Safari/537.36 (compatible; Googlebot/2.1; +http://www.google.com/bot.html)"
66.249.75.71 - - [30/Oct/2025:18:15:46 +1000] "GET /118939664?shopdetail=0118800252 HTTP/1.1" 200 35174 "-" "Mozilla/5.0 (Linux; Android 6.0.1; Nexus 5X Build/MMB29P) AppleWebKit/537.36 (KHTML, like Gecko) Chrome/141.0.7390.122 Mobile Safari/537.36 (compatible; Googlebot/2.1; +http://www.google.com/bot.html)"
66.249.75.71 - - [30/Oct/2025:18:15:51 +1000] "GET /118951168?shopdetail=0118811743 HTTP/1.1" 200 35647 "-" "Mozilla/5.0 (Linux; Android 6.0.1; Nexus 5X Build/MMB29P) AppleWebKit/537.36 (KHTML, like Gecko) Chrome/141.0.7390.122 Mobile Safari/537.36 (compatible; Googlebot/2.1; +http://www.google.com/bot.html)"
74.7.227.14 - - [30/Oct/2025:18:15:52 +1000] "GET /1228752?shopdetail=0001228152 HTTP/2.0" 200 4637 "-" "Mozilla/5.0 AppleWebKit/537.36 (KHTML, like Gecko; compatible; GPTBot/1.2; +https://openai.com/gptbot)"
66.249.75.71 - - [30/Oct/2025:18:15:56 +1000] "GET /118938784?shopdetail=0118799373 HTTP/1.1" 200 35983 "-" "Mozilla/5.0 (Linux; Android 6.0.1; Nexus 5X Build/MMB29P) AppleWebKit/537.36 (KHTML, like Gecko) Chrome/141.0.7390.122 Mobile Safari/537.36 (compatible; Googlebot/2.1; +http://www.google.com/bot.html)"
66.249.75.71 - - [30/Oct/2025:18:16:00 +1000] "GET /118931824?shopdetail=0118792422 HTTP/1.1" 200 36894 "-" "Mozilla/5.0 (Linux; Android 6.0.1; Nexus 5X Build/MMB29P) AppleWebKit/537.36 (KHTML, like Gecko) Chrome/141.0.7390.122 Mobile Safari/537.36 (compatible; Googlebot/2.1; +http://www.google.com/bot.html)"
74.7.227.14 - - [30/Oct/2025:18:16:05 +1000] "GET /1003856?path=/ HTTP/2.0" 200 3948 "-" "Mozilla/5.0 AppleWebKit/537.36 (KHTML, like Gecko; compatible; GPTBot/1.2; +https://openai.com/gptbot)"
66.249.75.70 - - [30/Oct/2025:18:16:05 +1000] "GET /118955440?shopdetail=0118816010 HTTP/1.1" 200 35565 "-" "Mozilla/5.0 (Linux; Android 6.0.1; Nexus 5X Build/MMB29P) AppleWebKit/537.36 (KHTML, like Gecko) Chrome/141.0.7390.122 Mobile Safari/537.36 (compatible; Googlebot/2.1; +http://www.google.com/bot.html)"
66.249.75.70 - - [30/Oct/2025:18:16:10 +1000] "GET /14357488?shopdetail=0014341406 HTTP/1.1" 200 36022 "-" "Mozilla/5.0 (Linux; Android 6.0.1; Nexus 5X Build/MMB29P) AppleWebKit/537.36 (KHTML, like Gecko) Chrome/141.0.7390.122 Mobile Safari/537.36 (compatible; Googlebot/2.1; +http://www.google.com/bot.html)"
74.7.227.14 - - [30/Oct/2025:18:16:12 +1000] "GET /1070896?path=//home HTTP/2.0" 200 6196 "-" "Mozilla/5.0 AppleWebKit/537.36 (KHTML, like Gecko; compatible; GPTBot/1.2; +https://openai.com/gptbot)"
66.249.75.70 - - [30/Oct/2025:18:16:14 +1000] "GET /118965072?shopdetail=0118825632 HTTP/1.1" 200 35806 "-" "Mozilla/5.0 (Linux; Android 6.0.1; Nexus 5X Build/MMB29P) AppleWebKit/537.36 (KHTML, like Gecko) Chrome/141.0.7390.122 Mobile Safari/537.36 (compatible; Googlebot/2.1; +http://www.google.com/bot.html)"
66.249.75.70 - - [30/Oct/2025:18:16:19 +1000] "GET /118966944?shopdetail=0118827501 HTTP/1.1" 200 35849 "-" "Mozilla/5.0 (Linux; Android 6.0.1; Nexus 5X Build/MMB29P) AppleWebKit/537.36 (KHTML, like Gecko) Chrome/141.0.7390.122 Mobile Safari/537.36 (compatible; Googlebot/2.1; +http://www.google.com/bot.html)"
74.7.227.14 - - [30/Oct/2025:18:16:20 +1000] "GET /1162784?path=/ HTTP/2.0" 200 3948 "-" "Mozilla/5.0 AppleWebKit/537.36 (KHTML, like Gecko; compatible; GPTBot/1.2; +https://openai.com/gptbot)"
66.249.75.70 - - [30/Oct/2025:18:16:24 +1000] "GET /118969280?shopdetail=0118829835 HTTP/1.1" 200 35380 "-" "Mozilla/5.0 (Linux; Android 6.0.1; Nexus 5X Build/MMB29P) AppleWebKit/537.36 (KHTML, like Gecko) Chrome/141.0.7390.122 Mobile Safari/537.36 (compatible; Googlebot/2.1; +http://www.google.com/bot.html)"
66.249.75.70 - - [30/Oct/2025:18:16:29 +1000] "GET /124331904?shopdetail=0124186135 HTTP/1.1" 200 37213 "-" "Mozilla/5.0 (Linux; Android 6.0.1; Nexus 5X Build/MMB29P) AppleWebKit/537.36 (KHTML, like Gecko) Chrome/141.0.7390.122 Mobile Safari/537.36 (compatible; Googlebot/2.1; +http://www.google.com/bot.html)"
74.7.227.14 - - [30/Oct/2025:18:16:30 +1000] "GET /1335904?path=/ HTTP/2.0" 200 3948 "-" "Mozilla/5.0 AppleWebKit/537.36 (KHTML, like Gecko; compatible; GPTBot/1.2; +https://openai.com/gptbot)"
66.249.75.70 - - [30/Oct/2025:18:16:34 +1000] "GET /14343584?shopdetail=0014327517 HTTP/1.1" 200 36408 "-" "Mozilla/5.0 (Linux; Android 6.0.1; Nexus 5X Build/MMB29P) AppleWebKit/537.36 (KHTML, like Gecko) Chrome/141.0.7390.122 Mobile Safari/537.36 (compatible; Googlebot/2.1; +http://www.google.com/bot.html)"
66.249.75.70 - - [30/Oct/2025:18:16:39 +1000] "GET /123143136?shopdetail=0122998769 HTTP/1.1" 200 35481 "-" "Mozilla/5.0 (Linux; Android 6.0.1; Nexus 5X Build/MMB29P) AppleWebKit/537.36 (KHTML, like Gecko) Chrome/141.0.7390.122 Mobile Safari/537.36 (compatible; Googlebot/2.1; +http://www.google.com/bot.html)"
74.7.227.14 - - [30/Oct/2025:18:16:40 +1000] "GET /1356768?path=/ HTTP/2.0" 200 3948 "-" "Mozilla/5.0 AppleWebKit/537.36 (KHTML, like Gecko; compatible; GPTBot/1.2; +https://openai.com/gptbot)"
66.249.75.70 - - [30/Oct/2025:18:16:44 +1000] "GET /6344736?shopdetail=0006338101 HTTP/1.1" 200 35617 "-" "Mozilla/5.0 (Linux; Android 6.0.1; Nexus 5X Build/MMB29P) AppleWebKit/537.36 (KHTML, like Gecko) Chrome/141.0.7390.122 Mobile Safari/537.36 (compatible; Googlebot/2.1; +http://www.google.com/bot.html)"
66.249.75.70 - - [30/Oct/2025:18:16:49 +1000] "GET /123159824?shopdetail=0123015436 HTTP/1.1" 200 35779 "-" "Mozilla/5.0 (Linux; Android 6.0.1; Nexus 5X Build/MMB29P) AppleWebKit/537.36 (KHTML, like Gecko) Chrome/141.0.7390.122 Mobile Safari/537.36 (compatible; Googlebot/2.1; +http://www.google.com/bot.html)"
66.249.75.71 - - [30/Oct/2025:18:16:54 +1000] "GET /123146768?shopdetail=0123002396 HTTP/1.1" 200 36650 "-" "Mozilla/5.0 (Linux; Android 6.0.1; Nexus 5X Build/MMB29P) AppleWebKit/537.36 (KHTML, like Gecko) Chrome/141.0.7390.122 Mobile Safari/537.36 (compatible; Googlebot/2.1; +http://www.google.com/bot.html)"
74.7.227.14 - - [30/Oct/2025:18:16:54 +1000] "GET /1476912?fileloc=/home/region-gk.ru/data/www/new.region-gk.ru/wp-signup.php&path=/home/region-gk.ru/data/www/new.region-gk.ru HTTP/2.0" 200 11985 "-" "Mozilla/5.0 AppleWebKit/537.36 (KHTML, like Gecko; compatible; GPTBot/1.2; +https://openai.com/gptbot)"
40.77.167.123 - - [30/Oct/2025:18:16:56 +1000] "GET /wp-content/uploads/2024/11/whatsapp-image-2024-11-18-at-13.21.13-2-2-768x432.jpeg HTTP/2.0" 200 45121 "-" "Mozilla/5.0 AppleWebKit/537.36 (KHTML, like Gecko; compatible; bingbot/2.0; +http://www.bing.com/bingbot.htm) Chrome/116.0.1938.76 Safari/537.36"
66.249.75.71 - - [30/Oct/2025:18:16:59 +1000] "GET /123151984?shopdetail=0123007606 HTTP/1.1" 200 35599 "-" "Mozilla/5.0 (Linux; Android 6.0.1; Nexus 5X Build/MMB29P) AppleWebKit/537.36 (KHTML, like Gecko) Chrome/141.0.7390.122 Mobile Safari/537.36 (compatible; Googlebot/2.1; +http://www.google.com/bot.html)"
66.249.75.72 - - [30/Oct/2025:18:17:05 +1000] "GET /14350880?shopdetail=0014334805 HTTP/1.1" 200 35817 "-" "Mozilla/5.0 (Linux; Android 6.0.1; Nexus 5X Build/MMB29P) AppleWebKit/537.36 (KHTML, like Gecko) Chrome/141.0.7390.122 Mobile Safari/537.36 (compatible; Googlebot/2.1; +http://www.google.com/bot.html)"
74.7.227.14 - - [30/Oct/2025:18:17:06 +1000] "GET /1188896?path=//root HTTP/2.0" 200 2785 "-" "Mozilla/5.0 AppleWebKit/537.36 (KHTML, like Gecko; compatible; GPTBot/1.2; +https://openai.com/gptbot)"
66.249.75.70 - - [30/Oct/2025:18:17:09 +1000] "GET /123161280?shopdetail=0123016891 HTTP/1.1" 200 36073 "-" "Mozilla/5.0 (Linux; Android 6.0.1; Nexus 5X Build/MMB29P) AppleWebKit/537.36 (KHTML, like Gecko) Chrome/141.0.7390.122 Mobile Safari/537.36 (compatible; Googlebot/2.1; +http://www.google.com/bot.html)"
66.249.75.70 - - [30/Oct/2025:18:17:14 +1000] "GET /123136720?shopdetail=0122992360 HTTP/1.1" 200 38014 "-" "Mozilla/5.0 (Linux; Android 6.0.1; Nexus 5X Build/MMB29P) AppleWebKit/537.36 (KHTML, like Gecko) Chrome/141.0.7390.122 Mobile Safari/537.36 (compatible; Googlebot/2.1; +http://www.google.com/bot.html)"
74.7.227.14 - - [30/Oct/2025:18:17:16 +1000] "GET /1238800?path=/ HTTP/2.0" 200 3948 "-" "Mozilla/5.0 AppleWebKit/537.36 (KHTML, like Gecko; compatible; GPTBot/1.2; +https://openai.com/gptbot)"
74.7.227.14 - - [30/Oct/2025:18:17:26 +1000] "GET /1476912?path=/ HTTP/2.0" 200 3948 "-" "Mozilla/5.0 AppleWebKit/537.36 (KHTML, like Gecko; compatible; GPTBot/1.2; +https://openai.com/gptbot)"
66.249.75.70 - - [30/Oct/2025:18:17:29 +1000] "GET /14342912?shopdetail=0014326847 HTTP/1.1" 200 36110 "-" "Mozilla/5.0 (Linux; Android 6.0.1; Nexus 5X Build/MMB29P) AppleWebKit/537.36 (KHTML, like Gecko) Chrome/141.0.7390.122 Mobile Safari/537.36 (compatible; Googlebot/2.1; +http://www.google.com/bot.html)"
74.7.227.14 - - [30/Oct/2025:18:17:34 +1000] "GET /1238800?fileloc=/home/region-gk.ru/data/www/new.region-gk.ru/wp-config.php&path=/home/region-gk.ru/data/www/new.region-gk.ru HTTP/2.0" 200 4625 "-" "Mozilla/5.0 AppleWebKit/537.36 (KHTML, like Gecko; compatible; GPTBot/1.2; +https://openai.com/gptbot)"
66.249.75.70 - - [30/Oct/2025:18:17:39 +1000] "GET /124334400?shopdetail=0124188627 HTTP/1.1" 200 36054 "-" "Mozilla/5.0 (Linux; Android 6.0.1; Nexus 5X Build/MMB29P) AppleWebKit/537.36 (KHTML, like Gecko) Chrome/141.0.7390.122 Mobile Safari/537.36 (compatible; Googlebot/2.1; +http://www.google.com/bot.html)"
66.249.75.70 - - [30/Oct/2025:18:17:43 +1000] "GET /123145888?shopdetail=0123001517 HTTP/1.1" 200 35478 "-" "Mozilla/5.0 (Linux; Android 6.0.1; Nexus 5X Build/MMB29P) AppleWebKit/537.36 (KHTML, like Gecko) Chrome/141.0.7390.122 Mobile Safari/537.36 (compatible; Googlebot/2.1; +http://www.google.com/bot.html)"
74.7.227.14 - - [30/Oct/2025:18:17:44 +1000] "GET /1228752?path=/ HTTP/2.0" 200 3948 "-" "Mozilla/5.0 AppleWebKit/537.36 (KHTML, like Gecko; compatible; GPTBot/1.2; +https://openai.com/gptbot)"
66.249.75.70 - - [30/Oct/2025:18:17:47 +1000] "GET /123135328?shopdetail=0122990969 HTTP/1.1" 200 35828 "-" "Mozilla/5.0 (Linux; Android 6.0.1; Nexus 5X Build/MMB29P) AppleWebKit/537.36 (KHTML, like Gecko) Chrome/141.0.7390.122 Mobile Safari/537.36 (compatible; Googlebot/2.1; +http://www.google.com/bot.html)"
66.249.75.70 - - [30/Oct/2025:18:17:52 +1000] "GET /125599984?shopdetail=0125452718 HTTP/1.1" 200 39228 "-" "Mozilla/5.0 (Linux; Android 6.0.1; Nexus 5X Build/MMB29P) AppleWebKit/537.36 (KHTML, like Gecko) Chrome/141.0.7390.122 Mobile Safari/537.36 (compatible; Googlebot/2.1; +http://www.google.com/bot.html)"
74.7.227.14 - - [30/Oct/2025:18:17:54 +1000] "GET /1174640?shopdetail=0001174102 HTTP/2.0" 200 4637 "-" "Mozilla/5.0 AppleWebKit/537.36 (KHTML, like Gecko; compatible; GPTBot/1.2; +https://openai.com/gptbot)"
66.249.75.70 - - [30/Oct/2025:18:17:57 +1000] "GET /14337824?shopdetail=0014321765 HTTP/1.1" 200 37156 "-" "Mozilla/5.0 (Linux; Android 6.0.1; Nexus 5X Build/MMB29P) AppleWebKit/537.36 (KHTML, like Gecko) Chrome/141.0.7390.122 Mobile Safari/537.36 (compatible; Googlebot/2.1; +http://www.google.com/bot.html)"
66.249.75.70 - - [30/Oct/2025:18:18:02 +1000] "GET /117395392?shopdetail=0117257803 HTTP/1.1" 200 35612 "-" "Mozilla/5.0 (Linux; Android 6.0.1; Nexus 5X Build/MMB29P) AppleWebKit/537.36 (KHTML, like Gecko) Chrome/141.0.7390.122 Mobile Safari/537.36 (compatible; Googlebot/2.1; +http://www.google.com/bot.html)"
74.7.227.14 - - [30/Oct/2025:18:18:05 +1000] "GET /1139712?shopdetail=0001139215 HTTP/2.0" 200 4637 "-" "Mozilla/5.0 AppleWebKit/537.36 (KHTML, like Gecko; compatible; GPTBot/1.2; +https://openai.com/gptbot)"
66.249.75.70 - - [30/Oct/2025:18:18:06 +1000] "GET /117380000?shopdetail=0117242429 HTTP/1.1" 200 35287 "-" "Mozilla/5.0 (Linux; Android 6.0.1; Nexus 5X Build/MMB29P) AppleWebKit/537.36 (KHTML, like Gecko) Chrome/141.0.7390.122 Mobile Safari/537.36 (compatible; Googlebot/2.1; +http://www.google.com/bot.html)"
66.249.75.70 - - [30/Oct/2025:18:18:11 +1000] "GET /117367232?shopdetail=0117229675 HTTP/1.1" 200 35941 "-" "Mozilla/5.0 (Linux; Android 6.0.1; Nexus 5X Build/MMB29P) AppleWebKit/537.36 (KHTML, like Gecko) Chrome/141.0.7390.122 Mobile Safari/537.36 (compatible; Googlebot/2.1; +http://www.google.com/bot.html)"
74.7.227.14 - - [30/Oct/2025:18:18:15 +1000] "GET /1162784?path=//usr HTTP/2.0" 200 3539 "-" "Mozilla/5.0 AppleWebKit/537.36 (KHTML, like Gecko; compatible; GPTBot/1.2; +https://openai.com/gptbot)"
66.249.75.70 - - [30/Oct/2025:18:18:16 +1000] "GET /124177936?shopdetail=0124032348 HTTP/1.1" 200 36648 "-" "Mozilla/5.0 (Linux; Android 6.0.1; Nexus 5X Build/MMB29P) AppleWebKit/537.36 (KHTML, like Gecko) Chrome/141.0.7390.122 Mobile Safari/537.36 (compatible; Googlebot/2.1; +http://www.google.com/bot.html)"
66.249.75.70 - - [30/Oct/2025:18:18:21 +1000] "GET /117368496?shopdetail=0117230938 HTTP/1.1" 200 35971 "-" "Mozilla/5.0 (Linux; Android 6.0.1; Nexus 5X Build/MMB29P) AppleWebKit/537.36 (KHTML, like Gecko) Chrome/141.0.7390.122 Mobile Safari/537.36 (compatible; Googlebot/2.1; +http://www.google.com/bot.html)"
66.249.75.70 - - [30/Oct/2025:18:18:26 +1000] "GET /123134384?shopdetail=0122990026 HTTP/1.1" 200 36271 "-" "Mozilla/5.0 (Linux; Android 6.0.1; Nexus 5X Build/MMB29P) AppleWebKit/537.36 (KHTML, like Gecko) Chrome/141.0.7390.122 Mobile Safari/537.36 (compatible; Googlebot/2.1; +http://www.google.com/bot.html)"
74.7.227.14 - - [30/Oct/2025:18:18:26 +1000] "GET /1238800?fileloc=//.rnd&path=/ HTTP/2.0" 200 2704 "-" "Mozilla/5.0 AppleWebKit/537.36 (KHTML, like Gecko; compatible; GPTBot/1.2; +https://openai.com/gptbot)"
66.249.75.70 - - [30/Oct/2025:18:18:30 +1000] "GET /117390336?shopdetail=0117252751 HTTP/1.1" 200 35294 "-" "Mozilla/5.0 (Linux; Android 6.0.1; Nexus 5X Build/MMB29P) AppleWebKit/537.36 (KHTML, like Gecko) Chrome/141.0.7390.122 Mobile Safari/537.36 (compatible; Googlebot/2.1; +http://www.google.com/bot.html)"
66.249.75.70 - - [30/Oct/2025:18:18:35 +1000] "GET /117393936?shopdetail=0117256348 HTTP/1.1" 200 35789 "-" "Mozilla/5.0 (Linux; Android 6.0.1; Nexus 5X Build/MMB29P) AppleWebKit/537.36 (KHTML, like Gecko) Chrome/141.0.7390.122 Mobile Safari/537.36 (compatible; Googlebot/2.1; +http://www.google.com/bot.html)"
74.7.227.14 - - [30/Oct/2025:18:18:37 +1000] "GET /1148528?shopdetail=0001148022 HTTP/2.0" 200 4637 "-" "Mozilla/5.0 AppleWebKit/537.36 (KHTML, like Gecko; compatible; GPTBot/1.2; +https://openai.com/gptbot)"
66.249.75.70 - - [30/Oct/2025:18:18:40 +1000] "GET /126259744?shopdetail=0126111701 HTTP/1.1" 200 35943 "-" "Mozilla/5.0 (Linux; Android 6.0.1; Nexus 5X Build/MMB29P) AppleWebKit/537.36 (KHTML, like Gecko) Chrome/141.0.7390.122 Mobile Safari/537.36 (compatible; Googlebot/2.1; +http://www.google.com/bot.html)"
66.249.75.70 - - [30/Oct/2025:18:18:45 +1000] "GET /22773888?shopdetail=0022747879 HTTP/1.1" 200 35721 "-" "Mozilla/5.0 (Linux; Android 6.0.1; Nexus 5X Build/MMB29P) AppleWebKit/537.36 (KHTML, like Gecko) Chrome/141.0.7390.122 Mobile Safari/537.36 (compatible; Googlebot/2.1; +http://www.google.com/bot.html)"
74.7.227.14 - - [30/Oct/2025:18:18:48 +1000] "GET /1321904?shopdetail=0001321194 HTTP/2.0" 200 4637 "-" "Mozilla/5.0 AppleWebKit/537.36 (KHTML, like Gecko; compatible; GPTBot/1.2; +https://openai.com/gptbot)"
66.249.75.71 - - [30/Oct/2025:18:18:49 +1000] "GET /117398144?shopdetail=0117260551 HTTP/1.1" 200 36389 "-" "Mozilla/5.0 (Linux; Android 6.0.1; Nexus 5X Build/MMB29P) AppleWebKit/537.36 (KHTML, like Gecko) Chrome/141.0.7390.122 Mobile Safari/537.36 (compatible; Googlebot/2.1; +http://www.google.com/bot.html)"
66.249.75.71 - - [30/Oct/2025:18:18:54 +1000] "GET /117375200?shopdetail=0117237633 HTTP/1.1" 200 35708 "-" "Mozilla/5.0 (Linux; Android 6.0.1; Nexus 5X Build/MMB29P) AppleWebKit/537.36 (KHTML, like Gecko) Chrome/141.0.7390.122 Mobile Safari/537.36 (compatible; Googlebot/2.1; +http://www.google.com/bot.html)"
66.249.75.70 - - [30/Oct/2025:18:18:59 +1000] "GET /117372192?shopdetail=0117234629 HTTP/1.1" 200 35484 "-" "Mozilla/5.0 (Linux; Android 6.0.1; Nexus 5X Build/MMB29P) AppleWebKit/537.36 (KHTML, like Gecko) Chrome/141.0.7390.122 Mobile Safari/537.36 (compatible; Googlebot/2.1; +http://www.google.com/bot.html)"
74.7.227.14 - - [30/Oct/2025:18:18:59 +1000] "GET /1405824?shopdetail=0001405015 HTTP/2.0" 200 4637 "-" "Mozilla/5.0 AppleWebKit/537.36 (KHTML, like Gecko; compatible; GPTBot/1.2; +https://openai.com/gptbot)"
66.249.75.71 - - [30/Oct/2025:18:19:04 +1000] "GET /117381552?shopdetail=0117243978 HTTP/1.1" 200 36835 "-" "Mozilla/5.0 (Linux; Android 6.0.1; Nexus 5X Build/MMB29P) AppleWebKit/537.36 (KHTML, like Gecko) Chrome/141.0.7390.122 Mobile Safari/537.36 (compatible; Googlebot/2.1; +http://www.google.com/bot.html)"
74.7.227.14 - - [30/Oct/2025:18:19:07 +1000] "GET /1095744?shopdetail=0001095299 HTTP/2.0" 200 4637 "-" "Mozilla/5.0 AppleWebKit/537.36 (KHTML, like Gecko; compatible; GPTBot/1.2; +https://openai.com/gptbot)"
66.249.75.70 - - [30/Oct/2025:18:19:08 +1000] "GET /117403360?shopdetail=0117265761 HTTP/1.1" 200 35720 "-" "Mozilla/5.0 (Linux; Android 6.0.1; Nexus 5X Build/MMB29P) AppleWebKit/537.36 (KHTML, like Gecko) Chrome/141.0.7390.122 Mobile Safari/537.36 (compatible; Googlebot/2.1; +http://www.google.com/bot.html)"
66.249.75.70 - - [30/Oct/2025:18:19:13 +1000] "GET /117364896?shopdetail=0117227341 HTTP/1.1" 200 35704 "-" "Mozilla/5.0 (Linux; Android 6.0.1; Nexus 5X Build/MMB29P) AppleWebKit/537.36 (KHTML, like Gecko) Chrome/141.0.7390.122 Mobile Safari/537.36 (compatible; Googlebot/2.1; +http://www.google.com/bot.html)"
74.7.227.14 - - [30/Oct/2025:18:19:17 +1000] "GET /1162784?path=//sys HTTP/2.0" 200 3459 "-" "Mozilla/5.0 AppleWebKit/537.36 (KHTML, like Gecko; compatible; GPTBot/1.2; +https://openai.com/gptbot)"
66.249.75.70 - - [30/Oct/2025:18:19:18 +1000] "GET /117369440?shopdetail=0117231881 HTTP/1.1" 200 35606 "-" "Mozilla/5.0 (Linux; Android 6.0.1; Nexus 5X Build/MMB29P) AppleWebKit/537.36 (KHTML, like Gecko) Chrome/141.0.7390.122 Mobile Safari/537.36 (compatible; Googlebot/2.1; +http://www.google.com/bot.html)"
66.249.75.70 - - [30/Oct/2025:18:19:23 +1000] "GET /22777488?shopdetail=0022751476 HTTP/1.1" 200 35844 "-" "Mozilla/5.0 (Linux; Android 6.0.1; Nexus 5X Build/MMB29P) AppleWebKit/537.36 (KHTML, like Gecko) Chrome/141.0.7390.122 Mobile Safari/537.36 (compatible; Googlebot/2.1; +http://www.google.com/bot.html)"
66.249.75.70 - - [30/Oct/2025:18:19:27 +1000] "GET /117375792?shopdetail=0117238226 HTTP/1.1" 200 35952 "-" "Mozilla/5.0 (Linux; Android 6.0.1; Nexus 5X Build/MMB29P) AppleWebKit/537.36 (KHTML, like Gecko) Chrome/141.0.7390.122 Mobile Safari/537.36 (compatible; Googlebot/2.1; +http://www.google.com/bot.html)"
74.7.227.14 - - [30/Oct/2025:18:19:28 +1000] "GET /1326992?shopdetail=0001326276 HTTP/2.0" 200 4637 "-" "Mozilla/5.0 AppleWebKit/537.36 (KHTML, like Gecko; compatible; GPTBot/1.2; +https://openai.com/gptbot)"
66.249.75.70 - - [30/Oct/2025:18:19:32 +1000] "GET /117400352?shopdetail=0117262757 HTTP/1.1" 200 36316 "-" "Mozilla/5.0 (Linux; Android 6.0.1; Nexus 5X Build/MMB29P) AppleWebKit/537.36 (KHTML, like Gecko) Chrome/141.0.7390.122 Mobile Safari/537.36 (compatible; Googlebot/2.1; +http://www.google.com/bot.html)"
66.249.75.70 - - [30/Oct/2025:18:19:37 +1000] "GET /117370832?shopdetail=0117233272 HTTP/1.1" 200 35899 "-" "Mozilla/5.0 (Linux; Android 6.0.1; Nexus 5X Build/MMB29P) AppleWebKit/537.36 (KHTML, like Gecko) Chrome/141.0.7390.122 Mobile Safari/537.36 (compatible; Googlebot/2.1; +http://www.google.com/bot.html)"
74.7.227.14 - - [30/Oct/2025:18:19:38 +1000] "GET /1392928?shopdetail=0001392133 HTTP/2.0" 200 4637 "-" "Mozilla/5.0 AppleWebKit/537.36 (KHTML, like Gecko; compatible; GPTBot/1.2; +https://openai.com/gptbot)"
66.249.75.70 - - [30/Oct/2025:18:19:42 +1000] "GET /117394608?shopdetail=0117257018 HTTP/1.1" 200 35365 "-" "Mozilla/5.0 (Linux; Android 6.0.1; Nexus 5X Build/MMB29P) AppleWebKit/537.36 (KHTML, like Gecko) Chrome/141.0.7390.122 Mobile Safari/537.36 (compatible; Googlebot/2.1; +http://www.google.com/bot.html)"
66.249.75.70 - - [30/Oct/2025:18:19:46 +1000] "GET /117380288?shopdetail=0117242715 HTTP/1.1" 200 35670 "-" "Mozilla/5.0 (Linux; Android 6.0.1; Nexus 5X Build/MMB29P) AppleWebKit/537.36 (KHTML, like Gecko) Chrome/141.0.7390.122 Mobile Safari/537.36 (compatible; Googlebot/2.1; +http://www.google.com/bot.html)"
66.249.75.71 - - [30/Oct/2025:18:19:51 +1000] "GET /117388848?shopdetail=0117251266 HTTP/1.1" 200 35153 "-" "Mozilla/5.0 (Linux; Android 6.0.1; Nexus 5X Build/MMB29P) AppleWebKit/537.36 (KHTML, like Gecko) Chrome/141.0.7390.122 Mobile Safari/537.36 (compatible; Googlebot/2.1; +http://www.google.com/bot.html)"
74.7.227.14 - - [30/Oct/2025:18:19:52 +1000] "GET /1174640?fileloc=/home/region-gk.ru/data/www/new.region-gk.ru/wp-login.php&path=/home/region-gk.ru/data/www/new.region-gk.ru HTTP/2.0" 200 17551 "-" "Mozilla/5.0 AppleWebKit/537.36 (KHTML, like Gecko; compatible; GPTBot/1.2; +https://openai.com/gptbot)"
66.249.75.70 - - [30/Oct/2025:18:19:56 +1000] "GET /125834928?shopdetail=0125687386 HTTP/1.1" 200 36271 "-" "Mozilla/5.0 (Linux; Android 6.0.1; Nexus 5X Build/MMB29P) AppleWebKit/537.36 (KHTML, like Gecko) Chrome/141.0.7390.122 Mobile Safari/537.36 (compatible; Googlebot/2.1; +http://www.google.com/bot.html)"
66.249.75.70 - - [30/Oct/2025:18:20:00 +1000] "GET /117400640?shopdetail=0117263043 HTTP/1.1" 200 36275 "-" "Mozilla/5.0 (Linux; Android 6.0.1; Nexus 5X Build/MMB29P) AppleWebKit/537.36 (KHTML, like Gecko) Chrome/141.0.7390.122 Mobile Safari/537.36 (compatible; Googlebot/2.1; +http://www.google.com/bot.html)"
74.7.227.14 - - [30/Oct/2025:18:20:05 +1000] "GET /1405824?path=/ HTTP/2.0" 200 3948 "-" "Mozilla/5.0 AppleWebKit/537.36 (KHTML, like Gecko; compatible; GPTBot/1.2; +https://openai.com/gptbot)"
66.249.75.70 - - [30/Oct/2025:18:20:05 +1000] "GET /117395552?shopdetail=0117257961 HTTP/1.1" 200 37580 "-" "Mozilla/5.0 (Linux; Android 6.0.1; Nexus 5X Build/MMB29P) AppleWebKit/537.36 (KHTML, like Gecko) Chrome/141.0.7390.122 Mobile Safari/537.36 (compatible; Googlebot/2.1; +http://www.google.com/bot.html)"
74.7.227.14 - - [30/Oct/2025:18:20:17 +1000] "GET /1392928?path=/ HTTP/2.0" 200 3948 "-" "Mozilla/5.0 AppleWebKit/537.36 (KHTML, like Gecko; compatible; GPTBot/1.2; +https://openai.com/gptbot)"
66.249.75.70 - - [30/Oct/2025:18:20:24 +1000] "GET /1525274192?shopdetail=1523476368 HTTP/1.1" 200 35964 "-" "Mozilla/5.0 (Linux; Android 6.0.1; Nexus 5X Build/MMB29P) AppleWebKit/537.36 (KHTML, like Gecko) Chrome/141.0.7390.122 Mobile Safari/537.36 (compatible; Googlebot/2.1; +http://www.google.com/bot.html)"
74.7.227.14 - - [30/Oct/2025:18:20:27 +1000] "GET /1095744?path=/ HTTP/2.0" 200 3948 "-" "Mozilla/5.0 AppleWebKit/537.36 (KHTML, like Gecko; compatible; GPTBot/1.2; +https://openai.com/gptbot)"
66.249.75.70 - - [30/Oct/2025:18:20:28 +1000] "GET /117399152?shopdetail=0117261558 HTTP/1.1" 200 36423 "-" "Mozilla/5.0 (Linux; Android 6.0.1; Nexus 5X Build/MMB29P) AppleWebKit/537.36 (KHTML, like Gecko) Chrome/141.0.7390.122 Mobile Safari/537.36 (compatible; Googlebot/2.1; +http://www.google.com/bot.html)"
66.249.75.70 - - [30/Oct/2025:18:20:33 +1000] "GET /117391856?shopdetail=0117254270 HTTP/1.1" 200 35828 "-" "Mozilla/5.0 (Linux; Android 6.0.1; Nexus 5X Build/MMB29P) AppleWebKit/537.36 (KHTML, like Gecko) Chrome/141.0.7390.122 Mobile Safari/537.36 (compatible; Googlebot/2.1; +http://www.google.com/bot.html)"
74.7.227.14 - - [30/Oct/2025:18:20:35 +1000] "GET /1148528?path=/ HTTP/2.0" 200 3948 "-" "Mozilla/5.0 AppleWebKit/537.36 (KHTML, like Gecko; compatible; GPTBot/1.2; +https://openai.com/gptbot)"
66.249.75.70 - - [30/Oct/2025:18:20:37 +1000] "GET /117364224?shopdetail=0117226671 HTTP/1.1" 200 35221 "-" "Mozilla/5.0 (Linux; Android 6.0.1; Nexus 5X Build/MMB29P) AppleWebKit/537.36 (KHTML, like Gecko) Chrome/141.0.7390.122 Mobile Safari/537.36 (compatible; Googlebot/2.1; +http://www.google.com/bot.html)"
66.249.75.70 - - [30/Oct/2025:18:20:42 +1000] "GET /19647984?shopdetail=0019625662 HTTP/1.1" 200 35602 "-" "Mozilla/5.0 (Linux; Android 6.0.1; Nexus 5X Build/MMB29P) AppleWebKit/537.36 (KHTML, like Gecko) Chrome/141.0.7390.122 Mobile Safari/537.36 (compatible; Googlebot/2.1; +http://www.google.com/bot.html)"
74.7.227.14 - - [30/Oct/2025:18:20:45 +1000] "GET /1326992?path=/ HTTP/2.0" 200 3948 "-" "Mozilla/5.0 AppleWebKit/537.36 (KHTML, like Gecko; compatible; GPTBot/1.2; +https://openai.com/gptbot)"
66.249.75.70 - - [30/Oct/2025:18:20:46 +1000] "GET /117401904?shopdetail=0117264306 HTTP/1.1" 200 36744 "-" "Mozilla/5.0 (Linux; Android 6.0.1; Nexus 5X Build/MMB29P) AppleWebKit/537.36 (KHTML, like Gecko) Chrome/141.0.7390.122 Mobile Safari/537.36 (compatible; Googlebot/2.1; +http://www.google.com/bot.html)"
66.249.75.70 - - [30/Oct/2025:18:20:51 +1000] "GET /117373584?shopdetail=0117236020 HTTP/1.1" 200 35603 "-" "Mozilla/5.0 (Linux; Android 6.0.1; Nexus 5X Build/MMB29P) AppleWebKit/537.36 (KHTML, like Gecko) Chrome/141.0.7390.122 Mobile Safari/537.36 (compatible; Googlebot/2.1; +http://www.google.com/bot.html)"
74.7.227.14 - - [30/Oct/2025:18:20:53 +1000] "GET /1174640?path=/ HTTP/2.0" 200 3948 "-" "Mozilla/5.0 AppleWebKit/537.36 (KHTML, like Gecko; compatible; GPTBot/1.2; +https://openai.com/gptbot)"
66.249.75.71 - - [30/Oct/2025:18:20:55 +1000] "GET /117387584?shopdetail=0117250003 HTTP/1.1" 200 37461 "-" "Mozilla/5.0 (Linux; Android 6.0.1; Nexus 5X Build/MMB29P) AppleWebKit/537.36 (KHTML, like Gecko) Chrome/141.0.7390.122 Mobile Safari/537.36 (compatible; Googlebot/2.1; +http://www.google.com/bot.html)"
66.249.75.71 - - [30/Oct/2025:18:21:00 +1000] "GET /114244080?shopdetail=0114110206 HTTP/1.1" 200 38673 "-" "Mozilla/5.0 (Linux; Android 6.0.1; Nexus 5X Build/MMB29P) AppleWebKit/537.36 (KHTML, like Gecko) Chrome/141.0.7390.122 Mobile Safari/537.36 (compatible; Googlebot/2.1; +http://www.google.com/bot.html)"
74.7.227.14 - - [30/Oct/2025:18:21:03 +1000] "GET /1321904?path=/ HTTP/2.0" 200 3948 "-" "Mozilla/5.0 AppleWebKit/537.36 (KHTML, like Gecko; compatible; GPTBot/1.2; +https://openai.com/gptbot)"
66.249.75.70 - - [30/Oct/2025:18:21:04 +1000] "GET /1457532432?shopdetail=1455814492 HTTP/1.1" 200 36093 "-" "Mozilla/5.0 (Linux; Android 6.0.1; Nexus 5X Build/MMB29P) AppleWebKit/537.36 (KHTML, like Gecko) Chrome/141.0.7390.122 Mobile Safari/537.36 (compatible; Googlebot/2.1; +http://www.google.com/bot.html)"
66.249.75.70 - - [30/Oct/2025:18:21:10 +1000] "GET /14927520?shopdetail=0014910765 HTTP/1.1" 200 36149 "-" "Mozilla/5.0 (Linux; Android 6.0.1; Nexus 5X Build/MMB29P) AppleWebKit/537.36 (KHTML, like Gecko) Chrome/141.0.7390.122 Mobile Safari/537.36 (compatible; GoogleOther)"
66.249.75.70 - - [30/Oct/2025:18:21:14 +1000] "GET /1457550704?shopdetail=1455832742 HTTP/1.1" 200 36064 "-" "Mozilla/5.0 (Linux; Android 6.0.1; Nexus 5X Build/MMB29P) AppleWebKit/537.36 (KHTML, like Gecko) Chrome/141.0.7390.122 Mobile Safari/537.36 (compatible; Googlebot/2.1; +http://www.google.com/bot.html)"
74.7.227.14 - - [30/Oct/2025:18:21:15 +1000] "GET /1064544?shopdetail=0001064137 HTTP/2.0" 200 4637 "-" "Mozilla/5.0 AppleWebKit/537.36 (KHTML, like Gecko; compatible; GPTBot/1.2; +https://openai.com/gptbot)"
66.249.75.70 - - [30/Oct/2025:18:21:19 +1000] "GET /1457540400?shopdetail=1455822450 HTTP/1.1" 200 37012 "-" "Mozilla/5.0 (Linux; Android 6.0.1; Nexus 5X Build/MMB29P) AppleWebKit/537.36 (KHTML, like Gecko) Chrome/141.0.7390.122 Mobile Safari/537.36 (compatible; Googlebot/2.1; +http://www.google.com/bot.html)"
66.249.75.70 - - [30/Oct/2025:18:21:24 +1000] "GET /1457549152?shopdetail=1455831193 HTTP/1.1" 200 36153 "-" "Mozilla/5.0 (Linux; Android 6.0.1; Nexus 5X Build/MMB29P) AppleWebKit/537.36 (KHTML, like Gecko) Chrome/141.0.7390.122 Mobile Safari/537.36 (compatible; Googlebot/2.1; +http://www.google.com/bot.html)"
74.7.227.14 - - [30/Oct/2025:18:21:25 +1000] "GET /1139712?path=/ HTTP/2.0" 200 3948 "-" "Mozilla/5.0 AppleWebKit/537.36 (KHTML, like Gecko; compatible; GPTBot/1.2; +https://openai.com/gptbot)"
66.249.75.70 - - [30/Oct/2025:18:21:29 +1000] "GET /119039360?shopdetail=0118899831 HTTP/1.1" 200 37803 "-" "Mozilla/5.0 (Linux; Android 6.0.1; Nexus 5X Build/MMB29P) AppleWebKit/537.36 (KHTML, like Gecko) Chrome/141.0.7390.122 Mobile Safari/537.36 (compatible; Googlebot/2.1; +http://www.google.com/bot.html)"
74.7.227.14 - - [30/Oct/2025:18:21:33 +1000] "GET /1038976?shopdetail=0001038599 HTTP/2.0" 200 4637 "-" "Mozilla/5.0 AppleWebKit/537.36 (KHTML, like Gecko; compatible; GPTBot/1.2; +https://openai.com/gptbot)"
66.249.75.70 - - [30/Oct/2025:18:21:33 +1000] "GET /1457546944?shopdetail=1455828987 HTTP/1.1" 200 36577 "-" "Mozilla/5.0 (Linux; Android 6.0.1; Nexus 5X Build/MMB29P) AppleWebKit/537.36 (KHTML, like Gecko) Chrome/141.0.7390.122 Mobile Safari/537.36 (compatible; Googlebot/2.1; +http://www.google.com/bot.html)"
66.249.75.70 - - [30/Oct/2025:18:21:38 +1000] "GET /1457537648?shopdetail=1455819702 HTTP/1.1" 200 36056 "-" "Mozilla/5.0 (Linux; Android 6.0.1; Nexus 5X Build/MMB29P) AppleWebKit/537.36 (KHTML, like Gecko) Chrome/141.0.7390.122 Mobile Safari/537.36 (compatible; Googlebot/2.1; +http://www.google.com/bot.html)"
74.7.227.14 - - [30/Oct/2025:18:21:43 +1000] "GET /1051488?shopdetail=0001051097 HTTP/2.0" 200 4637 "-" "Mozilla/5.0 AppleWebKit/537.36 (KHTML, like Gecko; compatible; GPTBot/1.2; +https://openai.com/gptbot)"
66.249.75.71 - - [30/Oct/2025:18:21:43 +1000] "GET /1457528800?shopdetail=1455810865 HTTP/1.1" 200 35925 "-" "Mozilla/5.0 (Linux; Android 6.0.1; Nexus 5X Build/MMB29P) AppleWebKit/537.36 (KHTML, like Gecko) Chrome/141.0.7390.122 Mobile Safari/537.36 (compatible; Googlebot/2.1; +http://www.google.com/bot.html)"
66.249.75.71 - - [30/Oct/2025:18:21:48 +1000] "GET /1457525136?shopdetail=1455807204 HTTP/1.1" 200 35983 "-" "Mozilla/5.0 (Linux; Android 6.0.1; Nexus 5X Build/MMB29P) AppleWebKit/537.36 (KHTML, like Gecko) Chrome/141.0.7390.122 Mobile Safari/537.36 (compatible; Googlebot/2.1; +http://www.google.com/bot.html)"
74.7.227.14 - - [30/Oct/2025:18:21:51 +1000] "GET /1064544?path=/ HTTP/2.0" 200 3948 "-" "Mozilla/5.0 AppleWebKit/537.36 (KHTML, like Gecko; compatible; GPTBot/1.2; +https://openai.com/gptbot)"
66.249.75.70 - - [30/Oct/2025:18:21:53 +1000] "GET /1457549696?shopdetail=1455831735 HTTP/1.1" 200 36583 "-" "Mozilla/5.0 (Linux; Android 6.0.1; Nexus 5X Build/MMB29P) AppleWebKit/537.36 (KHTML, like Gecko) Chrome/141.0.7390.122 Mobile Safari/537.36 (compatible; Googlebot/2.1; +http://www.google.com/bot.html)"
66.249.75.70 - - [30/Oct/2025:18:21:58 +1000] "GET /1457543936?shopdetail=1455825983 HTTP/1.1" 200 37435 "-" "Mozilla/5.0 (Linux; Android 6.0.1; Nexus 5X Build/MMB29P) AppleWebKit/537.36 (KHTML, like Gecko) Chrome/141.0.7390.122 Mobile Safari/537.36 (compatible; Googlebot/2.1; +http://www.google.com/bot.html)"
74.7.227.14 - - [30/Oct/2025:18:22:00 +1000] "GET /1126656?shopdetail=0001126175 HTTP/2.0" 200 4637 "-" "Mozilla/5.0 AppleWebKit/537.36 (KHTML, like Gecko; compatible; GPTBot/1.2; +https://openai.com/gptbot)"
66.249.75.70 - - [30/Oct/2025:18:22:08 +1000] "GET /13331568?shopdetail=0013316694 HTTP/1.1" 200 36861 "-" "Mozilla/5.0 (Linux; Android 6.0.1; Nexus 5X Build/MMB29P) AppleWebKit/537.36 (KHTML, like Gecko) Chrome/141.0.7390.122 Mobile Safari/537.36 (compatible; Googlebot/2.1; +http://www.google.com/bot.html)"
74.7.227.14 - - [30/Oct/2025:18:22:10 +1000] "GET /1090496?shopdetail=0001090059 HTTP/2.0" 200 4637 "-" "Mozilla/5.0 AppleWebKit/537.36 (KHTML, like Gecko; compatible; GPTBot/1.2; +https://openai.com/gptbot)"
66.249.75.71 - - [30/Oct/2025:18:22:12 +1000] "GET /1457533104?shopdetail=1455815162 HTTP/1.1" 200 36348 "-" "Mozilla/5.0 (Linux; Android 6.0.1; Nexus 5X Build/MMB29P) AppleWebKit/537.36 (KHTML, like Gecko) Chrome/141.0.7390.122 Mobile Safari/537.36 (compatible; Googlebot/2.1; +http://www.google.com/bot.html)"
66.249.75.70 - - [30/Oct/2025:18:22:17 +1000] "GET /1457555792?shopdetail=1455837824 HTTP/1.1" 200 36019 "-" "Mozilla/5.0 (Linux; Android 6.0.1; Nexus 5X Build/MMB29P) AppleWebKit/537.36 (KHTML, like Gecko) Chrome/141.0.7390.122 Mobile Safari/537.36 (compatible; Googlebot/2.1; +http://www.google.com/bot.html)"
74.7.227.14 - - [30/Oct/2025:18:22:19 +1000] "GET /1051488?path=/ HTTP/2.0" 200 3948 "-" "Mozilla/5.0 AppleWebKit/537.36 (KHTML, like Gecko; compatible; GPTBot/1.2; +https://openai.com/gptbot)"
66.249.75.70 - - [30/Oct/2025:18:22:22 +1000] "GET /1457554240?shopdetail=1455836275 HTTP/1.1" 200 35931 "-" "Mozilla/5.0 (Linux; Android 6.0.1; Nexus 5X Build/MMB29P) AppleWebKit/537.36 (KHTML, like Gecko) Chrome/141.0.7390.122 Mobile Safari/537.36 (compatible; Googlebot/2.1; +http://www.google.com/bot.html)"
66.249.75.70 - - [30/Oct/2025:18:22:27 +1000] "GET /?123409280?shopdetail=0123264599 HTTP/1.1" 200 36261 "-" "Mozilla/5.0 (Linux; Android 6.0.1; Nexus 5X Build/MMB29P) AppleWebKit/537.36 (KHTML, like Gecko) Chrome/141.0.7390.122 Mobile Safari/537.36 (compatible; Googlebot/2.1; +http://www.google.com/bot.html)"
74.7.227.14 - - [30/Oct/2025:18:22:32 +1000] "GET /1126656?path=/ HTTP/2.0" 200 3948 "-" "Mozilla/5.0 AppleWebKit/537.36 (KHTML, like Gecko; compatible; GPTBot/1.2; +https://openai.com/gptbot)"
66.249.75.70 - - [30/Oct/2025:18:22:37 +1000] "GET /1457548496?shopdetail=1455830536 HTTP/1.1" 200 36965 "-" "Mozilla/5.0 (Linux; Android 6.0.1; Nexus 5X Build/MMB29P) AppleWebKit/537.36 (KHTML, like Gecko) Chrome/141.0.7390.122 Mobile Safari/537.36 (compatible; Googlebot/2.1; +http://www.google.com/bot.html)"
66.249.75.70 - - [30/Oct/2025:18:22:41 +1000] "GET /1457517296?shopdetail=1455799374 HTTP/1.1" 200 36228 "-" "Mozilla/5.0 (Linux; Android 6.0.1; Nexus 5X Build/MMB29P) AppleWebKit/537.36 (KHTML, like Gecko) Chrome/141.0.7390.122 Mobile Safari/537.36 (compatible; Googlebot/2.1; +http://www.google.com/bot.html)"
74.7.227.14 - - [30/Oct/2025:18:22:43 +1000] "GET /1193984?shopdetail=0001193423 HTTP/2.0" 200 4637 "-" "Mozilla/5.0 AppleWebKit/537.36 (KHTML, like Gecko; compatible; GPTBot/1.2; +https://openai.com/gptbot)"
66.249.75.70 - - [30/Oct/2025:18:22:47 +1000] "GET /1457543408?shopdetail=1455825454 HTTP/1.1" 200 40240 "-" "Mozilla/5.0 (Linux; Android 6.0.1; Nexus 5X Build/MMB29P) AppleWebKit/537.36 (KHTML, like Gecko) Chrome/141.0.7390.122 Mobile Safari/537.36 (compatible; Googlebot/2.1; +http://www.google.com/bot.html)"
66.249.75.70 - - [30/Oct/2025:18:22:52 +1000] "GET /1457529680?shopdetail=1455811744 HTTP/1.1" 200 36954 "-" "Mozilla/5.0 (Linux; Android 6.0.1; Nexus 5X Build/MMB29P) AppleWebKit/537.36 (KHTML, like Gecko) Chrome/141.0.7390.122 Mobile Safari/537.36 (compatible; Googlebot/2.1; +http://www.google.com/bot.html)"
74.7.227.14 - - [30/Oct/2025:18:22:53 +1000] "GET /1090496?path=/ HTTP/2.0" 200 3948 "-" "Mozilla/5.0 AppleWebKit/537.36 (KHTML, like Gecko; compatible; GPTBot/1.2; +https://openai.com/gptbot)"
66.249.75.71 - - [30/Oct/2025:18:22:57 +1000] "GET /19644976?shopdetail=0019622658 HTTP/1.1" 200 36194 "-" "Mozilla/5.0 (Linux; Android 6.0.1; Nexus 5X Build/MMB29P) AppleWebKit/537.36 (KHTML, like Gecko) Chrome/141.0.7390.122 Mobile Safari/537.36 (compatible; Googlebot/2.1; +http://www.google.com/bot.html)"
66.249.75.70 - - [30/Oct/2025:18:23:02 +1000] "GET /1457554912?shopdetail=1455836945 HTTP/1.1" 200 37266 "-" "Mozilla/5.0 (Linux; Android 6.0.1; Nexus 5X Build/MMB29P) AppleWebKit/537.36 (KHTML, like Gecko) Chrome/141.0.7390.122 Mobile Safari/537.36 (compatible; Googlebot/2.1; +http://www.google.com/bot.html)"
74.7.227.14 - - [30/Oct/2025:18:23:03 +1000] "GET /1468944?shopdetail=0001468060 HTTP/2.0" 200 4637 "-" "Mozilla/5.0 AppleWebKit/537.36 (KHTML, like Gecko; compatible; GPTBot/1.2; +https://openai.com/gptbot)"
66.249.75.70 - - [30/Oct/2025:18:23:07 +1000] "GET /1457542736?shopdetail=1455824784 HTTP/1.1" 200 36101 "-" "Mozilla/5.0 (Linux; Android 6.0.1; Nexus 5X Build/MMB29P) AppleWebKit/537.36 (KHTML, like Gecko) Chrome/141.0.7390.122 Mobile Safari/537.36 (compatible; Googlebot/2.1; +http://www.google.com/bot.html)"
66.249.75.70 - - [30/Oct/2025:18:23:13 +1000] "GET /1457515776?shopdetail=1455797855 HTTP/1.1" 200 35723 "-" "Mozilla/5.0 (Linux; Android 6.0.1; Nexus 5X Build/MMB29P) AppleWebKit/537.36 (KHTML, like Gecko) Chrome/141.0.7390.122 Mobile Safari/537.36 (compatible; Googlebot/2.1; +http://www.google.com/bot.html)"
74.7.227.14 - - [30/Oct/2025:18:23:14 +1000] "GET /1038976?path=/ HTTP/2.0" 200 3948 "-" "Mozilla/5.0 AppleWebKit/537.36 (KHTML, like Gecko; compatible; GPTBot/1.2; +https://openai.com/gptbot)"
66.249.75.70 - - [30/Oct/2025:18:23:17 +1000] "GET /1457523744?shopdetail=1455805813 HTTP/1.1" 200 35572 "-" "Mozilla/5.0 (Linux; Android 6.0.1; Nexus 5X Build/MMB29P) AppleWebKit/537.36 (KHTML, like Gecko) Chrome/141.0.7390.122 Mobile Safari/537.36 (compatible; Googlebot/2.1; +http://www.google.com/bot.html)"
66.249.75.70 - - [30/Oct/2025:18:23:22 +1000] "GET /1457538848?shopdetail=1455820901 HTTP/1.1" 200 36071 "-" "Mozilla/5.0 (Linux; Android 6.0.1; Nexus 5X Build/MMB29P) AppleWebKit/537.36 (KHTML, like Gecko) Chrome/141.0.7390.122 Mobile Safari/537.36 (compatible; Googlebot/2.1; +http://www.google.com/bot.html)"
66.249.75.70 - - [30/Oct/2025:18:23:28 +1000] "GET /1457524592?shopdetail=1455806662 HTTP/1.1" 200 36908 "-" "Mozilla/5.0 (Linux; Android 6.0.1; Nexus 5X Build/MMB29P) AppleWebKit/537.36 (KHTML, like Gecko) Chrome/141.0.7390.122 Mobile Safari/537.36 (compatible; Googlebot/2.1; +http://www.google.com/bot.html)"
74.7.227.14 - - [30/Oct/2025:18:23:28 +1000] "GET /1277968?shopdetail=0001277308 HTTP/2.0" 200 4637 "-" "Mozilla/5.0 AppleWebKit/537.36 (KHTML, like Gecko; compatible; GPTBot/1.2; +https://openai.com/gptbot)"
74.7.227.14 - - [30/Oct/2025:18:23:38 +1000] "GET /1168544?shopdetail=0001168013 HTTP/2.0" 200 4637 "-" "Mozilla/5.0 AppleWebKit/537.36 (KHTML, like Gecko; compatible; GPTBot/1.2; +https://openai.com/gptbot)"
66.249.75.70 - - [30/Oct/2025:18:23:39 +1000] "GET /1457520992?shopdetail=1455803065 HTTP/1.1" 200 36332 "-" "Mozilla/5.0 (Linux; Android 6.0.1; Nexus 5X Build/MMB29P) AppleWebKit/537.36 (KHTML, like Gecko) Chrome/141.0.7390.122 Mobile Safari/537.36 (compatible; Googlebot/2.1; +http://www.google.com/bot.html)"
66.249.75.70 - - [30/Oct/2025:18:23:44 +1000] "GET /1455899184?shopdetail=1454183170 HTTP/1.1" 200 35542 "-" "Mozilla/5.0 (Linux; Android 6.0.1; Nexus 5X Build/MMB29P) AppleWebKit/537.36 (KHTML, like Gecko) Chrome/141.0.7390.122 Mobile Safari/537.36 (compatible; Googlebot/2.1; +http://www.google.com/bot.html)"
74.7.227.14 - - [30/Oct/2025:18:23:47 +1000] "GET /1035440?shopdetail=0001035066 HTTP/2.0" 200 4637 "-" "Mozilla/5.0 AppleWebKit/537.36 (KHTML, like Gecko; compatible; GPTBot/1.2; +https://openai.com/gptbot)"
66.249.75.70 - - [30/Oct/2025:18:23:49 +1000] "GET /1457527344?shopdetail=1455809410 HTTP/1.1" 200 35824 "-" "Mozilla/5.0 (Linux; Android 6.0.1; Nexus 5X Build/MMB29P) AppleWebKit/537.36 (KHTML, like Gecko) Chrome/141.0.7390.122 Mobile Safari/537.36 (compatible; Googlebot/2.1; +http://www.google.com/bot.html)"
66.249.75.70 - - [30/Oct/2025:18:23:54 +1000] "GET /128345440?shopdetail=0128194937 HTTP/1.1" 200 36532 "-" "Mozilla/5.0 (Linux; Android 6.0.1; Nexus 5X Build/MMB29P) AppleWebKit/537.36 (KHTML, like Gecko) Chrome/141.0.7390.122 Mobile Safari/537.36 (compatible; Googlebot/2.1; +http://www.google.com/bot.html)"
74.7.227.14 - - [30/Oct/2025:18:23:58 +1000] "GET /1028416?shopdetail=0001028051 HTTP/2.0" 200 4637 "-" "Mozilla/5.0 AppleWebKit/537.36 (KHTML, like Gecko; compatible; GPTBot/1.2; +https://openai.com/gptbot)"
66.249.75.70 - - [30/Oct/2025:18:23:59 +1000] "GET /1457528832?shopdetail=1455810895 HTTP/1.1" 200 37125 "-" "Mozilla/5.0 (Linux; Android 6.0.1; Nexus 5X Build/MMB29P) AppleWebKit/537.36 (KHTML, like Gecko) Chrome/141.0.7390.122 Mobile Safari/537.36 (compatible; Googlebot/2.1; +http://www.google.com/bot.html)"
66.249.75.70 - - [30/Oct/2025:18:24:06 +1000] "GET /123137920?shopdetail=0122993559 HTTP/1.1" 200 35620 "-" "Mozilla/5.0 (Linux; Android 6.0.1; Nexus 5X Build/MMB29P) AppleWebKit/537.36 (KHTML, like Gecko) Chrome/141.0.7390.122 Mobile Safari/537.36 (compatible; GoogleOther)"
78.157.49.100 - - [30/Oct/2025:18:24:07 +1000] "POST /xmlrpc.php HTTP/2.0" 200 4627 "-" "Mozilla/5.0 (Macintosh; Intel Mac OS X 10_11_6) AppleWebKit/604.4.7 (KHTML, like Gecko) Version/11.0.2 Safari/604.4.7"
74.7.227.14 - - [30/Oct/2025:18:24:09 +1000] "GET /1392928?path=//bin HTTP/2.0" 200 52325 "-" "Mozilla/5.0 AppleWebKit/537.36 (KHTML, like Gecko; compatible; GPTBot/1.2; +https://openai.com/gptbot)"
78.157.49.100 - - [30/Oct/2025:18:24:14 +1000] "POST /xmlrpc.php HTTP/2.0" 200 4627 "-" "Mozilla/5.0 (Macintosh; Intel Mac OS X 10_11_6) AppleWebKit/604.4.7 (KHTML, like Gecko) Version/11.0.2 Safari/604.4.7"
74.7.227.14 - - [30/Oct/2025:18:24:18 +1000] "GET /1051488?path=//media HTTP/2.0" 200 2783 "-" "Mozilla/5.0 AppleWebKit/537.36 (KHTML, like Gecko; compatible; GPTBot/1.2; +https://openai.com/gptbot)"
66.249.75.70 - - [30/Oct/2025:18:24:20 +1000] "GET /115884624?shopdetail=0115748816 HTTP/1.1" 200 35987 "-" "Mozilla/5.0 (Linux; Android 6.0.1; Nexus 5X Build/MMB29P) AppleWebKit/537.36 (KHTML, like Gecko) Chrome/141.0.7390.122 Mobile Safari/537.36 (compatible; Googlebot/2.1; +http://www.google.com/bot.html)"
66.249.75.70 - - [30/Oct/2025:18:24:24 +1000] "GET /115875776?shopdetail=0115739979 HTTP/1.1" 200 36223 "-" "Mozilla/5.0 (Linux; Android 6.0.1; Nexus 5X Build/MMB29P) AppleWebKit/537.36 (KHTML, like Gecko) Chrome/141.0.7390.122 Mobile Safari/537.36 (compatible; Googlebot/2.1; +http://www.google.com/bot.html)"
78.157.49.100 - - [30/Oct/2025:18:24:26 +1000] "POST /xmlrpc.php HTTP/2.0" 200 4627 "-" "Mozilla/5.0 (Macintosh; Intel Mac OS X 10_11_6) AppleWebKit/604.4.7 (KHTML, like Gecko) Version/11.0.2 Safari/604.4.7"
66.249.75.70 - - [30/Oct/2025:18:24:29 +1000] "GET /115873440?shopdetail=0115737645 HTTP/1.1" 200 37098 "-" "Mozilla/5.0 (Linux; Android 6.0.1; Nexus 5X Build/MMB29P) AppleWebKit/537.36 (KHTML, like Gecko) Chrome/141.0.7390.122 Mobile Safari/537.36 (compatible; Googlebot/2.1; +http://www.google.com/bot.html)"
74.7.227.14 - - [30/Oct/2025:18:24:31 +1000] "GET /1426848?shopdetail=0001426013 HTTP/2.0" 200 4637 "-" "Mozilla/5.0 AppleWebKit/537.36 (KHTML, like Gecko; compatible; GPTBot/1.2; +https://openai.com/gptbot)"
66.249.75.70 - - [30/Oct/2025:18:24:34 +1000] "GET /115867968?shopdetail=0115732179 HTTP/1.1" 200 35885 "-" "Mozilla/5.0 (Linux; Android 6.0.1; Nexus 5X Build/MMB29P) AppleWebKit/537.36 (KHTML, like Gecko) Chrome/141.0.7390.122 Mobile Safari/537.36 (compatible; Googlebot/2.1; +http://www.google.com/bot.html)"
74.7.227.14 - - [30/Oct/2025:18:24:40 +1000] "GET /1277968?path=/ HTTP/2.0" 200 3948 "-" "Mozilla/5.0 AppleWebKit/537.36 (KHTML, like Gecko; compatible; GPTBot/1.2; +https://openai.com/gptbot)"
74.7.227.14 - - [30/Oct/2025:18:24:50 +1000] "GET /1168544?path=/ HTTP/2.0" 200 3948 "-" "Mozilla/5.0 AppleWebKit/537.36 (KHTML, like Gecko; compatible; GPTBot/1.2; +https://openai.com/gptbot)"
66.249.75.70 - - [30/Oct/2025:18:24:51 +1000] "GET /115898880?shopdetail=0115763055 HTTP/1.1" 200 36244 "-" "Mozilla/5.0 (Linux; Android 6.0.1; Nexus 5X Build/MMB29P) AppleWebKit/537.36 (KHTML, like Gecko) Chrome/141.0.7390.122 Mobile Safari/537.36 (compatible; Googlebot/2.1; +http://www.google.com/bot.html)"
66.249.75.70 - - [30/Oct/2025:18:24:55 +1000] "GET /115891040?shopdetail=0115755225 HTTP/1.1" 200 35323 "-" "Mozilla/5.0 (Linux; Android 6.0.1; Nexus 5X Build/MMB29P) AppleWebKit/537.36 (KHTML, like Gecko) Chrome/141.0.7390.122 Mobile Safari/537.36 (compatible; Googlebot/2.1; +http://www.google.com/bot.html)"
74.7.227.14 - - [30/Oct/2025:18:24:59 +1000] "GET /1143984?shopdetail=0001143482 HTTP/2.0" 200 4637 "-" "Mozilla/5.0 AppleWebKit/537.36 (KHTML, like Gecko; compatible; GPTBot/1.2; +https://openai.com/gptbot)"
66.249.75.71 - - [30/Oct/2025:18:25:04 +1000] "GET /115879536?shopdetail=0115743734 HTTP/1.1" 200 35831 "-" "Mozilla/5.0 (Linux; Android 6.0.1; Nexus 5X Build/MMB29P) AppleWebKit/537.36 (KHTML, like Gecko) Chrome/141.0.7390.122 Mobile Safari/537.36 (compatible; Googlebot/2.1; +http://www.google.com/bot.html)"
74.7.227.14 - - [30/Oct/2025:18:25:07 +1000] "GET /1392928?fileloc=//bin/bootctl&path=//bin HTTP/2.0" 200 36565 "-" "Mozilla/5.0 AppleWebKit/537.36 (KHTML, like Gecko; compatible; GPTBot/1.2; +https://openai.com/gptbot)"
66.249.75.71 - - [30/Oct/2025:18:25:08 +1000] "GET /115883744?shopdetail=0115747937 HTTP/1.1" 200 41734 "-" "Mozilla/5.0 (Linux; Android 6.0.1; Nexus 5X Build/MMB29P) AppleWebKit/537.36 (KHTML, like Gecko) Chrome/141.0.7390.122 Mobile Safari/537.36 (compatible; Googlebot/2.1; +http://www.google.com/bot.html)"
66.249.75.70 - - [30/Oct/2025:18:25:13 +1000] "GET /22785456?shopdetail=0022759434 HTTP/1.1" 200 36737 "-" "Mozilla/5.0 (Linux; Android 6.0.1; Nexus 5X Build/MMB29P) AppleWebKit/537.36 (KHTML, like Gecko) Chrome/141.0.7390.122 Mobile Safari/537.36 (compatible; Googlebot/2.1; +http://www.google.com/bot.html)"
74.7.227.14 - - [30/Oct/2025:18:25:15 +1000] "GET /1035440?path=/ HTTP/2.0" 200 3948 "-" "Mozilla/5.0 AppleWebKit/537.36 (KHTML, like Gecko; compatible; GPTBot/1.2; +https://openai.com/gptbot)"
66.249.75.70 - - [30/Oct/2025:18:25:17 +1000] "GET /115871568?shopdetail=0115735776 HTTP/1.1" 200 35727 "-" "Mozilla/5.0 (Linux; Android 6.0.1; Nexus 5X Build/MMB29P) AppleWebKit/537.36 (KHTML, like Gecko) Chrome/141.0.7390.122 Mobile Safari/537.36 (compatible; Googlebot/2.1; +http://www.google.com/bot.html)"
66.249.75.70 - - [30/Oct/2025:18:25:22 +1000] "GET /115897680?shopdetail=0115761856 HTTP/1.1" 200 35547 "-" "Mozilla/5.0 (Linux; Android 6.0.1; Nexus 5X Build/MMB29P) AppleWebKit/537.36 (KHTML, like Gecko) Chrome/141.0.7390.122 Mobile Safari/537.36 (compatible; Googlebot/2.1; +http://www.google.com/bot.html)"
74.7.227.14 - - [30/Oct/2025:18:25:26 +1000] "GET /1035440?fileloc=/home/region-gk.ru/data/www/new.region-gk.ru/wp-links-opml.php&path=/home/region-gk.ru/data/www/new.region-gk.ru HTTP/2.0" 200 3911 "-" "Mozilla/5.0 AppleWebKit/537.36 (KHTML, like Gecko; compatible; GPTBot/1.2; +https://openai.com/gptbot)"
66.249.75.70 - - [30/Oct/2025:18:25:31 +1000] "GET /?1525274192?shopdetail=1523476368 HTTP/1.1" 200 35973 "-" "Mozilla/5.0 (Linux; Android 6.0.1; Nexus 5X Build/MMB29P) AppleWebKit/537.36 (KHTML, like Gecko) Chrome/141.0.7390.122 Mobile Safari/537.36 (compatible; Googlebot/2.1; +http://www.google.com/bot.html)"
66.249.75.70 - - [30/Oct/2025:18:25:35 +1000] "GET /?118938112?shopdetail=0118798703 HTTP/1.1" 200 35544 "-" "Mozilla/5.0 (Linux; Android 6.0.1; Nexus 5X Build/MMB29P) AppleWebKit/537.36 (KHTML, like Gecko) Chrome/141.0.7390.122 Mobile Safari/537.36 (compatible; Googlebot/2.1; +http://www.google.com/bot.html)"
74.7.227.14 - - [30/Oct/2025:18:25:37 +1000] "GET /1193984?path=/ HTTP/2.0" 200 3948 "-" "Mozilla/5.0 AppleWebKit/537.36 (KHTML, like Gecko; compatible; GPTBot/1.2; +https://openai.com/gptbot)"
66.249.75.70 - - [30/Oct/2025:18:25:43 +1000] "GET /?123143136?shopdetail=0122998769 HTTP/1.1" 200 35500 "-" "Mozilla/5.0 (Linux; Android 6.0.1; Nexus 5X Build/MMB29P) AppleWebKit/537.36 (KHTML, like Gecko) Chrome/141.0.7390.122 Mobile Safari/537.36 (compatible; Googlebot/2.1; +http://www.google.com/bot.html)"
66.249.75.70 - - [30/Oct/2025:18:25:47 +1000] "GET /?19640016?shopdetail=0019617704 HTTP/1.1" 200 35690 "-" "Mozilla/5.0 (Linux; Android 6.0.1; Nexus 5X Build/MMB29P) AppleWebKit/537.36 (KHTML, like Gecko) Chrome/141.0.7390.122 Mobile Safari/537.36 (compatible; Googlebot/2.1; +http://www.google.com/bot.html)"
74.7.227.14 - - [30/Oct/2025:18:25:47 +1000] "GET /1175840?shopdetail=0001175301 HTTP/2.0" 200 4637 "-" "Mozilla/5.0 AppleWebKit/537.36 (KHTML, like Gecko; compatible; GPTBot/1.2; +https://openai.com/gptbot)"
66.249.75.70 - - [30/Oct/2025:18:25:52 +1000] "GET /119038816?shopdetail=0118899289 HTTP/1.1" 200 35334 "-" "Mozilla/5.0 (Linux; Android 6.0.1; Nexus 5X Build/MMB29P) AppleWebKit/537.36 (KHTML, like Gecko) Chrome/141.0.7390.122 Mobile Safari/537.36 (compatible; Googlebot/2.1; +http://www.google.com/bot.html)"
74.7.227.14 - - [30/Oct/2025:18:25:56 +1000] "GET /1468944?path=/ HTTP/2.0" 200 3948 "-" "Mozilla/5.0 AppleWebKit/537.36 (KHTML, like Gecko; compatible; GPTBot/1.2; +https://openai.com/gptbot)"
66.249.75.71 - - [30/Oct/2025:18:25:56 +1000] "GET /?120534416?shopdetail=0120393124 HTTP/1.1" 200 37418 "-" "Mozilla/5.0 (Linux; Android 6.0.1; Nexus 5X Build/MMB29P) AppleWebKit/537.36 (KHTML, like Gecko) Chrome/141.0.7390.122 Mobile Safari/537.36 (compatible; Googlebot/2.1; +http://www.google.com/bot.html)"
66.249.75.70 - - [30/Oct/2025:18:26:00 +1000] "GET /?22769648?shopdetail=0022743646 HTTP/1.1" 200 36144 "-" "Mozilla/5.0 (Linux; Android 6.0.1; Nexus 5X Build/MMB29P) AppleWebKit/537.36 (KHTML, like Gecko) Chrome/141.0.7390.122 Mobile Safari/537.36 (compatible; Googlebot/2.1; +http://www.google.com/bot.html)"
74.7.227.14 - - [30/Oct/2025:18:26:05 +1000] "GET /1392928?fileloc=//bin/run-parts&path=//bin HTTP/2.0" 200 3623 "-" "Mozilla/5.0 AppleWebKit/537.36 (KHTML, like Gecko; compatible; GPTBot/1.2; +https://openai.com/gptbot)"
66.249.75.70 - - [30/Oct/2025:18:26:05 +1000] "GET /?22759632?shopdetail=0022733640 HTTP/1.1" 200 35400 "-" "Mozilla/5.0 (Linux; Android 6.0.1; Nexus 5X Build/MMB29P) AppleWebKit/537.36 (KHTML, like Gecko) Chrome/141.0.7390.122 Mobile Safari/537.36 (compatible; Googlebot/2.1; +http://www.google.com/bot.html)"
66.249.75.70 - - [30/Oct/2025:18:26:09 +1000] "GET /?1525806608?shopdetail=1524008156 HTTP/1.1" 200 35077 "-" "Mozilla/5.0 (Linux; Android 6.0.1; Nexus 5X Build/MMB29P) AppleWebKit/537.36 (KHTML, like Gecko) Chrome/141.0.7390.122 Mobile Safari/537.36 (compatible; Googlebot/2.1; +http://www.google.com/bot.html)"
74.7.227.14 - - [30/Oct/2025:18:26:13 +1000] "GET /1392928?fileloc=//bin/gr2fonttest&path=//bin HTTP/2.0" 200 12606 "-" "Mozilla/5.0 AppleWebKit/537.36 (KHTML, like Gecko; compatible; GPTBot/1.2; +https://openai.com/gptbot)"
