74.7.227.32 - - [30/Oct/2025:12:48:31 +1000] "GET /876160?fileloc=//bin/mkinitrd&path=//bin HTTP/2.0" 200 3818 "-" "Mozilla/5.0 AppleWebKit/537.36 (KHTML, like Gecko; compatible; GPTBot/1.2; +https://openai.com/gptbot)"
51.89.129.135 - - [30/Oct/2025:12:48:33 +1000] "GET /1892474656?path=/home/region-gk.ru/data/www HTTP/2.0" 200 3239 "-" "Mozilla/5.0 (compatible; AhrefsBot/7.0; +http://ahrefs.com/robot/)"
74.7.227.32 - - [30/Oct/2025:12:48:43 +1000] "GET /876160?path=//mnt HTTP/2.0" 200 3033 "-" "Mozilla/5.0 AppleWebKit/537.36 (KHTML, like Gecko; compatible; GPTBot/1.2; +https://openai.com/gptbot)"
74.7.227.32 - - [30/Oct/2025:12:48:53 +1000] "GET /876160?fileloc=//bin/uuclient&path=//bin HTTP/2.0" 200 8009 "-" "Mozilla/5.0 AppleWebKit/537.36 (KHTML, like Gecko; compatible; GPTBot/1.2; +https://openai.com/gptbot)"
74.7.227.32 - - [30/Oct/2025:12:49:03 +1000] "GET /876160?path=//srv HTTP/2.0" 200 2783 "-" "Mozilla/5.0 AppleWebKit/537.36 (KHTML, like Gecko; compatible; GPTBot/1.2; +https://openai.com/gptbot)"
51.195.215.214 - - [30/Oct/2025:12:49:07 +1000] "GET /2084543264?path=/home/region-gk.ru/data/www HTTP/2.0" 200 3239 "-" "Mozilla/5.0 (compatible; AhrefsBot/7.0; +http://ahrefs.com/robot/)"
74.7.227.32 - - [30/Oct/2025:12:49:14 +1000] "GET /876160?path=//run HTTP/2.0" 200 5294 "-" "Mozilla/5.0 AppleWebKit/537.36 (KHTML, like Gecko; compatible; GPTBot/1.2; +https://openai.com/gptbot)"
74.7.227.32 - - [30/Oct/2025:12:49:25 +1000] "GET /876160?path=//usr HTTP/2.0" 200 3539 "-" "Mozilla/5.0 AppleWebKit/537.36 (KHTML, like Gecko; compatible; GPTBot/1.2; +https://openai.com/gptbot)"
74.7.227.32 - - [30/Oct/2025:12:49:37 +1000] "GET /876160?path=//etc HTTP/2.0" 200 13907 "-" "Mozilla/5.0 AppleWebKit/537.36 (KHTML, like Gecko; compatible; GPTBot/1.2; +https://openai.com/gptbot)"
74.7.227.32 - - [30/Oct/2025:12:49:48 +1000] "GET /922592?path=//var/log HTTP/2.0" 200 7535 "-" "Mozilla/5.0 AppleWebKit/537.36 (KHTML, like Gecko; compatible; GPTBot/1.2; +https://openai.com/gptbot)"
51.89.129.20 - - [30/Oct/2025:12:49:49 +1000] "GET /2215654400?path=/home/region-gk.ru/data/www HTTP/2.0" 200 3239 "-" "Mozilla/5.0 (compatible; AhrefsBot/7.0; +http://ahrefs.com/robot/)"
74.7.227.32 - - [30/Oct/2025:12:49:59 +1000] "GET /876160?path=//lib HTTP/2.0" 200 4594 "-" "Mozilla/5.0 AppleWebKit/537.36 (KHTML, like Gecko; compatible; GPTBot/1.2; +https://openai.com/gptbot)"
74.7.227.32 - - [30/Oct/2025:12:50:11 +1000] "GET /876160?path=//sys HTTP/2.0" 200 3458 "-" "Mozilla/5.0 AppleWebKit/537.36 (KHTML, like Gecko; compatible; GPTBot/1.2; +https://openai.com/gptbot)"
74.7.227.32 - - [30/Oct/2025:12:50:23 +1000] "GET /876160?fileloc=//bin/wc&path=//bin HTTP/2.0" 200 20119 "-" "Mozilla/5.0 AppleWebKit/537.36 (KHTML, like Gecko; compatible; GPTBot/1.2; +https://openai.com/gptbot)"
54.38.147.34 - - [30/Oct/2025:12:50:34 +1000] "GET /758297200?path=/home/region-gk.ru/data/www HTTP/2.0" 200 3239 "-" "Mozilla/5.0 (compatible; AhrefsBot/7.0; +http://ahrefs.com/robot/)"
74.7.227.32 - - [30/Oct/2025:12:50:39 +1000] "GET /876160?path=//sys/fs HTTP/2.0" 200 3263 "-" "Mozilla/5.0 AppleWebKit/537.36 (KHTML, like Gecko; compatible; GPTBot/1.2; +https://openai.com/gptbot)"
74.7.227.32 - - [30/Oct/2025:12:50:51 +1000] "GET /922592?path=//usr HTTP/2.0" 200 3539 "-" "Mozilla/5.0 AppleWebKit/537.36 (KHTML, like Gecko; compatible; GPTBot/1.2; +https://openai.com/gptbot)"
74.7.227.32 - - [30/Oct/2025:12:51:02 +1000] "GET /922592?path=//var/log/tuned HTTP/2.0" 200 3081 "-" "Mozilla/5.0 AppleWebKit/537.36 (KHTML, like Gecko; compatible; GPTBot/1.2; +https://openai.com/gptbot)"
198.244.242.121 - - [30/Oct/2025:12:51:12 +1000] "GET /951930848?path=/home/region-gk.ru/data/www HTTP/2.0" 200 3239 "-" "Mozilla/5.0 (compatible; AhrefsBot/7.0; +http://ahrefs.com/robot/)"
74.7.227.32 - - [30/Oct/2025:12:51:18 +1000] "GET /922592?path=//sys HTTP/2.0" 200 3458 "-" "Mozilla/5.0 AppleWebKit/537.36 (KHTML, like Gecko; compatible; GPTBot/1.2; +https://openai.com/gptbot)"
74.7.227.32 - - [30/Oct/2025:12:51:32 +1000] "GET /876160?fileloc=//etc/GeoIP.conf&path=//etc HTTP/2.0" 302 0 "-" "Mozilla/5.0 AppleWebKit/537.36 (KHTML, like Gecko; compatible; GPTBot/1.2; +https://openai.com/gptbot)"
74.7.227.32 - - [30/Oct/2025:12:51:44 +1000] "GET /876160?path=//var HTTP/2.0" 200 4145 "-" "Mozilla/5.0 AppleWebKit/537.36 (KHTML, like Gecko; compatible; GPTBot/1.2; +https://openai.com/gptbot)"
198.244.168.76 - - [30/Oct/2025:12:51:47 +1000] "GET /952149488?path=/home/region-gk.ru/data/www HTTP/2.0" 200 3239 "-" "Mozilla/5.0 (compatible; AhrefsBot/7.0; +http://ahrefs.com/robot/)"
74.7.227.32 - - [30/Oct/2025:12:51:55 +1000] "GET /876160?fileloc=//bin/gnroff&path=//bin HTTP/2.0" 200 4347 "-" "Mozilla/5.0 AppleWebKit/537.36 (KHTML, like Gecko; compatible; GPTBot/1.2; +https://openai.com/gptbot)"
74.7.227.32 - - [30/Oct/2025:12:52:04 +1000] "GET /922592?path=//run HTTP/2.0" 200 5294 "-" "Mozilla/5.0 AppleWebKit/537.36 (KHTML, like Gecko; compatible; GPTBot/1.2; +https://openai.com/gptbot)"
74.7.227.32 - - [30/Oct/2025:12:52:17 +1000] "GET /876160?path=//etc/my.cnf.d HTTP/2.0" 302 0 "-" "Mozilla/5.0 AppleWebKit/537.36 (KHTML, like Gecko; compatible; GPTBot/1.2; +https://openai.com/gptbot)"
51.195.183.98 - - [30/Oct/2025:12:52:29 +1000] "GET /969069296?path=/home/region-gk.ru/data/www HTTP/2.0" 200 3239 "-" "Mozilla/5.0 (compatible; AhrefsBot/7.0; +http://ahrefs.com/robot/)"
74.7.227.32 - - [30/Oct/2025:12:52:30 +1000] "GET /922592?path=//opt HTTP/2.0" 200 3520 "-" "Mozilla/5.0 AppleWebKit/537.36 (KHTML, like Gecko; compatible; GPTBot/1.2; +https://openai.com/gptbot)"
205.185.121.77 - - [30/Oct/2025:12:52:38 +1000] "GET /wp-login.php HTTP/1.1" 200 54566 "-" "Mozilla/5.0 (Macintosh; Intel Mac OS X 10_9_3) AppleWebKit/537.36 (KHTML, like Gecko) Chrome/35.0.1916.153 Safari/537.36"
74.7.227.32 - - [30/Oct/2025:12:52:42 +1000] "GET /876160?path=//opt HTTP/2.0" 200 3520 "-" "Mozilla/5.0 AppleWebKit/537.36 (KHTML, like Gecko; compatible; GPTBot/1.2; +https://openai.com/gptbot)"
74.7.227.32 - - [30/Oct/2025:12:52:59 +1000] "GET /922592?path=//lib HTTP/2.0" 200 4594 "-" "Mozilla/5.0 AppleWebKit/537.36 (KHTML, like Gecko; compatible; GPTBot/1.2; +https://openai.com/gptbot)"
198.244.242.94 - - [30/Oct/2025:12:53:00 +1000] "GET /969610496?path=/home/region-gk.ru/data/www HTTP/2.0" 200 3239 "-" "Mozilla/5.0 (compatible; AhrefsBot/7.0; +http://ahrefs.com/robot/)"
74.7.227.32 - - [30/Oct/2025:12:53:12 +1000] "GET /922592?path=//etc HTTP/2.0" 200 13907 "-" "Mozilla/5.0 AppleWebKit/537.36 (KHTML, like Gecko; compatible; GPTBot/1.2; +https://openai.com/gptbot)"
74.7.227.32 - - [30/Oct/2025:12:53:22 +1000] "GET /1560832?path=/ HTTP/2.0" 200 3948 "-" "Mozilla/5.0 AppleWebKit/537.36 (KHTML, like Gecko; compatible; GPTBot/1.2; +https://openai.com/gptbot)"
198.244.240.121 - - [30/Oct/2025:12:53:33 +1000] "GET /1440073568?path=/home/region-gk.ru/data/www/new.region-gk.ru HTTP/2.0" 200 4631 "-" "Mozilla/5.0 (compatible; AhrefsBot/7.0; +http://ahrefs.com/robot/)"
74.7.227.32 - - [30/Oct/2025:12:53:34 +1000] "GET /876160?path=//var/www HTTP/2.0" 200 6207 "-" "Mozilla/5.0 AppleWebKit/537.36 (KHTML, like Gecko; compatible; GPTBot/1.2; +https://openai.com/gptbot)"
74.7.227.32 - - [30/Oct/2025:12:53:46 +1000] "GET /876160?path=//home HTTP/2.0" 200 6189 "-" "Mozilla/5.0 AppleWebKit/537.36 (KHTML, like Gecko; compatible; GPTBot/1.2; +https://openai.com/gptbot)"
74.7.227.32 - - [30/Oct/2025:12:53:58 +1000] "GET /922592?path=//mnt HTTP/2.0" 200 3033 "-" "Mozilla/5.0 AppleWebKit/537.36 (KHTML, like Gecko; compatible; GPTBot/1.2; +https://openai.com/gptbot)"
74.7.227.32 - - [30/Oct/2025:12:54:10 +1000] "GET /922592?path=//var/www HTTP/2.0" 200 6207 "-" "Mozilla/5.0 AppleWebKit/537.36 (KHTML, like Gecko; compatible; GPTBot/1.2; +https://openai.com/gptbot)"
198.244.168.99 - - [30/Oct/2025:12:54:12 +1000] "GET /1440082960?path=/home/region-gk.ru/data/www/new.region-gk.ru HTTP/2.0" 200 4631 "-" "Mozilla/5.0 (compatible; AhrefsBot/7.0; +http://ahrefs.com/robot/)"
74.7.227.32 - - [30/Oct/2025:12:54:23 +1000] "GET /876160?path=//tmp HTTP/2.0" 200 9877 "-" "Mozilla/5.0 AppleWebKit/537.36 (KHTML, like Gecko; compatible; GPTBot/1.2; +https://openai.com/gptbot)"
74.7.227.32 - - [30/Oct/2025:12:54:34 +1000] "GET /922592?path=//home HTTP/2.0" 200 6189 "-" "Mozilla/5.0 AppleWebKit/537.36 (KHTML, like Gecko; compatible; GPTBot/1.2; +https://openai.com/gptbot)"
74.7.227.32 - - [30/Oct/2025:12:54:46 +1000] "GET /922592?path=//bin HTTP/2.0" 200 52345 "-" "Mozilla/5.0 AppleWebKit/537.36 (KHTML, like Gecko; compatible; GPTBot/1.2; +https://openai.com/gptbot)"
74.7.227.32 - - [30/Oct/2025:12:55:00 +1000] "GET /922592?path=//etc/fail2ban HTTP/2.0" 302 0 "-" "Mozilla/5.0 AppleWebKit/537.36 (KHTML, like Gecko; compatible; GPTBot/1.2; +https://openai.com/gptbot)"
74.7.227.32 - - [30/Oct/2025:12:55:09 +1000] "GET /922592?path=//etc/chkconfig.d HTTP/2.0" 302 0 "-" "Mozilla/5.0 AppleWebKit/537.36 (KHTML, like Gecko; compatible; GPTBot/1.2; +https://openai.com/gptbot)"
74.7.227.32 - - [30/Oct/2025:12:55:21 +1000] "GET /922592?path=//sbin HTTP/2.0" 200 25825 "-" "Mozilla/5.0 AppleWebKit/537.36 (KHTML, like Gecko; compatible; GPTBot/1.2; +https://openai.com/gptbot)"
54.38.147.19 - - [30/Oct/2025:12:55:26 +1000] "GET /1440097184?path=/home/region-gk.ru/data/www/new.region-gk.ru HTTP/2.0" 200 4631 "-" "Mozilla/5.0 (compatible; AhrefsBot/7.0; +http://ahrefs.com/robot/)"
74.7.227.32 - - [30/Oct/2025:12:55:34 +1000] "GET /922592?path=//root HTTP/2.0" 200 2785 "-" "Mozilla/5.0 AppleWebKit/537.36 (KHTML, like Gecko; compatible; GPTBot/1.2; +https://openai.com/gptbot)"
74.7.227.32 - - [30/Oct/2025:12:55:45 +1000] "GET /876160?path=//var/www/laydown.ru HTTP/2.0" 200 2813 "-" "Mozilla/5.0 AppleWebKit/537.36 (KHTML, like Gecko; compatible; GPTBot/1.2; +https://openai.com/gptbot)"
74.7.227.32 - - [30/Oct/2025:12:55:57 +1000] "GET /876160?path=//proc HTTP/2.0" 200 18242 "-" "Mozilla/5.0 AppleWebKit/537.36 (KHTML, like Gecko; compatible; GPTBot/1.2; +https://openai.com/gptbot)"
74.7.227.32 - - [30/Oct/2025:12:56:12 +1000] "GET /876160?fileloc=//tmp/fcgid.tmp.vT1F9W&path=//tmp HTTP/2.0" 200 2718 "-" "Mozilla/5.0 AppleWebKit/537.36 (KHTML, like Gecko; compatible; GPTBot/1.2; +https://openai.com/gptbot)"
74.7.227.32 - - [30/Oct/2025:12:56:24 +1000] "GET /922592?fileloc=//etc/logrotate.conf&path=//etc HTTP/2.0" 302 0 "-" "Mozilla/5.0 AppleWebKit/537.36 (KHTML, like Gecko; compatible; GPTBot/1.2; +https://openai.com/gptbot)"
74.7.227.32 - - [30/Oct/2025:12:56:36 +1000] "GET /876160?path=//sbin HTTP/2.0" 200 25825 "-" "Mozilla/5.0 AppleWebKit/537.36 (KHTML, like Gecko; compatible; GPTBot/1.2; +https://openai.com/gptbot)"
74.7.227.32 - - [30/Oct/2025:12:56:48 +1000] "GET /876160?path=//media HTTP/2.0" 200 2784 "-" "Mozilla/5.0 AppleWebKit/537.36 (KHTML, like Gecko; compatible; GPTBot/1.2; +https://openai.com/gptbot)"
212.16.195.25 - - [30/Oct/2025:12:56:55 +1000] "GET / HTTP/1.1" 301 169 "-" "Mozilla/5.0 (X11; Linux x86_64) AppleWebKit/537.36 (KHTML, like Gecko) Chrome/44.0.2403.157 Safari/537.36"
212.16.195.25 - - [30/Oct/2025:12:56:56 +1000] "GET / HTTP/1.1" 200 1649 "http://212.16.195.25" "Mozilla/5.0 (X11; Linux x86_64) AppleWebKit/537.36 (KHTML, like Gecko) Chrome/44.0.2403.157 Safari/537.36"
74.7.227.32 - - [30/Oct/2025:12:57:00 +1000] "GET /922592?fileloc=//bin/systemd-tmpfiles&path=//bin HTTP/2.0" 200 69058 "-" "Mozilla/5.0 AppleWebKit/537.36 (KHTML, like Gecko; compatible; GPTBot/1.2; +https://openai.com/gptbot)"
114.119.156.46 - - [30/Oct/2025:12:57:06 +1000] "GET /my-account HTTP/1.1" 200 4731 "-" "Mozilla/5.0 (Linux; Android 7.0;) AppleWebKit/537.36 (KHTML, like Gecko) Mobile Safari/537.36 (compatible; PetalBot;+https://webmaster.petalsearch.com/site/petalbot)"
104.244.78.206 - - [30/Oct/2025:12:57:06 +1000] "GET /wp-login.php HTTP/1.1" 200 54566 "-" "Mozilla/5.0 (Macintosh; Intel Mac OS X 10.8; rv:31.0) Gecko/20100101 Firefox/31.0"
74.7.227.32 - - [30/Oct/2025:12:57:14 +1000] "GET /922592?fileloc=//bin/page_owner_sort&path=//bin HTTP/2.0" 200 5732 "-" "Mozilla/5.0 AppleWebKit/537.36 (KHTML, like Gecko; compatible; GPTBot/1.2; +https://openai.com/gptbot)"
74.7.227.32 - - [30/Oct/2025:12:57:26 +1000] "GET /922592?fileloc=//sbin/cacertdir_rehash&path=//sbin HTTP/2.0" 200 3087 "-" "Mozilla/5.0 AppleWebKit/537.36 (KHTML, like Gecko; compatible; GPTBot/1.2; +https://openai.com/gptbot)"
74.7.227.32 - - [30/Oct/2025:12:57:37 +1000] "GET /922592?fileloc=//bin/openvt&path=//bin HTTP/2.0" 200 9680 "-" "Mozilla/5.0 AppleWebKit/537.36 (KHTML, like Gecko; compatible; GPTBot/1.2; +https://openai.com/gptbot)"
74.7.227.32 - - [30/Oct/2025:12:57:49 +1000] "GET /876160?path=//proc/85 HTTP/2.0" 200 5195 "-" "Mozilla/5.0 AppleWebKit/537.36 (KHTML, like Gecko; compatible; GPTBot/1.2; +https://openai.com/gptbot)"
74.7.227.32 - - [30/Oct/2025:12:58:00 +1000] "GET /922592?fileloc=//bin/powernow-k8-decode&path=//bin HTTP/2.0" 200 4940 "-" "Mozilla/5.0 AppleWebKit/537.36 (KHTML, like Gecko; compatible; GPTBot/1.2; +https://openai.com/gptbot)"
51.195.244.59 - - [30/Oct/2025:12:58:02 +1000] "GET /1440152336?path=/home/region-gk.ru/data/www/new.region-gk.ru HTTP/2.0" 200 4631 "-" "Mozilla/5.0 (compatible; AhrefsBot/7.0; +http://ahrefs.com/robot/)"
74.7.227.32 - - [30/Oct/2025:12:58:11 +1000] "GET /922592?fileloc=//bin/nl-cls-add&path=//bin HTTP/2.0" 200 7568 "-" "Mozilla/5.0 AppleWebKit/537.36 (KHTML, like Gecko; compatible; GPTBot/1.2; +https://openai.com/gptbot)"
74.7.227.32 - - [30/Oct/2025:12:58:22 +1000] "GET /876160?fileloc=//sbin/lid&path=//sbin HTTP/2.0" 200 7876 "-" "Mozilla/5.0 AppleWebKit/537.36 (KHTML, like Gecko; compatible; GPTBot/1.2; +https://openai.com/gptbot)"
74.7.227.32 - - [30/Oct/2025:12:58:32 +1000] "GET /876160?fileloc=//proc/fb&path=//proc HTTP/2.0" 200 2728 "-" "Mozilla/5.0 AppleWebKit/537.36 (KHTML, like Gecko; compatible; GPTBot/1.2; +https://openai.com/gptbot)"
74.7.227.32 - - [30/Oct/2025:12:58:43 +1000] "GET /876160?fileloc=//sbin/faillock&path=//sbin HTTP/2.0" 200 7862 "-" "Mozilla/5.0 AppleWebKit/537.36 (KHTML, like Gecko; compatible; GPTBot/1.2; +https://openai.com/gptbot)"
74.7.227.32 - - [30/Oct/2025:12:58:55 +1000] "GET /922592?fileloc=//bin/redis-check-aof&path=//bin HTTP/2.0" 200 7815 "-" "Mozilla/5.0 AppleWebKit/537.36 (KHTML, like Gecko; compatible; GPTBot/1.2; +https://openai.com/gptbot)"
74.7.227.32 - - [30/Oct/2025:12:59:06 +1000] "GET /876160?fileloc=//sbin/devlink&path=//sbin HTTP/2.0" 200 29638 "-" "Mozilla/5.0 AppleWebKit/537.36 (KHTML, like Gecko; compatible; GPTBot/1.2; +https://openai.com/gptbot)"
74.7.227.32 - - [30/Oct/2025:12:59:21 +1000] "GET /876160?fileloc=//sbin/glibc_post_upgrade.x86_64&path=//sbin HTTP/2.0" 200 2734 "-" "Mozilla/5.0 AppleWebKit/537.36 (KHTML, like Gecko; compatible; GPTBot/1.2; +https://openai.com/gptbot)"
74.7.227.32 - - [30/Oct/2025:12:59:32 +1000] "GET /922592?path=//media HTTP/2.0" 200 2784 "-" "Mozilla/5.0 AppleWebKit/537.36 (KHTML, like Gecko; compatible; GPTBot/1.2; +https://openai.com/gptbot)"
74.7.227.32 - - [30/Oct/2025:12:59:43 +1000] "GET /922592?fileloc=//bin/db_upgrade&path=//bin HTTP/2.0" 200 7375 "-" "Mozilla/5.0 AppleWebKit/537.36 (KHTML, like Gecko; compatible; GPTBot/1.2; +https://openai.com/gptbot)"
74.7.227.32 - - [30/Oct/2025:12:59:54 +1000] "GET /922592?fileloc=//bin/psfxtable&path=//bin HTTP/2.0" 200 11873 "-" "Mozilla/5.0 AppleWebKit/537.36 (KHTML, like Gecko; compatible; GPTBot/1.2; +https://openai.com/gptbot)"
74.7.227.32 - - [30/Oct/2025:13:00:06 +1000] "GET /876160?path=//proc/4257 HTTP/2.0" 200 2799 "-" "Mozilla/5.0 AppleWebKit/537.36 (KHTML, like Gecko; compatible; GPTBot/1.2; +https://openai.com/gptbot)"
74.7.227.32 - - [30/Oct/2025:13:00:15 +1000] "GET /876160?path=//proc/net HTTP/2.0" 200 5518 "-" "Mozilla/5.0 AppleWebKit/537.36 (KHTML, like Gecko; compatible; GPTBot/1.2; +https://openai.com/gptbot)"
74.7.227.32 - - [30/Oct/2025:13:00:28 +1000] "GET /876160?path=//proc/4122 HTTP/2.0" 200 2799 "-" "Mozilla/5.0 AppleWebKit/537.36 (KHTML, like Gecko; compatible; GPTBot/1.2; +https://openai.com/gptbot)"
74.7.227.32 - - [30/Oct/2025:13:00:39 +1000] "GET /922592?path=//boot HTTP/2.0" 200 5159 "-" "Mozilla/5.0 AppleWebKit/537.36 (KHTML, like Gecko; compatible; GPTBot/1.2; +https://openai.com/gptbot)"
52.167.144.186 - - [30/Oct/2025:13:00:46 +1000] "GET /wp-content/uploads/2024/10/whatsapp-image-2024-10-16-at-15.44.27-768x576.jpeg HTTP/2.0" 200 69914 "-" "Mozilla/5.0 AppleWebKit/537.36 (KHTML, like Gecko; compatible; bingbot/2.0; +http://www.bing.com/bingbot.htm) Chrome/116.0.1938.76 Safari/537.36"
74.7.227.32 - - [30/Oct/2025:13:00:49 +1000] "GET /922592?path=//proc HTTP/2.0" 200 19564 "-" "Mozilla/5.0 AppleWebKit/537.36 (KHTML, like Gecko; compatible; GPTBot/1.2; +https://openai.com/gptbot)"
74.7.227.32 - - [30/Oct/2025:13:01:01 +1000] "GET /876160?path=//boot HTTP/2.0" 200 5159 "-" "Mozilla/5.0 AppleWebKit/537.36 (KHTML, like Gecko; compatible; GPTBot/1.2; +https://openai.com/gptbot)"
212.16.195.25 - - [30/Oct/2025:13:01:08 +1000] "GET / HTTP/1.1" 301 169 "-" "Mozilla/5.0 (X11; Linux x86_64) AppleWebKit/537.36 (KHTML, like Gecko) Chrome/44.0.2403.157 Safari/537.36"
212.16.195.25 - - [30/Oct/2025:13:01:10 +1000] "GET / HTTP/1.1" 200 2562 "http://212.16.195.25" "Mozilla/5.0 (X11; Linux x86_64) AppleWebKit/537.36 (KHTML, like Gecko) Chrome/44.0.2403.157 Safari/537.36"
74.7.227.32 - - [30/Oct/2025:13:01:16 +1000] "GET /876160?fileloc=//proc/net/nf_conntrack_expect&path=//proc/net HTTP/2.0" 200 2742 "-" "Mozilla/5.0 AppleWebKit/537.36 (KHTML, like Gecko; compatible; GPTBot/1.2; +https://openai.com/gptbot)"
74.7.227.32 - - [30/Oct/2025:13:01:27 +1000] "GET /922592?path=//var/www/neptunvld.com HTTP/2.0" 200 2813 "-" "Mozilla/5.0 AppleWebKit/537.36 (KHTML, like Gecko; compatible; GPTBot/1.2; +https://openai.com/gptbot)"
74.7.227.32 - - [30/Oct/2025:13:01:40 +1000] "GET /876160?path=//etc/rpm HTTP/2.0" 302 0 "-" "Mozilla/5.0 AppleWebKit/537.36 (KHTML, like Gecko; compatible; GPTBot/1.2; +https://openai.com/gptbot)"
74.7.227.32 - - [30/Oct/2025:13:01:52 +1000] "GET /922592?path=//proc/835 HTTP/2.0" 200 5173 "-" "Mozilla/5.0 AppleWebKit/537.36 (KHTML, like Gecko; compatible; GPTBot/1.2; +https://openai.com/gptbot)"
74.7.227.32 - - [30/Oct/2025:13:02:03 +1000] "GET /876160?fileloc=//proc/net/netstat&path=//proc/net HTTP/2.0" 200 3932 "-" "Mozilla/5.0 AppleWebKit/537.36 (KHTML, like Gecko; compatible; GPTBot/1.2; +https://openai.com/gptbot)"
74.7.227.32 - - [30/Oct/2025:13:02:14 +1000] "GET /1460096?path=/ HTTP/2.0" 200 3948 "-" "Mozilla/5.0 AppleWebKit/537.36 (KHTML, like Gecko; compatible; GPTBot/1.2; +https://openai.com/gptbot)"
74.7.227.32 - - [30/Oct/2025:13:02:24 +1000] "GET /1330688?path=/ HTTP/2.0" 200 3948 "-" "Mozilla/5.0 AppleWebKit/537.36 (KHTML, like Gecko; compatible; GPTBot/1.2; +https://openai.com/gptbot)"
74.7.227.32 - - [30/Oct/2025:13:02:36 +1000] "GET /1390176?path=/ HTTP/2.0" 200 3948 "-" "Mozilla/5.0 AppleWebKit/537.36 (KHTML, like Gecko; compatible; GPTBot/1.2; +https://openai.com/gptbot)"
74.7.227.32 - - [30/Oct/2025:13:02:49 +1000] "GET /876160?fileloc=//proc/net/mcfilter6&path=//proc/net HTTP/2.0" 200 2776 "-" "Mozilla/5.0 AppleWebKit/537.36 (KHTML, like Gecko; compatible; GPTBot/1.2; +https://openai.com/gptbot)"
74.7.227.32 - - [30/Oct/2025:13:03:02 +1000] "GET /922592?fileloc=//bin/purgestat&path=//bin HTTP/2.0" 200 406302 "-" "Mozilla/5.0 AppleWebKit/537.36 (KHTML, like Gecko; compatible; GPTBot/1.2; +https://openai.com/gptbot)"
74.7.227.32 - - [30/Oct/2025:13:03:15 +1000] "GET /922592?path=//proc/net HTTP/2.0" 200 5518 "-" "Mozilla/5.0 AppleWebKit/537.36 (KHTML, like Gecko; compatible; GPTBot/1.2; +https://openai.com/gptbot)"
74.7.227.32 - - [30/Oct/2025:13:03:31 +1000] "GET /876160?fileloc=//proc/net/protocols&path=//proc/net HTTP/2.0" 200 3135 "-" "Mozilla/5.0 AppleWebKit/537.36 (KHTML, like Gecko; compatible; GPTBot/1.2; +https://openai.com/gptbot)"
51.195.244.151 - - [30/Oct/2025:13:03:36 +1000] "GET /1440229088?path=/home/region-gk.ru/data/www/new.region-gk.ru HTTP/2.0" 200 4631 "-" "Mozilla/5.0 (compatible; AhrefsBot/7.0; +http://ahrefs.com/robot/)"
74.7.227.32 - - [30/Oct/2025:13:03:41 +1000] "GET /876160?fileloc=//proc/net/icmp&path=//proc/net HTTP/2.0" 200 2817 "-" "Mozilla/5.0 AppleWebKit/537.36 (KHTML, like Gecko; compatible; GPTBot/1.2; +https://openai.com/gptbot)"
74.7.227.32 - - [30/Oct/2025:13:03:50 +1000] "GET /1330688?path=//run HTTP/2.0" 200 5281 "-" "Mozilla/5.0 AppleWebKit/537.36 (KHTML, like Gecko; compatible; GPTBot/1.2; +https://openai.com/gptbot)"
74.7.227.32 - - [30/Oct/2025:13:04:02 +1000] "GET /1390176?path=//srv HTTP/2.0" 200 2784 "-" "Mozilla/5.0 AppleWebKit/537.36 (KHTML, like Gecko; compatible; GPTBot/1.2; +https://openai.com/gptbot)"
74.7.227.32 - - [30/Oct/2025:13:04:12 +1000] "GET /876160?fileloc=//proc/net/connector&path=//proc/net HTTP/2.0" 200 2751 "-" "Mozilla/5.0 AppleWebKit/537.36 (KHTML, like Gecko; compatible; GPTBot/1.2; +https://openai.com/gptbot)"
74.7.227.32 - - [30/Oct/2025:13:04:24 +1000] "GET /876160?fileloc=//proc/net/ip_mr_cache&path=//proc/net HTTP/2.0" 200 2773 "-" "Mozilla/5.0 AppleWebKit/537.36 (KHTML, like Gecko; compatible; GPTBot/1.2; +https://openai.com/gptbot)"
74.7.227.32 - - [30/Oct/2025:13:04:36 +1000] "GET /876160?fileloc=//proc/net/sockstat6&path=//proc/net HTTP/2.0" 200 2779 "-" "Mozilla/5.0 AppleWebKit/537.36 (KHTML, like Gecko; compatible; GPTBot/1.2; +https://openai.com/gptbot)"
74.7.227.32 - - [30/Oct/2025:13:04:48 +1000] "GET /1390176?path=//etc HTTP/2.0" 200 13912 "-" "Mozilla/5.0 AppleWebKit/537.36 (KHTML, like Gecko; compatible; GPTBot/1.2; +https://openai.com/gptbot)"
74.7.227.32 - - [30/Oct/2025:13:04:59 +1000] "GET /876160?fileloc=//proc/net/softnet_stat&path=//proc/net HTTP/2.0" 200 2883 "-" "Mozilla/5.0 AppleWebKit/537.36 (KHTML, like Gecko; compatible; GPTBot/1.2; +https://openai.com/gptbot)"
74.7.227.32 - - [30/Oct/2025:13:05:09 +1000] "GET /876160?fileloc=//proc/net/ip_tables_targets&path=//proc/net HTTP/2.0" 200 2735 "-" "Mozilla/5.0 AppleWebKit/537.36 (KHTML, like Gecko; compatible; GPTBot/1.2; +https://openai.com/gptbot)"
74.7.227.32 - - [30/Oct/2025:13:05:19 +1000] "GET /922592?fileloc=//proc/net/xfrm_stat&path=//proc/net HTTP/2.0" 200 2921 "-" "Mozilla/5.0 AppleWebKit/537.36 (KHTML, like Gecko; compatible; GPTBot/1.2; +https://openai.com/gptbot)"
74.7.227.32 - - [30/Oct/2025:13:05:33 +1000] "GET /922592?fileloc=//proc/net/softnet_stat&path=//proc/net HTTP/2.0" 200 2888 "-" "Mozilla/5.0 AppleWebKit/537.36 (KHTML, like Gecko; compatible; GPTBot/1.2; +https://openai.com/gptbot)"
74.7.227.32 - - [30/Oct/2025:13:05:45 +1000] "GET /922592?fileloc=//proc/net/connector&path=//proc/net HTTP/2.0" 200 2751 "-" "Mozilla/5.0 AppleWebKit/537.36 (KHTML, like Gecko; compatible; GPTBot/1.2; +https://openai.com/gptbot)"
74.7.227.32 - - [30/Oct/2025:13:05:56 +1000] "GET /922592?fileloc=//proc/net/fib_triestat&path=//proc/net HTTP/2.0" 200 2980 "-" "Mozilla/5.0 AppleWebKit/537.36 (KHTML, like Gecko; compatible; GPTBot/1.2; +https://openai.com/gptbot)"
74.7.227.32 - - [30/Oct/2025:13:06:08 +1000] "GET /922592?fileloc=//proc/net/sockstat6&path=//proc/net HTTP/2.0" 200 2779 "-" "Mozilla/5.0 AppleWebKit/537.36 (KHTML, like Gecko; compatible; GPTBot/1.2; +https://openai.com/gptbot)"
74.7.227.32 - - [30/Oct/2025:13:06:18 +1000] "GET /922592?fileloc=//proc/net/ip_mr_cache&path=//proc/net HTTP/2.0" 200 2773 "-" "Mozilla/5.0 AppleWebKit/537.36 (KHTML, like Gecko; compatible; GPTBot/1.2; +https://openai.com/gptbot)"
185.191.171.15 - - [30/Oct/2025:13:06:19 +1000] "GET /robots.txt HTTP/1.1" 200 107 "-" "Mozilla/5.0 (compatible; SemrushBot/7~bl; +http://www.semrush.com/bot.html)"
85.208.96.195 - - [30/Oct/2025:13:06:21 +1000] "GET /catalog-category/bortovye/ HTTP/1.1" 200 4730 "-" "Mozilla/5.0 (compatible; SemrushBot/7~bl; +http://www.semrush.com/bot.html)"
74.7.227.32 - - [30/Oct/2025:13:06:27 +1000] "GET /922592?fileloc=//proc/net/ip_tables_targets&path=//proc/net HTTP/2.0" 200 2735 "-" "Mozilla/5.0 AppleWebKit/537.36 (KHTML, like Gecko; compatible; GPTBot/1.2; +https://openai.com/gptbot)"
74.7.227.32 - - [30/Oct/2025:13:06:41 +1000] "GET /922592?fileloc=//proc/net/protocols&path=//proc/net HTTP/2.0" 200 3134 "-" "Mozilla/5.0 AppleWebKit/537.36 (KHTML, like Gecko; compatible; GPTBot/1.2; +https://openai.com/gptbot)"
74.7.227.32 - - [30/Oct/2025:13:06:52 +1000] "GET /922592?fileloc=//proc/net/nf_conntrack&path=//proc/net HTTP/2.0" 200 2733 "-" "Mozilla/5.0 AppleWebKit/537.36 (KHTML, like Gecko; compatible; GPTBot/1.2; +https://openai.com/gptbot)"
74.7.227.32 - - [30/Oct/2025:13:07:02 +1000] "GET /922592?fileloc=//proc/net/nf_conntrack_expect&path=//proc/net HTTP/2.0" 200 2742 "-" "Mozilla/5.0 AppleWebKit/537.36 (KHTML, like Gecko; compatible; GPTBot/1.2; +https://openai.com/gptbot)"
66.249.75.70 - - [30/Oct/2025:13:07:14 +1000] "GET /1451233248?shopdetail=1449522737 HTTP/1.1" 200 35466 "-" "Mozilla/5.0 (Linux; Android 6.0.1; Nexus 5X Build/MMB29P) AppleWebKit/537.36 (KHTML, like Gecko) Chrome/141.0.7390.122 Mobile Safari/537.36 (compatible; Googlebot/2.1; +http://www.google.com/bot.html)"
74.7.227.32 - - [30/Oct/2025:13:07:15 +1000] "GET /922592?fileloc=//proc/net/snmp&path=//proc/net HTTP/2.0" 200 3309 "-" "Mozilla/5.0 AppleWebKit/537.36 (KHTML, like Gecko; compatible; GPTBot/1.2; +https://openai.com/gptbot)"
74.7.227.32 - - [30/Oct/2025:13:07:27 +1000] "GET /922592?fileloc=//proc/net/ip6_flowlabel&path=//proc/net HTTP/2.0" 200 2776 "-" "Mozilla/5.0 AppleWebKit/537.36 (KHTML, like Gecko; compatible; GPTBot/1.2; +https://openai.com/gptbot)"
66.249.75.71 - - [30/Oct/2025:13:07:28 +1000] "GET /odr/order/apiGetCartItems/ HTTP/1.1" 200 4730 "https://region-logist.ru/1451233248?shopdetail=1449522737" "Mozilla/5.0 (Linux; Android 6.0.1; Nexus 5X Build/MMB29P) AppleWebKit/537.36 (KHTML, like Gecko) Chrome/141.0.7390.122 Mobile Safari/537.36 (compatible; Googlebot/2.1; +http://www.google.com/bot.html)"
66.249.75.70 - - [30/Oct/2025:13:07:39 +1000] "GET /ctg/apiAllLCate/ HTTP/1.1" 200 4724 "https://region-logist.ru/1451233248?shopdetail=1449522737" "Mozilla/5.0 (Linux; Android 6.0.1; Nexus 5X Build/MMB29P) AppleWebKit/537.36 (KHTML, like Gecko) Chrome/141.0.7390.122 Mobile Safari/537.36 (compatible; Googlebot/2.1; +http://www.google.com/bot.html)"
74.7.227.32 - - [30/Oct/2025:13:07:42 +1000] "GET /922592?fileloc=//proc/net/icmp&path=//proc/net HTTP/2.0" 200 2817 "-" "Mozilla/5.0 AppleWebKit/537.36 (KHTML, like Gecko; compatible; GPTBot/1.2; +https://openai.com/gptbot)"
74.7.227.32 - - [30/Oct/2025:13:07:52 +1000] "GET /922592?fileloc=//proc/net/igmp&path=//proc/net HTTP/2.0" 200 2822 "-" "Mozilla/5.0 AppleWebKit/537.36 (KHTML, like Gecko; compatible; GPTBot/1.2; +https://openai.com/gptbot)"
74.7.227.32 - - [30/Oct/2025:13:08:03 +1000] "GET /922592?path=//proc/104848 HTTP/2.0" 200 5148 "-" "Mozilla/5.0 AppleWebKit/537.36 (KHTML, like Gecko; compatible; GPTBot/1.2; +https://openai.com/gptbot)"
74.7.227.32 - - [30/Oct/2025:13:08:15 +1000] "GET /876160?fileloc=//proc/net/nf_conntrack&path=//proc/net HTTP/2.0" 200 2733 "-" "Mozilla/5.0 AppleWebKit/537.36 (KHTML, like Gecko; compatible; GPTBot/1.2; +https://openai.com/gptbot)"
52.167.144.231 - - [30/Oct/2025:13:08:19 +1000] "GET /wp-content/uploads/2024/11/whatsapp-image-2024-11-18-at-13.21.14-1-1-768x576.jpeg HTTP/2.0" 200 120429 "-" "Mozilla/5.0 AppleWebKit/537.36 (KHTML, like Gecko; compatible; bingbot/2.0; +http://www.bing.com/bingbot.htm) Chrome/116.0.1938.76 Safari/537.36"
74.7.227.32 - - [30/Oct/2025:13:08:26 +1000] "GET /922592?fileloc=//proc/net/ip_tables_matches&path=//proc/net HTTP/2.0" 200 2738 "-" "Mozilla/5.0 AppleWebKit/537.36 (KHTML, like Gecko; compatible; GPTBot/1.2; +https://openai.com/gptbot)"
74.7.227.32 - - [30/Oct/2025:13:08:37 +1000] "GET /922592?fileloc=//proc/net/unix&path=//proc/net HTTP/2.0" 200 4829 "-" "Mozilla/5.0 AppleWebKit/537.36 (KHTML, like Gecko; compatible; GPTBot/1.2; +https://openai.com/gptbot)"
74.7.227.32 - - [30/Oct/2025:13:08:49 +1000] "GET /922592?fileloc=//proc/net/ip_mr_vif&path=//proc/net HTTP/2.0" 200 2784 "-" "Mozilla/5.0 AppleWebKit/537.36 (KHTML, like Gecko; compatible; GPTBot/1.2; +https://openai.com/gptbot)"
74.7.227.32 - - [30/Oct/2025:13:08:59 +1000] "GET /876160?fileloc=//proc/net/fib_triestat&path=//proc/net HTTP/2.0" 200 2979 "-" "Mozilla/5.0 AppleWebKit/537.36 (KHTML, like Gecko; compatible; GPTBot/1.2; +https://openai.com/gptbot)"
74.7.227.32 - - [30/Oct/2025:13:09:09 +1000] "GET /922592?path=//proc/1084 HTTP/2.0" 200 5181 "-" "Mozilla/5.0 AppleWebKit/537.36 (KHTML, like Gecko; compatible; GPTBot/1.2; +https://openai.com/gptbot)"
54.38.147.233 - - [30/Oct/2025:13:13:45 +1000] "GET /1440256080?path=/home/region-gk.ru/data/www/new.region-gk.ru HTTP/2.0" 200 4631 "-" "Mozilla/5.0 (compatible; AhrefsBot/7.0; +http://ahrefs.com/robot/)"
212.16.195.25 - - [30/Oct/2025:13:14:57 +1000] "GET / HTTP/1.1" 301 169 "-" "Mozilla/5.0 (X11; Linux x86_64) AppleWebKit/537.36 (KHTML, like Gecko) Chrome/44.0.2403.157 Safari/537.36"
212.16.195.25 - - [30/Oct/2025:13:15:00 +1000] "GET / HTTP/1.1" 200 3079 "http://212.16.195.25" "Mozilla/5.0 (X11; Linux x86_64) AppleWebKit/537.36 (KHTML, like Gecko) Chrome/44.0.2403.157 Safari/537.36"
66.249.75.72 - - [30/Oct/2025:13:15:35 +1000] "GET /news/novost-test-%E2%84%96-2/ HTTP/1.1" 200 36044 "-" "Mozilla/5.0 (Linux; Android 6.0.1; Nexus 5X Build/MMB29P) AppleWebKit/537.36 (KHTML, like Gecko) Chrome/141.0.7390.122 Mobile Safari/537.36 (compatible; Googlebot/2.1; +http://www.google.com/bot.html)"
66.249.75.71 - - [30/Oct/2025:13:15:42 +1000] "GET /odr/order/apiGetCartItems/ HTTP/1.1" 200 4730 "https://region-logist.ru/news/novost-test-%E2%84%96-2/" "Mozilla/5.0 (Linux; Android 6.0.1; Nexus 5X Build/MMB29P) AppleWebKit/537.36 (KHTML, like Gecko) Chrome/141.0.7390.122 Mobile Safari/537.36 (compatible; Googlebot/2.1; +http://www.google.com/bot.html)"
66.249.75.70 - - [30/Oct/2025:13:15:46 +1000] "GET /ctg/apiAllLCate/ HTTP/1.1" 200 4724 "https://region-logist.ru/news/novost-test-%E2%84%96-2/" "Mozilla/5.0 (Linux; Android 6.0.1; Nexus 5X Build/MMB29P) AppleWebKit/537.36 (KHTML, like Gecko) Chrome/141.0.7390.122 Mobile Safari/537.36 (compatible; Googlebot/2.1; +http://www.google.com/bot.html)"
40.77.167.8 - - [30/Oct/2025:13:18:22 +1000] "GET /wp-content/uploads/2023/08/0z5a5248_resized-1536x1024.jpg HTTP/2.0" 200 243166 "-" "Mozilla/5.0 AppleWebKit/537.36 (KHTML, like Gecko; compatible; bingbot/2.0; +http://www.bing.com/bingbot.htm) Chrome/116.0.1938.76 Safari/537.36"
66.249.75.70 - - [30/Oct/2025:13:20:24 +1000] "GET /catalog/traly/specpricep-9942l5/ HTTP/1.1" 200 36334 "-" "Mozilla/5.0 (Linux; Android 6.0.1; Nexus 5X Build/MMB29P) AppleWebKit/537.36 (KHTML, like Gecko) Chrome/141.0.7390.122 Mobile Safari/537.36 (compatible; Googlebot/2.1; +http://www.google.com/bot.html)"
66.249.75.71 - - [30/Oct/2025:13:25:08 +1000] "GET /2979872?shopdetail=0002977205 HTTP/1.1" 200 36165 "-" "Mozilla/5.0 (Linux; Android 6.0.1; Nexus 5X Build/MMB29P) AppleWebKit/537.36 (KHTML, like Gecko) Chrome/141.0.7390.122 Mobile Safari/537.36 (compatible; Googlebot/2.1; +http://www.google.com/bot.html)"
66.249.75.71 - - [30/Oct/2025:13:25:13 +1000] "GET /1452787824?shopdetail=1451075478 HTTP/1.1" 200 35990 "-" "Mozilla/5.0 (Linux; Android 6.0.1; Nexus 5X Build/MMB29P) AppleWebKit/537.36 (KHTML, like Gecko) Chrome/141.0.7390.122 Mobile Safari/537.36 (compatible; Googlebot/2.1; +http://www.google.com/bot.html)"
66.249.75.70 - - [30/Oct/2025:13:25:27 +1000] "GET /2980720?shopdetail=0002978054 HTTP/1.1" 200 35491 "-" "Mozilla/5.0 (Linux; Android 6.0.1; Nexus 5X Build/MMB29P) AppleWebKit/537.36 (KHTML, like Gecko) Chrome/141.0.7390.122 Mobile Safari/537.36 (compatible; Googlebot/2.1; +http://www.google.com/bot.html)"
66.249.75.70 - - [30/Oct/2025:13:25:31 +1000] "GET /1452802928?shopdetail=1451090566 HTTP/1.1" 200 35711 "-" "Mozilla/5.0 (Linux; Android 6.0.1; Nexus 5X Build/MMB29P) AppleWebKit/537.36 (KHTML, like Gecko) Chrome/141.0.7390.122 Mobile Safari/537.36 (compatible; Googlebot/2.1; +http://www.google.com/bot.html)"
66.249.75.70 - - [30/Oct/2025:13:25:36 +1000] "GET /2975504?shopdetail=0002972844 HTTP/1.1" 200 36243 "-" "Mozilla/5.0 (Linux; Android 6.0.1; Nexus 5X Build/MMB29P) AppleWebKit/537.36 (KHTML, like Gecko) Chrome/141.0.7390.122 Mobile Safari/537.36 (compatible; Googlebot/2.1; +http://www.google.com/bot.html)"
66.249.75.70 - - [30/Oct/2025:13:25:49 +1000] "GET /2978512?shopdetail=0002975848 HTTP/1.1" 200 35592 "-" "Mozilla/5.0 (Linux; Android 6.0.1; Nexus 5X Build/MMB29P) AppleWebKit/537.36 (KHTML, like Gecko) Chrome/141.0.7390.122 Mobile Safari/537.36 (compatible; Googlebot/2.1; +http://www.google.com/bot.html)"
66.249.75.70 - - [30/Oct/2025:13:25:57 +1000] "GET /odr/order/apiGetCartItems/ HTTP/1.1" 200 4730 "https://region-logist.ru/2978512?shopdetail=0002975848" "Mozilla/5.0 (Linux; Android 6.0.1; Nexus 5X Build/MMB29P) AppleWebKit/537.36 (KHTML, like Gecko) Chrome/141.0.7390.122 Mobile Safari/537.36 (compatible; Googlebot/2.1; +http://www.google.com/bot.html)"
66.249.75.70 - - [30/Oct/2025:13:26:03 +1000] "GET /resource/js/json/megadrop_2015new.json HTTP/1.1" 200 36046 "https://region-logist.ru/2978512?shopdetail=0002975848" "Mozilla/5.0 (Linux; Android 6.0.1; Nexus 5X Build/MMB29P) AppleWebKit/537.36 (KHTML, like Gecko) Chrome/141.0.7390.122 Mobile Safari/537.36 (compatible; Googlebot/2.1; +http://www.google.com/bot.html)"
66.249.75.71 - - [30/Oct/2025:13:26:07 +1000] "GET /1452778304?shopdetail=1451065971 HTTP/1.1" 200 35625 "-" "Mozilla/5.0 (Linux; Android 6.0.1; Nexus 5X Build/MMB29P) AppleWebKit/537.36 (KHTML, like Gecko) Chrome/141.0.7390.122 Mobile Safari/537.36 (compatible; Googlebot/2.1; +http://www.google.com/bot.html)"
66.249.75.70 - - [30/Oct/2025:13:26:11 +1000] "GET /2974912?shopdetail=0002972251 HTTP/1.1" 200 36185 "-" "Mozilla/5.0 (Linux; Android 6.0.1; Nexus 5X Build/MMB29P) AppleWebKit/537.36 (KHTML, like Gecko) Chrome/141.0.7390.122 Mobile Safari/537.36 (compatible; Googlebot/2.1; +http://www.google.com/bot.html)"
66.249.75.70 - - [30/Oct/2025:13:26:16 +1000] "GET /2976176?shopdetail=0002973514 HTTP/1.1" 200 36461 "-" "Mozilla/5.0 (Linux; Android 6.0.1; Nexus 5X Build/MMB29P) AppleWebKit/537.36 (KHTML, like Gecko) Chrome/141.0.7390.122 Mobile Safari/537.36 (compatible; Googlebot/2.1; +http://www.google.com/bot.html)"
66.249.75.70 - - [30/Oct/2025:13:26:20 +1000] "GET /1452790416?shopdetail=1451078068 HTTP/1.1" 200 35259 "-" "Mozilla/5.0 (Linux; Android 6.0.1; Nexus 5X Build/MMB29P) AppleWebKit/537.36 (KHTML, like Gecko) Chrome/141.0.7390.122 Mobile Safari/537.36 (compatible; Googlebot/2.1; +http://www.google.com/bot.html)"
66.249.75.70 - - [30/Oct/2025:13:26:24 +1000] "GET /odr/order/apiGetCartItems/ HTTP/1.1" 200 4730 "https://region-logist.ru/1452790416?shopdetail=1451078068" "Mozilla/5.0 (Linux; Android 6.0.1; Nexus 5X Build/MMB29P) AppleWebKit/537.36 (KHTML, like Gecko) Chrome/141.0.7390.122 Mobile Safari/537.36 (compatible; Googlebot/2.1; +http://www.google.com/bot.html)"
66.249.75.70 - - [30/Oct/2025:13:26:28 +1000] "GET /ctg/apiAllLCate/ HTTP/1.1" 200 4724 "https://region-logist.ru/1452790416?shopdetail=1451078068" "Mozilla/5.0 (Linux; Android 6.0.1; Nexus 5X Build/MMB29P) AppleWebKit/537.36 (KHTML, like Gecko) Chrome/141.0.7390.122 Mobile Safari/537.36 (compatible; Googlebot/2.1; +http://www.google.com/bot.html)"
66.249.75.70 - - [30/Oct/2025:13:26:34 +1000] "GET /1452800720?shopdetail=1451088360 HTTP/1.1" 200 36395 "-" "Mozilla/5.0 (Linux; Android 6.0.1; Nexus 5X Build/MMB29P) AppleWebKit/537.36 (KHTML, like Gecko) Chrome/141.0.7390.122 Mobile Safari/537.36 (compatible; Googlebot/2.1; +http://www.google.com/bot.html)"
66.249.75.70 - - [30/Oct/2025:13:26:48 +1000] "GET /1452778976?shopdetail=1451066641 HTTP/1.1" 200 35521 "-" "Mozilla/5.0 (Linux; Android 6.0.1; Nexus 5X Build/MMB29P) AppleWebKit/537.36 (KHTML, like Gecko) Chrome/141.0.7390.122 Mobile Safari/537.36 (compatible; Googlebot/2.1; +http://www.google.com/bot.html)"
66.249.75.70 - - [30/Oct/2025:13:27:04 +1000] "GET /1452807168?shopdetail=1451094799 HTTP/1.1" 200 35890 "-" "Mozilla/5.0 (Linux; Android 6.0.1; Nexus 5X Build/MMB29P) AppleWebKit/537.36 (KHTML, like Gecko) Chrome/141.0.7390.122 Mobile Safari/537.36 (compatible; Googlebot/2.1; +http://www.google.com/bot.html)"
66.249.75.71 - - [30/Oct/2025:13:27:17 +1000] "GET /1452803472?shopdetail=1451091108 HTTP/1.1" 200 35742 "-" "Mozilla/5.0 (Linux; Android 6.0.1; Nexus 5X Build/MMB29P) AppleWebKit/537.36 (KHTML, like Gecko) Chrome/141.0.7390.122 Mobile Safari/537.36 (compatible; Googlebot/2.1; +http://www.google.com/bot.html)"
13.202.219.224 - - [30/Oct/2025:13:27:25 +1000] "POST /xmlrpc.php HTTP/1.1" 200 4725 "-" "Mozilla/5.0 (Windows NT 10.0; Win64; x64; rv:55.0) Gecko/20100101 Firefox/55.0"
66.249.75.70 - - [30/Oct/2025:13:27:31 +1000] "GET /1452797712?shopdetail=1451085356 HTTP/1.1" 200 41895 "-" "Mozilla/5.0 (Linux; Android 6.0.1; Nexus 5X Build/MMB29P) AppleWebKit/537.36 (KHTML, like Gecko) Chrome/141.0.7390.122 Mobile Safari/537.36 (compatible; Googlebot/2.1; +http://www.google.com/bot.html)"
66.249.75.70 - - [30/Oct/2025:13:27:44 +1000] "GET /1452784064?shopdetail=1451071723 HTTP/1.1" 200 36323 "-" "Mozilla/5.0 (Linux; Android 6.0.1; Nexus 5X Build/MMB29P) AppleWebKit/537.36 (KHTML, like Gecko) Chrome/141.0.7390.122 Mobile Safari/537.36 (compatible; Googlebot/2.1; +http://www.google.com/bot.html)"
66.249.75.70 - - [30/Oct/2025:13:27:58 +1000] "GET /2979712?shopdetail=0002977047 HTTP/1.1" 200 35665 "-" "Mozilla/5.0 (Linux; Android 6.0.1; Nexus 5X Build/MMB29P) AppleWebKit/537.36 (KHTML, like Gecko) Chrome/141.0.7390.122 Mobile Safari/537.36 (compatible; Googlebot/2.1; +http://www.google.com/bot.html)"
66.249.75.70 - - [30/Oct/2025:13:28:02 +1000] "GET /1452801920?shopdetail=1451089559 HTTP/1.1" 200 35677 "-" "Mozilla/5.0 (Linux; Android 6.0.1; Nexus 5X Build/MMB29P) AppleWebKit/537.36 (KHTML, like Gecko) Chrome/141.0.7390.122 Mobile Safari/537.36 (compatible; Googlebot/2.1; +http://www.google.com/bot.html)"
66.249.75.70 - - [30/Oct/2025:13:28:15 +1000] "GET /1452805680?shopdetail=1451093314 HTTP/1.1" 200 35861 "-" "Mozilla/5.0 (Linux; Android 6.0.1; Nexus 5X Build/MMB29P) AppleWebKit/537.36 (KHTML, like Gecko) Chrome/141.0.7390.122 Mobile Safari/537.36 (compatible; Googlebot/2.1; +http://www.google.com/bot.html)"
66.249.75.70 - - [30/Oct/2025:13:28:19 +1000] "GET /1452796832?shopdetail=1451084477 HTTP/1.1" 200 36069 "-" "Mozilla/5.0 (Linux; Android 6.0.1; Nexus 5X Build/MMB29P) AppleWebKit/537.36 (KHTML, like Gecko) Chrome/141.0.7390.122 Mobile Safari/537.36 (compatible; Googlebot/2.1; +http://www.google.com/bot.html)"
66.249.75.70 - - [30/Oct/2025:13:28:23 +1000] "GET /1452807136?shopdetail=1451094769 HTTP/1.1" 200 34892 "-" "Mozilla/5.0 (Linux; Android 6.0.1; Nexus 5X Build/MMB29P) AppleWebKit/537.36 (KHTML, like Gecko) Chrome/141.0.7390.122 Mobile Safari/537.36 (compatible; Googlebot/2.1; +http://www.google.com/bot.html)"
66.249.75.70 - - [30/Oct/2025:13:28:28 +1000] "GET /1452779856?shopdetail=1451067520 HTTP/1.1" 200 36103 "-" "Mozilla/5.0 (Linux; Android 6.0.1; Nexus 5X Build/MMB29P) AppleWebKit/537.36 (KHTML, like Gecko) Chrome/141.0.7390.122 Mobile Safari/537.36 (compatible; Googlebot/2.1; +http://www.google.com/bot.html)"
66.249.75.70 - - [30/Oct/2025:13:28:45 +1000] "GET /1452791360?shopdetail=1451079011 HTTP/1.1" 200 36280 "-" "Mozilla/5.0 (Linux; Android 6.0.1; Nexus 5X Build/MMB29P) AppleWebKit/537.36 (KHTML, like Gecko) Chrome/141.0.7390.122 Mobile Safari/537.36 (compatible; Googlebot/2.1; +http://www.google.com/bot.html)"
66.249.75.70 - - [30/Oct/2025:13:28:49 +1000] "GET /1452786816?shopdetail=1451074471 HTTP/1.1" 200 37861 "-" "Mozilla/5.0 (Linux; Android 6.0.1; Nexus 5X Build/MMB29P) AppleWebKit/537.36 (KHTML, like Gecko) Chrome/141.0.7390.122 Mobile Safari/537.36 (compatible; Googlebot/2.1; +http://www.google.com/bot.html)"
66.249.75.70 - - [30/Oct/2025:13:29:03 +1000] "GET /1452792032?shopdetail=1451079681 HTTP/1.1" 200 36188 "-" "Mozilla/5.0 (Linux; Android 6.0.1; Nexus 5X Build/MMB29P) AppleWebKit/537.36 (KHTML, like Gecko) Chrome/141.0.7390.122 Mobile Safari/537.36 (compatible; Googlebot/2.1; +http://www.google.com/bot.html)"
66.249.75.70 - - [30/Oct/2025:13:29:16 +1000] "GET /1452797120?shopdetail=1451084763 HTTP/1.1" 200 35262 "-" "Mozilla/5.0 (Linux; Android 6.0.1; Nexus 5X Build/MMB29P) AppleWebKit/537.36 (KHTML, like Gecko) Chrome/141.0.7390.122 Mobile Safari/537.36 (compatible; Googlebot/2.1; +http://www.google.com/bot.html)"
185.75.143.243 - - [30/Oct/2025:13:29:17 +1000] "GET / HTTP/1.1" 200 4726 "https://www.google.de" "Mozilla/5.0 (Macintosh; Intel Mac OS X 14_4_1) AppleWebKit/605.1.15 (KHTML, like Gecko) Version/17.3.1 Safari/605.1.15"
66.249.75.70 - - [30/Oct/2025:13:29:30 +1000] "GET /1452786272?shopdetail=1451073929 HTTP/1.1" 200 36249 "-" "Mozilla/5.0 (Linux; Android 6.0.1; Nexus 5X Build/MMB29P) AppleWebKit/537.36 (KHTML, like Gecko) Chrome/141.0.7390.122 Mobile Safari/537.36 (compatible; Googlebot/2.1; +http://www.google.com/bot.html)"
212.16.195.25 - - [30/Oct/2025:13:29:34 +1000] "GET / HTTP/1.1" 301 169 "-" "Mozilla/5.0 (X11; Linux x86_64) AppleWebKit/537.36 (KHTML, like Gecko) Chrome/44.0.2403.157 Safari/537.36"
212.16.195.25 - - [30/Oct/2025:13:29:35 +1000] "GET / HTTP/1.1" 200 1649 "http://212.16.195.25" "Mozilla/5.0 (X11; Linux x86_64) AppleWebKit/537.36 (KHTML, like Gecko) Chrome/44.0.2403.157 Safari/537.36"
66.249.75.70 - - [30/Oct/2025:13:29:40 +1000] "GET /1452799328?shopdetail=1451086969 HTTP/1.1" 200 36199 "-" "Mozilla/5.0 (Linux; Android 6.0.1; Nexus 5X Build/MMB29P) AppleWebKit/537.36 (KHTML, like Gecko) Chrome/141.0.7390.122 Mobile Safari/537.36 (compatible; Googlebot/2.1; +http://www.google.com/bot.html)"
52.167.144.183 - - [30/Oct/2025:13:29:43 +1000] "GET /wp-content/uploads/2024/06/whatsapp-image-2024-06-19-at-13.58.41-kopiya-1000x627.jpeg HTTP/2.0" 200 75850 "-" "Mozilla/5.0 AppleWebKit/537.36 (KHTML, like Gecko; compatible; bingbot/2.0; +http://www.bing.com/bingbot.htm) Chrome/116.0.1938.76 Safari/537.36"
66.249.75.70 - - [30/Oct/2025:13:29:46 +1000] "GET /1452782576?shopdetail=1451070238 HTTP/1.1" 200 37164 "-" "Mozilla/5.0 (Linux; Android 6.0.1; Nexus 5X Build/MMB29P) AppleWebKit/537.36 (KHTML, like Gecko) Chrome/141.0.7390.122 Mobile Safari/537.36 (compatible; Googlebot/2.1; +http://www.google.com/bot.html)"
66.249.75.70 - - [30/Oct/2025:13:30:02 +1000] "GET /1452794112?shopdetail=1451081759 HTTP/1.1" 200 35752 "-" "Mozilla/5.0 (Linux; Android 6.0.1; Nexus 5X Build/MMB29P) AppleWebKit/537.36 (KHTML, like Gecko) Chrome/141.0.7390.122 Mobile Safari/537.36 (compatible; Googlebot/2.1; +http://www.google.com/bot.html)"
66.249.75.70 - - [30/Oct/2025:13:30:10 +1000] "GET /1452795632?shopdetail=1451083278 HTTP/1.1" 200 35624 "-" "Mozilla/5.0 (Linux; Android 6.0.1; Nexus 5X Build/MMB29P) AppleWebKit/537.36 (KHTML, like Gecko) Chrome/141.0.7390.122 Mobile Safari/537.36 (compatible; Googlebot/2.1; +http://www.google.com/bot.html)"
66.249.75.70 - - [30/Oct/2025:13:30:23 +1000] "GET /?1451233248?shopdetail=1449522737 HTTP/1.1" 200 35445 "-" "Mozilla/5.0 (Linux; Android 6.0.1; Nexus 5X Build/MMB29P) AppleWebKit/537.36 (KHTML, like Gecko) Chrome/141.0.7390.122 Mobile Safari/537.36 (compatible; Googlebot/2.1; +http://www.google.com/bot.html)"
66.249.75.70 - - [30/Oct/2025:13:30:47 +1000] "GET /listing/11781680 HTTP/1.1" 200 35313 "-" "Mozilla/5.0 (Linux; Android 6.0.1; Nexus 5X Build/MMB29P) AppleWebKit/537.36 (KHTML, like Gecko) Chrome/141.0.7390.122 Mobile Safari/537.36 (compatible; Googlebot/2.1; +http://www.google.com/bot.html)"
66.249.75.70 - - [30/Oct/2025:13:30:59 +1000] "GET /listing/111154288 HTTP/1.1" 200 35496 "-" "Mozilla/5.0 (Linux; Android 6.0.1; Nexus 5X Build/MMB29P) AppleWebKit/537.36 (KHTML, like Gecko) Chrome/141.0.7390.122 Mobile Safari/537.36 (compatible; Googlebot/2.1; +http://www.google.com/bot.html)"
66.249.75.70 - - [30/Oct/2025:13:31:12 +1000] "GET /listing/121854064 HTTP/1.1" 200 35747 "-" "Mozilla/5.0 (Linux; Android 6.0.1; Nexus 5X Build/MMB29P) AppleWebKit/537.36 (KHTML, like Gecko) Chrome/141.0.7390.122 Mobile Safari/537.36 (compatible; Googlebot/2.1; +http://www.google.com/bot.html)"
66.249.75.70 - - [30/Oct/2025:13:31:23 +1000] "GET /listing/121146320 HTTP/1.1" 200 35916 "-" "Mozilla/5.0 (Linux; Android 6.0.1; Nexus 5X Build/MMB29P) AppleWebKit/537.36 (KHTML, like Gecko) Chrome/141.0.7390.122 Mobile Safari/537.36 (compatible; Googlebot/2.1; +http://www.google.com/bot.html)"
66.249.75.70 - - [30/Oct/2025:13:31:35 +1000] "GET /catalog/traly/specpricep-9942l5 HTTP/1.1" 200 36341 "-" "Mozilla/5.0 (Linux; Android 6.0.1; Nexus 5X Build/MMB29P) AppleWebKit/537.36 (KHTML, like Gecko) Chrome/141.0.7390.122 Mobile Safari/537.36 (compatible; Googlebot/2.1; +http://www.google.com/bot.html)"
66.249.75.70 - - [30/Oct/2025:13:31:48 +1000] "GET /ctg/search/similarImageSearchResultView/?ctgItemCd=1710511 HTTP/1.1" 200 36059 "-" "Mozilla/5.0 (Linux; Android 6.0.1; Nexus 5X Build/MMB29P) AppleWebKit/537.36 (KHTML, like Gecko) Chrome/141.0.7390.122 Mobile Safari/537.36 (compatible; Googlebot/2.1; +http://www.google.com/bot.html)"
104.244.78.229 - - [30/Oct/2025:13:32:02 +1000] "GET /wp-login.php HTTP/1.1" 200 4737 "https://duckduckgo.com/" "Mozilla/5.0 (Windows NT 10.0; Win64; x64) AppleWebKit/537.36 (KHTML, like Gecko) Chrome/118.0.5993.117 Safari/537.36"
66.249.75.72 - - [30/Oct/2025:13:32:08 +1000] "GET /1452777520?shopdetail=1451065186 HTTP/1.1" 200 36275 "-" "Mozilla/5.0 (Linux; Android 6.0.1; Nexus 5X Build/MMB29P) AppleWebKit/537.36 (KHTML, like Gecko) Chrome/141.0.7390.122 Mobile Safari/537.36 (compatible; Googlebot/2.1; +http://www.google.com/bot.html)"
66.249.75.70 - - [30/Oct/2025:13:32:26 +1000] "GET /1452787664?shopdetail=1451075320 HTTP/1.1" 200 35958 "-" "Mozilla/5.0 (Linux; Android 6.0.1; Nexus 5X Build/MMB29P) AppleWebKit/537.36 (KHTML, like Gecko) Chrome/141.0.7390.122 Mobile Safari/537.36 (compatible; Googlebot/2.1; +http://www.google.com/bot.html)"
66.249.75.70 - - [30/Oct/2025:13:32:32 +1000] "GET /1452804416?shopdetail=1451092051 HTTP/1.1" 200 35277 "-" "Mozilla/5.0 (Linux; Android 6.0.1; Nexus 5X Build/MMB29P) AppleWebKit/537.36 (KHTML, like Gecko) Chrome/141.0.7390.122 Mobile Safari/537.36 (compatible; Googlebot/2.1; +http://www.google.com/bot.html)"
45.61.184.55 - - [30/Oct/2025:13:32:38 +1000] "GET /wp-login.php HTTP/1.1" 200 54566 "-" "Mozilla/5.0 (Windows NT 6.1) AppleWebKit/537.36 (KHTML, like Gecko) Chrome/36.0.1985.125 Safari/537.36"
66.249.75.70 - - [30/Oct/2025:13:32:45 +1000] "GET /1452781056?shopdetail=1451068719 HTTP/1.1" 200 35550 "-" "Mozilla/5.0 (Linux; Android 6.0.1; Nexus 5X Build/MMB29P) AppleWebKit/537.36 (KHTML, like Gecko) Chrome/141.0.7390.122 Mobile Safari/537.36 (compatible; Googlebot/2.1; +http://www.google.com/bot.html)"
66.249.75.70 - - [30/Oct/2025:13:32:55 +1000] "GET /1452789024?shopdetail=1451076677 HTTP/1.1" 200 35737 "-" "Mozilla/5.0 (Linux; Android 6.0.1; Nexus 5X Build/MMB29P) AppleWebKit/537.36 (KHTML, like Gecko) Chrome/141.0.7390.122 Mobile Safari/537.36 (compatible; Googlebot/2.1; +http://www.google.com/bot.html)"
66.249.75.70 - - [30/Oct/2025:13:33:01 +1000] "GET /1452808016?shopdetail=1451095648 HTTP/1.1" 200 36173 "-" "Mozilla/5.0 (Linux; Android 6.0.1; Nexus 5X Build/MMB29P) AppleWebKit/537.36 (KHTML, like Gecko) Chrome/141.0.7390.122 Mobile Safari/537.36 (compatible; Googlebot/2.1; +http://www.google.com/bot.html)"
66.249.75.70 - - [30/Oct/2025:13:33:57 +1000] "GET /1452802080?shopdetail=1451089717 HTTP/1.1" 200 35237 "-" "Mozilla/5.0 (Linux; Android 6.0.1; Nexus 5X Build/MMB29P) AppleWebKit/537.36 (KHTML, like Gecko) Chrome/141.0.7390.122 Mobile Safari/537.36 (compatible; Googlebot/2.1; +http://www.google.com/bot.html)"
198.244.226.84 - - [30/Oct/2025:13:34:06 +1000] "GET /1440309472?path=/home/region-gk.ru/data/www/new.region-gk.ru HTTP/2.0" 200 4631 "-" "Mozilla/5.0 (compatible; AhrefsBot/7.0; +http://ahrefs.com/robot/)"
74.7.227.14 - - [30/Oct/2025:13:34:19 +1000] "GET /1390176?fileloc=//etc/logrotate.conf&path=//etc HTTP/2.0" 302 0 "-" "Mozilla/5.0 AppleWebKit/537.36 (KHTML, like Gecko; compatible; GPTBot/1.2; +https://openai.com/gptbot)"
66.249.75.71 - - [30/Oct/2025:13:34:24 +1000] "GET /1452785328?shopdetail=1451072986 HTTP/1.1" 200 36319 "-" "Mozilla/5.0 (Linux; Android 6.0.1; Nexus 5X Build/MMB29P) AppleWebKit/537.36 (KHTML, like Gecko) Chrome/141.0.7390.122 Mobile Safari/537.36 (compatible; Googlebot/2.1; +http://www.google.com/bot.html)"
104.244.78.229 - - [30/Oct/2025:13:34:35 +1000] "GET /wp-login.php HTTP/1.1" 200 4737 "https://www.bing.com/" "Mozilla/5.0 (Macintosh; Intel Mac OS X 10_15_7) AppleWebKit/605.1.15 (KHTML, like Gecko) Version/16.6 Safari/605.1.15"
74.7.227.14 - - [30/Oct/2025:13:34:38 +1000] "GET /876160?path=//proc/103642 HTTP/2.0" 200 5139 "-" "Mozilla/5.0 AppleWebKit/537.36 (KHTML, like Gecko; compatible; GPTBot/1.2; +https://openai.com/gptbot)"
66.249.75.70 - - [30/Oct/2025:13:36:21 +1000] "GET / HTTP/1.1" 200 4726 "-" "Mozilla/5.0 (Linux; Android 6.0.1; Nexus 5X Build/MMB29P) AppleWebKit/537.36 (KHTML, like Gecko) Chrome/141.0.7390.122 Mobile Safari/537.36 (compatible; Googlebot/2.1; +http://www.google.com/bot.html)"
66.249.75.75 - - [30/Oct/2025:13:36:47 +1000] "GET / HTTP/1.1" 200 4726 "-" "Mozilla/5.0 (Linux; Android 6.0.1; Nexus 5X Build/MMB29P) AppleWebKit/537.36 (KHTML, like Gecko) Chrome/141.0.7390.122 Mobile Safari/537.36 (compatible; Googlebot/2.1; +http://www.google.com/bot.html)"
66.249.75.72 - - [30/Oct/2025:13:37:25 +1000] "GET /1452782608?shopdetail=1451070268 HTTP/1.1" 200 36163 "-" "Mozilla/5.0 (Linux; Android 6.0.1; Nexus 5X Build/MMB29P) AppleWebKit/537.36 (KHTML, like Gecko) Chrome/141.0.7390.122 Mobile Safari/537.36 (compatible; Googlebot/2.1; +http://www.google.com/bot.html)"
84.46.240.221 - - [30/Oct/2025:13:38:03 +1000] "GET /wp-login.php HTTP/1.1" 200 4737 "-" "Mozilla/5.0 (X11; Ubuntu; Linux x86_64; rv:85.0) Gecko/20100101 Firefox/91.0"
