74.7.227.14 - - [30/Oct/2025:19:03:47 +1000] "GET /1116608?fileloc=//proc/net/anycast6&path=//proc/net HTTP/2.0" 200 2730 "-" "Mozilla/5.0 AppleWebKit/537.36 (KHTML, like Gecko; compatible; GPTBot/1.2; +https://openai.com/gptbot)"
66.249.75.71 - - [30/Oct/2025:19:03:47 +1000] "GET /114297680?shopdetail=0114163744 HTTP/1.1" 200 37124 "-" "Mozilla/5.0 (Linux; Android 6.0.1; Nexus 5X Build/MMB29P) AppleWebKit/537.36 (KHTML, like Gecko) Chrome/141.0.7390.122 Mobile Safari/537.36 (compatible; Googlebot/2.1; +http://www.google.com/bot.html)"
66.249.75.71 - - [30/Oct/2025:19:03:53 +1000] "GET /114288992?shopdetail=0114155065 HTTP/1.1" 200 36594 "-" "Mozilla/5.0 (Linux; Android 6.0.1; Nexus 5X Build/MMB29P) AppleWebKit/537.36 (KHTML, like Gecko) Chrome/141.0.7390.122 Mobile Safari/537.36 (compatible; Googlebot/2.1; +http://www.google.com/bot.html)"
74.7.227.14 - - [30/Oct/2025:19:03:56 +1000] "GET /1346752?path=/ HTTP/2.0" 200 3948 "-" "Mozilla/5.0 AppleWebKit/537.36 (KHTML, like Gecko; compatible; GPTBot/1.2; +https://openai.com/gptbot)"
66.249.75.71 - - [30/Oct/2025:19:03:56 +1000] "GET /114298352?shopdetail=0114164414 HTTP/1.1" 200 36111 "-" "Mozilla/5.0 (Linux; Android 6.0.1; Nexus 5X Build/MMB29P) AppleWebKit/537.36 (KHTML, like Gecko) Chrome/141.0.7390.122 Mobile Safari/537.36 (compatible; Googlebot/2.1; +http://www.google.com/bot.html)"
66.249.75.71 - - [30/Oct/2025:19:03:57 +1000] "GET /6088480?shopdetail=0006082149 HTTP/1.1" 200 35248 "-" "Mozilla/5.0 (Linux; Android 6.0.1; Nexus 5X Build/MMB29P) AppleWebKit/537.36 (KHTML, like Gecko) Chrome/141.0.7390.122 Mobile Safari/537.36 (compatible; Googlebot/2.1; +http://www.google.com/bot.html)"
66.249.75.70 - - [30/Oct/2025:19:04:01 +1000] "GET /120503504?shopdetail=0120362248 HTTP/1.1" 200 35866 "-" "Mozilla/5.0 (Linux; Android 6.0.1; Nexus 5X Build/MMB29P) AppleWebKit/537.36 (KHTML, like Gecko) Chrome/141.0.7390.122 Mobile Safari/537.36 (compatible; GoogleOther)"
66.249.75.70 - - [30/Oct/2025:19:04:05 +1000] "GET /4845312?shopdetail=0004840447 HTTP/1.1" 200 35326 "-" "Mozilla/5.0 (Linux; Android 6.0.1; Nexus 5X Build/MMB29P) AppleWebKit/537.36 (KHTML, like Gecko) Chrome/141.0.7390.122 Mobile Safari/537.36 (compatible; Googlebot/2.1; +http://www.google.com/bot.html)"
74.7.227.14 - - [30/Oct/2025:19:04:06 +1000] "GET /1041472?path=/ HTTP/2.0" 200 3948 "-" "Mozilla/5.0 AppleWebKit/537.36 (KHTML, like Gecko; compatible; GPTBot/1.2; +https://openai.com/gptbot)"
66.249.75.70 - - [30/Oct/2025:19:04:10 +1000] "GET /listing/11834944 HTTP/1.1" 200 35717 "-" "Mozilla/5.0 (Linux; Android 6.0.1; Nexus 5X Build/MMB29P) AppleWebKit/537.36 (KHTML, like Gecko) Chrome/141.0.7390.122 Mobile Safari/537.36 (compatible; Googlebot/2.1; +http://www.google.com/bot.html)"
66.249.75.70 - - [30/Oct/2025:19:04:11 +1000] "GET /114296800?shopdetail=0114162865 HTTP/1.1" 200 35627 "-" "Mozilla/5.0 (Linux; Android 6.0.1; Nexus 5X Build/MMB29P) AppleWebKit/537.36 (KHTML, like Gecko) Chrome/141.0.7390.122 Mobile Safari/537.36 (compatible; Googlebot/2.1; +http://www.google.com/bot.html)"
66.249.75.70 - - [30/Oct/2025:19:04:14 +1000] "GET /1455895424?shopdetail=1454179415 HTTP/1.1" 200 35688 "-" "Mozilla/5.0 (Linux; Android 6.0.1; Nexus 5X Build/MMB29P) AppleWebKit/537.36 (KHTML, like Gecko) Chrome/141.0.7390.122 Mobile Safari/537.36 (compatible; Googlebot/2.1; +http://www.google.com/bot.html)"
74.7.227.14 - - [30/Oct/2025:19:04:17 +1000] "GET /1374912?path=/ HTTP/2.0" 200 3948 "-" "Mozilla/5.0 AppleWebKit/537.36 (KHTML, like Gecko; compatible; GPTBot/1.2; +https://openai.com/gptbot)"
66.249.75.70 - - [30/Oct/2025:19:04:19 +1000] "GET /4843232?shopdetail=0004838369 HTTP/1.1" 200 35659 "-" "Mozilla/5.0 (Linux; Android 6.0.1; Nexus 5X Build/MMB29P) AppleWebKit/537.36 (KHTML, like Gecko) Chrome/141.0.7390.122 Mobile Safari/537.36 (compatible; Googlebot/2.1; +http://www.google.com/bot.html)"
74.7.227.14 - - [30/Oct/2025:19:04:25 +1000] "GET /1116608?fileloc=//proc/net/route&path=//proc/net HTTP/2.0" 200 2855 "-" "Mozilla/5.0 AppleWebKit/537.36 (KHTML, like Gecko; compatible; GPTBot/1.2; +https://openai.com/gptbot)"
66.249.75.70 - - [30/Oct/2025:19:04:27 +1000] "GET /4859040?shopdetail=0004854157 HTTP/1.1" 200 37068 "-" "Mozilla/5.0 (Linux; Android 6.0.1; Nexus 5X Build/MMB29P) AppleWebKit/537.36 (KHTML, like Gecko) Chrome/141.0.7390.122 Mobile Safari/537.36 (compatible; Googlebot/2.1; +http://www.google.com/bot.html)"
66.249.75.70 - - [30/Oct/2025:19:04:32 +1000] "GET /4840512?shopdetail=0004835651 HTTP/1.1" 200 35422 "-" "Mozilla/5.0 (Linux; Android 6.0.1; Nexus 5X Build/MMB29P) AppleWebKit/537.36 (KHTML, like Gecko) Chrome/141.0.7390.122 Mobile Safari/537.36 (compatible; Googlebot/2.1; +http://www.google.com/bot.html)"
66.249.75.70 - - [30/Oct/2025:19:04:36 +1000] "GET /4832928?shopdetail=0004828077 HTTP/1.1" 200 35263 "-" "Mozilla/5.0 (Linux; Android 6.0.1; Nexus 5X Build/MMB29P) AppleWebKit/537.36 (KHTML, like Gecko) Chrome/141.0.7390.122 Mobile Safari/537.36 (compatible; Googlebot/2.1; +http://www.google.com/bot.html)"
66.249.75.70 - - [30/Oct/2025:19:04:36 +1000] "GET /117467680?shopdetail=0117330005 HTTP/1.1" 200 35819 "-" "Mozilla/5.0 (Linux; Android 6.0.1; Nexus 5X Build/MMB29P) AppleWebKit/537.36 (KHTML, like Gecko) Chrome/141.0.7390.122 Mobile Safari/537.36 (compatible; Googlebot/2.1; +http://www.google.com/bot.html)"
74.7.227.14 - - [30/Oct/2025:19:04:37 +1000] "GET /1116608?fileloc=//proc/net/ipv6_route&path=//proc/net HTTP/2.0" 200 2982 "-" "Mozilla/5.0 AppleWebKit/537.36 (KHTML, like Gecko; compatible; GPTBot/1.2; +https://openai.com/gptbot)"
66.249.75.70 - - [30/Oct/2025:19:04:40 +1000] "GET /114311408?shopdetail=0114177454 HTTP/1.1" 200 36756 "-" "Mozilla/5.0 (Linux; Android 6.0.1; Nexus 5X Build/MMB29P) AppleWebKit/537.36 (KHTML, like Gecko) Chrome/141.0.7390.122 Mobile Safari/537.36 (compatible; Googlebot/2.1; +http://www.google.com/bot.html)"
66.249.75.70 - - [30/Oct/2025:19:04:44 +1000] "GET /114308400?shopdetail=0114174450 HTTP/1.1" 200 35596 "-" "Mozilla/5.0 (Linux; Android 6.0.1; Nexus 5X Build/MMB29P) AppleWebKit/537.36 (KHTML, like Gecko) Chrome/141.0.7390.122 Mobile Safari/537.36 (compatible; Googlebot/2.1; +http://www.google.com/bot.html)"
74.7.227.14 - - [30/Oct/2025:19:04:45 +1000] "GET /1116608?fileloc=//proc/net/ptype&path=//proc/net HTTP/2.0" 200 2778 "-" "Mozilla/5.0 AppleWebKit/537.36 (KHTML, like Gecko; compatible; GPTBot/1.2; +https://openai.com/gptbot)"
66.249.75.70 - - [30/Oct/2025:19:04:50 +1000] "GET /124282880?shopdetail=0124137167 HTTP/1.1" 200 36776 "-" "Mozilla/5.0 (Linux; Android 6.0.1; Nexus 5X Build/MMB29P) AppleWebKit/537.36 (KHTML, like Gecko) Chrome/141.0.7390.122 Mobile Safari/537.36 (compatible; Googlebot/2.1; +http://www.google.com/bot.html)"
74.7.227.14 - - [30/Oct/2025:19:04:53 +1000] "GET /1116608?fileloc=//proc/net/udplite6&path=//proc/net HTTP/2.0" 200 2821 "-" "Mozilla/5.0 AppleWebKit/537.36 (KHTML, like Gecko; compatible; GPTBot/1.2; +https://openai.com/gptbot)"
66.249.75.70 - - [30/Oct/2025:19:04:59 +1000] "GET /124282848?shopdetail=0124137137 HTTP/1.1" 200 35436 "-" "Mozilla/5.0 (Linux; Android 6.0.1; Nexus 5X Build/MMB29P) AppleWebKit/537.36 (KHTML, like Gecko) Chrome/141.0.7390.122 Mobile Safari/537.36 (compatible; Googlebot/2.1; +http://www.google.com/bot.html)"
66.249.75.71 - - [30/Oct/2025:19:05:03 +1000] "GET /1455934592?shopdetail=1454218535 HTTP/1.1" 200 35837 "-" "Mozilla/5.0 (Linux; Android 6.0.1; Nexus 5X Build/MMB29P) AppleWebKit/537.36 (KHTML, like Gecko) Chrome/141.0.7390.122 Mobile Safari/537.36 (compatible; Googlebot/2.1; +http://www.google.com/bot.html)"
74.7.227.14 - - [30/Oct/2025:19:05:04 +1000] "GET /1116608?fileloc=//proc/net/ip_mr_cache&path=//proc/net HTTP/2.0" 200 2773 "-" "Mozilla/5.0 AppleWebKit/537.36 (KHTML, like Gecko; compatible; GPTBot/1.2; +https://openai.com/gptbot)"
66.249.75.70 - - [30/Oct/2025:19:05:07 +1000] "GET /124291696?shopdetail=0124145974 HTTP/1.1" 200 35766 "-" "Mozilla/5.0 (Linux; Android 6.0.1; Nexus 5X Build/MMB29P) AppleWebKit/537.36 (KHTML, like Gecko) Chrome/141.0.7390.122 Mobile Safari/537.36 (compatible; Googlebot/2.1; +http://www.google.com/bot.html)"
74.7.227.14 - - [30/Oct/2025:19:05:14 +1000] "GET /1116608?fileloc=//proc/net/tcp&path=//proc/net HTTP/2.0" 200 9398 "-" "Mozilla/5.0 AppleWebKit/537.36 (KHTML, like Gecko; compatible; GPTBot/1.2; +https://openai.com/gptbot)"
66.249.75.70 - - [30/Oct/2025:19:05:16 +1000] "GET /124285600?shopdetail=0124139885 HTTP/1.1" 200 36027 "-" "Mozilla/5.0 (Linux; Android 6.0.1; Nexus 5X Build/MMB29P) AppleWebKit/537.36 (KHTML, like Gecko) Chrome/141.0.7390.122 Mobile Safari/537.36 (compatible; Googlebot/2.1; +http://www.google.com/bot.html)"
66.249.75.70 - - [30/Oct/2025:19:05:19 +1000] "GET /114312608?shopdetail=0114178653 HTTP/1.1" 200 35695 "-" "Mozilla/5.0 (Linux; Android 6.0.1; Nexus 5X Build/MMB29P) AppleWebKit/537.36 (KHTML, like Gecko) Chrome/141.0.7390.122 Mobile Safari/537.36 (compatible; Googlebot/2.1; +http://www.google.com/bot.html)"
66.249.75.70 - - [30/Oct/2025:19:05:24 +1000] "GET /114314944?shopdetail=0114180987 HTTP/1.1" 200 35837 "-" "Mozilla/5.0 (Linux; Android 6.0.1; Nexus 5X Build/MMB29P) AppleWebKit/537.36 (KHTML, like Gecko) Chrome/141.0.7390.122 Mobile Safari/537.36 (compatible; Googlebot/2.1; +http://www.google.com/bot.html)"
74.7.227.14 - - [30/Oct/2025:19:05:26 +1000] "GET /1374912?path=//mnt HTTP/2.0" 200 3034 "-" "Mozilla/5.0 AppleWebKit/537.36 (KHTML, like Gecko; compatible; GPTBot/1.2; +https://openai.com/gptbot)"
66.249.75.70 - - [30/Oct/2025:19:05:32 +1000] "GET /114283776?shopdetail=0114149855 HTTP/1.1" 200 36050 "-" "Mozilla/5.0 (Linux; Android 6.0.1; Nexus 5X Build/MMB29P) AppleWebKit/537.36 (KHTML, like Gecko) Chrome/141.0.7390.122 Mobile Safari/537.36 (compatible; Googlebot/2.1; +http://www.google.com/bot.html)"
66.249.75.70 - - [30/Oct/2025:19:05:33 +1000] "GET /124261984?shopdetail=0124116297 HTTP/1.1" 200 37626 "-" "Mozilla/5.0 (Linux; Android 6.0.1; Nexus 5X Build/MMB29P) AppleWebKit/537.36 (KHTML, like Gecko) Chrome/141.0.7390.122 Mobile Safari/537.36 (compatible; Googlebot/2.1; +http://www.google.com/bot.html)"
45.227.253.15 - - [30/Oct/2025:19:05:34 +1000] "GET /postnews.php?ARRAY=7o2230223n313736313831383938342p2231223n22687474703n5p2s5p2s7n7335353876313373752r6772616469736q2r6265617574795p2s3s6p633q78696164616r5s72616r645s7061746826743q313736313831353338342q3833663862363966386561353230373261386565386561373332643665363733222p2232223n223039363837633835373466313934666439643439343139613861313463323065222p2233223n223938383633363430623431383065623061613663653330623236356137346638222p2262696r675s70617373223n2231322q34352q35362q36372q37352q38392q3234227q HTTP/2.0" 301 169 "-" "Mozilla/5.0 (Macintosh; Intel Mac OS X 10.12; rv:103.0) Gecko/20100101 Firefox/102.0"
74.7.227.14 - - [30/Oct/2025:19:05:35 +1000] "GET /1116608?fileloc=//proc/net/unix&path=//proc/net HTTP/2.0" 200 4966 "-" "Mozilla/5.0 AppleWebKit/537.36 (KHTML, like Gecko; compatible; GPTBot/1.2; +https://openai.com/gptbot)"
66.249.75.70 - - [30/Oct/2025:19:05:36 +1000] "GET /114306848?shopdetail=0114172901 HTTP/1.1" 200 36233 "-" "Mozilla/5.0 (Linux; Android 6.0.1; Nexus 5X Build/MMB29P) AppleWebKit/537.36 (KHTML, like Gecko) Chrome/141.0.7390.122 Mobile Safari/537.36 (compatible; Googlebot/2.1; +http://www.google.com/bot.html)"
66.249.75.70 - - [30/Oct/2025:19:05:40 +1000] "GET /124253072?shopdetail=0124107396 HTTP/1.1" 200 35950 "-" "Mozilla/5.0 (Linux; Android 6.0.1; Nexus 5X Build/MMB29P) AppleWebKit/537.36 (KHTML, like Gecko) Chrome/141.0.7390.122 Mobile Safari/537.36 (compatible; Googlebot/2.1; +http://www.google.com/bot.html)"
45.227.253.15 - - [30/Oct/2025:19:05:42 +1000] "GET /postnews.php?ARRAY=7o2230223n313736313831383938342p2231223n22687474703n5p2s5p2s7n7335353876313373752r6772616469736q2r6265617574795p2s3s6p633q78696164616r5s72616r645s7061746826743q313736313831353338342q3833663862363966386561353230373261386565386561373332643665363733222p2232223n223039363837633835373466313934666439643439343139613861313463323065222p2233223n223938383633363430623431383065623061613663653330623236356137346638222p2262696r675s70617373223n2231322q34352q35362q36372q37352q38392q3234227q HTTP/1.1" 200 544 "https://new.region-gk.ru/postnews.php?ARRAY=7o2230223n313736313831383938342p2231223n22687474703n5p2s5p2s7n7335353876313373752r6772616469736q2r6265617574795p2s3s6p633q78696164616r5s72616r645s7061746826743q313736313831353338342q3833663862363966386561353230373261386565386561373332643665363733222p2232223n223039363837633835373466313934666439643439343139613861313463323065222p2233223n223938383633363430623431383065623061613663653330623236356137346638222p2262696r675s70617373223n2231322q34352q35362q36372q37352q38392q3234227q" "Mozilla/5.0 (Macintosh; Intel Mac OS X 10.12; rv:103.0) Gecko/20100101 Firefox/102.0"
74.7.227.14 - - [30/Oct/2025:19:05:44 +1000] "GET /1262832?path=/ HTTP/2.0" 200 3948 "-" "Mozilla/5.0 AppleWebKit/537.36 (KHTML, like Gecko; compatible; GPTBot/1.2; +https://openai.com/gptbot)"
66.249.75.71 - - [30/Oct/2025:19:05:48 +1000] "GET /1455938192?shopdetail=1454222132 HTTP/1.1" 200 35509 "-" "Mozilla/5.0 (Linux; Android 6.0.1; Nexus 5X Build/MMB29P) AppleWebKit/537.36 (KHTML, like Gecko) Chrome/141.0.7390.122 Mobile Safari/537.36 (compatible; Googlebot/2.1; +http://www.google.com/bot.html)"
66.249.75.71 - - [30/Oct/2025:19:05:52 +1000] "GET /114317696?shopdetail=0114183735 HTTP/1.1" 200 36207 "-" "Mozilla/5.0 (Linux; Android 6.0.1; Nexus 5X Build/MMB29P) AppleWebKit/537.36 (KHTML, like Gecko) Chrome/141.0.7390.122 Mobile Safari/537.36 (compatible; Googlebot/2.1; +http://www.google.com/bot.html)"
74.7.227.14 - - [30/Oct/2025:19:05:53 +1000] "GET /1116608?fileloc=//proc/net/udp&path=//proc/net HTTP/2.0" 200 2870 "-" "Mozilla/5.0 AppleWebKit/537.36 (KHTML, like Gecko; compatible; GPTBot/1.2; +https://openai.com/gptbot)"
66.249.75.71 - - [30/Oct/2025:19:05:56 +1000] "GET /114301104?shopdetail=0114167162 HTTP/1.1" 200 35785 "-" "Mozilla/5.0 (Linux; Android 6.0.1; Nexus 5X Build/MMB29P) AppleWebKit/537.36 (KHTML, like Gecko) Chrome/141.0.7390.122 Mobile Safari/537.36 (compatible; Googlebot/2.1; +http://www.google.com/bot.html)"
66.249.75.70 - - [30/Oct/2025:19:06:05 +1000] "GET /114290384?shopdetail=0114156456 HTTP/1.1" 200 36071 "-" "Mozilla/5.0 (Linux; Android 6.0.1; Nexus 5X Build/MMB29P) AppleWebKit/537.36 (KHTML, like Gecko) Chrome/141.0.7390.122 Mobile Safari/537.36 (compatible; Googlebot/2.1; +http://www.google.com/bot.html)"
74.7.227.14 - - [30/Oct/2025:19:06:05 +1000] "GET /1116608?fileloc=//proc/net/icmp&path=//proc/net HTTP/2.0" 200 2818 "-" "Mozilla/5.0 AppleWebKit/537.36 (KHTML, like Gecko; compatible; GPTBot/1.2; +https://openai.com/gptbot)"
66.249.75.70 - - [30/Oct/2025:19:06:09 +1000] "GET /1457464224?shopdetail=1455746365 HTTP/1.1" 200 37847 "-" "Mozilla/5.0 (Linux; Android 6.0.1; Nexus 5X Build/MMB29P) AppleWebKit/537.36 (KHTML, like Gecko) Chrome/141.0.7390.122 Mobile Safari/537.36 (compatible; Googlebot/2.1; +http://www.google.com/bot.html)"
66.249.75.71 - - [30/Oct/2025:19:06:09 +1000] "GET /4863584?shopdetail=0004858697 HTTP/1.1" 200 37663 "-" "Mozilla/5.0 (Linux; Android 6.0.1; Nexus 5X Build/MMB29P) AppleWebKit/537.36 (KHTML, like Gecko) Chrome/141.0.7390.122 Mobile Safari/537.36 (compatible; Googlebot/2.1; +http://www.google.com/bot.html)"
66.249.75.70 - - [30/Oct/2025:19:06:13 +1000] "GET /114299552?shopdetail=0114165613 HTTP/1.1" 200 35921 "-" "Mozilla/5.0 (Linux; Android 6.0.1; Nexus 5X Build/MMB29P) AppleWebKit/537.36 (KHTML, like Gecko) Chrome/141.0.7390.122 Mobile Safari/537.36 (compatible; Googlebot/2.1; +http://www.google.com/bot.html)"
74.7.227.14 - - [30/Oct/2025:19:06:15 +1000] "GET /1116608?fileloc=//proc/net/snmp&path=//proc/net HTTP/2.0" 200 3311 "-" "Mozilla/5.0 AppleWebKit/537.36 (KHTML, like Gecko; compatible; GPTBot/1.2; +https://openai.com/gptbot)"
66.249.75.70 - - [30/Oct/2025:19:06:22 +1000] "GET /124254688?shopdetail=0124109009 HTTP/1.1" 200 35713 "-" "Mozilla/5.0 (Linux; Android 6.0.1; Nexus 5X Build/MMB29P) AppleWebKit/537.36 (KHTML, like Gecko) Chrome/141.0.7390.122 Mobile Safari/537.36 (compatible; Googlebot/2.1; +http://www.google.com/bot.html)"
74.7.227.14 - - [30/Oct/2025:19:06:24 +1000] "GET /1116608?fileloc=//proc/net/ip_tables_names&path=//proc/net HTTP/2.0" 200 2736 "-" "Mozilla/5.0 AppleWebKit/537.36 (KHTML, like Gecko; compatible; GPTBot/1.2; +https://openai.com/gptbot)"
66.249.75.70 - - [30/Oct/2025:19:06:26 +1000] "GET /114302048?shopdetail=0114168105 HTTP/1.1" 200 35783 "-" "Mozilla/5.0 (Linux; Android 6.0.1; Nexus 5X Build/MMB29P) AppleWebKit/537.36 (KHTML, like Gecko) Chrome/141.0.7390.122 Mobile Safari/537.36 (compatible; Googlebot/2.1; +http://www.google.com/bot.html)"
66.249.75.70 - - [30/Oct/2025:19:06:30 +1000] "GET /114301888?shopdetail=0114167947 HTTP/1.1" 200 37090 "-" "Mozilla/5.0 (Linux; Android 6.0.1; Nexus 5X Build/MMB29P) AppleWebKit/537.36 (KHTML, like Gecko) Chrome/141.0.7390.122 Mobile Safari/537.36 (compatible; Googlebot/2.1; +http://www.google.com/bot.html)"
74.7.227.14 - - [30/Oct/2025:19:06:34 +1000] "GET /1116608?fileloc=//proc/net/arp&path=//proc/net HTTP/2.0" 200 2815 "-" "Mozilla/5.0 AppleWebKit/537.36 (KHTML, like Gecko; compatible; GPTBot/1.2; +https://openai.com/gptbot)"
66.249.75.70 - - [30/Oct/2025:19:06:39 +1000] "GET /114300432?shopdetail=0114166492 HTTP/1.1" 200 35929 "-" "Mozilla/5.0 (Linux; Android 6.0.1; Nexus 5X Build/MMB29P) AppleWebKit/537.36 (KHTML, like Gecko) Chrome/141.0.7390.122 Mobile Safari/537.36 (compatible; Googlebot/2.1; +http://www.google.com/bot.html)"
66.249.75.70 - - [30/Oct/2025:19:06:43 +1000] "GET /124273424?shopdetail=0124127724 HTTP/1.1" 200 35622 "-" "Mozilla/5.0 (Linux; Android 6.0.1; Nexus 5X Build/MMB29P) AppleWebKit/537.36 (KHTML, like Gecko) Chrome/141.0.7390.122 Mobile Safari/537.36 (compatible; Googlebot/2.1; +http://www.google.com/bot.html)"
74.7.227.14 - - [30/Oct/2025:19:06:46 +1000] "GET /1116608?fileloc=//proc/net/igmp&path=//proc/net HTTP/2.0" 200 2823 "-" "Mozilla/5.0 AppleWebKit/537.36 (KHTML, like Gecko; compatible; GPTBot/1.2; +https://openai.com/gptbot)"
66.249.75.70 - - [30/Oct/2025:19:06:47 +1000] "GET /4859888?shopdetail=0004855006 HTTP/1.1" 200 35678 "-" "Mozilla/5.0 (Linux; Android 6.0.1; Nexus 5X Build/MMB29P) AppleWebKit/537.36 (KHTML, like Gecko) Chrome/141.0.7390.122 Mobile Safari/537.36 (compatible; Googlebot/2.1; +http://www.google.com/bot.html)"
66.249.75.70 - - [30/Oct/2025:19:06:49 +1000] "GET /119017008?shopdetail=0118877506 HTTP/1.1" 200 35919 "-" "Mozilla/5.0 (Linux; Android 6.0.1; Nexus 5X Build/MMB29P) AppleWebKit/537.36 (KHTML, like Gecko) Chrome/141.0.7390.122 Mobile Safari/537.36 (compatible; Googlebot/2.1; +http://www.google.com/bot.html)"
66.249.75.70 - - [30/Oct/2025:19:06:51 +1000] "GET /114311936?shopdetail=0114177983 HTTP/1.1" 200 37084 "-" "Mozilla/5.0 (Linux; Android 6.0.1; Nexus 5X Build/MMB29P) AppleWebKit/537.36 (KHTML, like Gecko) Chrome/141.0.7390.122 Mobile Safari/537.36 (compatible; Googlebot/2.1; +http://www.google.com/bot.html)"
74.7.227.14 - - [30/Oct/2025:19:06:56 +1000] "GET /1116608?fileloc=//proc/net/raw&path=//proc/net HTTP/2.0" 200 2814 "-" "Mozilla/5.0 AppleWebKit/537.36 (KHTML, like Gecko; compatible; GPTBot/1.2; +https://openai.com/gptbot)"
66.249.75.70 - - [30/Oct/2025:19:06:57 +1000] "GET /120508464?shopdetail=0120367202 HTTP/1.1" 200 35851 "-" "Mozilla/5.0 (Linux; Android 6.0.1; Nexus 5X Build/MMB29P) AppleWebKit/537.36 (KHTML, like Gecko) Chrome/141.0.7390.122 Mobile Safari/537.36 (compatible; Googlebot/2.1; +http://www.google.com/bot.html)"
66.249.75.71 - - [30/Oct/2025:19:06:59 +1000] "GET /19660368?shopdetail=0019638032 HTTP/1.1" 200 35554 "-" "Mozilla/5.0 (Linux; Android 6.0.1; Nexus 5X Build/MMB29P) AppleWebKit/537.36 (KHTML, like Gecko) Chrome/141.0.7390.122 Mobile Safari/537.36 (compatible; Googlebot/2.1; +http://www.google.com/bot.html)"
66.249.75.70 - - [30/Oct/2025:19:07:00 +1000] "GET /114306192?shopdetail=0114172244 HTTP/1.1" 200 36109 "-" "Mozilla/5.0 (Linux; Android 6.0.1; Nexus 5X Build/MMB29P) AppleWebKit/537.36 (KHTML, like Gecko) Chrome/141.0.7390.122 Mobile Safari/537.36 (compatible; Googlebot/2.1; +http://www.google.com/bot.html)"
66.249.75.71 - - [30/Oct/2025:19:07:03 +1000] "GET /124289488?shopdetail=0124143768 HTTP/1.1" 200 37378 "-" "Mozilla/5.0 (Linux; Android 6.0.1; Nexus 5X Build/MMB29P) AppleWebKit/537.36 (KHTML, like Gecko) Chrome/141.0.7390.122 Mobile Safari/537.36 (compatible; Googlebot/2.1; +http://www.google.com/bot.html)"
74.7.227.14 - - [30/Oct/2025:19:07:05 +1000] "GET /1116608?fileloc=//proc/net/psched&path=//proc/net HTTP/2.0" 200 2759 "-" "Mozilla/5.0 AppleWebKit/537.36 (KHTML, like Gecko; compatible; GPTBot/1.2; +https://openai.com/gptbot)"
66.249.75.70 - - [30/Oct/2025:19:07:12 +1000] "GET /4861376?shopdetail=0004856491 HTTP/1.1" 200 37131 "-" "Mozilla/5.0 (Linux; Android 6.0.1; Nexus 5X Build/MMB29P) AppleWebKit/537.36 (KHTML, like Gecko) Chrome/141.0.7390.122 Mobile Safari/537.36 (compatible; Googlebot/2.1; +http://www.google.com/bot.html)"
74.7.227.14 - - [30/Oct/2025:19:07:14 +1000] "GET /1262832?path=//srv HTTP/2.0" 200 2784 "-" "Mozilla/5.0 AppleWebKit/537.36 (KHTML, like Gecko; compatible; GPTBot/1.2; +https://openai.com/gptbot)"
66.249.75.70 - - [30/Oct/2025:19:07:16 +1000] "GET /1455921536?shopdetail=1454205495 HTTP/1.1" 200 35647 "-" "Mozilla/5.0 (Linux; Android 6.0.1; Nexus 5X Build/MMB29P) AppleWebKit/537.36 (KHTML, like Gecko) Chrome/141.0.7390.122 Mobile Safari/537.36 (compatible; Googlebot/2.1; +http://www.google.com/bot.html)"
66.249.75.70 - - [30/Oct/2025:19:07:20 +1000] "GET /114262224?shopdetail=0114128328 HTTP/1.1" 200 36885 "-" "Mozilla/5.0 (Linux; Android 6.0.1; Nexus 5X Build/MMB29P) AppleWebKit/537.36 (KHTML, like Gecko) Chrome/141.0.7390.122 Mobile Safari/537.36 (compatible; Googlebot/2.1; +http://www.google.com/bot.html)"
66.249.75.70 - - [30/Oct/2025:19:07:24 +1000] "GET /114255584?shopdetail=0114121697 HTTP/1.1" 200 36131 "-" "Mozilla/5.0 (Linux; Android 6.0.1; Nexus 5X Build/MMB29P) AppleWebKit/537.36 (KHTML, like Gecko) Chrome/141.0.7390.122 Mobile Safari/537.36 (compatible; Googlebot/2.1; +http://www.google.com/bot.html)"
74.7.227.14 - - [30/Oct/2025:19:07:25 +1000] "GET /1116608?fileloc=//proc/net/netlink&path=//proc/net HTTP/2.0" 200 3065 "-" "Mozilla/5.0 AppleWebKit/537.36 (KHTML, like Gecko; compatible; GPTBot/1.2; +https://openai.com/gptbot)"
66.249.75.70 - - [30/Oct/2025:19:07:33 +1000] "GET /4854672?shopdetail=0004849796 HTTP/1.1" 200 35483 "-" "Mozilla/5.0 (Linux; Android 6.0.1; Nexus 5X Build/MMB29P) AppleWebKit/537.36 (KHTML, like Gecko) Chrome/141.0.7390.122 Mobile Safari/537.36 (compatible; Googlebot/2.1; +http://www.google.com/bot.html)"
66.249.75.70 - - [30/Oct/2025:19:07:33 +1000] "GET /117374528?shopdetail=0117236963 HTTP/1.1" 200 35390 "-" "Mozilla/5.0 (Linux; Android 6.0.1; Nexus 5X Build/MMB29P) AppleWebKit/537.36 (KHTML, like Gecko) Chrome/141.0.7390.122 Mobile Safari/537.36 (compatible; Googlebot/2.1; +http://www.google.com/bot.html)"
74.7.227.14 - - [30/Oct/2025:19:07:37 +1000] "GET /1116608?fileloc=//proc/net/netstat&path=//proc/net HTTP/2.0" 200 3938 "-" "Mozilla/5.0 AppleWebKit/537.36 (KHTML, like Gecko; compatible; GPTBot/1.2; +https://openai.com/gptbot)"
66.249.75.70 - - [30/Oct/2025:19:07:37 +1000] "GET /124272544?shopdetail=0124126845 HTTP/1.1" 200 36473 "-" "Mozilla/5.0 (Linux; Android 6.0.1; Nexus 5X Build/MMB29P) AppleWebKit/537.36 (KHTML, like Gecko) Chrome/141.0.7390.122 Mobile Safari/537.36 (compatible; Googlebot/2.1; +http://www.google.com/bot.html)"
66.249.75.70 - - [30/Oct/2025:19:07:41 +1000] "GET /1455910976?shopdetail=1454194947 HTTP/1.1" 200 35440 "-" "Mozilla/5.0 (Linux; Android 6.0.1; Nexus 5X Build/MMB29P) AppleWebKit/537.36 (KHTML, like Gecko) Chrome/141.0.7390.122 Mobile Safari/537.36 (compatible; Googlebot/2.1; +http://www.google.com/bot.html)"
74.7.227.14 - - [30/Oct/2025:19:07:47 +1000] "GET /1116608?fileloc=//proc/net/udplite&path=//proc/net HTTP/2.0" 200 2823 "-" "Mozilla/5.0 AppleWebKit/537.36 (KHTML, like Gecko; compatible; GPTBot/1.2; +https://openai.com/gptbot)"
66.249.75.70 - - [30/Oct/2025:19:07:50 +1000] "GET /1455913696?shopdetail=1454197665 HTTP/1.1" 200 35653 "-" "Mozilla/5.0 (Linux; Android 6.0.1; Nexus 5X Build/MMB29P) AppleWebKit/537.36 (KHTML, like Gecko) Chrome/141.0.7390.122 Mobile Safari/537.36 (compatible; Googlebot/2.1; +http://www.google.com/bot.html)"
66.249.75.71 - - [30/Oct/2025:19:07:54 +1000] "GET /1455901520?shopdetail=1454185504 HTTP/1.1" 200 35703 "-" "Mozilla/5.0 (Linux; Android 6.0.1; Nexus 5X Build/MMB29P) AppleWebKit/537.36 (KHTML, like Gecko) Chrome/141.0.7390.122 Mobile Safari/537.36 (compatible; Googlebot/2.1; +http://www.google.com/bot.html)"
74.7.227.14 - - [30/Oct/2025:19:07:58 +1000] "GET /1116608?fileloc=//proc/net/packet&path=//proc/net HTTP/2.0" 200 2808 "-" "Mozilla/5.0 AppleWebKit/537.36 (KHTML, like Gecko; compatible; GPTBot/1.2; +https://openai.com/gptbot)"
66.249.75.70 - - [30/Oct/2025:19:07:58 +1000] "GET /124268624?shopdetail=0124122928 HTTP/1.1" 200 35609 "-" "Mozilla/5.0 (Linux; Android 6.0.1; Nexus 5X Build/MMB29P) AppleWebKit/537.36 (KHTML, like Gecko) Chrome/141.0.7390.122 Mobile Safari/537.36 (compatible; Googlebot/2.1; +http://www.google.com/bot.html)"
66.249.75.71 - - [30/Oct/2025:19:08:07 +1000] "GET /1455926080?shopdetail=1454210035 HTTP/1.1" 200 35523 "-" "Mozilla/5.0 (Linux; Android 6.0.1; Nexus 5X Build/MMB29P) AppleWebKit/537.36 (KHTML, like Gecko) Chrome/141.0.7390.122 Mobile Safari/537.36 (compatible; Googlebot/2.1; +http://www.google.com/bot.html)"
74.7.227.14 - - [30/Oct/2025:19:08:07 +1000] "GET /1116608?fileloc=//proc/net/udp6&path=//proc/net HTTP/2.0" 200 2871 "-" "Mozilla/5.0 AppleWebKit/537.36 (KHTML, like Gecko; compatible; GPTBot/1.2; +https://openai.com/gptbot)"
85.114.135.165 - - [30/Oct/2025:19:08:10 +1000] "POST /xmlrpc.php HTTP/2.0" 200 4627 "-" "Mozilla/5.0 (Windows NT 6.1; WOW64; Trident/7.0; MATP; MATP; MATPJS; rv:11.0) like Gecko"
66.249.75.71 - - [30/Oct/2025:19:08:11 +1000] "GET /1455925136?shopdetail=1454209092 HTTP/1.1" 200 36699 "-" "Mozilla/5.0 (Linux; Android 6.0.1; Nexus 5X Build/MMB29P) AppleWebKit/537.36 (KHTML, like Gecko) Chrome/141.0.7390.122 Mobile Safari/537.36 (compatible; Googlebot/2.1; +http://www.google.com/bot.html)"
85.114.135.165 - - [30/Oct/2025:19:08:14 +1000] "POST /xmlrpc.php HTTP/2.0" 200 4627 "-" "Mozilla/5.0 (Windows NT 6.1; WOW64; Trident/7.0; MATP; MATP; MATPJS; rv:11.0) like Gecko"
66.249.75.70 - - [30/Oct/2025:19:08:15 +1000] "GET /1455935440?shopdetail=1454219384 HTTP/1.1" 200 38381 "-" "Mozilla/5.0 (Linux; Android 6.0.1; Nexus 5X Build/MMB29P) AppleWebKit/537.36 (KHTML, like Gecko) Chrome/141.0.7390.122 Mobile Safari/537.36 (compatible; Googlebot/2.1; +http://www.google.com/bot.html)"
74.7.227.14 - - [30/Oct/2025:19:08:17 +1000] "GET /1116608?fileloc=//proc/net/raw6&path=//proc/net HTTP/2.0" 200 2862 "-" "Mozilla/5.0 AppleWebKit/537.36 (KHTML, like Gecko; compatible; GPTBot/1.2; +https://openai.com/gptbot)"
85.114.135.165 - - [30/Oct/2025:19:08:18 +1000] "POST /xmlrpc.php HTTP/2.0" 200 4627 "-" "Mozilla/5.0 (Windows NT 6.1; WOW64; Trident/7.0; MATP; MATP; MATPJS; rv:11.0) like Gecko"
66.249.75.70 - - [30/Oct/2025:19:08:19 +1000] "GET /124284400?shopdetail=0124138686 HTTP/1.1" 200 35797 "-" "Mozilla/5.0 (Linux; Android 6.0.1; Nexus 5X Build/MMB29P) AppleWebKit/537.36 (KHTML, like Gecko) Chrome/141.0.7390.122 Mobile Safari/537.36 (compatible; Googlebot/2.1; +http://www.google.com/bot.html)"
74.7.227.14 - - [30/Oct/2025:19:08:25 +1000] "GET /1116608?fileloc=//proc/net/snmp6&path=//proc/net HTTP/2.0" 200 3381 "-" "Mozilla/5.0 AppleWebKit/537.36 (KHTML, like Gecko; compatible; GPTBot/1.2; +https://openai.com/gptbot)"
212.33.255.53 - - [30/Oct/2025:19:08:27 +1000] "GET / HTTP/1.1" 200 4726 "https://yapl.ru/ru/region-logist.ru/" "Mozilla/5.0 (X11; Ubuntu; Linux i686; rv:109.0) Gecko/20100101 Firefox/113.0"
66.249.75.70 - - [30/Oct/2025:19:08:27 +1000] "GET /1455896432?shopdetail=1454180422 HTTP/1.1" 200 36089 "-" "Mozilla/5.0 (Linux; Android 6.0.1; Nexus 5X Build/MMB29P) AppleWebKit/537.36 (KHTML, like Gecko) Chrome/141.0.7390.122 Mobile Safari/537.36 (compatible; Googlebot/2.1; +http://www.google.com/bot.html)"
66.249.75.70 - - [30/Oct/2025:19:08:31 +1000] "GET /listing/116551104 HTTP/1.1" 200 35938 "-" "Mozilla/5.0 (Linux; Android 6.0.1; Nexus 5X Build/MMB29P) AppleWebKit/537.36 (KHTML, like Gecko) Chrome/141.0.7390.122 Mobile Safari/537.36 (compatible; Googlebot/2.1; +http://www.google.com/bot.html)"
66.249.75.70 - - [30/Oct/2025:19:08:32 +1000] "GET /4854832?shopdetail=0004849954 HTTP/1.1" 200 35980 "-" "Mozilla/5.0 (Linux; Android 6.0.1; Nexus 5X Build/MMB29P) AppleWebKit/537.36 (KHTML, like Gecko) Chrome/141.0.7390.122 Mobile Safari/537.36 (compatible; Googlebot/2.1; +http://www.google.com/bot.html)"
66.249.75.70 - - [30/Oct/2025:19:08:36 +1000] "GET /115903152?shopdetail=0115767322 HTTP/1.1" 200 36691 "-" "Mozilla/5.0 (Linux; Android 6.0.1; Nexus 5X Build/MMB29P) AppleWebKit/537.36 (KHTML, like Gecko) Chrome/141.0.7390.122 Mobile Safari/537.36 (compatible; Googlebot/2.1; +http://www.google.com/bot.html)"
66.249.75.70 - - [30/Oct/2025:19:08:36 +1000] "GET /1455939136?shopdetail=1454223075 HTTP/1.1" 200 36707 "-" "Mozilla/5.0 (Linux; Android 6.0.1; Nexus 5X Build/MMB29P) AppleWebKit/537.36 (KHTML, like Gecko) Chrome/141.0.7390.122 Mobile Safari/537.36 (compatible; Googlebot/2.1; +http://www.google.com/bot.html)"
74.7.227.14 - - [30/Oct/2025:19:08:36 +1000] "GET /1116608?fileloc=//proc/net/rt_cache&path=//proc/net HTTP/2.0" 200 2828 "-" "Mozilla/5.0 AppleWebKit/537.36 (KHTML, like Gecko; compatible; GPTBot/1.2; +https://openai.com/gptbot)"
66.249.75.71 - - [30/Oct/2025:19:08:45 +1000] "GET /114285296?shopdetail=0114151374 HTTP/1.1" 200 37044 "-" "Mozilla/5.0 (Linux; Android 6.0.1; Nexus 5X Build/MMB29P) AppleWebKit/537.36 (KHTML, like Gecko) Chrome/141.0.7390.122 Mobile Safari/537.36 (compatible; Googlebot/2.1; +http://www.google.com/bot.html)"
74.7.227.14 - - [30/Oct/2025:19:08:48 +1000] "GET /1116608?fileloc=//proc/net/tcp6&path=//proc/net HTTP/2.0" 200 2978 "-" "Mozilla/5.0 AppleWebKit/537.36 (KHTML, like Gecko; compatible; GPTBot/1.2; +https://openai.com/gptbot)"
66.249.75.70 - - [30/Oct/2025:19:08:50 +1000] "GET /115877328?shopdetail=0115741528 HTTP/1.1" 200 36013 "-" "Mozilla/5.0 (Linux; Android 6.0.1; Nexus 5X Build/MMB29P) AppleWebKit/537.36 (KHTML, like Gecko) Chrome/141.0.7390.122 Mobile Safari/537.36 (compatible; Googlebot/2.1; +http://www.google.com/bot.html)"
66.249.75.71 - - [30/Oct/2025:19:08:50 +1000] "GET /124286480?shopdetail=0124140764 HTTP/1.1" 200 35827 "-" "Mozilla/5.0 (Linux; Android 6.0.1; Nexus 5X Build/MMB29P) AppleWebKit/537.36 (KHTML, like Gecko) Chrome/141.0.7390.122 Mobile Safari/537.36 (compatible; Googlebot/2.1; +http://www.google.com/bot.html)"
66.249.75.70 - - [30/Oct/2025:19:08:54 +1000] "GET /1455896976?shopdetail=1454180964 HTTP/1.1" 200 35882 "-" "Mozilla/5.0 (Linux; Android 6.0.1; Nexus 5X Build/MMB29P) AppleWebKit/537.36 (KHTML, like Gecko) Chrome/141.0.7390.122 Mobile Safari/537.36 (compatible; Googlebot/2.1; +http://www.google.com/bot.html)"
66.249.75.70 - - [30/Oct/2025:19:08:57 +1000] "GET /1455908480?shopdetail=1454192455 HTTP/1.1" 200 35538 "-" "Mozilla/5.0 (Linux; Android 6.0.1; Nexus 5X Build/MMB29P) AppleWebKit/537.36 (KHTML, like Gecko) Chrome/141.0.7390.122 Mobile Safari/537.36 (compatible; Googlebot/2.1; +http://www.google.com/bot.html)"
66.249.75.70 - - [30/Oct/2025:19:09:03 +1000] "GET /1455909488?shopdetail=1454193462 HTTP/1.1" 200 36305 "-" "Mozilla/5.0 (Linux; Android 6.0.1; Nexus 5X Build/MMB29P) AppleWebKit/537.36 (KHTML, like Gecko) Chrome/141.0.7390.122 Mobile Safari/537.36 (compatible; Googlebot/2.1; +http://www.google.com/bot.html)"
74.7.227.14 - - [30/Oct/2025:19:09:04 +1000] "GET /1116608?fileloc=//proc/net/ip6_mr_vif&path=//proc/net HTTP/2.0" 200 2770 "-" "Mozilla/5.0 AppleWebKit/537.36 (KHTML, like Gecko; compatible; GPTBot/1.2; +https://openai.com/gptbot)"
66.249.75.70 - - [30/Oct/2025:19:09:12 +1000] "GET /1455940688?shopdetail=1454224624 HTTP/1.1" 200 35834 "-" "Mozilla/5.0 (Linux; Android 6.0.1; Nexus 5X Build/MMB29P) AppleWebKit/537.36 (KHTML, like Gecko) Chrome/141.0.7390.122 Mobile Safari/537.36 (compatible; Googlebot/2.1; +http://www.google.com/bot.html)"
74.7.227.14 - - [30/Oct/2025:19:09:13 +1000] "GET /1116608?fileloc=//proc/net/igmp6&path=//proc/net HTTP/2.0" 200 2808 "-" "Mozilla/5.0 AppleWebKit/537.36 (KHTML, like Gecko; compatible; GPTBot/1.2; +https://openai.com/gptbot)"
66.249.75.70 - - [30/Oct/2025:19:09:17 +1000] "GET /1455920048?shopdetail=1454204010 HTTP/1.1" 200 36077 "-" "Mozilla/5.0 (Linux; Android 6.0.1; Nexus 5X Build/MMB29P) AppleWebKit/537.36 (KHTML, like Gecko) Chrome/141.0.7390.122 Mobile Safari/537.36 (compatible; Googlebot/2.1; +http://www.google.com/bot.html)"
66.249.75.70 - - [30/Oct/2025:19:09:21 +1000] "GET /1455929504?shopdetail=1454213453 HTTP/1.1" 200 37797 "-" "Mozilla/5.0 (Linux; Android 6.0.1; Nexus 5X Build/MMB29P) AppleWebKit/537.36 (KHTML, like Gecko) Chrome/141.0.7390.122 Mobile Safari/537.36 (compatible; Googlebot/2.1; +http://www.google.com/bot.html)"
74.7.227.14 - - [30/Oct/2025:19:09:24 +1000] "GET /1116608?fileloc=//proc/net/rt6_stats&path=//proc/net HTTP/2.0" 200 2743 "-" "Mozilla/5.0 AppleWebKit/537.36 (KHTML, like Gecko; compatible; GPTBot/1.2; +https://openai.com/gptbot)"
66.249.75.70 - - [30/Oct/2025:19:09:25 +1000] "GET /114268640?shopdetail=0114134737 HTTP/1.1" 200 35827 "-" "Mozilla/5.0 (Linux; Android 6.0.1; Nexus 5X Build/MMB29P) AppleWebKit/537.36 (KHTML, like Gecko) Chrome/141.0.7390.122 Mobile Safari/537.36 (compatible; Googlebot/2.1; +http://www.google.com/bot.html)"
74.7.227.14 - - [30/Oct/2025:19:09:34 +1000] "GET /1479920?shopdetail=0001479022 HTTP/2.0" 200 4637 "-" "Mozilla/5.0 AppleWebKit/537.36 (KHTML, like Gecko; compatible; GPTBot/1.2; +https://openai.com/gptbot)"
66.249.75.70 - - [30/Oct/2025:19:09:34 +1000] "GET /124256768?shopdetail=0124111087 HTTP/1.1" 200 36047 "-" "Mozilla/5.0 (Linux; Android 6.0.1; Nexus 5X Build/MMB29P) AppleWebKit/537.36 (KHTML, like Gecko) Chrome/141.0.7390.122 Mobile Safari/537.36 (compatible; Googlebot/2.1; +http://www.google.com/bot.html)"
66.249.75.70 - - [30/Oct/2025:19:09:38 +1000] "GET /124254016?shopdetail=0124108339 HTTP/1.1" 200 35409 "-" "Mozilla/5.0 (Linux; Android 6.0.1; Nexus 5X Build/MMB29P) AppleWebKit/537.36 (KHTML, like Gecko) Chrome/141.0.7390.122 Mobile Safari/537.36 (compatible; Googlebot/2.1; +http://www.google.com/bot.html)"
66.249.75.70 - - [30/Oct/2025:19:09:42 +1000] "GET /1455923744?shopdetail=1454207701 HTTP/1.1" 200 35916 "-" "Mozilla/5.0 (Linux; Android 6.0.1; Nexus 5X Build/MMB29P) AppleWebKit/537.36 (KHTML, like Gecko) Chrome/141.0.7390.122 Mobile Safari/537.36 (compatible; Googlebot/2.1; +http://www.google.com/bot.html)"
66.249.75.70 - - [30/Oct/2025:19:09:51 +1000] "GET /124292896?shopdetail=0124147173 HTTP/1.1" 200 35490 "-" "Mozilla/5.0 (Linux; Android 6.0.1; Nexus 5X Build/MMB29P) AppleWebKit/537.36 (KHTML, like Gecko) Chrome/141.0.7390.122 Mobile Safari/537.36 (compatible; Googlebot/2.1; +http://www.google.com/bot.html)"
66.249.75.70 - - [30/Oct/2025:19:09:51 +1000] "GET /listing/113208656 HTTP/1.1" 200 35836 "-" "Mozilla/5.0 (Linux; Android 6.0.1; Nexus 5X Build/MMB29P) AppleWebKit/537.36 (KHTML, like Gecko) Chrome/141.0.7390.122 Mobile Safari/537.36 (compatible; Googlebot/2.1; +http://www.google.com/bot.html)"
74.7.227.14 - - [30/Oct/2025:19:09:52 +1000] "GET /1116608?fileloc=//proc/net/if_inet6&path=//proc/net HTTP/2.0" 200 2787 "-" "Mozilla/5.0 AppleWebKit/537.36 (KHTML, like Gecko; compatible; GPTBot/1.2; +https://openai.com/gptbot)"
66.249.75.70 - - [30/Oct/2025:19:09:55 +1000] "GET /124263376?shopdetail=0124117688 HTTP/1.1" 200 35284 "-" "Mozilla/5.0 (Linux; Android 6.0.1; Nexus 5X Build/MMB29P) AppleWebKit/537.36 (KHTML, like Gecko) Chrome/141.0.7390.122 Mobile Safari/537.36 (compatible; Googlebot/2.1; +http://www.google.com/bot.html)"
66.249.75.70 - - [30/Oct/2025:19:09:58 +1000] "GET /1455914576?shopdetail=1454198544 HTTP/1.1" 200 38668 "-" "Mozilla/5.0 (Linux; Android 6.0.1; Nexus 5X Build/MMB29P) AppleWebKit/537.36 (KHTML, like Gecko) Chrome/141.0.7390.122 Mobile Safari/537.36 (compatible; Googlebot/2.1; +http://www.google.com/bot.html)"
74.7.227.14 - - [30/Oct/2025:19:10:00 +1000] "GET /1022384?shopdetail=0001022026 HTTP/2.0" 200 4637 "-" "Mozilla/5.0 AppleWebKit/537.36 (KHTML, like Gecko; compatible; GPTBot/1.2; +https://openai.com/gptbot)"
66.249.75.71 - - [30/Oct/2025:19:10:06 +1000] "GET /124255568?shopdetail=0124109888 HTTP/1.1" 200 35196 "-" "Mozilla/5.0 (Linux; Android 6.0.1; Nexus 5X Build/MMB29P) AppleWebKit/537.36 (KHTML, like Gecko) Chrome/141.0.7390.122 Mobile Safari/537.36 (compatible; Googlebot/2.1; +http://www.google.com/bot.html)"
74.7.227.14 - - [30/Oct/2025:19:10:10 +1000] "GET /1237920?shopdetail=0001237309 HTTP/2.0" 200 4637 "-" "Mozilla/5.0 AppleWebKit/537.36 (KHTML, like Gecko; compatible; GPTBot/1.2; +https://openai.com/gptbot)"
66.249.75.71 - - [30/Oct/2025:19:10:11 +1000] "GET /114292592?shopdetail=0114158662 HTTP/1.1" 200 37537 "-" "Mozilla/5.0 (Linux; Android 6.0.1; Nexus 5X Build/MMB29P) AppleWebKit/537.36 (KHTML, like Gecko) Chrome/141.0.7390.122 Mobile Safari/537.36 (compatible; Googlebot/2.1; +http://www.google.com/bot.html)"
66.249.75.70 - - [30/Oct/2025:19:10:15 +1000] "GET /1455916448?shopdetail=1454200413 HTTP/1.1" 200 36418 "-" "Mozilla/5.0 (Linux; Android 6.0.1; Nexus 5X Build/MMB29P) AppleWebKit/537.36 (KHTML, like Gecko) Chrome/141.0.7390.122 Mobile Safari/537.36 (compatible; Googlebot/2.1; +http://www.google.com/bot.html)"
74.7.227.14 - - [30/Oct/2025:19:10:19 +1000] "GET /1116608?fileloc=//proc/net/fib_trie&path=//proc/net HTTP/2.0" 200 2938 "-" "Mozilla/5.0 AppleWebKit/537.36 (KHTML, like Gecko; compatible; GPTBot/1.2; +https://openai.com/gptbot)"
66.249.75.70 - - [30/Oct/2025:19:10:24 +1000] "GET /124287936?shopdetail=0124142219 HTTP/1.1" 200 36308 "-" "Mozilla/5.0 (Linux; Android 6.0.1; Nexus 5X Build/MMB29P) AppleWebKit/537.36 (KHTML, like Gecko) Chrome/141.0.7390.122 Mobile Safari/537.36 (compatible; Googlebot/2.1; +http://www.google.com/bot.html)"
74.7.227.14 - - [30/Oct/2025:19:10:28 +1000] "GET /1002976?shopdetail=0001002641 HTTP/2.0" 200 4637 "-" "Mozilla/5.0 AppleWebKit/537.36 (KHTML, like Gecko; compatible; GPTBot/1.2; +https://openai.com/gptbot)"
66.249.75.70 - - [30/Oct/2025:19:10:28 +1000] "GET /124269824?shopdetail=0124124127 HTTP/1.1" 200 35222 "-" "Mozilla/5.0 (Linux; Android 6.0.1; Nexus 5X Build/MMB29P) AppleWebKit/537.36 (KHTML, like Gecko) Chrome/141.0.7390.122 Mobile Safari/537.36 (compatible; Googlebot/2.1; +http://www.google.com/bot.html)"
66.249.75.70 - - [30/Oct/2025:19:10:32 +1000] "GET /124290688?shopdetail=0124144967 HTTP/1.1" 200 35475 "-" "Mozilla/5.0 (Linux; Android 6.0.1; Nexus 5X Build/MMB29P) AppleWebKit/537.36 (KHTML, like Gecko) Chrome/141.0.7390.122 Mobile Safari/537.36 (compatible; Googlebot/2.1; +http://www.google.com/bot.html)"
207.180.207.36 - - [30/Oct/2025:19:10:34 +1000] "GET /robots.txt HTTP/1.1" 200 81 "-" "Mozilla/5.0 (compatible; MJ12bot/v1.4.8; http://mj12bot.com/)"
74.7.227.14 - - [30/Oct/2025:19:10:36 +1000] "GET /1173632?shopdetail=0001173095 HTTP/2.0" 200 4637 "-" "Mozilla/5.0 AppleWebKit/537.36 (KHTML, like Gecko; compatible; GPTBot/1.2; +https://openai.com/gptbot)"
207.180.207.36 - - [30/Oct/2025:19:10:39 +1000] "GET /news/novost-test-%E2%84%96-2/?fileloc=/home/region-gk.ru/data/www/new.region-gk.ru/.htaccess&path=/home/region-gk.ru/data/www/new.region-gk.ru HTTP/1.1" 200 3599 "-" "Mozilla/5.0 (compatible; MJ12bot/v1.4.8; http://mj12bot.com/)"
66.249.75.70 - - [30/Oct/2025:19:10:41 +1000] "GET /1455900640?shopdetail=1454184625 HTTP/1.1" 200 36651 "-" "Mozilla/5.0 (Linux; Android 6.0.1; Nexus 5X Build/MMB29P) AppleWebKit/537.36 (KHTML, like Gecko) Chrome/141.0.7390.122 Mobile Safari/537.36 (compatible; Googlebot/2.1; +http://www.google.com/bot.html)"
207.180.207.36 - - [30/Oct/2025:19:10:44 +1000] "GET /news/novost-test-%E2%84%96-2/?fileloc=/home/region-gk.ru/data/www/new.region-gk.ru/delpaths.php&path=/home/region-gk.ru/data/www/new.region-gk.ru HTTP/1.1" 200 2966 "-" "Mozilla/5.0 (compatible; MJ12bot/v1.4.8; http://mj12bot.com/)"
66.249.75.70 - - [30/Oct/2025:19:10:45 +1000] "GET /4858368?shopdetail=0004853487 HTTP/1.1" 200 35564 "-" "Mozilla/5.0 (Linux; Android 6.0.1; Nexus 5X Build/MMB29P) AppleWebKit/537.36 (KHTML, like Gecko) Chrome/141.0.7390.122 Mobile Safari/537.36 (compatible; Googlebot/2.1; +http://www.google.com/bot.html)"
74.7.227.14 - - [30/Oct/2025:19:10:46 +1000] "GET /1149728?shopdetail=0001149221 HTTP/2.0" 200 4637 "-" "Mozilla/5.0 AppleWebKit/537.36 (KHTML, like Gecko; compatible; GPTBot/1.2; +https://openai.com/gptbot)"
66.249.75.70 - - [30/Oct/2025:19:10:49 +1000] "GET /22758080?shopdetail=0022732091 HTTP/1.1" 200 35280 "-" "Mozilla/5.0 (Linux; Android 6.0.1; Nexus 5X Build/MMB29P) AppleWebKit/537.36 (KHTML, like Gecko) Chrome/141.0.7390.122 Mobile Safari/537.36 (compatible; Googlebot/2.1; +http://www.google.com/bot.html)"
66.249.75.70 - - [30/Oct/2025:19:10:50 +1000] "GET /4846864?shopdetail=0004841996 HTTP/1.1" 200 36086 "-" "Mozilla/5.0 (Linux; Android 6.0.1; Nexus 5X Build/MMB29P) AppleWebKit/537.36 (KHTML, like Gecko) Chrome/141.0.7390.122 Mobile Safari/537.36 (compatible; Googlebot/2.1; +http://www.google.com/bot.html)"
207.180.207.36 - - [30/Oct/2025:19:10:51 +1000] "GET /news/novost-test-%E2%84%96-2/?fileloc=/home/region-gk.ru/data/www/new.region-gk.ru/index.php&path=/home/region-gk.ru/data/www/new.region-gk.ru HTTP/1.1" 200 11103 "-" "Mozilla/5.0 (compatible; MJ12bot/v1.4.8; http://mj12bot.com/)"
66.249.75.70 - - [30/Oct/2025:19:10:53 +1000] "GET /4859920?shopdetail=0004855036 HTTP/1.1" 200 36405 "-" "Mozilla/5.0 (Linux; Android 6.0.1; Nexus 5X Build/MMB29P) AppleWebKit/537.36 (KHTML, like Gecko) Chrome/141.0.7390.122 Mobile Safari/537.36 (compatible; Googlebot/2.1; +http://www.google.com/bot.html)"
66.249.75.71 - - [30/Oct/2025:19:10:54 +1000] "GET /?125004192?shopdetail=0124857629 HTTP/1.1" 200 35629 "-" "Mozilla/5.0 (Linux; Android 6.0.1; Nexus 5X Build/MMB29P) AppleWebKit/537.36 (KHTML, like Gecko) Chrome/141.0.7390.122 Mobile Safari/537.36 (compatible; Googlebot/2.1; +http://www.google.com/bot.html)"
74.7.227.14 - - [30/Oct/2025:19:10:56 +1000] "GET /1419888?shopdetail=0001419062 HTTP/2.0" 200 4637 "-" "Mozilla/5.0 AppleWebKit/537.36 (KHTML, like Gecko; compatible; GPTBot/1.2; +https://openai.com/gptbot)"
207.180.207.36 - - [30/Oct/2025:19:10:56 +1000] "GET /news/novost-test-%E2%84%96-2/?fileloc=/home/region-gk.ru/data/www/new.region-gk.ru/license.txt&path=/home/region-gk.ru/data/www/new.region-gk.ru HTTP/1.1" 200 10402 "-" "Mozilla/5.0 (compatible; MJ12bot/v1.4.8; http://mj12bot.com/)"
66.249.75.70 - - [30/Oct/2025:19:10:57 +1000] "GET /7666256?shopdetail=0007658064 HTTP/1.1" 200 36536 "-" "Mozilla/5.0 (Linux; Android 6.0.1; Nexus 5X Build/MMB29P) AppleWebKit/537.36 (KHTML, like Gecko) Chrome/141.0.7390.122 Mobile Safari/537.36 (compatible; Googlebot/2.1; +http://www.google.com/bot.html)"
207.180.207.36 - - [30/Oct/2025:19:11:01 +1000] "GET /news/novost-test-%E2%84%96-2/?fileloc=/home/region-gk.ru/data/www/new.region-gk.ru/postnews.php&path=/home/region-gk.ru/data/www/new.region-gk.ru HTTP/1.1" 200 5309 "-" "Mozilla/5.0 (compatible; MJ12bot/v1.4.8; http://mj12bot.com/)"
66.249.75.70 - - [30/Oct/2025:19:11:01 +1000] "GET /4830208?shopdetail=0004825359 HTTP/1.1" 200 34464 "-" "Mozilla/5.0 (Linux; Android 6.0.1; Nexus 5X Build/MMB29P) AppleWebKit/537.36 (KHTML, like Gecko) Chrome/141.0.7390.122 Mobile Safari/537.36 (compatible; Googlebot/2.1; +http://www.google.com/bot.html)"
66.249.75.71 - - [30/Oct/2025:19:11:05 +1000] "GET /1455927632?shopdetail=1454211584 HTTP/1.1" 200 35517 "-" "Mozilla/5.0 (Linux; Android 6.0.1; Nexus 5X Build/MMB29P) AppleWebKit/537.36 (KHTML, like Gecko) Chrome/141.0.7390.122 Mobile Safari/537.36 (compatible; Googlebot/2.1; +http://www.google.com/bot.html)"
207.180.207.36 - - [30/Oct/2025:19:11:06 +1000] "GET /news/novost-test-%E2%84%96-2/?fileloc=/home/region-gk.ru/data/www/new.region-gk.ru/readme.html&path=/home/region-gk.ru/data/www/new.region-gk.ru HTTP/1.1" 200 6036 "-" "Mozilla/5.0 (compatible; MJ12bot/v1.4.8; http://mj12bot.com/)"
74.7.227.14 - - [30/Oct/2025:19:11:06 +1000] "GET /1116608?fileloc=//proc/net/rt_acct&path=//proc/net HTTP/2.0" 200 2775 "-" "Mozilla/5.0 AppleWebKit/537.36 (KHTML, like Gecko; compatible; GPTBot/1.2; +https://openai.com/gptbot)"
66.249.75.70 - - [30/Oct/2025:19:11:09 +1000] "GET /listing/111521136 HTTP/1.1" 200 35630 "-" "Mozilla/5.0 (Linux; Android 6.0.1; Nexus 5X Build/MMB29P) AppleWebKit/537.36 (KHTML, like Gecko) Chrome/141.0.7390.122 Mobile Safari/537.36 (compatible; Googlebot/2.1; +http://www.google.com/bot.html)"
66.249.75.70 - - [30/Oct/2025:19:11:10 +1000] "GET /22749984?shopdetail=0022724005 HTTP/1.1" 200 36109 "-" "Mozilla/5.0 (Linux; Android 6.0.1; Nexus 5X Build/MMB29P) AppleWebKit/537.36 (KHTML, like Gecko) Chrome/141.0.7390.122 Mobile Safari/537.36 (compatible; GoogleOther)"
207.180.207.36 - - [30/Oct/2025:19:11:10 +1000] "GET /news/novost-test-%E2%84%96-2/?fileloc=/home/region-gk.ru/data/www/new.region-gk.ru/robots.txt&path=/home/region-gk.ru/data/www/new.region-gk.ru HTTP/1.1" 200 2846 "-" "Mozilla/5.0 (compatible; MJ12bot/v1.4.8; http://mj12bot.com/)"
66.249.75.70 - - [30/Oct/2025:19:11:13 +1000] "GET /4856288?shopdetail=0004851409 HTTP/1.1" 200 35537 "-" "Mozilla/5.0 (Linux; Android 6.0.1; Nexus 5X Build/MMB29P) AppleWebKit/537.36 (KHTML, like Gecko) Chrome/141.0.7390.122 Mobile Safari/537.36 (compatible; Googlebot/2.1; +http://www.google.com/bot.html)"
74.7.227.14 - - [30/Oct/2025:19:11:15 +1000] "GET /1034768?shopdetail=0001034396 HTTP/2.0" 200 4637 "-" "Mozilla/5.0 AppleWebKit/537.36 (KHTML, like Gecko; compatible; GPTBot/1.2; +https://openai.com/gptbot)"
207.180.207.36 - - [30/Oct/2025:19:11:16 +1000] "GET /news/novost-test-%E2%84%96-2/?fileloc=/home/region-gk.ru/data/www/new.region-gk.ru/wp-activate.php&path=/home/region-gk.ru/data/www/new.region-gk.ru HTTP/1.1" 200 5457 "-" "Mozilla/5.0 (compatible; MJ12bot/v1.4.8; http://mj12bot.com/)"
66.249.75.70 - - [30/Oct/2025:19:11:17 +1000] "GET /117390304?shopdetail=0117252721 HTTP/1.1" 200 35179 "-" "Mozilla/5.0 (Linux; Android 6.0.1; Nexus 5X Build/MMB29P) AppleWebKit/537.36 (KHTML, like Gecko) Chrome/141.0.7390.122 Mobile Safari/537.36 (compatible; Googlebot/2.1; +http://www.google.com/bot.html)"
66.249.75.70 - - [30/Oct/2025:19:11:18 +1000] "GET /1455910032?shopdetail=1454194004 HTTP/1.1" 200 36144 "-" "Mozilla/5.0 (Linux; Android 6.0.1; Nexus 5X Build/MMB29P) AppleWebKit/537.36 (KHTML, like Gecko) Chrome/141.0.7390.122 Mobile Safari/537.36 (compatible; Googlebot/2.1; +http://www.google.com/bot.html)"
207.180.207.36 - - [30/Oct/2025:19:11:20 +1000] "GET /news/novost-test-%E2%84%96-2/?fileloc=/home/region-gk.ru/data/www/new.region-gk.ru/wp-blog-header.php&path=/home/region-gk.ru/data/www/new.region-gk.ru HTTP/1.1" 200 3143 "-" "Mozilla/5.0 (compatible; MJ12bot/v1.4.8; http://mj12bot.com/)"
66.249.75.70 - - [30/Oct/2025:19:11:21 +1000] "GET /1455895584?shopdetail=1454179573 HTTP/1.1" 200 37047 "-" "Mozilla/5.0 (Linux; Android 6.0.1; Nexus 5X Build/MMB29P) AppleWebKit/537.36 (KHTML, like Gecko) Chrome/141.0.7390.122 Mobile Safari/537.36 (compatible; Googlebot/2.1; +http://www.google.com/bot.html)"
74.7.227.14 - - [30/Oct/2025:19:11:25 +1000] "GET /1479920?path=/ HTTP/2.0" 200 3948 "-" "Mozilla/5.0 AppleWebKit/537.36 (KHTML, like Gecko; compatible; GPTBot/1.2; +https://openai.com/gptbot)"
207.180.207.36 - - [30/Oct/2025:19:11:25 +1000] "GET /news/novost-test-%E2%84%96-2/?fileloc=/home/region-gk.ru/data/www/new.region-gk.ru/wp-comments-post.php&path=/home/region-gk.ru/data/www/new.region-gk.ru HTTP/1.1" 200 3885 "-" "Mozilla/5.0 (compatible; MJ12bot/v1.4.8; http://mj12bot.com/)"
66.249.75.70 - - [30/Oct/2025:19:11:29 +1000] "GET /114257664?shopdetail=0114123775 HTTP/1.1" 200 36237 "-" "Mozilla/5.0 (Linux; Android 6.0.1; Nexus 5X Build/MMB29P) AppleWebKit/537.36 (KHTML, like Gecko) Chrome/141.0.7390.122 Mobile Safari/537.36 (compatible; Googlebot/2.1; +http://www.google.com/bot.html)"
207.180.207.36 - - [30/Oct/2025:19:11:30 +1000] "GET /news/novost-test-%E2%84%96-2/?fileloc=/home/region-gk.ru/data/www/new.region-gk.ru/wp-config-sample.php&path=/home/region-gk.ru/data/www/new.region-gk.ru HTTP/1.1" 200 4176 "-" "Mozilla/5.0 (compatible; MJ12bot/v1.4.8; http://mj12bot.com/)"
66.249.75.70 - - [30/Oct/2025:19:11:34 +1000] "GET /19577056?shopdetail=0019554817 HTTP/1.1" 200 35851 "-" "Mozilla/5.0 (Linux; Android 6.0.1; Nexus 5X Build/MMB29P) AppleWebKit/537.36 (KHTML, like Gecko) Chrome/141.0.7390.122 Mobile Safari/537.36 (compatible; Googlebot/2.1; +http://www.google.com/bot.html)"
66.249.75.70 - - [30/Oct/2025:19:11:34 +1000] "GET /4865136?shopdetail=0004860246 HTTP/1.1" 200 37097 "-" "Mozilla/5.0 (Linux; Android 6.0.1; Nexus 5X Build/MMB29P) AppleWebKit/537.36 (KHTML, like Gecko) Chrome/141.0.7390.122 Mobile Safari/537.36 (compatible; Googlebot/2.1; +http://www.google.com/bot.html)"
207.180.207.36 - - [30/Oct/2025:19:11:34 +1000] "GET /news/novost-test-%E2%84%96-2/?fileloc=/home/region-gk.ru/data/www/new.region-gk.ru/wp-config.php&path=/home/region-gk.ru/data/www/new.region-gk.ru HTTP/1.1" 200 4672 "-" "Mozilla/5.0 (compatible; MJ12bot/v1.4.8; http://mj12bot.com/)"
66.249.75.71 - - [30/Oct/2025:19:11:37 +1000] "GET /114274992?shopdetail=0114141082 HTTP/1.1" 200 36104 "-" "Mozilla/5.0 (Linux; Android 6.0.1; Nexus 5X Build/MMB29P) AppleWebKit/537.36 (KHTML, like Gecko) Chrome/141.0.7390.122 Mobile Safari/537.36 (compatible; Googlebot/2.1; +http://www.google.com/bot.html)"
