80.85.245.241 - - [30/Oct/2025:09:13:56 +1000] "GET /?path=/home HTTP/2.0" 200 7107 "-" "\x22Mozilla/5.0 (Macintosh; Intel Mac OS X 10_15_7) AppleWebKit/537.36 (KHTML, like Gecko) Chrome/134.0.0.0 Safari/537.36\x22"
66.249.69.128 - - [30/Oct/2025:09:13:58 +1000] "GET /shopbrand/1682477558.shtm HTTP/1.1" 200 24072 "-" "Mozilla/5.0 (Linux; Android 6.0.1; Nexus 5X Build/MMB29P) AppleWebKit/537.36 (KHTML, like Gecko) Chrome/141.0.7390.122 Mobile Safari/537.36 (compatible; Googlebot/2.1; +http://www.google.com/bot.html)"
66.249.69.130 - - [30/Oct/2025:09:14:03 +1000] "GET /shopbrand/2257929586.shtm HTTP/1.1" 200 23994 "-" "Mozilla/5.0 (Linux; Android 6.0.1; Nexus 5X Build/MMB29P) AppleWebKit/537.36 (KHTML, like Gecko) Chrome/141.0.7390.122 Mobile Safari/537.36 (compatible; Googlebot/2.1; +http://www.google.com/bot.html)"
66.249.69.129 - - [30/Oct/2025:09:14:07 +1000] "GET /shopbrand/2257906291.shtm HTTP/1.1" 200 24469 "-" "Mozilla/5.0 (Linux; Android 6.0.1; Nexus 5X Build/MMB29P) AppleWebKit/537.36 (KHTML, like Gecko) Chrome/141.0.7390.122 Mobile Safari/537.36 (compatible; Googlebot/2.1; +http://www.google.com/bot.html)"
80.85.245.241 - - [30/Oct/2025:09:14:09 +1000] "GET /?path=/home/fastuser HTTP/2.0" 200 3166 "-" "\x22Mozilla/5.0 (Macintosh; Intel Mac OS X 10_15_7) AppleWebKit/537.36 (KHTML, like Gecko) Chrome/134.0.0.0 Safari/537.36\x22"
66.249.69.128 - - [30/Oct/2025:09:14:12 +1000] "GET /0?fileloc=/home/region-gk.ru/data/www/region-gk.ru/wp-activate.php?shopbrand/53739278.shtm HTTP/1.1" 200 25974 "-" "Mozilla/5.0 (Linux; Android 6.0.1; Nexus 5X Build/MMB29P) AppleWebKit/537.36 (KHTML, like Gecko) Chrome/141.0.7390.122 Mobile Safari/537.36 (compatible; Googlebot/2.1; +http://www.google.com/bot.html)"
66.249.69.128 - - [30/Oct/2025:09:14:15 +1000] "GET /shopbrand/941104186.shtm HTTP/1.1" 200 24693 "-" "Mozilla/5.0 (Linux; Android 6.0.1; Nexus 5X Build/MMB29P) AppleWebKit/537.36 (KHTML, like Gecko) Chrome/141.0.7390.122 Mobile Safari/537.36 (compatible; Googlebot/2.1; +http://www.google.com/bot.html)"
212.16.195.25 - - [30/Oct/2025:09:14:19 +1000] "GET /wp-admin/css/colors/sunrise/sunrise/index.php?ARRAY=7o2230223n313736313738333130392p2231223n22687474703n5p2s5p2s7n733435307631337375312r6r6968696p65722r6q6s6q5p2s3s6p633q7068705s636s64655s6n6326743q313736313737393530392q3239633965633666616139316138363261663664616335356134633631306237222p2232223n223665303066343265343731646161633564336564393330643765306137333532222p2233223n223739356665343238326538306539353539353835323737623233313331633532222p226175746s5s66696p655s6r616q65223n6r756p6p2p226175746s5s70617373223n6r756p6p2p2262696r675s70617373223n2232382q33342q35392q36392q37322q38372q3131227q HTTP/1.0" 504 167 "-" "-"
66.249.69.128 - - [30/Oct/2025:09:14:20 +1000] "GET /shopbrand/1682533015.shtm HTTP/1.1" 200 29138 "-" "Mozilla/5.0 (Linux; Android 6.0.1; Nexus 5X Build/MMB29P) AppleWebKit/537.36 (KHTML, like Gecko) Chrome/141.0.7390.122 Mobile Safari/537.36 (compatible; Googlebot/2.1; +http://www.google.com/bot.html)"
212.16.195.25 - - [30/Oct/2025:09:14:22 +1000] "GET / HTTP/1.1" 200 5778 "-" "Mozilla/5.0 (X11; Linux x86_64) AppleWebKit/537.36 (KHTML, like Gecko) Chrome/44.0.2403.157 Safari/537.36"
66.249.69.128 - - [30/Oct/2025:09:14:23 +1000] "GET /shopbrand/1664627581.shtm HTTP/1.1" 200 26743 "-" "Mozilla/5.0 (Linux; Android 6.0.1; Nexus 5X Build/MMB29P) AppleWebKit/537.36 (KHTML, like Gecko) Chrome/141.0.7390.122 Mobile Safari/537.36 (compatible; Googlebot/2.1; +http://www.google.com/bot.html)"
80.85.245.241 - - [30/Oct/2025:09:14:25 +1000] "GET /?path=/home/site_user HTTP/2.0" 200 3164 "-" "\x22Mozilla/5.0 (Macintosh; Intel Mac OS X 10_15_7) AppleWebKit/537.36 (KHTML, like Gecko) Chrome/134.0.0.0 Safari/537.36\x22"
66.249.69.128 - - [30/Oct/2025:09:14:27 +1000] "GET /shopbrand/2257922655.shtm HTTP/1.1" 200 24209 "-" "Mozilla/5.0 (Linux; Android 6.0.1; Nexus 5X Build/MMB29P) AppleWebKit/537.36 (KHTML, like Gecko) Chrome/141.0.7390.122 Mobile Safari/537.36 (compatible; Googlebot/2.1; +http://www.google.com/bot.html)"
66.249.69.128 - - [30/Oct/2025:09:14:31 +1000] "GET /shopbrand/2257949503.shtm HTTP/1.1" 200 26031 "-" "Mozilla/5.0 (Linux; Android 6.0.1; Nexus 5X Build/MMB29P) AppleWebKit/537.36 (KHTML, like Gecko) Chrome/141.0.7390.122 Mobile Safari/537.36 (compatible; Googlebot/2.1; +http://www.google.com/bot.html)"
80.85.245.241 - - [30/Oct/2025:09:14:40 +1000] "GET /?fileloc=/home/region-gk.ru/data/www/region-gk.ru/wp-links-opml.php&path=/home/region-gk.ru/data/www/region-gk.ru HTTP/2.0" 200 4307 "-" "\x22Mozilla/5.0 (Macintosh; Intel Mac OS X 10_15_7) AppleWebKit/537.36 (KHTML, like Gecko) Chrome/134.0.0.0 Safari/537.36\x22"
66.249.69.128 - - [30/Oct/2025:09:14:43 +1000] "GET /shopbrand/941160155.shtm HTTP/1.1" 200 26116 "-" "Mozilla/5.0 (Linux; Android 6.0.1; Nexus 5X Build/MMB29P) AppleWebKit/537.36 (KHTML, like Gecko) Chrome/141.0.7390.122 Mobile Safari/537.36 (compatible; Googlebot/2.1; +http://www.google.com/bot.html)"
212.16.195.25 - - [30/Oct/2025:09:14:45 +1000] "GET /wp-admin/css/colors/sunrise/sunrise/index.php?ARRAY=7o2230223n313736313738333133352p2231223n22687474703n5p2s5p2s7n733435307631337375312r6r6968696p65722r6q6s6q5p2s3s6p633q7068705s636s64655s6n6326743q313736313737393533352q3434663438633037323632306338613838633765386264326534386634323366222p2232223n223665303066343265343731646161633564336564393330643765306137333532222p2233223n223739356665343238326538306539353539353835323737623233313331633532222p226175746s5s66696p655s6r616q65223n6r756p6p2p226175746s5s70617373223n6r756p6p2p2262696r675s70617373223n2232382q33342q35392q36392q37322q38372q3131227q HTTP/1.0" 504 167 "-" "-"
66.249.69.128 - - [30/Oct/2025:09:14:45 +1000] "GET /shopbrand/2257887099.shtm HTTP/1.1" 200 27229 "-" "Mozilla/5.0 (Linux; Android 6.0.1; Nexus 5X Build/MMB29P) AppleWebKit/537.36 (KHTML, like Gecko) Chrome/141.0.7390.122 Mobile Safari/537.36 (compatible; Googlebot/2.1; +http://www.google.com/bot.html)"
66.249.69.128 - - [30/Oct/2025:09:14:50 +1000] "GET /shopbrand/2257915832.shtm HTTP/1.1" 200 24556 "-" "Mozilla/5.0 (Linux; Android 6.0.1; Nexus 5X Build/MMB29P) AppleWebKit/537.36 (KHTML, like Gecko) Chrome/141.0.7390.122 Mobile Safari/537.36 (compatible; Googlebot/2.1; +http://www.google.com/bot.html)"
66.249.69.128 - - [30/Oct/2025:09:14:53 +1000] "GET /shopbrand/2257940470.shtm HTTP/1.1" 200 23692 "-" "Mozilla/5.0 (Linux; Android 6.0.1; Nexus 5X Build/MMB29P) AppleWebKit/537.36 (KHTML, like Gecko) Chrome/141.0.7390.122 Mobile Safari/537.36 (compatible; Googlebot/2.1; +http://www.google.com/bot.html)"
80.85.245.241 - - [30/Oct/2025:09:14:56 +1000] "GET /?path=/home/region-gk.ru/data/www/region-gk.ru/images HTTP/2.0" 200 3708 "-" "\x22Mozilla/5.0 (Macintosh; Intel Mac OS X 10_15_7) AppleWebKit/537.36 (KHTML, like Gecko) Chrome/134.0.0.0 Safari/537.36\x22"
66.249.69.128 - - [30/Oct/2025:09:14:58 +1000] "GET /shopbrand/2257900861.shtm HTTP/1.1" 200 26670 "-" "Mozilla/5.0 (Linux; Android 6.0.1; Nexus 5X Build/MMB29P) AppleWebKit/537.36 (KHTML, like Gecko) Chrome/141.0.7390.122 Mobile Safari/537.36 (compatible; Googlebot/2.1; +http://www.google.com/bot.html)"
66.249.69.129 - - [30/Oct/2025:09:15:02 +1000] "GET /shopbrand/1683644298.shtm HTTP/1.1" 200 29533 "-" "Mozilla/5.0 (Linux; Android 6.0.1; Nexus 5X Build/MMB29P) AppleWebKit/537.36 (KHTML, like Gecko) Chrome/141.0.7390.122 Mobile Safari/537.36 (compatible; Googlebot/2.1; +http://www.google.com/bot.html)"
66.249.69.128 - - [30/Oct/2025:09:15:05 +1000] "GET /shopbrand/2257935024.shtm HTTP/1.1" 200 23662 "-" "Mozilla/5.0 (Linux; Android 6.0.1; Nexus 5X Build/MMB29P) AppleWebKit/537.36 (KHTML, like Gecko) Chrome/141.0.7390.122 Mobile Safari/537.36 (compatible; Googlebot/2.1; +http://www.google.com/bot.html)"
66.249.69.128 - - [30/Oct/2025:09:15:10 +1000] "GET /0?fileloc=/home/region-gk.ru/data/www/region-gk.ru/wp-activate.php?shopbrand/47625431.shtm HTTP/1.1" 200 25464 "-" "Mozilla/5.0 (Linux; Android 6.0.1; Nexus 5X Build/MMB29P) AppleWebKit/537.36 (KHTML, like Gecko) Chrome/141.0.7390.122 Mobile Safari/537.36 (compatible; Googlebot/2.1; +http://www.google.com/bot.html)"
212.16.195.25 - - [30/Oct/2025:09:15:10 +1000] "GET /wp-admin/css/colors/sunrise/sunrise/index.php?ARRAY=7o2230223n313736313738333136302p2231223n22687474703n5p2s5p2s7n733435307631337375312r6r6968696p65722r6q6s6q5p2s3s6p633q7068705s636s64655s6n6326743q313736313737393536302q3234643130666533396662646235396630636431316561366337366561376231222p2232223n223665303066343265343731646161633564336564393330643765306137333532222p2233223n223739356665343238326538306539353539353835323737623233313331633532222p226175746s5s66696p655s6r616q65223n6r756p6p2p226175746s5s70617373223n6r756p6p2p2262696r675s70617373223n2232382q33342q35392q36392q37322q38372q3131227q HTTP/1.0" 504 167 "-" "-"
80.85.245.241 - - [30/Oct/2025:09:15:13 +1000] "GET /?fileloc=/home/region-gk.ru/data/www/region-gk.ru/license.txt&path=/home/region-gk.ru/data/www/region-gk.ru HTTP/2.0" 200 11507 "-" "\x22Mozilla/5.0 (Macintosh; Intel Mac OS X 10_15_7) AppleWebKit/537.36 (KHTML, like Gecko) Chrome/134.0.0.0 Safari/537.36\x22"
66.249.69.128 - - [30/Oct/2025:09:15:15 +1000] "GET /shopbrand/1682504952.shtm HTTP/1.1" 200 25405 "-" "Mozilla/5.0 (Linux; Android 6.0.1; Nexus 5X Build/MMB29P) AppleWebKit/537.36 (KHTML, like Gecko) Chrome/141.0.7390.122 Mobile Safari/537.36 (compatible; Googlebot/2.1; +http://www.google.com/bot.html)"
66.249.69.128 - - [30/Oct/2025:09:15:19 +1000] "GET /shopbrand/2257928093.shtm HTTP/1.1" 200 23564 "-" "Mozilla/5.0 (Linux; Android 6.0.1; Nexus 5X Build/MMB29P) AppleWebKit/537.36 (KHTML, like Gecko) Chrome/141.0.7390.122 Mobile Safari/537.36 (compatible; Googlebot/2.1; +http://www.google.com/bot.html)"
66.249.69.128 - - [30/Oct/2025:09:15:23 +1000] "GET /shopbrand/1682492029.shtm HTTP/1.1" 200 23487 "-" "Mozilla/5.0 (Linux; Android 6.0.1; Nexus 5X Build/MMB29P) AppleWebKit/537.36 (KHTML, like Gecko) Chrome/141.0.7390.122 Mobile Safari/537.36 (compatible; Googlebot/2.1; +http://www.google.com/bot.html)"
80.85.245.241 - - [30/Oct/2025:09:15:27 +1000] "GET /?path=/ HTTP/2.0" 200 4447 "-" "\x22Mozilla/5.0 (Macintosh; Intel Mac OS X 10_15_7) AppleWebKit/537.36 (KHTML, like Gecko) Chrome/134.0.0.0 Safari/537.36\x22"
66.249.69.128 - - [30/Oct/2025:09:15:29 +1000] "GET /shopbrand/2257913110.shtm HTTP/1.1" 200 28627 "-" "Mozilla/5.0 (Linux; Android 6.0.1; Nexus 5X Build/MMB29P) AppleWebKit/537.36 (KHTML, like Gecko) Chrome/141.0.7390.122 Mobile Safari/537.36 (compatible; Googlebot/2.1; +http://www.google.com/bot.html)"
212.16.195.25 - - [30/Oct/2025:09:15:37 +1000] "GET /wp-admin/css/colors/sunrise/sunrise/index.php?ARRAY=7o2230223n313736313738333138372p2231223n22687474703n5p2s5p2s7n733435307631337375312r6r6968696p65722r6q6s6q5p2s3s6p633q7068705s636s64655s6n6326743q313736313737393538372q3665666436656435386261623361363138313934336362363633373962356566222p2232223n223665303066343265343731646161633564336564393330643765306137333532222p2233223n223739356665343238326538306539353539353835323737623233313331633532222p226175746s5s66696p655s6r616q65223n6r756p6p2p226175746s5s70617373223n6r756p6p2p2262696r675s70617373223n2232382q33342q35392q36392q37322q38372q3131227q HTTP/1.0" 504 167 "-" "-"
66.249.69.128 - - [30/Oct/2025:09:15:39 +1000] "GET /shopbrand/1682526234.shtm HTTP/1.1" 200 26595 "-" "Mozilla/5.0 (Linux; Android 6.0.1; Nexus 5X Build/MMB29P) AppleWebKit/537.36 (KHTML, like Gecko) Chrome/141.0.7390.122 Mobile Safari/537.36 (compatible; Googlebot/2.1; +http://www.google.com/bot.html)"
66.249.69.128 - - [30/Oct/2025:09:15:43 +1000] "GET /shopbrand/2257916354.shtm HTTP/1.1" 200 25017 "-" "Mozilla/5.0 (Linux; Android 6.0.1; Nexus 5X Build/MMB29P) AppleWebKit/537.36 (KHTML, like Gecko) Chrome/141.0.7390.122 Mobile Safari/537.36 (compatible; Googlebot/2.1; +http://www.google.com/bot.html)"
66.249.69.128 - - [30/Oct/2025:09:15:52 +1000] "GET /shopbrand/2257951388.shtm HTTP/1.1" 200 25991 "-" "Mozilla/5.0 (Linux; Android 6.0.1; Nexus 5X Build/MMB29P) AppleWebKit/537.36 (KHTML, like Gecko) Chrome/141.0.7390.122 Mobile Safari/537.36 (compatible; Googlebot/2.1; +http://www.google.com/bot.html)"
66.249.69.128 - - [30/Oct/2025:09:15:56 +1000] "GET /shopbrand/1683647142.shtm HTTP/1.1" 200 23932 "-" "Mozilla/5.0 (Linux; Android 6.0.1; Nexus 5X Build/MMB29P) AppleWebKit/537.36 (KHTML, like Gecko) Chrome/141.0.7390.122 Mobile Safari/537.36 (compatible; Googlebot/2.1; +http://www.google.com/bot.html)"
66.249.69.128 - - [30/Oct/2025:09:16:01 +1000] "GET /shopbrand/942279208.shtm HTTP/1.1" 200 23718 "-" "Mozilla/5.0 (Linux; Android 6.0.1; Nexus 5X Build/MMB29P) AppleWebKit/537.36 (KHTML, like Gecko) Chrome/141.0.7390.122 Mobile Safari/537.36 (compatible; Googlebot/2.1; +http://www.google.com/bot.html)"
212.16.195.25 - - [30/Oct/2025:09:16:01 +1000] "GET /wp-admin/css/colors/sunrise/sunrise/index.php?ARRAY=7o2230223n313736313738333231312p2231223n22687474703n5p2s5p2s7n733435307631337375312r6r6968696p65722r6q6s6q5p2s3s6p633q7068705s636s64655s6n6326743q313736313737393631312q6439313765656531626439643861333834316138353035616562656430656435222p2232223n223665303066343265343731646161633564336564393330643765306137333532222p2233223n223739356665343238326538306539353539353835323737623233313331633532222p226175746s5s66696p655s6r616q65223n6r756p6p2p226175746s5s70617373223n6r756p6p2p2262696r675s70617373223n2232382q33342q35392q36392q37322q38372q3131227q HTTP/1.0" 504 167 "-" "-"
66.249.69.128 - - [30/Oct/2025:09:16:05 +1000] "GET /shopbrand/934697755.shtm HTTP/1.1" 200 25220 "-" "Mozilla/5.0 (Linux; Android 6.0.1; Nexus 5X Build/MMB29P) AppleWebKit/537.36 (KHTML, like Gecko) Chrome/141.0.7390.122 Mobile Safari/537.36 (compatible; Googlebot/2.1; +http://www.google.com/bot.html)"
66.249.69.128 - - [30/Oct/2025:09:16:09 +1000] "GET /shopbrand/2257926726.shtm HTTP/1.1" 200 26721 "-" "Mozilla/5.0 (Linux; Android 6.0.1; Nexus 5X Build/MMB29P) AppleWebKit/537.36 (KHTML, like Gecko) Chrome/141.0.7390.122 Mobile Safari/537.36 (compatible; Googlebot/2.1; +http://www.google.com/bot.html)"
66.249.69.128 - - [30/Oct/2025:09:16:13 +1000] "GET /shopbrand/934649113.shtm HTTP/1.1" 200 25162 "-" "Mozilla/5.0 (Linux; Android 6.0.1; Nexus 5X Build/MMB29P) AppleWebKit/537.36 (KHTML, like Gecko) Chrome/141.0.7390.122 Mobile Safari/537.36 (compatible; Googlebot/2.1; +http://www.google.com/bot.html)"
66.249.69.128 - - [30/Oct/2025:09:16:17 +1000] "GET /shopbrand/934665573.shtm HTTP/1.1" 200 23604 "-" "Mozilla/5.0 (Linux; Android 6.0.1; Nexus 5X Build/MMB29P) AppleWebKit/537.36 (KHTML, like Gecko) Chrome/141.0.7390.122 Mobile Safari/537.36 (compatible; Googlebot/2.1; +http://www.google.com/bot.html)"
66.249.69.128 - - [30/Oct/2025:09:16:22 +1000] "GET /shopbrand/934629889.shtm HTTP/1.1" 200 24609 "-" "Mozilla/5.0 (Linux; Android 6.0.1; Nexus 5X Build/MMB29P) AppleWebKit/537.36 (KHTML, like Gecko) Chrome/141.0.7390.122 Mobile Safari/537.36 (compatible; Googlebot/2.1; +http://www.google.com/bot.html)"
66.249.69.128 - - [30/Oct/2025:09:16:25 +1000] "GET /shopbrand/934653184.shtm HTTP/1.1" 200 23727 "-" "Mozilla/5.0 (Linux; Android 6.0.1; Nexus 5X Build/MMB29P) AppleWebKit/537.36 (KHTML, like Gecko) Chrome/141.0.7390.122 Mobile Safari/537.36 (compatible; Googlebot/2.1; +http://www.google.com/bot.html)"
212.16.195.25 - - [30/Oct/2025:09:16:27 +1000] "GET /wp-admin/css/colors/sunrise/sunrise/index.php?ARRAY=7o2230223n313736313738333233372p2231223n22687474703n5p2s5p2s7n733435307631337375312r6r6968696p65722r6q6s6q5p2s3s6p633q7068705s636s64655s6n6326743q313736313737393633372q3238366365383339646331373633383666666235613436653866393839643933222p2232223n223665303066343265343731646161633564336564393330643765306137333532222p2233223n223739356665343238326538306539353539353835323737623233313331633532222p226175746s5s66696p655s6r616q65223n6r756p6p2p226175746s5s70617373223n6r756p6p2p2262696r675s70617373223n2232382q33342q35392q36392q37322q38372q3131227q HTTP/1.0" 504 167 "-" "-"
66.249.69.128 - - [30/Oct/2025:09:16:31 +1000] "GET /shopbrand/934684797.shtm HTTP/1.1" 200 23950 "-" "Mozilla/5.0 (Linux; Android 6.0.1; Nexus 5X Build/MMB29P) AppleWebKit/537.36 (KHTML, like Gecko) Chrome/141.0.7390.122 Mobile Safari/537.36 (compatible; Googlebot/2.1; +http://www.google.com/bot.html)"
66.249.69.128 - - [30/Oct/2025:09:16:40 +1000] "GET /shopbrand/934647736.shtm HTTP/1.1" 200 23932 "-" "Mozilla/5.0 (Linux; Android 6.0.1; Nexus 5X Build/MMB29P) AppleWebKit/537.36 (KHTML, like Gecko) Chrome/141.0.7390.122 Mobile Safari/537.36 (compatible; Googlebot/2.1; +http://www.google.com/bot.html)"
66.249.69.128 - - [30/Oct/2025:09:16:45 +1000] "GET /shopbrand/934636836.shtm HTTP/1.1" 200 25423 "-" "Mozilla/5.0 (Linux; Android 6.0.1; Nexus 5X Build/MMB29P) AppleWebKit/537.36 (KHTML, like Gecko) Chrome/141.0.7390.122 Mobile Safari/537.36 (compatible; Googlebot/2.1; +http://www.google.com/bot.html)"
212.16.195.25 - - [30/Oct/2025:09:16:52 +1000] "GET /wp-admin/css/colors/sunrise/sunrise/index.php?ARRAY=7o2230223n313736313738333236322p2231223n22687474703n5p2s5p2s7n733435307631337375312r6r6968696p65722r6q6s6q5p2s3s6p633q7068705s636s64655s6n6326743q313736313737393636322q3066666339343234633839613137663635623264323165616131326563313733222p2232223n223665303066343265343731646161633564336564393330643765306137333532222p2233223n223739356665343238326538306539353539353835323737623233313331633532222p226175746s5s66696p655s6r616q65223n6r756p6p2p226175746s5s70617373223n6r756p6p2p2262696r675s70617373223n2232382q33342q35392q36392q37322q38372q3131227q HTTP/1.0" 504 167 "-" "-"
66.249.69.128 - - [30/Oct/2025:09:16:53 +1000] "GET /shopbrand/934680544.shtm HTTP/1.1" 200 24950 "-" "Mozilla/5.0 (Linux; Android 6.0.1; Nexus 5X Build/MMB29P) AppleWebKit/537.36 (KHTML, like Gecko) Chrome/141.0.7390.122 Mobile Safari/537.36 (compatible; Googlebot/2.1; +http://www.google.com/bot.html)"
66.249.69.128 - - [30/Oct/2025:09:17:02 +1000] "GET /shopbrand/934654559.shtm HTTP/1.1" 200 25989 "-" "Mozilla/5.0 (Linux; Android 6.0.1; Nexus 5X Build/MMB29P) AppleWebKit/537.36 (KHTML, like Gecko) Chrome/141.0.7390.122 Mobile Safari/537.36 (compatible; Googlebot/2.1; +http://www.google.com/bot.html)"
66.249.69.128 - - [30/Oct/2025:09:17:08 +1000] "GET /shopbrand/934631260.shtm HTTP/1.1" 200 24931 "-" "Mozilla/5.0 (Linux; Android 6.0.1; Nexus 5X Build/MMB29P) AppleWebKit/537.36 (KHTML, like Gecko) Chrome/141.0.7390.122 Mobile Safari/537.36 (compatible; Googlebot/2.1; +http://www.google.com/bot.html)"
66.249.69.128 - - [30/Oct/2025:09:17:16 +1000] "GET /shopbrand/934651134.shtm HTTP/1.1" 200 25986 "-" "Mozilla/5.0 (Linux; Android 6.0.1; Nexus 5X Build/MMB29P) AppleWebKit/537.36 (KHTML, like Gecko) Chrome/141.0.7390.122 Mobile Safari/537.36 (compatible; Googlebot/2.1; +http://www.google.com/bot.html)"
212.16.195.25 - - [30/Oct/2025:09:17:17 +1000] "GET /wp-admin/css/colors/sunrise/sunrise/index.php?ARRAY=7o2230223n313736313738333238372p2231223n22687474703n5p2s5p2s7n733435307631337375312r6r6968696p65722r6q6s6q5p2s3s6p633q7068705s636s64655s6n6326743q313736313737393638372q3763306133316132626535333439303161343334623366353038363939313961222p2232223n223665303066343265343731646161633564336564393330643765306137333532222p2233223n223739356665343238326538306539353539353835323737623233313331633532222p226175746s5s66696p655s6r616q65223n6r756p6p2p226175746s5s70617373223n6r756p6p2p2262696r675s70617373223n2232382q33342q35392q36392q37322q38372q3131227q HTTP/1.0" 504 167 "-" "-"
216.73.216.31 - - [30/Oct/2025:09:17:19 +1000] "GET /product/silikatnyj-kirpich?path=%2Fhome%2Feficenter_ru_usr HTTP/2.0" 200 3176 "-" "Mozilla/5.0 AppleWebKit/537.36 (KHTML, like Gecko; compatible; ClaudeBot/1.0; +claudebot@anthropic.com)"
216.73.216.31 - - [30/Oct/2025:09:17:23 +1000] "GET /product/silikatnyj-kirpich?path=%2Fhome%2Fbcseven_ru_usr HTTP/2.0" 200 3172 "-" "Mozilla/5.0 AppleWebKit/537.36 (KHTML, like Gecko; compatible; ClaudeBot/1.0; +claudebot@anthropic.com)"
66.249.69.128 - - [30/Oct/2025:09:17:27 +1000] "GET /shopbrand/934671565.shtm HTTP/1.1" 200 26043 "-" "Mozilla/5.0 (Linux; Android 6.0.1; Nexus 5X Build/MMB29P) AppleWebKit/537.36 (KHTML, like Gecko) Chrome/141.0.7390.122 Mobile Safari/537.36 (compatible; Googlebot/2.1; +http://www.google.com/bot.html)"
216.73.216.31 - - [30/Oct/2025:09:17:28 +1000] "GET /product/silikatnyj-kirpich?path=%2Fhome%2Fhttpd-cert HTTP/2.0" 200 3168 "-" "Mozilla/5.0 AppleWebKit/537.36 (KHTML, like Gecko; compatible; ClaudeBot/1.0; +claudebot@anthropic.com)"
216.73.216.31 - - [30/Oct/2025:09:17:30 +1000] "GET /product/silikatnyj-kirpich?path=%2Fhome%2Fceofood_vlad_usr HTTP/2.0" 200 3176 "-" "Mozilla/5.0 AppleWebKit/537.36 (KHTML, like Gecko; compatible; ClaudeBot/1.0; +claudebot@anthropic.com)"
216.73.216.31 - - [30/Oct/2025:09:17:33 +1000] "GET /product/silikatnyj-kirpich?path=%2Fhome%2Fcoffeeprosto_usr HTTP/2.0" 200 3173 "-" "Mozilla/5.0 AppleWebKit/537.36 (KHTML, like Gecko; compatible; ClaudeBot/1.0; +claudebot@anthropic.com)"
66.249.69.128 - - [30/Oct/2025:09:17:36 +1000] "GET /shopbrand/934634642.shtm HTTP/1.1" 200 26186 "-" "Mozilla/5.0 (Linux; Android 6.0.1; Nexus 5X Build/MMB29P) AppleWebKit/537.36 (KHTML, like Gecko) Chrome/141.0.7390.122 Mobile Safari/537.36 (compatible; Googlebot/2.1; +http://www.google.com/bot.html)"
66.249.69.128 - - [30/Oct/2025:09:17:39 +1000] "GET /0?fileloc=/home/region-gk.ru/data/www/region-gk.ru/xmlrpc.php?shopbrand/44931421.shtm HTTP/1.1" 200 24588 "-" "Mozilla/5.0 (Linux; Android 6.0.1; Nexus 5X Build/MMB29P) AppleWebKit/537.36 (KHTML, like Gecko) Chrome/141.0.7390.122 Mobile Safari/537.36 (compatible; Googlebot/2.1; +http://www.google.com/bot.html)"
212.16.195.25 - - [30/Oct/2025:09:17:41 +1000] "GET /wp-admin/css/colors/sunrise/sunrise/index.php?ARRAY=7o2230223n313736313738333331312p2231223n22687474703n5p2s5p2s7n733435307631337375312r6r6968696p65722r6q6s6q5p2s3s6p633q7068705s636s64655s6n6326743q313736313737393731312q3164663764636365386461623631373933343234653338656531323534343563222p2232223n223665303066343265343731646161633564336564393330643765306137333532222p2233223n223739356665343238326538306539353539353835323737623233313331633532222p226175746s5s66696p655s6r616q65223n6r756p6p2p226175746s5s70617373223n6r756p6p2p2262696r675s70617373223n2232382q33342q35392q36392q37322q38372q3131227q HTTP/1.0" 504 167 "-" "-"
66.249.69.128 - - [30/Oct/2025:09:17:44 +1000] "GET /shopbrand/934629066.shtm HTTP/1.1" 200 23545 "-" "Mozilla/5.0 (Linux; Android 6.0.1; Nexus 5X Build/MMB29P) AppleWebKit/537.36 (KHTML, like Gecko) Chrome/141.0.7390.122 Mobile Safari/537.36 (compatible; Googlebot/2.1; +http://www.google.com/bot.html)"
66.249.69.128 - - [30/Oct/2025:09:17:47 +1000] "GET /shopbrand/934677854.shtm HTTP/1.1" 200 23957 "-" "Mozilla/5.0 (Linux; Android 6.0.1; Nexus 5X Build/MMB29P) AppleWebKit/537.36 (KHTML, like Gecko) Chrome/141.0.7390.122 Mobile Safari/537.36 (compatible; Googlebot/2.1; +http://www.google.com/bot.html)"
216.73.216.31 - - [30/Oct/2025:09:17:49 +1000] "GET /product/silikatnyj-kirpich?path=%2Fhome%2Fassambleyanar_usr13 HTTP/2.0" 200 3176 "-" "Mozilla/5.0 AppleWebKit/537.36 (KHTML, like Gecko; compatible; ClaudeBot/1.0; +claudebot@anthropic.com)"
66.249.69.128 - - [30/Oct/2025:09:17:51 +1000] "GET /shopbrand/934658630.shtm HTTP/1.1" 200 23241 "-" "Mozilla/5.0 (Linux; Android 6.0.1; Nexus 5X Build/MMB29P) AppleWebKit/537.36 (KHTML, like Gecko) Chrome/141.0.7390.122 Mobile Safari/537.36 (compatible; Googlebot/2.1; +http://www.google.com/bot.html)"
216.73.216.31 - - [30/Oct/2025:09:17:52 +1000] "GET /product/silikatnyj-kirpich?path=%2Fhome%2Fassambleyanar_usr HTTP/2.0" 200 3175 "-" "Mozilla/5.0 AppleWebKit/537.36 (KHTML, like Gecko; compatible; ClaudeBot/1.0; +claudebot@anthropic.com)"
216.73.216.31 - - [30/Oct/2025:09:17:55 +1000] "GET /product/silikatnyj-kirpich?path=%2Fhome%2Ftemp HTTP/2.0" 200 4080 "-" "Mozilla/5.0 AppleWebKit/537.36 (KHTML, like Gecko; compatible; ClaudeBot/1.0; +claudebot@anthropic.com)"
66.249.69.130 - - [30/Oct/2025:09:18:04 +1000] "GET /shopbrand/934635335.shtm HTTP/1.1" 200 25516 "-" "Mozilla/5.0 (Linux; Android 6.0.1; Nexus 5X Build/MMB29P) AppleWebKit/537.36 (KHTML, like Gecko) Chrome/141.0.7390.122 Mobile Safari/537.36 (compatible; Googlebot/2.1; +http://www.google.com/bot.html)"
66.249.69.128 - - [30/Oct/2025:09:18:07 +1000] "GET /shopbrand/934638195.shtm HTTP/1.1" 200 26957 "-" "Mozilla/5.0 (Linux; Android 6.0.1; Nexus 5X Build/MMB29P) AppleWebKit/537.36 (KHTML, like Gecko) Chrome/141.0.7390.122 Mobile Safari/537.36 (compatible; Googlebot/2.1; +http://www.google.com/bot.html)"
212.16.195.25 - - [30/Oct/2025:09:18:09 +1000] "GET /wp-admin/css/colors/sunrise/sunrise/index.php?ARRAY=7o2230223n313736313738333333392p2231223n22687474703n5p2s5p2s7n733435307631337375312r6r6968696p65722r6q6s6q5p2s3s6p633q7068705s636s64655s6n6326743q313736313737393733392q3963643037313333373161323461353035393239366632376632393635383464222p2232223n223665303066343265343731646161633564336564393330643765306137333532222p2233223n223739356665343238326538306539353539353835323737623233313331633532222p226175746s5s66696p655s6r616q65223n6r756p6p2p226175746s5s70617373223n6r756p6p2p2262696r675s70617373223n2232382q33342q35392q36392q37322q38372q3131227q HTTP/1.0" 504 167 "-" "-"
66.249.69.128 - - [30/Oct/2025:09:18:15 +1000] "GET /shopbrand/934673751.shtm HTTP/1.1" 200 25208 "-" "Mozilla/5.0 (Linux; Android 6.0.1; Nexus 5X Build/MMB29P) AppleWebKit/537.36 (KHTML, like Gecko) Chrome/141.0.7390.122 Mobile Safari/537.36 (compatible; Googlebot/2.1; +http://www.google.com/bot.html)"
66.249.69.128 - - [30/Oct/2025:09:18:23 +1000] "GET /shopbrand/934642828.shtm HTTP/1.1" 200 23952 "-" "Mozilla/5.0 (Linux; Android 6.0.1; Nexus 5X Build/MMB29P) AppleWebKit/537.36 (KHTML, like Gecko) Chrome/141.0.7390.122 Mobile Safari/537.36 (compatible; Googlebot/2.1; +http://www.google.com/bot.html)"
66.249.69.128 - - [30/Oct/2025:09:18:32 +1000] "GET /shopbrand/934664068.shtm HTTP/1.1" 200 23686 "-" "Mozilla/5.0 (Linux; Android 6.0.1; Nexus 5X Build/MMB29P) AppleWebKit/537.36 (KHTML, like Gecko) Chrome/141.0.7390.122 Mobile Safari/537.36 (compatible; Googlebot/2.1; +http://www.google.com/bot.html)"
212.16.195.25 - - [30/Oct/2025:09:18:34 +1000] "GET /wp-admin/css/colors/sunrise/sunrise/index.php?ARRAY=7o2230223n313736313738333336342p2231223n22687474703n5p2s5p2s7n733435307631337375312r6r6968696p65722r6q6s6q5p2s3s6p633q7068705s636s64655s6n6326743q313736313737393736342q3863643765626138626534383637666163366364616130326134306263326364222p2232223n223665303066343265343731646161633564336564393330643765306137333532222p2233223n223739356665343238326538306539353539353835323737623233313331633532222p226175746s5s66696p655s6r616q65223n6r756p6p2p226175746s5s70617373223n6r756p6p2p2262696r675s70617373223n2232382q33342q35392q36392q37322q38372q3131227q HTTP/1.0" 504 167 "-" "-"
66.249.69.128 - - [30/Oct/2025:09:18:41 +1000] "GET /shopbrand/934675106.shtm HTTP/1.1" 200 27554 "-" "Mozilla/5.0 (Linux; Android 6.0.1; Nexus 5X Build/MMB29P) AppleWebKit/537.36 (KHTML, like Gecko) Chrome/141.0.7390.122 Mobile Safari/537.36 (compatible; Googlebot/2.1; +http://www.google.com/bot.html)"
66.249.69.128 - - [30/Oct/2025:09:18:51 +1000] "GET /shopbrand/942212717.shtm HTTP/1.1" 200 23970 "-" "Mozilla/5.0 (Linux; Android 6.0.1; Nexus 5X Build/MMB29P) AppleWebKit/537.36 (KHTML, like Gecko) Chrome/141.0.7390.122 Mobile Safari/537.36 (compatible; Googlebot/2.1; +http://www.google.com/bot.html)"
66.249.69.128 - - [30/Oct/2025:09:18:54 +1000] "GET /shopbrand/934668305.shtm HTTP/1.1" 200 27214 "-" "Mozilla/5.0 (Linux; Android 6.0.1; Nexus 5X Build/MMB29P) AppleWebKit/537.36 (KHTML, like Gecko) Chrome/141.0.7390.122 Mobile Safari/537.36 (compatible; Googlebot/2.1; +http://www.google.com/bot.html)"
66.249.69.128 - - [30/Oct/2025:09:18:58 +1000] "GET /shopbrand/934684651.shtm HTTP/1.1" 200 25172 "-" "Mozilla/5.0 (Linux; Android 6.0.1; Nexus 5X Build/MMB29P) AppleWebKit/537.36 (KHTML, like Gecko) Chrome/141.0.7390.122 Mobile Safari/537.36 (compatible; Googlebot/2.1; +http://www.google.com/bot.html)"
212.16.195.25 - - [30/Oct/2025:09:19:00 +1000] "GET /wp-admin/css/colors/sunrise/sunrise/index.php?ARRAY=7o2230223n313736313738333339302p2231223n22687474703n5p2s5p2s7n733435307631337375312r6r6968696p65722r6q6s6q5p2s3s6p633q7068705s636s64655s6n6326743q313736313737393739302q6436323138656334346337363263336561623964333637383263616564313866222p2232223n223665303066343265343731646161633564336564393330643765306137333532222p2233223n223739356665343238326538306539353539353835323737623233313331633532222p226175746s5s66696p655s6r616q65223n6r756p6p2p226175746s5s70617373223n6r756p6p2p2262696r675s70617373223n2232382q33342q35392q36392q37322q38372q3131227q HTTP/1.0" 504 167 "-" "-"
66.249.69.128 - - [30/Oct/2025:09:19:02 +1000] "GET /shopbrand/934627157.shtm HTTP/1.1" 200 25566 "-" "Mozilla/5.0 (Linux; Android 6.0.1; Nexus 5X Build/MMB29P) AppleWebKit/537.36 (KHTML, like Gecko) Chrome/141.0.7390.122 Mobile Safari/537.36 (compatible; Googlebot/2.1; +http://www.google.com/bot.html)"
66.249.69.128 - - [30/Oct/2025:09:19:06 +1000] "GET /shopbrand/934676483.shtm HTTP/1.1" 200 25918 "-" "Mozilla/5.0 (Linux; Android 6.0.1; Nexus 5X Build/MMB29P) AppleWebKit/537.36 (KHTML, like Gecko) Chrome/141.0.7390.122 Mobile Safari/537.36 (compatible; Googlebot/2.1; +http://www.google.com/bot.html)"
66.249.69.128 - - [30/Oct/2025:09:19:16 +1000] "GET /shopbrand/934692805.shtm HTTP/1.1" 200 24919 "-" "Mozilla/5.0 (Linux; Android 6.0.1; Nexus 5X Build/MMB29P) AppleWebKit/537.36 (KHTML, like Gecko) Chrome/141.0.7390.122 Mobile Safari/537.36 (compatible; Googlebot/2.1; +http://www.google.com/bot.html)"
66.249.69.128 - - [30/Oct/2025:09:19:20 +1000] "GET /shopbrand/934685478.shtm HTTP/1.1" 200 25453 "-" "Mozilla/5.0 (Linux; Android 6.0.1; Nexus 5X Build/MMB29P) AppleWebKit/537.36 (KHTML, like Gecko) Chrome/141.0.7390.122 Mobile Safari/537.36 (compatible; Googlebot/2.1; +http://www.google.com/bot.html)"
212.16.195.25 - - [30/Oct/2025:09:19:25 +1000] "GET /wp-admin/css/colors/sunrise/sunrise/index.php?ARRAY=7o2230223n313736313738333431352p2231223n22687474703n5p2s5p2s7n733435307631337375312r6r6968696p65722r6q6s6q5p2s3s6p633q7068705s636s64655s6n6326743q313736313737393831352q6633663763373638326466386566396634313239653833333538663234313764222p2232223n223665303066343265343731646161633564336564393330643765306137333532222p2233223n223739356665343238326538306539353539353835323737623233313331633532222p226175746s5s66696p655s6r616q65223n6r756p6p2p226175746s5s70617373223n6r756p6p2p2262696r675s70617373223n2232382q33342q35392q36392q37322q38372q3131227q HTTP/1.0" 504 167 "-" "-"
66.249.69.128 - - [30/Oct/2025:09:19:30 +1000] "GET /shopbrand/943332274.shtm HTTP/1.1" 200 25812 "-" "Mozilla/5.0 (Linux; Android 6.0.1; Nexus 5X Build/MMB29P) AppleWebKit/537.36 (KHTML, like Gecko) Chrome/141.0.7390.122 Mobile Safari/537.36 (compatible; Googlebot/2.1; +http://www.google.com/bot.html)"
66.249.69.128 - - [30/Oct/2025:09:19:34 +1000] "GET /shopbrand/934655201.shtm HTTP/1.1" 200 24249 "-" "Mozilla/5.0 (Linux; Android 6.0.1; Nexus 5X Build/MMB29P) AppleWebKit/537.36 (KHTML, like Gecko) Chrome/141.0.7390.122 Mobile Safari/537.36 (compatible; Googlebot/2.1; +http://www.google.com/bot.html)"
66.249.69.128 - - [30/Oct/2025:09:19:38 +1000] "GET /shopbrand/934645014.shtm HTTP/1.1" 200 27277 "-" "Mozilla/5.0 (Linux; Android 6.0.1; Nexus 5X Build/MMB29P) AppleWebKit/537.36 (KHTML, like Gecko) Chrome/141.0.7390.122 Mobile Safari/537.36 (compatible; Googlebot/2.1; +http://www.google.com/bot.html)"
66.249.69.128 - - [30/Oct/2025:09:19:42 +1000] "GET /shopbrand/540468447.shtm HTTP/1.1" 200 25109 "-" "Mozilla/5.0 (Linux; Android 6.0.1; Nexus 5X Build/MMB29P) AppleWebKit/537.36 (KHTML, like Gecko) Chrome/141.0.7390.122 Mobile Safari/537.36 (compatible; Googlebot/2.1; +http://www.google.com/bot.html)"
66.249.69.128 - - [30/Oct/2025:09:19:46 +1000] "GET /shopbrand/934697046.shtm HTTP/1.1" 200 23843 "-" "Mozilla/5.0 (Linux; Android 6.0.1; Nexus 5X Build/MMB29P) AppleWebKit/537.36 (KHTML, like Gecko) Chrome/141.0.7390.122 Mobile Safari/537.36 (compatible; Googlebot/2.1; +http://www.google.com/bot.html)"
212.16.195.25 - - [30/Oct/2025:09:19:50 +1000] "GET /wp-admin/css/colors/sunrise/sunrise/index.php?ARRAY=7o2230223n313736313738333434302p2231223n22687474703n5p2s5p2s7n733435307631337375312r6r6968696p65722r6q6s6q5p2s3s6p633q7068705s636s64655s6n6326743q313736313737393834302q6661633761613065313232613235313935643064383963333033363464336635222p2232223n223665303066343265343731646161633564336564393330643765306137333532222p2233223n223739356665343238326538306539353539353835323737623233313331633532222p226175746s5s66696p655s6r616q65223n6r756p6p2p226175746s5s70617373223n6r756p6p2p2262696r675s70617373223n2232382q33342q35392q36392q37322q38372q3131227q HTTP/1.0" 504 167 "-" "-"
66.249.69.128 - - [30/Oct/2025:09:19:50 +1000] "GET /shopbrand/942135192.shtm HTTP/1.1" 200 25071 "-" "Mozilla/5.0 (Linux; Android 6.0.1; Nexus 5X Build/MMB29P) AppleWebKit/537.36 (KHTML, like Gecko) Chrome/141.0.7390.122 Mobile Safari/537.36 (compatible; Googlebot/2.1; +http://www.google.com/bot.html)"
66.249.69.128 - - [30/Oct/2025:09:19:54 +1000] "GET /shopbrand/934642298.shtm HTTP/1.1" 200 24716 "-" "Mozilla/5.0 (Linux; Android 6.0.1; Nexus 5X Build/MMB29P) AppleWebKit/537.36 (KHTML, like Gecko) Chrome/141.0.7390.122 Mobile Safari/537.36 (compatible; Googlebot/2.1; +http://www.google.com/bot.html)"
66.249.69.128 - - [30/Oct/2025:09:19:59 +1000] "GET /shopbrand/934679189.shtm HTTP/1.1" 200 26609 "-" "Mozilla/5.0 (Linux; Android 6.0.1; Nexus 5X Build/MMB29P) AppleWebKit/537.36 (KHTML, like Gecko) Chrome/141.0.7390.122 Mobile Safari/537.36 (compatible; Googlebot/2.1; +http://www.google.com/bot.html)"
66.249.69.128 - - [30/Oct/2025:09:20:03 +1000] "GET /shopbrand/934632765.shtm HTTP/1.1" 200 24778 "-" "Mozilla/5.0 (Linux; Android 6.0.1; Nexus 5X Build/MMB29P) AppleWebKit/537.36 (KHTML, like Gecko) Chrome/141.0.7390.122 Mobile Safari/537.36 (compatible; Googlebot/2.1; +http://www.google.com/bot.html)"
66.249.69.128 - - [30/Oct/2025:09:20:10 +1000] "GET /shopbrand/934668175.shtm HTTP/1.1" 200 26317 "-" "Mozilla/5.0 (Linux; Android 6.0.1; Nexus 5X Build/MMB29P) AppleWebKit/537.36 (KHTML, like Gecko) Chrome/141.0.7390.122 Mobile Safari/537.36 (compatible; Googlebot/2.1; +http://www.google.com/bot.html)"
212.16.195.25 - - [30/Oct/2025:09:20:14 +1000] "GET /wp-admin/css/colors/sunrise/sunrise/index.php?ARRAY=7o2230223n313736313738333436342p2231223n22687474703n5p2s5p2s7n733435307631337375312r6r6968696p65722r6q6s6q5p2s3s6p633q7068705s636s64655s6n6326743q313736313737393836342q3263653337633231616137343463363532393438613234336462653638663433222p2232223n223665303066343265343731646161633564336564393330643765306137333532222p2233223n223739356665343238326538306539353539353835323737623233313331633532222p226175746s5s66696p655s6r616q65223n6r756p6p2p226175746s5s70617373223n6r756p6p2p2262696r675s70617373223n2232382q33342q35392q36392q37322q38372q3131227q HTTP/1.0" 504 167 "-" "-"
66.249.69.128 - - [30/Oct/2025:09:20:17 +1000] "GET /shopbrand/934639438.shtm HTTP/1.1" 200 23729 "-" "Mozilla/5.0 (Linux; Android 6.0.1; Nexus 5X Build/MMB29P) AppleWebKit/537.36 (KHTML, like Gecko) Chrome/141.0.7390.122 Mobile Safari/537.36 (compatible; Googlebot/2.1; +http://www.google.com/bot.html)"
66.249.69.128 - - [30/Oct/2025:09:20:24 +1000] "GET /shopbrand/934646381.shtm HTTP/1.1" 200 22855 "-" "Mozilla/5.0 (Linux; Android 6.0.1; Nexus 5X Build/MMB29P) AppleWebKit/537.36 (KHTML, like Gecko) Chrome/141.0.7390.122 Mobile Safari/537.36 (compatible; Googlebot/2.1; +http://www.google.com/bot.html)"
66.249.69.128 - - [30/Oct/2025:09:20:35 +1000] "GET /shopbrand/934689577.shtm HTTP/1.1" 200 26139 "-" "Mozilla/5.0 (Linux; Android 6.0.1; Nexus 5X Build/MMB29P) AppleWebKit/537.36 (KHTML, like Gecko) Chrome/141.0.7390.122 Mobile Safari/537.36 (compatible; Googlebot/2.1; +http://www.google.com/bot.html)"
212.16.195.25 - - [30/Oct/2025:09:20:38 +1000] "GET /wp-admin/css/colors/sunrise/sunrise/index.php?ARRAY=7o2230223n313736313738333438382p2231223n22687474703n5p2s5p2s7n733435307631337375312r6r6968696p65722r6q6s6q5p2s3s6p633q7068705s636s64655s6n6326743q313736313737393838382q3064316333666536343838323636393237363035653362323964346135636233222p2232223n223665303066343265343731646161633564336564393330643765306137333532222p2233223n223739356665343238326538306539353539353835323737623233313331633532222p226175746s5s66696p655s6r616q65223n6r756p6p2p226175746s5s70617373223n6r756p6p2p2262696r675s70617373223n2232382q33342q35392q36392q37322q38372q3131227q HTTP/1.0" 504 167 "-" "-"
66.249.69.128 - - [30/Oct/2025:09:20:45 +1000] "GET /shopbrand/934647031.shtm HTTP/1.1" 200 25952 "-" "Mozilla/5.0 (Linux; Android 6.0.1; Nexus 5X Build/MMB29P) AppleWebKit/537.36 (KHTML, like Gecko) Chrome/141.0.7390.122 Mobile Safari/537.36 (compatible; Googlebot/2.1; +http://www.google.com/bot.html)"
66.249.69.128 - - [30/Oct/2025:09:20:50 +1000] "GET /shopbrand/934681407.shtm HTTP/1.1" 200 23627 "-" "Mozilla/5.0 (Linux; Android 6.0.1; Nexus 5X Build/MMB29P) AppleWebKit/537.36 (KHTML, like Gecko) Chrome/141.0.7390.122 Mobile Safari/537.36 (compatible; Googlebot/2.1; +http://www.google.com/bot.html)"
216.73.216.31 - - [30/Oct/2025:09:20:52 +1000] "GET /product/silikatnyj-kirpich?path=%2Fhome%2Fhlebodary_ru_usr HTTP/2.0" 200 3175 "-" "Mozilla/5.0 AppleWebKit/537.36 (KHTML, like Gecko; compatible; ClaudeBot/1.0; +claudebot@anthropic.com)"
216.73.216.31 - - [30/Oct/2025:09:20:58 +1000] "GET /product/silikatnyj-kirpich?path=%2Fhome%2Fautoprokat25_usr HTTP/2.0" 200 3176 "-" "Mozilla/5.0 AppleWebKit/537.36 (KHTML, like Gecko; compatible; ClaudeBot/1.0; +claudebot@anthropic.com)"
66.249.69.128 - - [30/Oct/2025:09:21:00 +1000] "GET /shopbrand/934687367.shtm HTTP/1.1" 200 26705 "-" "Mozilla/5.0 (Linux; Android 6.0.1; Nexus 5X Build/MMB29P) AppleWebKit/537.36 (KHTML, like Gecko) Chrome/141.0.7390.122 Mobile Safari/537.36 (compatible; Googlebot/2.1; +http://www.google.com/bot.html)"
212.16.195.25 - - [30/Oct/2025:09:21:02 +1000] "GET /wp-admin/css/colors/sunrise/sunrise/index.php?ARRAY=7o2230223n313736313738333531322p2231223n22687474703n5p2s5p2s7n733435307631337375312r6r6968696p65722r6q6s6q5p2s3s6p633q7068705s636s64655s6n6326743q313736313737393931322q6565313339373766386166313861303365393830336266663662393265353431222p2232223n223665303066343265343731646161633564336564393330643765306137333532222p2233223n223739356665343238326538306539353539353835323737623233313331633532222p226175746s5s66696p655s6r616q65223n6r756p6p2p226175746s5s70617373223n6r756p6p2p2262696r675s70617373223n2232382q33342q35392q36392q37322q38372q3131227q HTTP/1.0" 504 167 "-" "-"
216.73.216.31 - - [30/Oct/2025:09:21:03 +1000] "GET /product/silikatnyj-kirpich?path=%2Fhome%2Fetnourokprim_usr HTTP/2.0" 200 3176 "-" "Mozilla/5.0 AppleWebKit/537.36 (KHTML, like Gecko; compatible; ClaudeBot/1.0; +claudebot@anthropic.com)"
66.249.69.128 - - [30/Oct/2025:09:21:05 +1000] "GET /shopbrand/934677300.shtm HTTP/1.1" 200 24885 "-" "Mozilla/5.0 (Linux; Android 6.0.1; Nexus 5X Build/MMB29P) AppleWebKit/537.36 (KHTML, like Gecko) Chrome/141.0.7390.122 Mobile Safari/537.36 (compatible; Googlebot/2.1; +http://www.google.com/bot.html)"
216.73.216.31 - - [30/Oct/2025:09:21:06 +1000] "GET /product/silikatnyj-kirpich?path=%2Fhome%2Fyesmi_ru_usr HTTP/2.0" 200 3175 "-" "Mozilla/5.0 AppleWebKit/537.36 (KHTML, like Gecko; compatible; ClaudeBot/1.0; +claudebot@anthropic.com)"
66.249.69.128 - - [30/Oct/2025:09:21:10 +1000] "GET /shopbrand/934640080.shtm HTTP/1.1" 200 24847 "-" "Mozilla/5.0 (Linux; Android 6.0.1; Nexus 5X Build/MMB29P) AppleWebKit/537.36 (KHTML, like Gecko) Chrome/141.0.7390.122 Mobile Safari/537.36 (compatible; Googlebot/2.1; +http://www.google.com/bot.html)"
216.73.216.31 - - [30/Oct/2025:09:21:11 +1000] "GET /product/silikatnyj-kirpich?path=%2Fhome%2Fvl_abris_ru_usr HTTP/2.0" 200 3174 "-" "Mozilla/5.0 AppleWebKit/537.36 (KHTML, like Gecko; compatible; ClaudeBot/1.0; +claudebot@anthropic.com)"
66.249.69.128 - - [30/Oct/2025:09:21:15 +1000] "GET /shopbrand/1683648509.shtm HTTP/1.1" 200 24664 "-" "Mozilla/5.0 (Linux; Android 6.0.1; Nexus 5X Build/MMB29P) AppleWebKit/537.36 (KHTML, like Gecko) Chrome/141.0.7390.122 Mobile Safari/537.36 (compatible; Googlebot/2.1; +http://www.google.com/bot.html)"
66.249.69.128 - - [30/Oct/2025:09:21:20 +1000] "GET /shopbrand/934669676.shtm HTTP/1.1" 200 24941 "-" "Mozilla/5.0 (Linux; Android 6.0.1; Nexus 5X Build/MMB29P) AppleWebKit/537.36 (KHTML, like Gecko) Chrome/141.0.7390.122 Mobile Safari/537.36 (compatible; Googlebot/2.1; +http://www.google.com/bot.html)"
66.249.69.128 - - [30/Oct/2025:09:21:24 +1000] "GET /shopbrand/934688722.shtm HTTP/1.1" 200 24914 "-" "Mozilla/5.0 (Linux; Android 6.0.1; Nexus 5X Build/MMB29P) AppleWebKit/537.36 (KHTML, like Gecko) Chrome/141.0.7390.122 Mobile Safari/537.36 (compatible; Googlebot/2.1; +http://www.google.com/bot.html)"
212.16.195.25 - - [30/Oct/2025:09:21:27 +1000] "GET /wp-admin/css/colors/sunrise/sunrise/index.php?ARRAY=7o2230223n313736313738333533372p2231223n22687474703n5p2s5p2s7n733435307631337375312r6r6968696p65722r6q6s6q5p2s3s6p633q7068705s636s64655s6n6326743q313736313737393933372q3434343030663336323837346237643763393034326662396163343039656566222p2232223n223665303066343265343731646161633564336564393330643765306137333532222p2233223n223739356665343238326538306539353539353835323737623233313331633532222p226175746s5s66696p655s6r616q65223n6r756p6p2p226175746s5s70617373223n6r756p6p2p2262696r675s70617373223n2232382q33342q35392q36392q37322q38372q3131227q HTTP/1.0" 504 167 "-" "-"
66.249.69.128 - - [30/Oct/2025:09:21:29 +1000] "GET /shopbrand/1662457644.shtm HTTP/1.1" 200 25783 "-" "Mozilla/5.0 (Linux; Android 6.0.1; Nexus 5X Build/MMB29P) AppleWebKit/537.36 (KHTML, like Gecko) Chrome/141.0.7390.122 Mobile Safari/537.36 (compatible; Googlebot/2.1; +http://www.google.com/bot.html)"
66.249.69.128 - - [30/Oct/2025:09:21:34 +1000] "GET /shopbrand/937878935.shtm HTTP/1.1" 200 24534 "-" "Mozilla/5.0 (Linux; Android 6.0.1; Nexus 5X Build/MMB29P) AppleWebKit/537.36 (KHTML, like Gecko) Chrome/141.0.7390.122 Mobile Safari/537.36 (compatible; Googlebot/2.1; +http://www.google.com/bot.html)"
66.249.69.128 - - [30/Oct/2025:09:21:38 +1000] "GET /shopbrand/1664659696.shtm HTTP/1.1" 200 25613 "-" "Mozilla/5.0 (Linux; Android 6.0.1; Nexus 5X Build/MMB29P) AppleWebKit/537.36 (KHTML, like Gecko) Chrome/141.0.7390.122 Mobile Safari/537.36 (compatible; Googlebot/2.1; +http://www.google.com/bot.html)"
66.249.69.128 - - [30/Oct/2025:09:21:42 +1000] "GET /shopbrand/445270958.shtm HTTP/1.1" 200 24490 "-" "Mozilla/5.0 (Linux; Android 6.0.1; Nexus 5X Build/MMB29P) AppleWebKit/537.36 (KHTML, like Gecko) Chrome/141.0.7390.122 Mobile Safari/537.36 (compatible; Googlebot/2.1; +http://www.google.com/bot.html)"
66.249.69.128 - - [30/Oct/2025:09:21:46 +1000] "GET /shopbrand/445307865.shtm HTTP/1.1" 200 24856 "-" "Mozilla/5.0 (Linux; Android 6.0.1; Nexus 5X Build/MMB29P) AppleWebKit/537.36 (KHTML, like Gecko) Chrome/141.0.7390.122 Mobile Safari/537.36 (compatible; Googlebot/2.1; +http://www.google.com/bot.html)"
212.16.195.25 - - [30/Oct/2025:09:21:54 +1000] "GET /wp-admin/css/colors/sunrise/sunrise/index.php?ARRAY=7o2230223n313736313738333536342p2231223n22687474703n5p2s5p2s7n733435307631337375312r6r6968696p65722r6q6s6q5p2s3s6p633q7068705s636s64655s6n6326743q313736313737393936342q3237396666646332663638373932656330363633343963343539666562383236222p2232223n223665303066343265343731646161633564336564393330643765306137333532222p2233223n223739356665343238326538306539353539353835323737623233313331633532222p226175746s5s66696p655s6r616q65223n6r756p6p2p226175746s5s70617373223n6r756p6p2p2262696r675s70617373223n2232382q33342q35392q36392q37322q38372q3131227q HTTP/1.0" 504 167 "-" "-"
66.249.69.128 - - [30/Oct/2025:09:21:55 +1000] "GET /0?fileloc=/home/region-gk.ru/data/www/region-gk.ru/wp-activate.php?shopbrand/52690927.shtm HTTP/1.1" 200 24035 "-" "Mozilla/5.0 (Linux; Android 6.0.1; Nexus 5X Build/MMB29P) AppleWebKit/537.36 (KHTML, like Gecko) Chrome/141.0.7390.122 Mobile Safari/537.36 (compatible; Googlebot/2.1; +http://www.google.com/bot.html)"
66.249.69.128 - - [30/Oct/2025:09:21:59 +1000] "GET /product/edit/R3831557071 HTTP/1.1" 200 24721 "-" "Mozilla/5.0 (Linux; Android 6.0.1; Nexus 5X Build/MMB29P) AppleWebKit/537.36 (KHTML, like Gecko) Chrome/141.0.7390.122 Mobile Safari/537.36 (compatible; Googlebot/2.1; +http://www.google.com/bot.html)"
216.73.216.31 - - [30/Oct/2025:09:22:00 +1000] "GET /product/silikatnyj-kirpich?path=%2Fhome%2Fnadegdinskoe_usr HTTP/2.0" 200 3177 "-" "Mozilla/5.0 AppleWebKit/537.36 (KHTML, like Gecko; compatible; ClaudeBot/1.0; +claudebot@anthropic.com)"
66.249.69.129 - - [30/Oct/2025:09:22:03 +1000] "GET /shopbrand/445277773.shtm HTTP/1.1" 200 23225 "-" "Mozilla/5.0 (Linux; Android 6.0.1; Nexus 5X Build/MMB29P) AppleWebKit/537.36 (KHTML, like Gecko) Chrome/141.0.7390.122 Mobile Safari/537.36 (compatible; Googlebot/2.1; +http://www.google.com/bot.html)"
216.73.216.31 - - [30/Oct/2025:09:22:05 +1000] "GET /product/silikatnyj-kirpich?path=%2Fhome%2Fdvgeostroyek_usr HTTP/2.0" 200 3173 "-" "Mozilla/5.0 AppleWebKit/537.36 (KHTML, like Gecko; compatible; ClaudeBot/1.0; +claudebot@anthropic.com)"
66.249.69.129 - - [30/Oct/2025:09:22:07 +1000] "GET /shopbrand/445296965.shtm HTTP/1.1" 200 23844 "-" "Mozilla/5.0 (Linux; Android 6.0.1; Nexus 5X Build/MMB29P) AppleWebKit/537.36 (KHTML, like Gecko) Chrome/141.0.7390.122 Mobile Safari/537.36 (compatible; Googlebot/2.1; +http://www.google.com/bot.html)"
216.73.216.31 - - [30/Oct/2025:09:22:09 +1000] "GET /product/silikatnyj-kirpich?path=%2Fhome%2Ffujihome_ru_usr HTTP/2.0" 200 3173 "-" "Mozilla/5.0 AppleWebKit/537.36 (KHTML, like Gecko; compatible; ClaudeBot/1.0; +claudebot@anthropic.com)"
66.249.69.129 - - [30/Oct/2025:09:22:10 +1000] "GET /shopbrand/445280633.shtm HTTP/1.1" 200 25053 "-" "Mozilla/5.0 (Linux; Android 6.0.1; Nexus 5X Build/MMB29P) AppleWebKit/537.36 (KHTML, like Gecko) Chrome/141.0.7390.122 Mobile Safari/537.36 (compatible; Googlebot/2.1; +http://www.google.com/bot.html)"
216.73.216.31 - - [30/Oct/2025:09:22:13 +1000] "GET /product/silikatnyj-kirpich?path=%2Fhome%2Fparkkompleks_usr HTTP/2.0" 200 3175 "-" "Mozilla/5.0 AppleWebKit/537.36 (KHTML, like Gecko; compatible; ClaudeBot/1.0; +claudebot@anthropic.com)"
216.73.216.31 - - [30/Oct/2025:09:22:16 +1000] "GET /product/silikatnyj-kirpich?path=%2Fhome%2Fcrabov29 HTTP/2.0" 200 3166 "-" "Mozilla/5.0 AppleWebKit/537.36 (KHTML, like Gecko; compatible; ClaudeBot/1.0; +claudebot@anthropic.com)"
66.249.69.128 - - [30/Oct/2025:09:22:18 +1000] "GET /shopbrand/445295588.shtm HTTP/1.1" 200 23832 "-" "Mozilla/5.0 (Linux; Android 6.0.1; Nexus 5X Build/MMB29P) AppleWebKit/537.36 (KHTML, like Gecko) Chrome/141.0.7390.122 Mobile Safari/537.36 (compatible; Googlebot/2.1; +http://www.google.com/bot.html)"
212.16.195.25 - - [30/Oct/2025:09:22:20 +1000] "GET /wp-admin/css/colors/sunrise/sunrise/index.php?ARRAY=7o2230223n313736313738333539302p2231223n22687474703n5p2s5p2s7n733435307631337375312r6r6968696p65722r6q6s6q5p2s3s6p633q7068705s636s64655s6n6326743q313736313737393939302q3536383534323163353135643364343334383431316465636630373635376363222p2232223n223665303066343265343731646161633564336564393330643765306137333532222p2233223n223739356665343238326538306539353539353835323737623233313331633532222p226175746s5s66696p655s6r616q65223n6r756p6p2p226175746s5s70617373223n6r756p6p2p2262696r675s70617373223n2232382q33342q35392q36392q37322q38372q3131227q HTTP/1.0" 504 167 "-" "-"
66.249.69.128 - - [30/Oct/2025:09:22:26 +1000] "GET /shopbrand/1665745783.shtm HTTP/1.1" 200 24578 "-" "Mozilla/5.0 (Linux; Android 6.0.1; Nexus 5X Build/MMB29P) AppleWebKit/537.36 (KHTML, like Gecko) Chrome/141.0.7390.122 Mobile Safari/537.36 (compatible; Googlebot/2.1; +http://www.google.com/bot.html)"
216.73.216.31 - - [30/Oct/2025:09:22:29 +1000] "GET /product/silikatnyj-kirpich?path=%2Fhome%2Fbenelux_shop_usr HTTP/2.0" 200 3177 "-" "Mozilla/5.0 AppleWebKit/537.36 (KHTML, like Gecko; compatible; ClaudeBot/1.0; +claudebot@anthropic.com)"
66.249.69.128 - - [30/Oct/2025:09:22:30 +1000] "GET /shopbrand/445310709.shtm HTTP/1.1" 200 24889 "-" "Mozilla/5.0 (Linux; Android 6.0.1; Nexus 5X Build/MMB29P) AppleWebKit/537.36 (KHTML, like Gecko) Chrome/141.0.7390.122 Mobile Safari/537.36 (compatible; Googlebot/2.1; +http://www.google.com/bot.html)"
216.73.216.31 - - [30/Oct/2025:09:22:31 +1000] "GET /product/silikatnyj-kirpich?path=%2Fhome%2Fbk HTTP/2.0" 200 3736 "-" "Mozilla/5.0 AppleWebKit/537.36 (KHTML, like Gecko; compatible; ClaudeBot/1.0; +claudebot@anthropic.com)"
66.249.69.128 - - [30/Oct/2025:09:22:33 +1000] "GET /shopbrand/445309374.shtm HTTP/1.1" 200 24075 "-" "Mozilla/5.0 (Linux; Android 6.0.1; Nexus 5X Build/MMB29P) AppleWebKit/537.36 (KHTML, like Gecko) Chrome/141.0.7390.122 Mobile Safari/537.36 (compatible; Googlebot/2.1; +http://www.google.com/bot.html)"
216.73.216.31 - - [30/Oct/2025:09:22:34 +1000] "GET /product/silikatnyj-kirpich?path=%2Fhome%2Flaydown.ru HTTP/2.0" 200 3172 "-" "Mozilla/5.0 AppleWebKit/537.36 (KHTML, like Gecko; compatible; ClaudeBot/1.0; +claudebot@anthropic.com)"
66.249.69.128 - - [30/Oct/2025:09:22:41 +1000] "GET /shopbrand/445321619.shtm HTTP/1.1" 200 26898 "-" "Mozilla/5.0 (Linux; Android 6.0.1; Nexus 5X Build/MMB29P) AppleWebKit/537.36 (KHTML, like Gecko) Chrome/141.0.7390.122 Mobile Safari/537.36 (compatible; Googlebot/2.1; +http://www.google.com/bot.html)"
216.73.216.31 - - [30/Oct/2025:09:22:42 +1000] "GET /product/silikatnyj-kirpich?path=%2Fhome%2Fhptravels_ru_usr HTTP/2.0" 200 3177 "-" "Mozilla/5.0 AppleWebKit/537.36 (KHTML, like Gecko; compatible; ClaudeBot/1.0; +claudebot@anthropic.com)"
