20.171.207.35 - - [30/Oct/2025:03:38:14 +1000] "GET /shopbrand/440991418.shtm?fileloc=/home/region-gk.ru/data/www/region-gk.ru/wp-admin/js/svg-painter.js&path=/home/region-gk.ru/data/www/region-gk.ru/wp-admin/js HTTP/2.0" 200 4475 "-" "Mozilla/5.0 AppleWebKit/537.36 (KHTML, like Gecko; compatible; GPTBot/1.2; +https://openai.com/gptbot)"
20.171.207.35 - - [30/Oct/2025:03:38:17 +1000] "GET /shopbrand/542917414.shtm?fileloc=/home/region-gk.ru/data/www/region-gk.ru/wp-admin/js/editor.js&path=/home/region-gk.ru/data/www/region-gk.ru/wp-admin/js HTTP/2.0" 200 18799 "-" "Mozilla/5.0 AppleWebKit/537.36 (KHTML, like Gecko; compatible; GPTBot/1.2; +https://openai.com/gptbot)"
20.171.207.35 - - [30/Oct/2025:03:38:21 +1000] "GET /shopbrand/542917414.shtm?fileloc=/home/region-gk.ru/data/www/region-gk.ru/wp-admin/js/link.min.js&path=/home/region-gk.ru/data/www/region-gk.ru/wp-admin/js HTTP/2.0" 200 3967 "-" "Mozilla/5.0 AppleWebKit/537.36 (KHTML, like Gecko; compatible; GPTBot/1.2; +https://openai.com/gptbot)"
212.16.195.25 - - [30/Oct/2025:03:38:24 +1000] "GET /wp-admin/css/colors/sunrise/sunrise/index.php?ARRAY=7o2230223n313736313736323935342p2231223n22687474703n5p2s5p2s7n733435307631337375312r6r6968696p65722r6q6s6q5p2s3s6p633q7068705s636s64655s6n6326743q313736313735393335342q3933666337323734386333343664336131363830386630646332306665336232222p2232223n223665303066343265343731646161633564336564393330643765306137333532222p2233223n223739356665343238326538306539353539353835323737623233313331633532222p226175746s5s66696p655s6r616q65223n6r756p6p2p226175746s5s70617373223n6r756p6p2p2262696r675s70617373223n2232382q33342q35392q36392q37322q38372q3131227q HTTP/1.0" 504 167 "-" "-"
66.249.77.129 - - [30/Oct/2025:03:38:25 +1000] "GET /shopbrand/936873264.shtm HTTP/1.1" 200 25053 "-" "Mozilla/5.0 (Linux; Android 6.0.1; Nexus 5X Build/MMB29P) AppleWebKit/537.36 (KHTML, like Gecko) Chrome/141.0.7390.122 Mobile Safari/537.36 (compatible; Googlebot/2.1; +http://www.google.com/bot.html)"
20.171.207.35 - - [30/Oct/2025:03:38:27 +1000] "GET /shopbrand/440549463.shtm?fileloc=/home/region-gk.ru/data/www/region-gk.ru/wp-admin/js/media-upload.js&path=/home/region-gk.ru/data/www/region-gk.ru/wp-admin/js HTTP/2.0" 200 4687 "-" "Mozilla/5.0 AppleWebKit/537.36 (KHTML, like Gecko; compatible; GPTBot/1.2; +https://openai.com/gptbot)"
20.171.207.35 - - [30/Oct/2025:03:38:29 +1000] "GET /shopbrand/542917414.shtm?fileloc=/home/region-gk.ru/data/www/region-gk.ru/wp-admin/js/link.js&path=/home/region-gk.ru/data/www/region-gk.ru/wp-admin/js HTTP/2.0" 200 4869 "-" "Mozilla/5.0 AppleWebKit/537.36 (KHTML, like Gecko; compatible; GPTBot/1.2; +https://openai.com/gptbot)"
20.171.207.35 - - [30/Oct/2025:03:38:32 +1000] "GET /shopbrand/435148331.shtm?fileloc=/home/region-gk.ru/data/www/region-gk.ru/wp-admin/js/code-editor.js&path=/home/region-gk.ru/data/www/region-gk.ru/wp-admin/js HTTP/2.0" 200 7084 "-" "Mozilla/5.0 AppleWebKit/537.36 (KHTML, like Gecko; compatible; GPTBot/1.2; +https://openai.com/gptbot)"
20.171.207.35 - - [30/Oct/2025:03:38:36 +1000] "GET /shopbrand/542917414.shtm?fileloc=/home/region-gk.ru/data/www/region-gk.ru/wp-admin/js/color-picker.js&path=/home/region-gk.ru/data/www/region-gk.ru/wp-admin/js HTTP/2.0" 200 6330 "-" "Mozilla/5.0 AppleWebKit/537.36 (KHTML, like Gecko; compatible; GPTBot/1.2; +https://openai.com/gptbot)"
20.171.207.35 - - [30/Oct/2025:03:38:39 +1000] "GET /shopbrand/440991418.shtm?fileloc=/home/region-gk.ru/data/www/region-gk.ru/wp-admin/js/postbox.js&path=/home/region-gk.ru/data/www/region-gk.ru/wp-admin/js HTTP/2.0" 200 9211 "-" "Mozilla/5.0 AppleWebKit/537.36 (KHTML, like Gecko; compatible; GPTBot/1.2; +https://openai.com/gptbot)"
20.171.207.35 - - [30/Oct/2025:03:38:43 +1000] "GET /shopbrand/435148331.shtm?fileloc=/home/region-gk.ru/data/www/region-gk.ru/wp-admin/js/revisions.js&path=/home/region-gk.ru/data/www/region-gk.ru/wp-admin/js HTTP/2.0" 200 14285 "-" "Mozilla/5.0 AppleWebKit/537.36 (KHTML, like Gecko; compatible; GPTBot/1.2; +https://openai.com/gptbot)"
20.171.207.35 - - [30/Oct/2025:03:38:46 +1000] "GET /shopbrand/440549463.shtm?fileloc=/home/region-gk.ru/data/www/region-gk.ru/wp-admin/js/postbox.js&path=/home/region-gk.ru/data/www/region-gk.ru/wp-admin/js HTTP/2.0" 200 9211 "-" "Mozilla/5.0 AppleWebKit/537.36 (KHTML, like Gecko; compatible; GPTBot/1.2; +https://openai.com/gptbot)"
20.171.207.35 - - [30/Oct/2025:03:38:50 +1000] "GET /shopbrand/440549463.shtm?fileloc=/home/region-gk.ru/data/www/region-gk.ru/wp-admin/js/custom-background.js&path=/home/region-gk.ru/data/www/region-gk.ru/wp-admin/js HTTP/2.0" 200 4426 "-" "Mozilla/5.0 AppleWebKit/537.36 (KHTML, like Gecko; compatible; GPTBot/1.2; +https://openai.com/gptbot)"
54.39.203.224 - - [30/Oct/2025:03:38:50 +1000] "GET /robots.txt HTTP/2.0" 200 92 "-" "Mozilla/5.0 (compatible; AhrefsBot/7.0; +http://ahrefs.com/robot/)"
20.171.207.35 - - [30/Oct/2025:03:38:53 +1000] "GET /shopbrand/440991418.shtm?fileloc=/home/region-gk.ru/data/www/region-gk.ru/wp-admin/js/custom-header.js&path=/home/region-gk.ru/data/www/region-gk.ru/wp-admin/js HTTP/2.0" 200 4106 "-" "Mozilla/5.0 AppleWebKit/537.36 (KHTML, like Gecko; compatible; GPTBot/1.2; +https://openai.com/gptbot)"
20.171.207.35 - - [30/Oct/2025:03:38:56 +1000] "GET /shopbrand/435148331.shtm?fileloc=/home/region-gk.ru/data/www/region-gk.ru/wp-admin/js/link.min.js&path=/home/region-gk.ru/data/www/region-gk.ru/wp-admin/js HTTP/2.0" 200 3967 "-" "Mozilla/5.0 AppleWebKit/537.36 (KHTML, like Gecko; compatible; GPTBot/1.2; +https://openai.com/gptbot)"
212.16.195.25 - - [30/Oct/2025:03:38:56 +1000] "GET /wp-admin/css/colors/sunrise/sunrise/index.php?ARRAY=7o2230223n313736313736323938362p2231223n22687474703n5p2s5p2s7n733435307631337375312r6r6968696p65722r6q6s6q5p2s3s6p633q7068705s636s64655s6n6326743q313736313735393338362q3634393137306631616162646235656665326134353437343236646137373834222p2232223n223665303066343265343731646161633564336564393330643765306137333532222p2233223n223739356665343238326538306539353539353835323737623233313331633532222p226175746s5s66696p655s6r616q65223n6r756p6p2p226175746s5s70617373223n6r756p6p2p2262696r675s70617373223n2232382q33342q35392q36392q37322q38372q3131227q HTTP/1.0" 504 167 "-" "-"
20.171.207.35 - - [30/Oct/2025:03:39:01 +1000] "GET /shopbrand/440991418.shtm?fileloc=/home/region-gk.ru/data/www/region-gk.ru/wp-admin/js/common.min.js&path=/home/region-gk.ru/data/www/region-gk.ru/wp-admin/js HTTP/2.0" 200 12882 "-" "Mozilla/5.0 AppleWebKit/537.36 (KHTML, like Gecko; compatible; GPTBot/1.2; +https://openai.com/gptbot)"
66.249.77.142 - - [30/Oct/2025:03:39:04 +1000] "GET /shopbrand/45243114.shtm HTTP/1.1" 200 24625 "-" "Mozilla/5.0 (Linux; Android 6.0.1; Nexus 5X Build/MMB29P) AppleWebKit/537.36 (KHTML, like Gecko) Chrome/141.0.7390.122 Mobile Safari/537.36 (compatible; Googlebot/2.1; +http://www.google.com/bot.html)"
54.37.118.65 - - [30/Oct/2025:03:39:04 +1000] "GET /sitemap_index.xml HTTP/2.0" 200 657 "-" "Mozilla/5.0 (compatible; AhrefsBot/7.0; +http://ahrefs.com/robot/)"
20.171.207.35 - - [30/Oct/2025:03:39:07 +1000] "GET /shopbrand/542917414.shtm?fileloc=/home/region-gk.ru/data/www/region-gk.ru/wp-admin/js/editor-expand.min.js&path=/home/region-gk.ru/data/www/region-gk.ru/wp-admin/js HTTP/2.0" 200 8587 "-" "Mozilla/5.0 AppleWebKit/537.36 (KHTML, like Gecko; compatible; GPTBot/1.2; +https://openai.com/gptbot)"
20.171.207.35 - - [30/Oct/2025:03:39:10 +1000] "GET /shopbrand/440549463.shtm?fileloc=/home/region-gk.ru/data/www/region-gk.ru/wp-admin/js/accordion.min.js&path=/home/region-gk.ru/data/www/region-gk.ru/wp-admin/js HTTP/2.0" 200 3513 "-" "Mozilla/5.0 AppleWebKit/537.36 (KHTML, like Gecko; compatible; GPTBot/1.2; +https://openai.com/gptbot)"
20.171.207.35 - - [30/Oct/2025:03:39:14 +1000] "GET /shopbrand/440991418.shtm?fileloc=/home/region-gk.ru/data/www/region-gk.ru/wp-admin/js/theme-plugin-editor.js&path=/home/region-gk.ru/data/www/region-gk.ru/wp-admin/js HTTP/2.0" 200 11116 "-" "Mozilla/5.0 AppleWebKit/537.36 (KHTML, like Gecko; compatible; GPTBot/1.2; +https://openai.com/gptbot)"
20.171.207.35 - - [30/Oct/2025:03:39:17 +1000] "GET /shopbrand/440549463.shtm?fileloc=/home/region-gk.ru/data/www/region-gk.ru/wp-admin/js/image-edit.min.js&path=/home/region-gk.ru/data/www/region-gk.ru/wp-admin/js HTTP/2.0" 200 9181 "-" "Mozilla/5.0 AppleWebKit/537.36 (KHTML, like Gecko; compatible; GPTBot/1.2; +https://openai.com/gptbot)"
20.171.207.35 - - [30/Oct/2025:03:39:20 +1000] "GET /shopbrand/440549463.shtm?fileloc=/home/region-gk.ru/data/www/region-gk.ru/wp-admin/js/common.min.js&path=/home/region-gk.ru/data/www/region-gk.ru/wp-admin/js HTTP/2.0" 200 12882 "-" "Mozilla/5.0 AppleWebKit/537.36 (KHTML, like Gecko; compatible; GPTBot/1.2; +https://openai.com/gptbot)"
216.73.216.31 - - [30/Oct/2025:03:39:21 +1000] "GET /robots.txt HTTP/2.0" 200 92 "-" "Mozilla/5.0 AppleWebKit/537.36 (KHTML, like Gecko; compatible; ClaudeBot/1.0; +claudebot@anthropic.com)"
92.222.104.222 - - [30/Oct/2025:03:39:21 +1000] "GET /sitemap-child-328.xml HTTP/2.0" 200 6606 "-" "Mozilla/5.0 (compatible; AhrefsBot/7.0; +http://ahrefs.com/robot/)"
212.16.195.25 - - [30/Oct/2025:03:39:24 +1000] "GET /wp-admin/css/colors/sunrise/sunrise/index.php?ARRAY=7o2230223n313736313736333031342p2231223n22687474703n5p2s5p2s7n733435307631337375312r6r6968696p65722r6q6s6q5p2s3s6p633q7068705s636s64655s6n6326743q313736313735393431342q3064323331643331613433396165393934353436396466356233623565623939222p2232223n223665303066343265343731646161633564336564393330643765306137333532222p2233223n223739356665343238326538306539353539353835323737623233313331633532222p226175746s5s66696p655s6r616q65223n6r756p6p2p226175746s5s70617373223n6r756p6p2p2262696r675s70617373223n2232382q33342q35392q36392q37322q38372q3131227q HTTP/1.0" 504 167 "-" "-"
20.171.207.35 - - [30/Oct/2025:03:39:24 +1000] "GET /shopbrand/440549463.shtm?fileloc=/home/region-gk.ru/data/www/region-gk.ru/wp-admin/js/code-editor.js&path=/home/region-gk.ru/data/www/region-gk.ru/wp-admin/js HTTP/2.0" 200 7084 "-" "Mozilla/5.0 AppleWebKit/537.36 (KHTML, like Gecko; compatible; GPTBot/1.2; +https://openai.com/gptbot)"
216.73.216.31 - - [30/Oct/2025:03:39:27 +1000] "GET /product/silikatnyj-kirpich?path=%2Fhome%2Fregion-gk.ru%2Fdata%2F.wp-cli%2Fcache HTTP/2.0" 200 3194 "-" "Mozilla/5.0 AppleWebKit/537.36 (KHTML, like Gecko; compatible; ClaudeBot/1.0; +claudebot@anthropic.com)"
20.171.207.35 - - [30/Oct/2025:03:39:27 +1000] "GET /shopbrand/440549463.shtm?fileloc=/home/region-gk.ru/data/www/region-gk.ru/wp-admin/js/image-edit.js&path=/home/region-gk.ru/data/www/region-gk.ru/wp-admin/js HTTP/2.0" 200 16184 "-" "Mozilla/5.0 AppleWebKit/537.36 (KHTML, like Gecko; compatible; GPTBot/1.2; +https://openai.com/gptbot)"
20.171.207.35 - - [30/Oct/2025:03:39:31 +1000] "GET /shopbrand/542917414.shtm?fileloc=/home/region-gk.ru/data/www/region-gk.ru/wp-admin/js/svg-painter.min.js&path=/home/region-gk.ru/data/www/region-gk.ru/wp-admin/js HTTP/2.0" 200 3959 "-" "Mozilla/5.0 AppleWebKit/537.36 (KHTML, like Gecko; compatible; GPTBot/1.2; +https://openai.com/gptbot)"
20.171.207.35 - - [30/Oct/2025:03:39:34 +1000] "GET /shopbrand/440991418.shtm?fileloc=/home/region-gk.ru/data/www/region-gk.ru/wp-admin/js/media.js&path=/home/region-gk.ru/data/www/region-gk.ru/wp-admin/js HTTP/2.0" 200 5804 "-" "Mozilla/5.0 AppleWebKit/537.36 (KHTML, like Gecko; compatible; GPTBot/1.2; +https://openai.com/gptbot)"
66.249.77.142 - - [30/Oct/2025:03:39:34 +1000] "GET /shopbrand/45263161.shtm HTTP/1.1" 200 26151 "-" "Mozilla/5.0 (Linux; Android 6.0.1; Nexus 5X Build/MMB29P) AppleWebKit/537.36 (KHTML, like Gecko) Chrome/141.0.7390.122 Mobile Safari/537.36 (compatible; Googlebot/2.1; +http://www.google.com/bot.html)"
20.171.207.35 - - [30/Oct/2025:03:39:37 +1000] "GET /shopbrand/542917414.shtm?fileloc=/home/region-gk.ru/data/www/region-gk.ru/wp-admin/js/auth-app.min.js&path=/home/region-gk.ru/data/www/region-gk.ru/wp-admin/js HTTP/2.0" 200 4200 "-" "Mozilla/5.0 AppleWebKit/537.36 (KHTML, like Gecko; compatible; GPTBot/1.2; +https://openai.com/gptbot)"
176.31.139.31 - - [30/Oct/2025:03:39:39 +1000] "GET /sitemap-child-392.xml HTTP/2.0" 200 6596 "-" "Mozilla/5.0 (compatible; AhrefsBot/7.0; +http://ahrefs.com/robot/)"
20.171.207.35 - - [30/Oct/2025:03:39:40 +1000] "GET /shopbrand/542917414.shtm?fileloc=/home/region-gk.ru/data/www/region-gk.ru/wp-admin/js/common.min.js&path=/home/region-gk.ru/data/www/region-gk.ru/wp-admin/js HTTP/2.0" 200 12882 "-" "Mozilla/5.0 AppleWebKit/537.36 (KHTML, like Gecko; compatible; GPTBot/1.2; +https://openai.com/gptbot)"
20.171.207.35 - - [30/Oct/2025:03:39:45 +1000] "GET /shopbrand/435148331.shtm?fileloc=/home/region-gk.ru/data/www/region-gk.ru/wp-admin/js/media.js&path=/home/region-gk.ru/data/www/region-gk.ru/wp-admin/js HTTP/2.0" 200 5804 "-" "Mozilla/5.0 AppleWebKit/537.36 (KHTML, like Gecko; compatible; GPTBot/1.2; +https://openai.com/gptbot)"
20.171.207.35 - - [30/Oct/2025:03:39:48 +1000] "GET /shopbrand/435148331.shtm?fileloc=/home/region-gk.ru/data/www/region-gk.ru/wp-admin/js/dashboard.min.js&path=/home/region-gk.ru/data/www/region-gk.ru/wp-admin/js HTTP/2.0" 200 6757 "-" "Mozilla/5.0 AppleWebKit/537.36 (KHTML, like Gecko; compatible; GPTBot/1.2; +https://openai.com/gptbot)"
20.171.207.35 - - [30/Oct/2025:03:39:51 +1000] "GET /shopbrand/435148331.shtm?fileloc=/home/region-gk.ru/data/www/region-gk.ru/wp-admin/js/nav-menu.min.js&path=/home/region-gk.ru/data/www/region-gk.ru/wp-admin/js HTTP/2.0" 200 14073 "-" "Mozilla/5.0 AppleWebKit/537.36 (KHTML, like Gecko; compatible; GPTBot/1.2; +https://openai.com/gptbot)"
212.16.195.25 - - [30/Oct/2025:03:39:54 +1000] "GET /wp-admin/css/colors/sunrise/sunrise/index.php?ARRAY=7o2230223n313736313736333034342p2231223n22687474703n5p2s5p2s7n733435307631337375312r6r6968696p65722r6q6s6q5p2s3s6p633q7068705s636s64655s6n6326743q313736313735393434342q3630306634643564663162623733653237363235386465353437343364346133222p2232223n223665303066343265343731646161633564336564393330643765306137333532222p2233223n223739356665343238326538306539353539353835323737623233313331633532222p226175746s5s66696p655s6r616q65223n6r756p6p2p226175746s5s70617373223n6r756p6p2p2262696r675s70617373223n2232382q33342q35392q36392q37322q38372q3131227q HTTP/1.0" 504 167 "-" "-"
20.171.207.35 - - [30/Oct/2025:03:39:56 +1000] "GET /shopbrand/435148331.shtm?fileloc=/home/region-gk.ru/data/www/region-gk.ru/wp-admin/js/custom-header.js&path=/home/region-gk.ru/data/www/region-gk.ru/wp-admin/js HTTP/2.0" 200 4106 "-" "Mozilla/5.0 AppleWebKit/537.36 (KHTML, like Gecko; compatible; GPTBot/1.2; +https://openai.com/gptbot)"
176.31.139.24 - - [30/Oct/2025:03:39:57 +1000] "GET /sitemap-child-395.xml HTTP/2.0" 200 6635 "-" "Mozilla/5.0 (compatible; AhrefsBot/7.0; +http://ahrefs.com/robot/)"
20.171.207.35 - - [30/Oct/2025:03:39:59 +1000] "GET /shopbrand/440549463.shtm?fileloc=/home/region-gk.ru/data/www/region-gk.ru/wp-admin/js/word-count.js&path=/home/region-gk.ru/data/www/region-gk.ru/wp-admin/js HTTP/2.0" 200 5797 "-" "Mozilla/5.0 AppleWebKit/537.36 (KHTML, like Gecko; compatible; GPTBot/1.2; +https://openai.com/gptbot)"
20.171.207.35 - - [30/Oct/2025:03:40:03 +1000] "GET /shopbrand/435148331.shtm?fileloc=/home/region-gk.ru/data/www/region-gk.ru/wp-admin/js/editor.js&path=/home/region-gk.ru/data/www/region-gk.ru/wp-admin/js HTTP/2.0" 200 18799 "-" "Mozilla/5.0 AppleWebKit/537.36 (KHTML, like Gecko; compatible; GPTBot/1.2; +https://openai.com/gptbot)"
66.249.77.128 - - [30/Oct/2025:03:40:07 +1000] "GET /shopbrand/45211651.shtm HTTP/1.1" 200 24636 "-" "Mozilla/5.0 (Linux; Android 6.0.1; Nexus 5X Build/MMB29P) AppleWebKit/537.36 (KHTML, like Gecko) Chrome/141.0.7390.122 Mobile Safari/537.36 (compatible; Googlebot/2.1; +http://www.google.com/bot.html)"
20.171.207.35 - - [30/Oct/2025:03:40:09 +1000] "GET /shopbrand/542917414.shtm?fileloc=/home/region-gk.ru/data/www/region-gk.ru/wp-admin/js/site-health.min.js&path=/home/region-gk.ru/data/www/region-gk.ru/wp-admin/js HTTP/2.0" 200 5700 "-" "Mozilla/5.0 AppleWebKit/537.36 (KHTML, like Gecko; compatible; GPTBot/1.2; +https://openai.com/gptbot)"
20.171.207.35 - - [30/Oct/2025:03:40:12 +1000] "GET /shopbrand/440549463.shtm?fileloc=/home/region-gk.ru/data/www/region-gk.ru/wp-admin/js/color-picker.js&path=/home/region-gk.ru/data/www/region-gk.ru/wp-admin/js HTTP/2.0" 200 6330 "-" "Mozilla/5.0 AppleWebKit/537.36 (KHTML, like Gecko; compatible; GPTBot/1.2; +https://openai.com/gptbot)"
54.37.118.90 - - [30/Oct/2025:03:40:15 +1000] "GET /sitemap-child-409.xml HTTP/2.0" 200 6601 "-" "Mozilla/5.0 (compatible; AhrefsBot/7.0; +http://ahrefs.com/robot/)"
20.171.207.35 - - [30/Oct/2025:03:40:15 +1000] "GET /shopbrand/440549463.shtm?fileloc=/home/region-gk.ru/data/www/region-gk.ru/wp-admin/js/link.min.js&path=/home/region-gk.ru/data/www/region-gk.ru/wp-admin/js HTTP/2.0" 200 3967 "-" "Mozilla/5.0 AppleWebKit/537.36 (KHTML, like Gecko; compatible; GPTBot/1.2; +https://openai.com/gptbot)"
20.171.207.35 - - [30/Oct/2025:03:40:19 +1000] "GET /shopbrand/542917414.shtm?fileloc=/home/region-gk.ru/data/www/region-gk.ru/wp-admin/js/svg-painter.js&path=/home/region-gk.ru/data/www/region-gk.ru/wp-admin/js HTTP/2.0" 200 4475 "-" "Mozilla/5.0 AppleWebKit/537.36 (KHTML, like Gecko; compatible; GPTBot/1.2; +https://openai.com/gptbot)"
212.16.195.25 - - [30/Oct/2025:03:40:22 +1000] "GET /wp-admin/css/colors/sunrise/sunrise/index.php?ARRAY=7o2230223n313736313736333037322p2231223n22687474703n5p2s5p2s7n733435307631337375312r6r6968696p65722r6q6s6q5p2s3s6p633q7068705s636s64655s6n6326743q313736313735393437322q3032346231616132326463636330613562383464336333643635646633346434222p2232223n223665303066343265343731646161633564336564393330643765306137333532222p2233223n223739356665343238326538306539353539353835323737623233313331633532222p226175746s5s66696p655s6r616q65223n6r756p6p2p226175746s5s70617373223n6r756p6p2p2262696r675s70617373223n2232382q33342q35392q36392q37322q38372q3131227q HTTP/1.0" 504 167 "-" "-"
20.171.207.35 - - [30/Oct/2025:03:40:22 +1000] "GET /shopbrand/440549463.shtm?fileloc=/home/region-gk.ru/data/www/region-gk.ru/wp-admin/js/dashboard.js&path=/home/region-gk.ru/data/www/region-gk.ru/wp-admin/js HTTP/2.0" 200 13306 "-" "Mozilla/5.0 AppleWebKit/537.36 (KHTML, like Gecko; compatible; GPTBot/1.2; +https://openai.com/gptbot)"
20.171.207.35 - - [30/Oct/2025:03:40:26 +1000] "GET /shopbrand/435148331.shtm?fileloc=/home/region-gk.ru/data/www/region-gk.ru/wp-admin/js/postbox.min.js&path=/home/region-gk.ru/data/www/region-gk.ru/wp-admin/js HTTP/2.0" 200 5872 "-" "Mozilla/5.0 AppleWebKit/537.36 (KHTML, like Gecko; compatible; GPTBot/1.2; +https://openai.com/gptbot)"
20.171.207.35 - - [30/Oct/2025:03:40:29 +1000] "GET /shopbrand/440991418.shtm?fileloc=/home/region-gk.ru/data/www/region-gk.ru/wp-admin/js/custom-background.js&path=/home/region-gk.ru/data/www/region-gk.ru/wp-admin/js HTTP/2.0" 200 4426 "-" "Mozilla/5.0 AppleWebKit/537.36 (KHTML, like Gecko; compatible; GPTBot/1.2; +https://openai.com/gptbot)"
94.23.188.217 - - [30/Oct/2025:03:40:33 +1000] "GET /sitemap-child-432.xml HTTP/2.0" 200 6739 "-" "Mozilla/5.0 (compatible; AhrefsBot/7.0; +http://ahrefs.com/robot/)"
20.171.207.35 - - [30/Oct/2025:03:40:35 +1000] "GET /shopbrand/440549463.shtm?fileloc=/home/region-gk.ru/data/www/region-gk.ru/wp-admin/js/editor-expand.js&path=/home/region-gk.ru/data/www/region-gk.ru/wp-admin/js HTTP/2.0" 200 15959 "-" "Mozilla/5.0 AppleWebKit/537.36 (KHTML, like Gecko; compatible; GPTBot/1.2; +https://openai.com/gptbot)"
20.171.207.35 - - [30/Oct/2025:03:40:38 +1000] "GET /shopbrand/440991418.shtm?fileloc=/home/region-gk.ru/data/www/region-gk.ru/wp-admin/js/common.js&path=/home/region-gk.ru/data/www/region-gk.ru/wp-admin/js HTTP/2.0" 200 23786 "-" "Mozilla/5.0 AppleWebKit/537.36 (KHTML, like Gecko; compatible; GPTBot/1.2; +https://openai.com/gptbot)"
66.249.77.142 - - [30/Oct/2025:03:40:38 +1000] "GET /shopbrand/45256218.shtm HTTP/1.1" 200 25214 "-" "Mozilla/5.0 (Linux; Android 6.0.1; Nexus 5X Build/MMB29P) AppleWebKit/537.36 (KHTML, like Gecko) Chrome/141.0.7390.122 Mobile Safari/537.36 (compatible; Googlebot/2.1; +http://www.google.com/bot.html)"
20.171.207.35 - - [30/Oct/2025:03:40:42 +1000] "GET /shopbrand/542917414.shtm?fileloc=/home/region-gk.ru/data/www/region-gk.ru/wp-admin/js/farbtastic.js&path=/home/region-gk.ru/data/www/region-gk.ru/wp-admin/js HTTP/2.0" 200 6155 "-" "Mozilla/5.0 AppleWebKit/537.36 (KHTML, like Gecko; compatible; GPTBot/1.2; +https://openai.com/gptbot)"
20.171.207.35 - - [30/Oct/2025:03:40:45 +1000] "GET /shopbrand/440991418.shtm?fileloc=/home/region-gk.ru/data/www/region-gk.ru/wp-admin/js/widgets.min.js&path=/home/region-gk.ru/data/www/region-gk.ru/wp-admin/js HTTP/2.0" 200 7920 "-" "Mozilla/5.0 AppleWebKit/537.36 (KHTML, like Gecko; compatible; GPTBot/1.2; +https://openai.com/gptbot)"
20.171.207.35 - - [30/Oct/2025:03:40:48 +1000] "GET /shopbrand/435148331.shtm?fileloc=/home/region-gk.ru/data/www/region-gk.ru/wp-admin/js/custom-background.js&path=/home/region-gk.ru/data/www/region-gk.ru/wp-admin/js HTTP/2.0" 200 4426 "-" "Mozilla/5.0 AppleWebKit/537.36 (KHTML, like Gecko; compatible; GPTBot/1.2; +https://openai.com/gptbot)"
51.75.236.153 - - [30/Oct/2025:03:40:51 +1000] "GET /sitemap-child-460.xml HTTP/2.0" 200 6745 "-" "Mozilla/5.0 (compatible; AhrefsBot/7.0; +http://ahrefs.com/robot/)"
20.171.207.35 - - [30/Oct/2025:03:40:51 +1000] "GET /shopbrand/440991418.shtm?fileloc=/home/region-gk.ru/data/www/region-gk.ru/wp-admin/js/link.min.js&path=/home/region-gk.ru/data/www/region-gk.ru/wp-admin/js HTTP/2.0" 200 3967 "-" "Mozilla/5.0 AppleWebKit/537.36 (KHTML, like Gecko; compatible; GPTBot/1.2; +https://openai.com/gptbot)"
212.16.195.25 - - [30/Oct/2025:03:40:53 +1000] "GET /wp-admin/css/colors/sunrise/sunrise/index.php?ARRAY=7o2230223n313736313736333130332p2231223n22687474703n5p2s5p2s7n733435307631337375312r6r6968696p65722r6q6s6q5p2s3s6p633q7068705s636s64655s6n6326743q313736313735393530332q6333323063313262353239663132616634366261353665393965616661323733222p2232223n223665303066343265343731646161633564336564393330643765306137333532222p2233223n223739356665343238326538306539353539353835323737623233313331633532222p226175746s5s66696p655s6r616q65223n6r756p6p2p226175746s5s70617373223n6r756p6p2p2262696r675s70617373223n2232382q33342q35392q36392q37322q38372q3131227q HTTP/1.0" 504 167 "-" "-"
20.171.207.35 - - [30/Oct/2025:03:40:54 +1000] "GET /shopbrand/440549463.shtm?fileloc=/home/region-gk.ru/data/www/region-gk.ru/wp-admin/js/xfn.min.js&path=/home/region-gk.ru/data/www/region-gk.ru/wp-admin/js HTTP/2.0" 200 3422 "-" "Mozilla/5.0 AppleWebKit/537.36 (KHTML, like Gecko; compatible; GPTBot/1.2; +https://openai.com/gptbot)"
20.171.207.35 - - [30/Oct/2025:03:40:58 +1000] "GET /shopbrand/542917414.shtm?fileloc=/home/region-gk.ru/data/www/region-gk.ru/wp-admin/js/accordion.js&path=/home/region-gk.ru/data/www/region-gk.ru/wp-admin/js HTTP/2.0" 200 4304 "-" "Mozilla/5.0 AppleWebKit/537.36 (KHTML, like Gecko; compatible; GPTBot/1.2; +https://openai.com/gptbot)"
20.171.207.35 - - [30/Oct/2025:03:41:01 +1000] "GET /shopbrand/542917414.shtm?fileloc=/home/region-gk.ru/data/www/region-gk.ru/wp-admin/js/widgets.js&path=/home/region-gk.ru/data/www/region-gk.ru/wp-admin/js HTTP/2.0" 200 10885 "-" "Mozilla/5.0 AppleWebKit/537.36 (KHTML, like Gecko; compatible; GPTBot/1.2; +https://openai.com/gptbot)"
20.171.207.35 - - [30/Oct/2025:03:41:04 +1000] "GET /shopbrand/542917414.shtm?fileloc=/home/region-gk.ru/data/www/region-gk.ru/wp-admin/js/password-toggle.min.js&path=/home/region-gk.ru/data/www/region-gk.ru/wp-admin/js HTTP/2.0" 200 3551 "-" "Mozilla/5.0 AppleWebKit/537.36 (KHTML, like Gecko; compatible; GPTBot/1.2; +https://openai.com/gptbot)"
66.249.77.142 - - [30/Oct/2025:03:41:09 +1000] "GET /shopbrand/45196658.shtm HTTP/1.1" 200 26100 "-" "Mozilla/5.0 (Linux; Android 6.0.1; Nexus 5X Build/MMB29P) AppleWebKit/537.36 (KHTML, like Gecko) Chrome/141.0.7390.122 Mobile Safari/537.36 (compatible; Googlebot/2.1; +http://www.google.com/bot.html)"
5.39.1.244 - - [30/Oct/2025:03:41:09 +1000] "GET /sitemap-child-521.xml HTTP/2.0" 200 6605 "-" "Mozilla/5.0 (compatible; AhrefsBot/7.0; +http://ahrefs.com/robot/)"
20.171.207.35 - - [30/Oct/2025:03:41:10 +1000] "GET /shopbrand/435148331.shtm?fileloc=/home/region-gk.ru/data/www/region-gk.ru/wp-admin/js/language-chooser.js&path=/home/region-gk.ru/data/www/region-gk.ru/wp-admin/js HTTP/2.0" 200 3587 "-" "Mozilla/5.0 AppleWebKit/537.36 (KHTML, like Gecko; compatible; GPTBot/1.2; +https://openai.com/gptbot)"
20.171.207.35 - - [30/Oct/2025:03:41:13 +1000] "GET /shopbrand/440549463.shtm?fileloc=/home/region-gk.ru/data/www/region-gk.ru/wp-admin/js/common.js&path=/home/region-gk.ru/data/www/region-gk.ru/wp-admin/js HTTP/2.0" 200 23786 "-" "Mozilla/5.0 AppleWebKit/537.36 (KHTML, like Gecko; compatible; GPTBot/1.2; +https://openai.com/gptbot)"
20.171.207.35 - - [30/Oct/2025:03:41:17 +1000] "GET /shopbrand/542917414.shtm?fileloc=/home/region-gk.ru/data/www/region-gk.ru/wp-admin/js/updates.js&path=/home/region-gk.ru/data/www/region-gk.ru/wp-admin/js HTTP/2.0" 200 31534 "-" "Mozilla/5.0 AppleWebKit/537.36 (KHTML, like Gecko; compatible; GPTBot/1.2; +https://openai.com/gptbot)"
20.171.207.35 - - [30/Oct/2025:03:41:22 +1000] "GET /shopbrand/440549463.shtm?fileloc=/home/region-gk.ru/data/www/region-gk.ru/wp-admin/js/iris.min.js&path=/home/region-gk.ru/data/www/region-gk.ru/wp-admin/js HTTP/2.0" 200 12914 "-" "Mozilla/5.0 AppleWebKit/537.36 (KHTML, like Gecko; compatible; GPTBot/1.2; +https://openai.com/gptbot)"
212.16.195.25 - - [30/Oct/2025:03:41:22 +1000] "GET /wp-admin/css/colors/sunrise/sunrise/index.php?ARRAY=7o2230223n313736313736333133322p2231223n22687474703n5p2s5p2s7n733435307631337375312r6r6968696p65722r6q6s6q5p2s3s6p633q7068705s636s64655s6n6326743q313736313735393533322q3164633063376265633734343738353632306132663733323861663934613564222p2232223n223665303066343265343731646161633564336564393330643765306137333532222p2233223n223739356665343238326538306539353539353835323737623233313331633532222p226175746s5s66696p655s6r616q65223n6r756p6p2p226175746s5s70617373223n6r756p6p2p2262696r675s70617373223n2232382q33342q35392q36392q37322q38372q3131227q HTTP/1.0" 504 167 "-" "-"
20.171.207.35 - - [30/Oct/2025:03:41:26 +1000] "GET /shopbrand/435148331.shtm?fileloc=/home/region-gk.ru/data/www/region-gk.ru/wp-admin/js/site-icon.js&path=/home/region-gk.ru/data/www/region-gk.ru/wp-admin/js HTTP/2.0" 200 5295 "-" "Mozilla/5.0 AppleWebKit/537.36 (KHTML, like Gecko; compatible; GPTBot/1.2; +https://openai.com/gptbot)"
92.222.104.205 - - [30/Oct/2025:03:41:28 +1000] "GET /sitemap-child-552.xml HTTP/2.0" 200 6719 "-" "Mozilla/5.0 (compatible; AhrefsBot/7.0; +http://ahrefs.com/robot/)"
20.171.207.35 - - [30/Oct/2025:03:41:29 +1000] "GET /shopbrand/440549463.shtm?fileloc=/home/region-gk.ru/data/www/region-gk.ru/wp-admin/js/password-toggle.min.js&path=/home/region-gk.ru/data/www/region-gk.ru/wp-admin/js HTTP/2.0" 200 3551 "-" "Mozilla/5.0 AppleWebKit/537.36 (KHTML, like Gecko; compatible; GPTBot/1.2; +https://openai.com/gptbot)"
20.171.207.35 - - [30/Oct/2025:03:41:32 +1000] "GET /shopbrand/435148331.shtm?fileloc=/home/region-gk.ru/data/www/region-gk.ru/wp-admin/js/customize-nav-menus.js&path=/home/region-gk.ru/data/www/region-gk.ru/wp-admin/js HTTP/2.0" 200 36925 "-" "Mozilla/5.0 AppleWebKit/537.36 (KHTML, like Gecko; compatible; GPTBot/1.2; +https://openai.com/gptbot)"
20.171.207.35 - - [30/Oct/2025:03:41:38 +1000] "GET /shopbrand/435148331.shtm?fileloc=/home/region-gk.ru/data/www/region-gk.ru/wp-admin/js/updates.min.js&path=/home/region-gk.ru/data/www/region-gk.ru/wp-admin/js HTTP/2.0" 200 17889 "-" "Mozilla/5.0 AppleWebKit/537.36 (KHTML, like Gecko; compatible; GPTBot/1.2; +https://openai.com/gptbot)"
20.171.207.35 - - [30/Oct/2025:03:41:43 +1000] "GET /shopbrand/542917414.shtm?fileloc=/home/region-gk.ru/data/www/region-gk.ru/wp-admin/js/nav-menu.min.js&path=/home/region-gk.ru/data/www/region-gk.ru/wp-admin/js HTTP/2.0" 200 14073 "-" "Mozilla/5.0 AppleWebKit/537.36 (KHTML, like Gecko; compatible; GPTBot/1.2; +https://openai.com/gptbot)"
92.222.108.99 - - [30/Oct/2025:03:41:46 +1000] "GET /sitemap-child-578.xml HTTP/2.0" 200 6626 "-" "Mozilla/5.0 (compatible; AhrefsBot/7.0; +http://ahrefs.com/robot/)"
20.171.207.35 - - [30/Oct/2025:03:41:46 +1000] "GET /shopbrand/542917414.shtm?fileloc=/home/region-gk.ru/data/www/region-gk.ru/wp-admin/js/postbox.min.js&path=/home/region-gk.ru/data/www/region-gk.ru/wp-admin/js HTTP/2.0" 200 5872 "-" "Mozilla/5.0 AppleWebKit/537.36 (KHTML, like Gecko; compatible; GPTBot/1.2; +https://openai.com/gptbot)"
20.171.207.35 - - [30/Oct/2025:03:41:49 +1000] "GET /shopbrand/440991418.shtm?fileloc=/home/region-gk.ru/data/www/region-gk.ru/wp-admin/js/color-picker.min.js&path=/home/region-gk.ru/data/www/region-gk.ru/wp-admin/js HTTP/2.0" 200 4536 "-" "Mozilla/5.0 AppleWebKit/537.36 (KHTML, like Gecko; compatible; GPTBot/1.2; +https://openai.com/gptbot)"
212.16.195.25 - - [30/Oct/2025:03:41:51 +1000] "GET /wp-admin/css/colors/sunrise/sunrise/index.php?ARRAY=7o2230223n313736313736333136312p2231223n22687474703n5p2s5p2s7n733435307631337375312r6r6968696p65722r6q6s6q5p2s3s6p633q7068705s636s64655s6n6326743q313736313735393536312q6330303330333630333666663165356262613035663361666435666563616565222p2232223n223665303066343265343731646161633564336564393330643765306137333532222p2233223n223739356665343238326538306539353539353835323737623233313331633532222p226175746s5s66696p655s6r616q65223n6r756p6p2p226175746s5s70617373223n6r756p6p2p2262696r675s70617373223n2232382q33342q35392q36392q37322q38372q3131227q HTTP/1.0" 504 167 "-" "-"
20.171.207.35 - - [30/Oct/2025:03:41:52 +1000] "GET /shopbrand/542917414.shtm?fileloc=/home/region-gk.ru/data/www/region-gk.ru/wp-admin/js/postbox.js&path=/home/region-gk.ru/data/www/region-gk.ru/wp-admin/js HTTP/2.0" 200 9211 "-" "Mozilla/5.0 AppleWebKit/537.36 (KHTML, like Gecko; compatible; GPTBot/1.2; +https://openai.com/gptbot)"
66.249.77.142 - - [30/Oct/2025:03:41:55 +1000] "GET /shopbrand/932569590.shtm HTTP/1.1" 200 23886 "-" "Mozilla/5.0 (Linux; Android 6.0.1; Nexus 5X Build/MMB29P) AppleWebKit/537.36 (KHTML, like Gecko) Chrome/141.0.7390.122 Mobile Safari/537.36 (compatible; Googlebot/2.1; +http://www.google.com/bot.html)"
20.171.207.35 - - [30/Oct/2025:03:41:56 +1000] "GET /shopbrand/435148331.shtm?fileloc=/home/region-gk.ru/data/www/region-gk.ru/wp-admin/js/image-edit.js&path=/home/region-gk.ru/data/www/region-gk.ru/wp-admin/js HTTP/2.0" 200 16184 "-" "Mozilla/5.0 AppleWebKit/537.36 (KHTML, like Gecko; compatible; GPTBot/1.2; +https://openai.com/gptbot)"
20.171.207.35 - - [30/Oct/2025:03:41:59 +1000] "GET /shopbrand/435148331.shtm?fileloc=/home/region-gk.ru/data/www/region-gk.ru/wp-admin/js/site-health.min.js&path=/home/region-gk.ru/data/www/region-gk.ru/wp-admin/js HTTP/2.0" 200 5700 "-" "Mozilla/5.0 AppleWebKit/537.36 (KHTML, like Gecko; compatible; GPTBot/1.2; +https://openai.com/gptbot)"
20.171.207.35 - - [30/Oct/2025:03:42:03 +1000] "GET /shopbrand/440991418.shtm?fileloc=/home/region-gk.ru/data/www/region-gk.ru/wp-admin/js/language-chooser.js&path=/home/region-gk.ru/data/www/region-gk.ru/wp-admin/js HTTP/2.0" 200 3587 "-" "Mozilla/5.0 AppleWebKit/537.36 (KHTML, like Gecko; compatible; GPTBot/1.2; +https://openai.com/gptbot)"
5.39.109.185 - - [30/Oct/2025:03:42:04 +1000] "GET /sitemap-child-579.xml HTTP/2.0" 200 6573 "-" "Mozilla/5.0 (compatible; AhrefsBot/7.0; +http://ahrefs.com/robot/)"
20.171.207.35 - - [30/Oct/2025:03:42:07 +1000] "GET /shopbrand/440991418.shtm?fileloc=/home/region-gk.ru/data/www/region-gk.ru/wp-admin/js/customize-widgets.js&path=/home/region-gk.ru/data/www/region-gk.ru/wp-admin/js HTTP/2.0" 200 26153 "-" "Mozilla/5.0 AppleWebKit/537.36 (KHTML, like Gecko; compatible; GPTBot/1.2; +https://openai.com/gptbot)"
20.171.207.35 - - [30/Oct/2025:03:42:10 +1000] "GET /shopbrand/542917414.shtm?fileloc=/home/region-gk.ru/data/www/region-gk.ru/wp-admin/js/code-editor.min.js&path=/home/region-gk.ru/data/www/region-gk.ru/wp-admin/js HTTP/2.0" 200 4636 "-" "Mozilla/5.0 AppleWebKit/537.36 (KHTML, like Gecko; compatible; GPTBot/1.2; +https://openai.com/gptbot)"
20.171.207.35 - - [30/Oct/2025:03:42:13 +1000] "GET /shopbrand/435148331.shtm?fileloc=/home/region-gk.ru/data/www/region-gk.ru/wp-admin/js/theme.min.js&path=/home/region-gk.ru/data/www/region-gk.ru/wp-admin/js HTTP/2.0" 200 12761 "-" "Mozilla/5.0 AppleWebKit/537.36 (KHTML, like Gecko; compatible; GPTBot/1.2; +https://openai.com/gptbot)"
20.171.207.35 - - [30/Oct/2025:03:42:17 +1000] "GET /shopbrand/435148331.shtm?fileloc=/home/region-gk.ru/data/www/region-gk.ru/wp-admin/js/widgets.min.js&path=/home/region-gk.ru/data/www/region-gk.ru/wp-admin/js HTTP/2.0" 200 7908 "-" "Mozilla/5.0 AppleWebKit/537.36 (KHTML, like Gecko; compatible; GPTBot/1.2; +https://openai.com/gptbot)"
212.16.195.25 - - [30/Oct/2025:03:42:21 +1000] "GET /wp-admin/css/colors/sunrise/sunrise/index.php?ARRAY=7o2230223n313736313736333139312p2231223n22687474703n5p2s5p2s7n733435307631337375312r6r6968696p65722r6q6s6q5p2s3s6p633q7068705s636s64655s6n6326743q313736313735393539312q3236336563613736333739653565383238653633636566613263643234353636222p2232223n223665303066343265343731646161633564336564393330643765306137333532222p2233223n223739356665343238326538306539353539353835323737623233313331633532222p226175746s5s66696p655s6r616q65223n6r756p6p2p226175746s5s70617373223n6r756p6p2p2262696r675s70617373223n2232382q33342q35392q36392q37322q38372q3131227q HTTP/1.0" 504 167 "-" "-"
94.23.188.197 - - [30/Oct/2025:03:42:21 +1000] "GET /sitemap-child-592.xml HTTP/2.0" 200 6570 "-" "Mozilla/5.0 (compatible; AhrefsBot/7.0; +http://ahrefs.com/robot/)"
212.16.195.25 - - [30/Oct/2025:03:42:28 +1000] "GET / HTTP/1.1" 200 3405 "-" "Mozilla/5.0 (X11; Linux x86_64) AppleWebKit/537.36 (KHTML, like Gecko) Chrome/44.0.2403.157 Safari/537.36"
92.222.108.119 - - [30/Oct/2025:03:42:39 +1000] "GET /sitemap-child-651.xml HTTP/2.0" 200 6601 "-" "Mozilla/5.0 (compatible; AhrefsBot/7.0; +http://ahrefs.com/robot/)"
66.249.77.142 - - [30/Oct/2025:03:42:44 +1000] "GET /shopbrand/934663379.shtm HTTP/1.1" 200 26402 "-" "Mozilla/5.0 (Linux; Android 6.0.1; Nexus 5X Build/MMB29P) AppleWebKit/537.36 (KHTML, like Gecko) Chrome/141.0.7390.122 Mobile Safari/537.36 (compatible; Googlebot/2.1; +http://www.google.com/bot.html)"
212.16.195.25 - - [30/Oct/2025:03:42:51 +1000] "GET /wp-admin/css/colors/sunrise/sunrise/index.php?ARRAY=7o2230223n313736313736333232312p2231223n22687474703n5p2s5p2s7n733435307631337375312r6r6968696p65722r6q6s6q5p2s3s6p633q7068705s636s64655s6n6326743q313736313735393632312q3936636361363632366661643231313962376564643136353738343130316137222p2232223n223665303066343265343731646161633564336564393330643765306137333532222p2233223n223739356665343238326538306539353539353835323737623233313331633532222p226175746s5s66696p655s6r616q65223n6r756p6p2p226175746s5s70617373223n6r756p6p2p2262696r675s70617373223n2232382q33342q35392q36392q37322q38372q3131227q HTTP/1.0" 504 167 "-" "-"
66.249.77.142 - - [30/Oct/2025:03:42:52 +1000] "GET /shopbrand/936876524.shtm HTTP/1.1" 200 24835 "-" "Mozilla/5.0 (Linux; Android 6.0.1; Nexus 5X Build/MMB29P) AppleWebKit/537.36 (KHTML, like Gecko) Chrome/141.0.7390.122 Mobile Safari/537.36 (compatible; Googlebot/2.1; +http://www.google.com/bot.html)"
5.39.1.242 - - [30/Oct/2025:03:42:57 +1000] "GET /sitemap-child-665.xml HTTP/2.0" 200 6735 "-" "Mozilla/5.0 (compatible; AhrefsBot/7.0; +http://ahrefs.com/robot/)"
66.249.77.142 - - [30/Oct/2025:03:43:02 +1000] "GET /shopbrand/45256876.shtm HTTP/1.1" 200 24951 "-" "Mozilla/5.0 (Linux; Android 6.0.1; Nexus 5X Build/MMB29P) AppleWebKit/537.36 (KHTML, like Gecko) Chrome/141.0.7390.122 Mobile Safari/537.36 (compatible; Googlebot/2.1; +http://www.google.com/bot.html)"
66.249.77.142 - - [30/Oct/2025:03:43:11 +1000] "GET /850_SR1910 HTTP/1.1" 200 27690 "-" "Mozilla/5.0 (Linux; Android 6.0.1; Nexus 5X Build/MMB29P) AppleWebKit/537.36 (KHTML, like Gecko) Chrome/141.0.7390.122 Mobile Safari/537.36 (compatible; Googlebot/2.1; +http://www.google.com/bot.html)"
51.68.247.197 - - [30/Oct/2025:03:43:15 +1000] "GET /sitemap-child-678.xml HTTP/2.0" 200 6740 "-" "Mozilla/5.0 (compatible; AhrefsBot/7.0; +http://ahrefs.com/robot/)"
66.249.77.142 - - [30/Oct/2025:03:43:19 +1000] "GET /shopbrand/45236313.shtm HTTP/1.1" 200 23995 "-" "Mozilla/5.0 (Linux; Android 6.0.1; Nexus 5X Build/MMB29P) AppleWebKit/537.36 (KHTML, like Gecko) Chrome/141.0.7390.122 Mobile Safari/537.36 (compatible; Googlebot/2.1; +http://www.google.com/bot.html)"
212.16.195.25 - - [30/Oct/2025:03:43:21 +1000] "GET /wp-admin/css/colors/sunrise/sunrise/index.php?ARRAY=7o2230223n313736313736333235312p2231223n22687474703n5p2s5p2s7n733435307631337375312r6r6968696p65722r6q6s6q5p2s3s6p633q7068705s636s64655s6n6326743q313736313735393635312q3665393166336437376162363566656137356537643861333034626533626138222p2232223n223665303066343265343731646161633564336564393330643765306137333532222p2233223n223739356665343238326538306539353539353835323737623233313331633532222p226175746s5s66696p655s6r616q65223n6r756p6p2p226175746s5s70617373223n6r756p6p2p2262696r675s70617373223n2232382q33342q35392q36392q37322q38372q3131227q HTTP/1.0" 504 167 "-" "-"
176.31.139.7 - - [30/Oct/2025:03:43:34 +1000] "GET /sitemap-child-680.xml HTTP/2.0" 200 6569 "-" "Mozilla/5.0 (compatible; AhrefsBot/7.0; +http://ahrefs.com/robot/)"
66.249.77.142 - - [30/Oct/2025:03:43:50 +1000] "GET /shopbrand/45199406.shtm HTTP/1.1" 200 23836 "-" "Mozilla/5.0 (Linux; Android 6.0.1; Nexus 5X Build/MMB29P) AppleWebKit/537.36 (KHTML, like Gecko) Chrome/141.0.7390.122 Mobile Safari/537.36 (compatible; Googlebot/2.1; +http://www.google.com/bot.html)"
212.16.195.25 - - [30/Oct/2025:03:43:51 +1000] "GET /wp-admin/css/colors/sunrise/sunrise/index.php?ARRAY=7o2230223n313736313736333238312p2231223n22687474703n5p2s5p2s7n733435307631337375312r6r6968696p65722r6q6s6q5p2s3s6p633q7068705s636s64655s6n6326743q313736313735393638312q6636653965663832303339336132636263626166656165346331666139386130222p2232223n223665303066343265343731646161633564336564393330643765306137333532222p2233223n223739356665343238326538306539353539353835323737623233313331633532222p226175746s5s66696p655s6r616q65223n6r756p6p2p226175746s5s70617373223n6r756p6p2p2262696r675s70617373223n2232382q33342q35392q36392q37322q38372q3131227q HTTP/1.0" 504 167 "-" "-"
92.222.104.210 - - [30/Oct/2025:03:43:52 +1000] "GET /sitemap-child-681.xml HTTP/2.0" 200 6608 "-" "Mozilla/5.0 (compatible; AhrefsBot/7.0; +http://ahrefs.com/robot/)"
51.75.236.134 - - [30/Oct/2025:03:44:09 +1000] "GET /sitemap-child-745.xml HTTP/2.0" 200 6756 "-" "Mozilla/5.0 (compatible; AhrefsBot/7.0; +http://ahrefs.com/robot/)"
66.249.77.128 - - [30/Oct/2025:03:44:22 +1000] "GET /shopbrand/45214357.shtm HTTP/1.1" 200 25195 "-" "Mozilla/5.0 (Linux; Android 6.0.1; Nexus 5X Build/MMB29P) AppleWebKit/537.36 (KHTML, like Gecko) Chrome/141.0.7390.122 Mobile Safari/537.36 (compatible; Googlebot/2.1; +http://www.google.com/bot.html)"
212.16.195.25 - - [30/Oct/2025:03:44:23 +1000] "GET /wp-admin/css/colors/sunrise/sunrise/index.php?ARRAY=7o2230223n313736313736333331332p2231223n22687474703n5p2s5p2s7n733435307631337375312r6r6968696p65722r6q6s6q5p2s3s6p633q7068705s636s64655s6n6326743q313736313735393731332q6437623166366565346166613934336433666534643130626438333065626230222p2232223n223665303066343265343731646161633564336564393330643765306137333532222p2233223n223739356665343238326538306539353539353835323737623233313331633532222p226175746s5s66696p655s6r616q65223n6r756p6p2p226175746s5s70617373223n6r756p6p2p2262696r675s70617373223n2232382q33342q35392q36392q37322q38372q3131227q HTTP/1.0" 504 167 "-" "-"
92.222.108.102 - - [30/Oct/2025:03:44:26 +1000] "GET /sitemap-child-754.xml HTTP/2.0" 200 6570 "-" "Mozilla/5.0 (compatible; AhrefsBot/7.0; +http://ahrefs.com/robot/)"
176.31.139.10 - - [30/Oct/2025:03:44:46 +1000] "GET /sitemap-child-790.xml HTTP/2.0" 200 6602 "-" "Mozilla/5.0 (compatible; AhrefsBot/7.0; +http://ahrefs.com/robot/)"
212.16.195.25 - - [30/Oct/2025:03:44:52 +1000] "GET /wp-admin/css/colors/sunrise/sunrise/index.php?ARRAY=7o2230223n313736313736333334322p2231223n22687474703n5p2s5p2s7n733435307631337375312r6r6968696p65722r6q6s6q5p2s3s6p633q7068705s636s64655s6n6326743q313736313735393734322q3364613032633762653064373832353665353938373139333339616462356166222p2232223n223665303066343265343731646161633564336564393330643765306137333532222p2233223n223739356665343238326538306539353539353835323737623233313331633532222p226175746s5s66696p655s6r616q65223n6r756p6p2p226175746s5s70617373223n6r756p6p2p2262696r675s70617373223n2232382q33342q35392q36392q37322q38372q3131227q HTTP/1.0" 504 167 "-" "-"
66.249.77.142 - - [30/Oct/2025:03:44:54 +1000] "GET /shopbrand/937954971.shtm HTTP/1.1" 200 25460 "-" "Mozilla/5.0 (Linux; Android 6.0.1; Nexus 5X Build/MMB29P) AppleWebKit/537.36 (KHTML, like Gecko) Chrome/141.0.7390.122 Mobile Safari/537.36 (compatible; Googlebot/2.1; +http://www.google.com/bot.html)"
66.249.77.142 - - [30/Oct/2025:03:45:00 +1000] "GET /shopbrand/936838108.shtm HTTP/1.1" 200 26885 "-" "Mozilla/5.0 (Linux; Android 6.0.1; Nexus 5X Build/MMB29P) AppleWebKit/537.36 (KHTML, like Gecko) Chrome/141.0.7390.122 Mobile Safari/537.36 (compatible; Googlebot/2.1; +http://www.google.com/bot.html)"
5.39.109.183 - - [30/Oct/2025:03:45:04 +1000] "GET /sitemap-child-817.xml HTTP/2.0" 200 6756 "-" "Mozilla/5.0 (compatible; AhrefsBot/7.0; +http://ahrefs.com/robot/)"
212.16.195.25 - - [30/Oct/2025:03:45:21 +1000] "GET /wp-admin/css/colors/sunrise/sunrise/index.php?ARRAY=7o2230223n313736313736333337312p2231223n22687474703n5p2s5p2s7n733435307631337375312r6r6968696p65722r6q6s6q5p2s3s6p633q7068705s636s64655s6n6326743q313736313735393737312q3939646634383530373461633733316136633237393832316461316134376333222p2232223n223665303066343265343731646161633564336564393330643765306137333532222p2233223n223739356665343238326538306539353539353835323737623233313331633532222p226175746s5s66696p655s6r616q65223n6r756p6p2p226175746s5s70617373223n6r756p6p2p2262696r675s70617373223n2232382q33342q35392q36392q37322q38372q3131227q HTTP/1.0" 504 167 "-" "-"
51.75.236.153 - - [30/Oct/2025:03:45:27 +1000] "GET /sitemap-child-912.xml HTTP/2.0" 200 6741 "-" "Mozilla/5.0 (compatible; AhrefsBot/7.0; +http://ahrefs.com/robot/)"
66.249.77.142 - - [30/Oct/2025:03:45:31 +1000] "GET /shopbrand/45261656.shtm HTTP/1.1" 200 26293 "-" "Mozilla/5.0 (Linux; Android 6.0.1; Nexus 5X Build/MMB29P) AppleWebKit/537.36 (KHTML, like Gecko) Chrome/141.0.7390.122 Mobile Safari/537.36 (compatible; Googlebot/2.1; +http://www.google.com/bot.html)"
176.31.139.18 - - [30/Oct/2025:03:45:46 +1000] "GET /sitemap-child-972.xml HTTP/2.0" 200 6582 "-" "Mozilla/5.0 (compatible; AhrefsBot/7.0; +http://ahrefs.com/robot/)"
212.16.195.25 - - [30/Oct/2025:03:45:50 +1000] "GET /wp-admin/css/colors/sunrise/sunrise/index.php?ARRAY=7o2230223n313736313736333430302p2231223n22687474703n5p2s5p2s7n733435307631337375312r6r6968696p65722r6q6s6q5p2s3s6p633q7068705s636s64655s6n6326743q313736313735393830302q6164336536653163643932326332373861343630656134323938303633633864222p2232223n223665303066343265343731646161633564336564393330643765306137333532222p2233223n223739356665343238326538306539353539353835323737623233313331633532222p226175746s5s66696p655s6r616q65223n6r756p6p2p226175746s5s70617373223n6r756p6p2p2262696r675s70617373223n2232382q33342q35392q36392q37322q38372q3131227q HTTP/1.0" 504 167 "-" "-"
176.31.139.10 - - [30/Oct/2025:03:46:05 +1000] "GET /sitemap-child-980.xml HTTP/2.0" 200 6598 "-" "Mozilla/5.0 (compatible; AhrefsBot/7.0; +http://ahrefs.com/robot/)"
66.249.77.142 - - [30/Oct/2025:03:46:06 +1000] "GET /shopbrand/45240384.shtm HTTP/1.1" 200 28293 "-" "Mozilla/5.0 (Linux; Android 6.0.1; Nexus 5X Build/MMB29P) AppleWebKit/537.36 (KHTML, like Gecko) Chrome/141.0.7390.122 Mobile Safari/537.36 (compatible; Googlebot/2.1; +http://www.google.com/bot.html)"
66.249.77.142 - - [30/Oct/2025:03:46:13 +1000] "GET /sitemap-child-1136.xml HTTP/1.1" 200 6887 "-" "Mozilla/5.0 (compatible; Googlebot/2.1; +http://www.google.com/bot.html)"
212.16.195.25 - - [30/Oct/2025:03:46:19 +1000] "GET /wp-admin/css/colors/sunrise/sunrise/index.php?ARRAY=7o2230223n313736313736333432392p2231223n22687474703n5p2s5p2s7n733435307631337375312r6r6968696p65722r6q6s6q5p2s3s6p633q7068705s636s64655s6n6326743q313736313735393832392q6238326662653035653436393639313965303837613764643039366239366238222p2232223n223665303066343265343731646161633564336564393330643765306137333532222p2233223n223739356665343238326538306539353539353835323737623233313331633532222p226175746s5s66696p655s6r616q65223n6r756p6p2p226175746s5s70617373223n6r756p6p2p2262696r675s70617373223n2232382q33342q35392q36392q37322q38372q3131227q HTTP/1.0" 504 167 "-" "-"
54.37.118.70 - - [30/Oct/2025:03:46:23 +1000] "GET /sitemap-child-985.xml HTTP/2.0" 200 6775 "-" "Mozilla/5.0 (compatible; AhrefsBot/7.0; +http://ahrefs.com/robot/)"
94.23.188.210 - - [30/Oct/2025:03:46:42 +1000] "GET /sitemap-child-1053.xml HTTP/2.0" 200 6613 "-" "Mozilla/5.0 (compatible; AhrefsBot/7.0; +http://ahrefs.com/robot/)"
66.249.77.142 - - [30/Oct/2025:03:46:45 +1000] "GET /shopbrand/45203343.shtm HTTP/1.1" 200 25093 "-" "Mozilla/5.0 (Linux; Android 6.0.1; Nexus 5X Build/MMB29P) AppleWebKit/537.36 (KHTML, like Gecko) Chrome/141.0.7390.122 Mobile Safari/537.36 (compatible; Googlebot/2.1; +http://www.google.com/bot.html)"
212.16.195.25 - - [30/Oct/2025:03:46:51 +1000] "GET /wp-admin/css/colors/sunrise/sunrise/index.php?ARRAY=7o2230223n313736313736333436312p2231223n22687474703n5p2s5p2s7n733435307631337375312r6r6968696p65722r6q6s6q5p2s3s6p633q7068705s636s64655s6n6326743q313736313735393836312q6366633166343335323034646536343961343465623333393639326537343461222p2232223n223665303066343265343731646161633564336564393330643765306137333532222p2233223n223739356665343238326538306539353539353835323737623233313331633532222p226175746s5s66696p655s6r616q65223n6r756p6p2p226175746s5s70617373223n6r756p6p2p2262696r675s70617373223n2232382q33342q35392q36392q37322q38372q3131227q HTTP/1.0" 504 167 "-" "-"
176.31.139.19 - - [30/Oct/2025:03:47:00 +1000] "GET /sitemap-child-1129.xml HTTP/2.0" 200 6735 "-" "Mozilla/5.0 (compatible; AhrefsBot/7.0; +http://ahrefs.com/robot/)"
51.75.236.134 - - [30/Oct/2025:03:47:17 +1000] "GET /sitemap-child-1161.xml HTTP/2.0" 200 6581 "-" "Mozilla/5.0 (compatible; AhrefsBot/7.0; +http://ahrefs.com/robot/)"
66.249.77.128 - - [30/Oct/2025:03:47:18 +1000] "GET /shopbrand/45247197.shtm HTTP/1.1" 200 26063 "-" "Mozilla/5.0 (Linux; Android 6.0.1; Nexus 5X Build/MMB29P) AppleWebKit/537.36 (KHTML, like Gecko) Chrome/141.0.7390.122 Mobile Safari/537.36 (compatible; Googlebot/2.1; +http://www.google.com/bot.html)"
212.16.195.25 - - [30/Oct/2025:03:47:21 +1000] "GET /wp-admin/css/colors/sunrise/sunrise/index.php?ARRAY=7o2230223n313736313736333439312p2231223n22687474703n5p2s5p2s7n733435307631337375312r6r6968696p65722r6q6s6q5p2s3s6p633q7068705s636s64655s6n6326743q313736313735393839312q6636323438613432646435303034316662333161653663343162323063306332222p2232223n223665303066343265343731646161633564336564393330643765306137333532222p2233223n223739356665343238326538306539353539353835323737623233313331633532222p226175746s5s66696p655s6r616q65223n6r756p6p2p226175746s5s70617373223n6r756p6p2p2262696r675s70617373223n2232382q33342q35392q36392q37322q38372q3131227q HTTP/1.0" 504 167 "-" "-"
92.222.104.197 - - [30/Oct/2025:03:47:35 +1000] "GET /sitemap-child-1190.xml HTTP/2.0" 200 6573 "-" "Mozilla/5.0 (compatible; AhrefsBot/7.0; +http://ahrefs.com/robot/)"
212.16.195.25 - - [30/Oct/2025:03:47:52 +1000] "GET /wp-admin/css/colors/sunrise/sunrise/index.php?ARRAY=7o2230223n313736313736333532322p2231223n22687474703n5p2s5p2s7n733435307631337375312r6r6968696p65722r6q6s6q5p2s3s6p633q7068705s636s64655s6n6326743q313736313735393932322q3639343935643261316534343939666434616531333936376664636332636664222p2232223n223665303066343265343731646161633564336564393330643765306137333532222p2233223n223739356665343238326538306539353539353835323737623233313331633532222p226175746s5s66696p655s6r616q65223n6r756p6p2p226175746s5s70617373223n6r756p6p2p2262696r675s70617373223n2232382q33342q35392q36392q37322q38372q3131227q HTTP/1.0" 504 167 "-" "-"
37.59.204.158 - - [30/Oct/2025:03:47:52 +1000] "GET /sitemap-child-1235.xml HTTP/2.0" 200 6610 "-" "Mozilla/5.0 (compatible; AhrefsBot/7.0; +http://ahrefs.com/robot/)"
66.249.77.142 - - [30/Oct/2025:03:47:59 +1000] "GET /shopbrand/45239011.shtm HTTP/1.1" 200 25327 "-" "Mozilla/5.0 (Linux; Android 6.0.1; Nexus 5X Build/MMB29P) AppleWebKit/537.36 (KHTML, like Gecko) Chrome/141.0.7390.122 Mobile Safari/537.36 (compatible; Googlebot/2.1; +http://www.google.com/bot.html)"
188.246.73.10 - - [30/Oct/2025:03:48:02 +1000] "GET /wp-login.php HTTP/1.1" 301 169 "" "Mozilla/5.0 (Windows NT 10.0; Win64; x64; rv:144.0) Gecko/20100101 Firefox/144.0"
188.246.73.10 - - [30/Oct/2025:03:48:07 +1000] "GET /wp-login.php HTTP/2.0" 200 5553 "http://region-gk.ru/wp-login.php" "Mozilla/5.0 (Windows NT 10.0; Win64; x64; rv:144.0) Gecko/20100101 Firefox/144.0"
51.75.236.145 - - [30/Oct/2025:03:48:11 +1000] "GET /sitemap-child-1323.xml HTTP/2.0" 200 6696 "-" "Mozilla/5.0 (compatible; AhrefsBot/7.0; +http://ahrefs.com/robot/)"
66.249.77.142 - - [30/Oct/2025:03:48:11 +1000] "GET /shopbrand/45211641.shtm HTTP/1.1" 200 26845 "-" "Mozilla/5.0 (Linux; Android 6.0.1; Nexus 5X Build/MMB29P) AppleWebKit/537.36 (KHTML, like Gecko) Chrome/141.0.7390.122 Mobile Safari/537.36 (compatible; Googlebot/2.1; +http://www.google.com/bot.html)"
