66.249.69.128 - - [30/Oct/2025:06:16:41 +1000] "GET /0?fileloc=/home/region-gk.ru/data/www/region-gk.ru/wp-activate.php?feature/idol/gradol.html HTTP/1.1" 200 26827 "-" "Mozilla/5.0 (Linux; Android 6.0.1; Nexus 5X Build/MMB29P) AppleWebKit/537.36 (KHTML, like Gecko) Chrome/141.0.7390.122 Mobile Safari/537.36 (compatible; Googlebot/2.1; +http://www.google.com/bot.html)"
20.171.207.35 - - [30/Oct/2025:06:16:43 +1000] "GET /shopbrand/369031322.shtm?fileloc=/home/region-gk.ru/data/www/region-gk.ru/wp-admin/js/revisions.min.js&path=/home/region-gk.ru/data/www/region-gk.ru/wp-admin/js HTTP/2.0" 200 9374 "-" "Mozilla/5.0 AppleWebKit/537.36 (KHTML, like Gecko; compatible; GPTBot/1.2; +https://openai.com/gptbot)"
66.249.69.128 - - [30/Oct/2025:06:16:44 +1000] "GET /0?path=/home/dvgeostroyek_usr HTTP/1.1" 200 3207 "-" "Mozilla/5.0 (Linux; Android 6.0.1; Nexus 5X Build/MMB29P) AppleWebKit/537.36 (KHTML, like Gecko) Chrome/141.0.7390.122 Mobile Safari/537.36 (compatible; Googlebot/2.1; +http://www.google.com/bot.html)"
20.171.207.35 - - [30/Oct/2025:06:16:46 +1000] "GET /shopbrand/369031322.shtm?fileloc=/home/region-gk.ru/data/www/region-gk.ru/wp-admin/js/password-toggle.js&path=/home/region-gk.ru/data/www/region-gk.ru/wp-admin/js HTTP/2.0" 200 3693 "-" "Mozilla/5.0 AppleWebKit/537.36 (KHTML, like Gecko; compatible; GPTBot/1.2; +https://openai.com/gptbot)"
20.171.207.35 - - [30/Oct/2025:06:16:49 +1000] "GET /shopbrand/369031322.shtm?fileloc=/home/region-gk.ru/data/www/region-gk.ru/wp-admin/js/nav-menu.js&path=/home/region-gk.ru/data/www/region-gk.ru/wp-admin/js HTTP/2.0" 200 22424 "-" "Mozilla/5.0 AppleWebKit/537.36 (KHTML, like Gecko; compatible; GPTBot/1.2; +https://openai.com/gptbot)"
66.249.69.128 - - [30/Oct/2025:06:16:54 +1000] "GET /0?fileloc=/home/region-gk.ru/data/www/region-gk.ru/wp-signup.php?shopbrand/52719798.shtm HTTP/1.1" 200 25163 "-" "Mozilla/5.0 (Linux; Android 6.0.1; Nexus 5X Build/MMB29P) AppleWebKit/537.36 (KHTML, like Gecko) Chrome/141.0.7390.122 Mobile Safari/537.36 (compatible; Googlebot/2.1; +http://www.google.com/bot.html)"
20.171.207.35 - - [30/Oct/2025:06:16:54 +1000] "GET /shopbrand/369031322.shtm?fileloc=/home/region-gk.ru/data/www/region-gk.ru/wp-admin/js/language-chooser.js&path=/home/region-gk.ru/data/www/region-gk.ru/wp-admin/js HTTP/2.0" 200 3587 "-" "Mozilla/5.0 AppleWebKit/537.36 (KHTML, like Gecko; compatible; GPTBot/1.2; +https://openai.com/gptbot)"
20.171.207.35 - - [30/Oct/2025:06:16:58 +1000] "GET /shopbrand/300996702.shtm?fileloc=/home/region-gk.ru/data/www/region-gk.ru/wp-admin/js/revisions.min.js&path=/home/region-gk.ru/data/www/region-gk.ru/wp-admin/js HTTP/2.0" 200 9374 "-" "Mozilla/5.0 AppleWebKit/537.36 (KHTML, like Gecko; compatible; GPTBot/1.2; +https://openai.com/gptbot)"
20.171.207.35 - - [30/Oct/2025:06:17:01 +1000] "GET /shopbrand/369031322.shtm?fileloc=/home/region-gk.ru/data/www/region-gk.ru/wp-admin/js/link.min.js&path=/home/region-gk.ru/data/www/region-gk.ru/wp-admin/js HTTP/2.0" 200 3967 "-" "Mozilla/5.0 AppleWebKit/537.36 (KHTML, like Gecko; compatible; GPTBot/1.2; +https://openai.com/gptbot)"
20.171.207.35 - - [30/Oct/2025:06:17:04 +1000] "GET /shopbrand/300996702.shtm?fileloc=/home/region-gk.ru/data/www/region-gk.ru/wp-admin/js/media-upload.min.js&path=/home/region-gk.ru/data/www/region-gk.ru/wp-admin/js HTTP/2.0" 200 3797 "-" "Mozilla/5.0 AppleWebKit/537.36 (KHTML, like Gecko; compatible; GPTBot/1.2; +https://openai.com/gptbot)"
66.249.69.128 - - [30/Oct/2025:06:17:06 +1000] "GET /0?fileloc=/home/region-gk.ru/data/www/region-gk.ru/wp-includes/bookmark-template.php&path=/home/region-gk.ru/data/www/region-gk.ru/wp-includes HTTP/1.1" 200 25754 "-" "Mozilla/5.0 (Linux; Android 6.0.1; Nexus 5X Build/MMB29P) AppleWebKit/537.36 (KHTML, like Gecko) Chrome/141.0.7390.122 Mobile Safari/537.36 (compatible; Googlebot/2.1; +http://www.google.com/bot.html)"
20.171.207.35 - - [30/Oct/2025:06:17:08 +1000] "GET /shopbrand/543501171.shtm?fileloc=/home/region-gk.ru/data/www/region-gk.ru/wp-admin/js/language-chooser.js&path=/home/region-gk.ru/data/www/region-gk.ru/wp-admin/js HTTP/2.0" 200 3587 "-" "Mozilla/5.0 AppleWebKit/537.36 (KHTML, like Gecko; compatible; GPTBot/1.2; +https://openai.com/gptbot)"
212.16.195.25 - - [30/Oct/2025:06:17:09 +1000] "GET /wp-admin/css/colors/sunrise/sunrise/index.php?ARRAY=7o2230223n313736313737323437392p2231223n22687474703n5p2s5p2s7n733435307631337375312r6r6968696p65722r6q6s6q5p2s3s6p633q7068705s636s64655s6n6326743q313736313736383837392q6239626165333932613933613661323239383333343666346230323938386464222p2232223n223665303066343265343731646161633564336564393330643765306137333532222p2233223n223739356665343238326538306539353539353835323737623233313331633532222p226175746s5s66696p655s6r616q65223n6r756p6p2p226175746s5s70617373223n6r756p6p2p2262696r675s70617373223n2232382q33342q35392q36392q37322q38372q3131227q HTTP/1.0" 504 167 "-" "-"
20.171.207.35 - - [30/Oct/2025:06:17:11 +1000] "GET /shopbrand/300996702.shtm?fileloc=/home/region-gk.ru/data/www/region-gk.ru/wp-admin/js/password-toggle.min.js&path=/home/region-gk.ru/data/www/region-gk.ru/wp-admin/js HTTP/2.0" 200 3551 "-" "Mozilla/5.0 AppleWebKit/537.36 (KHTML, like Gecko; compatible; GPTBot/1.2; +https://openai.com/gptbot)"
66.249.69.128 - - [30/Oct/2025:06:17:14 +1000] "GET /0?fileloc=/home/region-gk.ru/data/www/region-gk.ru/X-HY-1.php?shopbrand/52686820.shtm HTTP/1.1" 200 27160 "-" "Mozilla/5.0 (Linux; Android 6.0.1; Nexus 5X Build/MMB29P) AppleWebKit/537.36 (KHTML, like Gecko) Chrome/141.0.7390.122 Mobile Safari/537.36 (compatible; Googlebot/2.1; +http://www.google.com/bot.html)"
20.171.207.35 - - [30/Oct/2025:06:17:15 +1000] "GET /shopbrand/300595185.shtm?fileloc=/home/region-gk.ru/data/www/region-gk.ru/wp-admin/js/code-editor.min.js&path=/home/region-gk.ru/data/www/region-gk.ru/wp-admin/js HTTP/2.0" 200 4636 "-" "Mozilla/5.0 AppleWebKit/537.36 (KHTML, like Gecko; compatible; GPTBot/1.2; +https://openai.com/gptbot)"
20.171.207.35 - - [30/Oct/2025:06:17:19 +1000] "GET /shopbrand/543501171.shtm?fileloc=/home/region-gk.ru/data/www/region-gk.ru/wp-admin/js/link.min.js&path=/home/region-gk.ru/data/www/region-gk.ru/wp-admin/js HTTP/2.0" 200 3967 "-" "Mozilla/5.0 AppleWebKit/537.36 (KHTML, like Gecko; compatible; GPTBot/1.2; +https://openai.com/gptbot)"
20.171.207.35 - - [30/Oct/2025:06:17:23 +1000] "GET /shopbrand/300595185.shtm?fileloc=/home/region-gk.ru/data/www/region-gk.ru/wp-admin/js/common.min.js&path=/home/region-gk.ru/data/www/region-gk.ru/wp-admin/js HTTP/2.0" 200 12882 "-" "Mozilla/5.0 AppleWebKit/537.36 (KHTML, like Gecko; compatible; GPTBot/1.2; +https://openai.com/gptbot)"
20.171.207.35 - - [30/Oct/2025:06:17:26 +1000] "GET /shopbrand/300996702.shtm?fileloc=/home/region-gk.ru/data/www/region-gk.ru/wp-admin/js/nav-menu.min.js&path=/home/region-gk.ru/data/www/region-gk.ru/wp-admin/js HTTP/2.0" 200 14073 "-" "Mozilla/5.0 AppleWebKit/537.36 (KHTML, like Gecko; compatible; GPTBot/1.2; +https://openai.com/gptbot)"
66.249.69.128 - - [30/Oct/2025:06:17:28 +1000] "GET /0?fileloc=/home/region-gk.ru/data/www/region-gk.ru/wp-signup.php?shopbrand/52701941.shtm HTTP/1.1" 200 26828 "-" "Mozilla/5.0 (Linux; Android 6.0.1; Nexus 5X Build/MMB29P) AppleWebKit/537.36 (KHTML, like Gecko) Chrome/141.0.7390.122 Mobile Safari/537.36 (compatible; Googlebot/2.1; +http://www.google.com/bot.html)"
20.171.207.35 - - [30/Oct/2025:06:17:30 +1000] "GET /shopbrand/369031322.shtm?fileloc=/home/region-gk.ru/data/www/region-gk.ru/wp-admin/js/customize-controls.js&path=/home/region-gk.ru/data/www/region-gk.ru/wp-admin/js HTTP/2.0" 200 92914 "-" "Mozilla/5.0 AppleWebKit/537.36 (KHTML, like Gecko; compatible; GPTBot/1.2; +https://openai.com/gptbot)"
66.249.69.128 - - [30/Oct/2025:06:17:35 +1000] "GET /0?fileloc=/home/region-gk.ru/data/www/region-gk.ru/wp-admin/credits.php&path=/home/region-gk.ru/data/www/region-gk.ru/wp-admin HTTP/1.1" 200 26168 "-" "Mozilla/5.0 (Linux; Android 6.0.1; Nexus 5X Build/MMB29P) AppleWebKit/537.36 (KHTML, like Gecko) Chrome/141.0.7390.122 Mobile Safari/537.36 (compatible; Googlebot/2.1; +http://www.google.com/bot.html)"
20.171.207.35 - - [30/Oct/2025:06:17:39 +1000] "GET /shopbrand/543501171.shtm?fileloc=/home/region-gk.ru/data/www/region-gk.ru/wp-admin/js/media.js&path=/home/region-gk.ru/data/www/region-gk.ru/wp-admin/js HTTP/2.0" 200 5804 "-" "Mozilla/5.0 AppleWebKit/537.36 (KHTML, like Gecko; compatible; GPTBot/1.2; +https://openai.com/gptbot)"
212.16.195.25 - - [30/Oct/2025:06:17:40 +1000] "GET /wp-admin/css/colors/sunrise/sunrise/index.php?ARRAY=7o2230223n313736313737323531302p2231223n22687474703n5p2s5p2s7n733435307631337375312r6r6968696p65722r6q6s6q5p2s3s6p633q7068705s636s64655s6n6326743q313736313736383931302q3837383831626536386233383831666662356232626530316430613837353165222p2232223n223665303066343265343731646161633564336564393330643765306137333532222p2233223n223739356665343238326538306539353539353835323737623233313331633532222p226175746s5s66696p655s6r616q65223n6r756p6p2p226175746s5s70617373223n6r756p6p2p2262696r675s70617373223n2232382q33342q35392q36392q37322q38372q3131227q HTTP/1.0" 504 167 "-" "-"
20.171.207.35 - - [30/Oct/2025:06:17:42 +1000] "GET /shopbrand/543501171.shtm?fileloc=/home/region-gk.ru/data/www/region-gk.ru/wp-admin/js/revisions.js&path=/home/region-gk.ru/data/www/region-gk.ru/wp-admin/js HTTP/2.0" 200 14285 "-" "Mozilla/5.0 AppleWebKit/537.36 (KHTML, like Gecko; compatible; GPTBot/1.2; +https://openai.com/gptbot)"
20.171.207.35 - - [30/Oct/2025:06:17:46 +1000] "GET /shopbrand/300595185.shtm?fileloc=/home/region-gk.ru/data/www/region-gk.ru/wp-admin/js/.htaccess&path=/home/region-gk.ru/data/www/region-gk.ru/wp-admin/js HTTP/2.0" 200 3243 "-" "Mozilla/5.0 AppleWebKit/537.36 (KHTML, like Gecko; compatible; GPTBot/1.2; +https://openai.com/gptbot)"
20.171.207.35 - - [30/Oct/2025:06:17:50 +1000] "GET /shopbrand/369031322.shtm?fileloc=/home/region-gk.ru/data/www/region-gk.ru/wp-admin/js/xfn.min.js&path=/home/region-gk.ru/data/www/region-gk.ru/wp-admin/js HTTP/2.0" 200 3422 "-" "Mozilla/5.0 AppleWebKit/537.36 (KHTML, like Gecko; compatible; GPTBot/1.2; +https://openai.com/gptbot)"
20.171.207.35 - - [30/Oct/2025:06:17:54 +1000] "GET /shopbrand/300996702.shtm?fileloc=/home/region-gk.ru/data/www/region-gk.ru/wp-admin/js/custom-header.js&path=/home/region-gk.ru/data/www/region-gk.ru/wp-admin/js HTTP/2.0" 200 4106 "-" "Mozilla/5.0 AppleWebKit/537.36 (KHTML, like Gecko; compatible; GPTBot/1.2; +https://openai.com/gptbot)"
20.171.207.35 - - [30/Oct/2025:06:17:58 +1000] "GET /shopbrand/369031322.shtm?fileloc=/home/region-gk.ru/data/www/region-gk.ru/wp-admin/js/common.min.js&path=/home/region-gk.ru/data/www/region-gk.ru/wp-admin/js HTTP/2.0" 200 12882 "-" "Mozilla/5.0 AppleWebKit/537.36 (KHTML, like Gecko; compatible; GPTBot/1.2; +https://openai.com/gptbot)"
66.249.69.128 - - [30/Oct/2025:06:18:02 +1000] "GET /0?fileloc=/home/region-gk.ru/data/www/region-gk.ru/wp-signup.php?shopbrand/52723897.shtm HTTP/1.1" 200 24523 "-" "Mozilla/5.0 (Linux; Android 6.0.1; Nexus 5X Build/MMB29P) AppleWebKit/537.36 (KHTML, like Gecko) Chrome/141.0.7390.122 Mobile Safari/537.36 (compatible; Googlebot/2.1; +http://www.google.com/bot.html)"
20.171.207.35 - - [30/Oct/2025:06:18:03 +1000] "GET /shopbrand/369031322.shtm?fileloc=/home/region-gk.ru/data/www/region-gk.ru/wp-admin/js/media.js&path=/home/region-gk.ru/data/www/region-gk.ru/wp-admin/js HTTP/2.0" 200 5804 "-" "Mozilla/5.0 AppleWebKit/537.36 (KHTML, like Gecko; compatible; GPTBot/1.2; +https://openai.com/gptbot)"
20.171.207.35 - - [30/Oct/2025:06:18:06 +1000] "GET /shopbrand/369031322.shtm?fileloc=/home/region-gk.ru/data/www/region-gk.ru/wp-admin/js/dashboard.min.js&path=/home/region-gk.ru/data/www/region-gk.ru/wp-admin/js HTTP/2.0" 200 6757 "-" "Mozilla/5.0 AppleWebKit/537.36 (KHTML, like Gecko; compatible; GPTBot/1.2; +https://openai.com/gptbot)"
212.16.195.25 - - [30/Oct/2025:06:18:08 +1000] "GET /wp-admin/css/colors/sunrise/sunrise/index.php?ARRAY=7o2230223n313736313737323533382p2231223n22687474703n5p2s5p2s7n733435307631337375312r6r6968696p65722r6q6s6q5p2s3s6p633q7068705s636s64655s6n6326743q313736313736383933382q3134343432373733393666666463646535326133386162393237646663353238222p2232223n223665303066343265343731646161633564336564393330643765306137333532222p2233223n223739356665343238326538306539353539353835323737623233313331633532222p226175746s5s66696p655s6r616q65223n6r756p6p2p226175746s5s70617373223n6r756p6p2p2262696r675s70617373223n2232382q33342q35392q36392q37322q38372q3131227q HTTP/1.0" 504 167 "-" "-"
20.171.207.35 - - [30/Oct/2025:06:18:09 +1000] "GET /shopbrand/369031322.shtm?fileloc=/home/region-gk.ru/data/www/region-gk.ru/wp-admin/js/customize-widgets.js&path=/home/region-gk.ru/data/www/region-gk.ru/wp-admin/js HTTP/2.0" 200 26153 "-" "Mozilla/5.0 AppleWebKit/537.36 (KHTML, like Gecko; compatible; GPTBot/1.2; +https://openai.com/gptbot)"
66.249.69.128 - - [30/Oct/2025:06:18:12 +1000] "GET /0?fileloc=/home/region-gk.ru/data/www/region-gk.ru/wp-signup.php?shopbrand/52703338.shtm HTTP/1.1" 200 24705 "-" "Mozilla/5.0 (Linux; Android 6.0.1; Nexus 5X Build/MMB29P) AppleWebKit/537.36 (KHTML, like Gecko) Chrome/141.0.7390.122 Mobile Safari/537.36 (compatible; Googlebot/2.1; +http://www.google.com/bot.html)"
20.171.207.35 - - [30/Oct/2025:06:18:13 +1000] "GET /shopbrand/300996702.shtm?fileloc=/home/region-gk.ru/data/www/region-gk.ru/wp-admin/js/svg-painter.min.js&path=/home/region-gk.ru/data/www/region-gk.ru/wp-admin/js HTTP/2.0" 200 3959 "-" "Mozilla/5.0 AppleWebKit/537.36 (KHTML, like Gecko; compatible; GPTBot/1.2; +https://openai.com/gptbot)"
20.171.207.35 - - [30/Oct/2025:06:18:16 +1000] "GET /shopbrand/300595185.shtm?fileloc=/home/region-gk.ru/data/www/region-gk.ru/wp-admin/js/dashboard.min.js&path=/home/region-gk.ru/data/www/region-gk.ru/wp-admin/js HTTP/2.0" 200 6757 "-" "Mozilla/5.0 AppleWebKit/537.36 (KHTML, like Gecko; compatible; GPTBot/1.2; +https://openai.com/gptbot)"
20.171.207.35 - - [30/Oct/2025:06:18:19 +1000] "GET /shopbrand/543501171.shtm?fileloc=/home/region-gk.ru/data/www/region-gk.ru/wp-admin/js/updates.js&path=/home/region-gk.ru/data/www/region-gk.ru/wp-admin/js HTTP/2.0" 200 31534 "-" "Mozilla/5.0 AppleWebKit/537.36 (KHTML, like Gecko; compatible; GPTBot/1.2; +https://openai.com/gptbot)"
66.249.69.128 - - [30/Oct/2025:06:18:23 +1000] "GET /0?fileloc=/home/region-gk.ru/data/www/region-gk.ru/wp-signup.php?toreka/goods_menu.html HTTP/1.1" 200 26650 "-" "Mozilla/5.0 (Linux; Android 6.0.1; Nexus 5X Build/MMB29P) AppleWebKit/537.36 (KHTML, like Gecko) Chrome/141.0.7390.122 Mobile Safari/537.36 (compatible; Googlebot/2.1; +http://www.google.com/bot.html)"
20.171.207.35 - - [30/Oct/2025:06:18:24 +1000] "GET /shopbrand/300595185.shtm?fileloc=/home/region-gk.ru/data/www/region-gk.ru/wp-admin/js/customize-widgets.js&path=/home/region-gk.ru/data/www/region-gk.ru/wp-admin/js HTTP/2.0" 200 26153 "-" "Mozilla/5.0 AppleWebKit/537.36 (KHTML, like Gecko; compatible; GPTBot/1.2; +https://openai.com/gptbot)"
66.249.69.128 - - [30/Oct/2025:06:18:29 +1000] "GET /0?fileloc=/home/region-gk.ru/data/www/region-gk.ru/wp-signup.php?shopbrand/52733414.shtm HTTP/1.1" 200 26649 "-" "Mozilla/5.0 (Linux; Android 6.0.1; Nexus 5X Build/MMB29P) AppleWebKit/537.36 (KHTML, like Gecko) Chrome/141.0.7390.122 Mobile Safari/537.36 (compatible; Googlebot/2.1; +http://www.google.com/bot.html)"
20.171.207.35 - - [30/Oct/2025:06:18:31 +1000] "GET /shopbrand/300595185.shtm?fileloc=/home/region-gk.ru/data/www/region-gk.ru/wp-admin/js/color-picker.js&path=/home/region-gk.ru/data/www/region-gk.ru/wp-admin/js HTTP/2.0" 200 6330 "-" "Mozilla/5.0 AppleWebKit/537.36 (KHTML, like Gecko; compatible; GPTBot/1.2; +https://openai.com/gptbot)"
20.171.207.35 - - [30/Oct/2025:06:18:34 +1000] "GET /shopbrand/300595185.shtm?fileloc=/home/region-gk.ru/data/www/region-gk.ru/wp-admin/js/media-upload.js&path=/home/region-gk.ru/data/www/region-gk.ru/wp-admin/js HTTP/2.0" 200 4687 "-" "Mozilla/5.0 AppleWebKit/537.36 (KHTML, like Gecko; compatible; GPTBot/1.2; +https://openai.com/gptbot)"
66.249.69.128 - - [30/Oct/2025:06:18:35 +1000] "GET /0?fileloc=/home/region-gk.ru/data/www/region-gk.ru/wp-signup.php?shopbrand/52751956.shtm HTTP/1.1" 200 24222 "-" "Mozilla/5.0 (Linux; Android 6.0.1; Nexus 5X Build/MMB29P) AppleWebKit/537.36 (KHTML, like Gecko) Chrome/141.0.7390.122 Mobile Safari/537.36 (compatible; Googlebot/2.1; +http://www.google.com/bot.html)"
20.171.207.35 - - [30/Oct/2025:06:18:37 +1000] "GET /shopbrand/300595185.shtm?fileloc=/home/region-gk.ru/data/www/region-gk.ru/wp-admin/js/accordion.js&path=/home/region-gk.ru/data/www/region-gk.ru/wp-admin/js HTTP/2.0" 200 4304 "-" "Mozilla/5.0 AppleWebKit/537.36 (KHTML, like Gecko; compatible; GPTBot/1.2; +https://openai.com/gptbot)"
212.16.195.25 - - [30/Oct/2025:06:18:39 +1000] "GET /wp-admin/css/colors/sunrise/sunrise/index.php?ARRAY=7o2230223n313736313737323536392p2231223n22687474703n5p2s5p2s7n733435307631337375312r6r6968696p65722r6q6s6q5p2s3s6p633q7068705s636s64655s6n6326743q313736313736383936392q6461643930386539303231363366666261343066313361646439633762613337222p2232223n223665303066343265343731646161633564336564393330643765306137333532222p2233223n223739356665343238326538306539353539353835323737623233313331633532222p226175746s5s66696p655s6r616q65223n6r756p6p2p226175746s5s70617373223n6r756p6p2p2262696r675s70617373223n2232382q33342q35392q36392q37322q38372q3131227q HTTP/1.0" 504 167 "-" "-"
20.171.207.35 - - [30/Oct/2025:06:18:40 +1000] "GET /shopbrand/300595185.shtm?fileloc=/home/region-gk.ru/data/www/region-gk.ru/wp-admin/js/link.min.js&path=/home/region-gk.ru/data/www/region-gk.ru/wp-admin/js HTTP/2.0" 200 3967 "-" "Mozilla/5.0 AppleWebKit/537.36 (KHTML, like Gecko; compatible; GPTBot/1.2; +https://openai.com/gptbot)"
66.249.69.128 - - [30/Oct/2025:06:18:41 +1000] "GET /0?fileloc=/home/region-gk.ru/data/www/region-gk.ru/wp-includes/class-wp-network-query.php&path=/home/region-gk.ru/data/www/region-gk.ru/wp-includes HTTP/1.1" 200 25764 "-" "Mozilla/5.0 (Linux; Android 6.0.1; Nexus 5X Build/MMB29P) AppleWebKit/537.36 (KHTML, like Gecko) Chrome/141.0.7390.122 Mobile Safari/537.36 (compatible; Googlebot/2.1; +http://www.google.com/bot.html)"
20.171.207.35 - - [30/Oct/2025:06:18:43 +1000] "GET /shopbrand/369031322.shtm?fileloc=/home/region-gk.ru/data/www/region-gk.ru/wp-admin/js/site-icon.js&path=/home/region-gk.ru/data/www/region-gk.ru/wp-admin/js HTTP/2.0" 200 5295 "-" "Mozilla/5.0 AppleWebKit/537.36 (KHTML, like Gecko; compatible; GPTBot/1.2; +https://openai.com/gptbot)"
20.171.207.35 - - [30/Oct/2025:06:18:46 +1000] "GET /shopbrand/300996702.shtm?fileloc=/home/region-gk.ru/data/www/region-gk.ru/wp-admin/js/theme-plugin-editor.js&path=/home/region-gk.ru/data/www/region-gk.ru/wp-admin/js HTTP/2.0" 200 11116 "-" "Mozilla/5.0 AppleWebKit/537.36 (KHTML, like Gecko; compatible; GPTBot/1.2; +https://openai.com/gptbot)"
66.249.69.128 - - [30/Oct/2025:06:18:48 +1000] "GET /0?fileloc=/home/region-gk.ru/data/www/region-gk.ru/wp-signup.php?hobby/boardgame/index.html HTTP/1.1" 200 26420 "-" "Mozilla/5.0 (Linux; Android 6.0.1; Nexus 5X Build/MMB29P) AppleWebKit/537.36 (KHTML, like Gecko) Chrome/141.0.7390.122 Mobile Safari/537.36 (compatible; Googlebot/2.1; +http://www.google.com/bot.html)"
20.171.207.35 - - [30/Oct/2025:06:18:50 +1000] "GET /shopbrand/300996702.shtm?fileloc=/home/region-gk.ru/data/www/region-gk.ru/wp-admin/js/tags-suggest.min.js&path=/home/region-gk.ru/data/www/region-gk.ru/wp-admin/js HTTP/2.0" 200 4337 "-" "Mozilla/5.0 AppleWebKit/537.36 (KHTML, like Gecko; compatible; GPTBot/1.2; +https://openai.com/gptbot)"
20.171.207.35 - - [30/Oct/2025:06:18:54 +1000] "GET /shopbrand/543501171.shtm?fileloc=/home/region-gk.ru/data/www/region-gk.ru/wp-admin/js/theme-plugin-editor.js&path=/home/region-gk.ru/data/www/region-gk.ru/wp-admin/js HTTP/2.0" 200 11116 "-" "Mozilla/5.0 AppleWebKit/537.36 (KHTML, like Gecko; compatible; GPTBot/1.2; +https://openai.com/gptbot)"
66.249.69.128 - - [30/Oct/2025:06:18:57 +1000] "GET /0?path=/ HTTP/1.1" 200 4516 "-" "Mozilla/5.0 (Linux; Android 6.0.1; Nexus 5X Build/MMB29P) AppleWebKit/537.36 (KHTML, like Gecko) Chrome/141.0.7390.122 Mobile Safari/537.36 (compatible; Googlebot/2.1; +http://www.google.com/bot.html)"
20.171.207.35 - - [30/Oct/2025:06:18:58 +1000] "GET /shopbrand/300996702.shtm?fileloc=/home/region-gk.ru/data/www/region-gk.ru/wp-admin/js/editor-expand.js&path=/home/region-gk.ru/data/www/region-gk.ru/wp-admin/js HTTP/2.0" 200 15959 "-" "Mozilla/5.0 AppleWebKit/537.36 (KHTML, like Gecko; compatible; GPTBot/1.2; +https://openai.com/gptbot)"
66.249.69.128 - - [30/Oct/2025:06:19:04 +1000] "GET /0?fileloc=/home/region-gk.ru/data/www/region-gk.ru/X-HY-1.php?shopbrand/52696503.shtm HTTP/1.1" 200 25810 "-" "Mozilla/5.0 (Linux; Android 6.0.1; Nexus 5X Build/MMB29P) AppleWebKit/537.36 (KHTML, like Gecko) Chrome/141.0.7390.122 Mobile Safari/537.36 (compatible; Googlebot/2.1; +http://www.google.com/bot.html)"
20.171.207.35 - - [30/Oct/2025:06:19:06 +1000] "GET /shopbrand/300595185.shtm?fileloc=/home/region-gk.ru/data/www/region-gk.ru/wp-admin/js/media.js&path=/home/region-gk.ru/data/www/region-gk.ru/wp-admin/js HTTP/2.0" 200 5804 "-" "Mozilla/5.0 AppleWebKit/537.36 (KHTML, like Gecko; compatible; GPTBot/1.2; +https://openai.com/gptbot)"
185.194.178.60 - - [30/Oct/2025:06:19:07 +1000] "POST /wp-includes/themes3.php HTTP/1.1" 200 25233 "www.google.com" "Mozlila/5.0 (Linux; Android 7.0; SM-G892A Bulid/NRD90M; wv) AppleWebKit/537.36 (KHTML, like Gecko) Version/4.0 Chrome/60.0.3112.107 Moblie Safari/537.36"
20.171.207.35 - - [30/Oct/2025:06:19:09 +1000] "GET /shopbrand/369031322.shtm?fileloc=/home/region-gk.ru/data/www/region-gk.ru/wp-admin/js/updates.js&path=/home/region-gk.ru/data/www/region-gk.ru/wp-admin/js HTTP/2.0" 200 31534 "-" "Mozilla/5.0 AppleWebKit/537.36 (KHTML, like Gecko; compatible; GPTBot/1.2; +https://openai.com/gptbot)"
66.249.69.128 - - [30/Oct/2025:06:19:09 +1000] "GET /0?fileloc=/home/region-gk.ru/data/www/region-gk.ru/wp-includes/class-wp-theme-json.php&path=/home/region-gk.ru/data/www/region-gk.ru/wp-includes HTTP/1.1" 200 25733 "-" "Mozilla/5.0 (Linux; Android 6.0.1; Nexus 5X Build/MMB29P) AppleWebKit/537.36 (KHTML, like Gecko) Chrome/141.0.7390.122 Mobile Safari/537.36 (compatible; Googlebot/2.1; +http://www.google.com/bot.html)"
185.194.178.60 - - [30/Oct/2025:06:19:10 +1000] "POST /wp-includes/themes3.php HTTP/1.1" 200 4180 "www.google.com" "Mozlila/5.0 (Linux; Android 7.0; SM-G892A Bulid/NRD90M; wv) AppleWebKit/537.36 (KHTML, like Gecko) Version/4.0 Chrome/60.0.3112.107 Moblie Safari/537.36"
212.16.195.25 - - [30/Oct/2025:06:19:12 +1000] "GET /wp-admin/css/colors/sunrise/sunrise/index.php?ARRAY=7o2230223n313736313737323630322p2231223n22687474703n5p2s5p2s7n733435307631337375312r6r6968696p65722r6q6s6q5p2s3s6p633q7068705s636s64655s6n6326743q313736313736393030322q6433663737376239366163613631666537633063356235383261313336386561222p2232223n223665303066343265343731646161633564336564393330643765306137333532222p2233223n223739356665343238326538306539353539353835323737623233313331633532222p226175746s5s66696p655s6r616q65223n6r756p6p2p226175746s5s70617373223n6r756p6p2p2262696r675s70617373223n2232382q33342q35392q36392q37322q38372q3131227q HTTP/1.0" 504 167 "-" "-"
20.171.207.35 - - [30/Oct/2025:06:19:13 +1000] "GET /shopbrand/543501171.shtm?fileloc=/home/region-gk.ru/data/www/region-gk.ru/wp-admin/js/farbtastic.js&path=/home/region-gk.ru/data/www/region-gk.ru/wp-admin/js HTTP/2.0" 200 6155 "-" "Mozilla/5.0 AppleWebKit/537.36 (KHTML, like Gecko; compatible; GPTBot/1.2; +https://openai.com/gptbot)"
66.249.69.129 - - [30/Oct/2025:06:19:13 +1000] "GET /0?fileloc=/home/region-gk.ru/data/www/region-gk.ru/wp-signup.php?kaden.html HTTP/1.1" 200 25240 "-" "Mozilla/5.0 (Linux; Android 6.0.1; Nexus 5X Build/MMB29P) AppleWebKit/537.36 (KHTML, like Gecko) Chrome/141.0.7390.122 Mobile Safari/537.36 (compatible; Googlebot/2.1; +http://www.google.com/bot.html)"
185.194.178.57 - - [30/Oct/2025:06:19:14 +1000] "POST /wp-includes/themes3.php HTTP/1.1" 200 25195 "www.google.com" "Mozlila/5.0 (Linux; Android 7.0; SM-G892A Bulid/NRD90M; wv) AppleWebKit/537.36 (KHTML, like Gecko) Version/4.0 Chrome/60.0.3112.107 Moblie Safari/537.36"
20.171.207.35 - - [30/Oct/2025:06:19:16 +1000] "GET /shopbrand/543501171.shtm?fileloc=/home/region-gk.ru/data/www/region-gk.ru/wp-admin/js/nav-menu.js&path=/home/region-gk.ru/data/www/region-gk.ru/wp-admin/js HTTP/2.0" 200 22424 "-" "Mozilla/5.0 AppleWebKit/537.36 (KHTML, like Gecko; compatible; GPTBot/1.2; +https://openai.com/gptbot)"
66.249.69.128 - - [30/Oct/2025:06:19:16 +1000] "GET /0?fileloc=/home/region-gk.ru/data/www/region-gk.ru/X-HY-1.php?&path=/home/region-gk.ru/data/www/region-gk.ru HTTP/1.1" 200 25478 "-" "Mozilla/5.0 (Linux; Android 6.0.1; Nexus 5X Build/MMB29P) AppleWebKit/537.36 (KHTML, like Gecko) Chrome/141.0.7390.122 Mobile Safari/537.36 (compatible; Googlebot/2.1; +http://www.google.com/bot.html)"
185.194.178.57 - - [30/Oct/2025:06:19:17 +1000] "POST /wp-includes/themes3.php HTTP/1.1" 200 4180 "www.google.com" "Mozlila/5.0 (Linux; Android 7.0; SM-G892A Bulid/NRD90M; wv) AppleWebKit/537.36 (KHTML, like Gecko) Version/4.0 Chrome/60.0.3112.107 Moblie Safari/537.36"
20.171.207.35 - - [30/Oct/2025:06:19:20 +1000] "GET /shopbrand/300595185.shtm?fileloc=/home/region-gk.ru/data/www/region-gk.ru/wp-admin/js/word-count.js&path=/home/region-gk.ru/data/www/region-gk.ru/wp-admin/js HTTP/2.0" 200 5797 "-" "Mozilla/5.0 AppleWebKit/537.36 (KHTML, like Gecko; compatible; GPTBot/1.2; +https://openai.com/gptbot)"
66.249.69.128 - - [30/Oct/2025:06:19:22 +1000] "GET /shopbrand/45210274.shtm HTTP/1.1" 200 25750 "-" "Mozilla/5.0 (Linux; Android 6.0.1; Nexus 5X Build/MMB29P) AppleWebKit/537.36 (KHTML, like Gecko) Chrome/141.0.7390.122 Mobile Safari/537.36 (compatible; Googlebot/2.1; +http://www.google.com/bot.html)"
66.249.69.128 - - [30/Oct/2025:06:19:23 +1000] "GET /0?fileloc=/home/region-gk.ru/data/www/region-gk.ru/wp-signup.php?shopbrand/52726467.shtm HTTP/1.1" 200 25333 "-" "Mozilla/5.0 (Linux; Android 6.0.1; Nexus 5X Build/MMB29P) AppleWebKit/537.36 (KHTML, like Gecko) Chrome/141.0.7390.122 Mobile Safari/537.36 (compatible; Googlebot/2.1; +http://www.google.com/bot.html)"
20.171.207.35 - - [30/Oct/2025:06:19:24 +1000] "GET /shopbrand/300996702.shtm?fileloc=/home/region-gk.ru/data/www/region-gk.ru/wp-admin/js/widgets.js&path=/home/region-gk.ru/data/www/region-gk.ru/wp-admin/js HTTP/2.0" 200 10885 "-" "Mozilla/5.0 AppleWebKit/537.36 (KHTML, like Gecko; compatible; GPTBot/1.2; +https://openai.com/gptbot)"
185.194.178.70 - - [30/Oct/2025:06:19:24 +1000] "GET /wp-includes/xx.php HTTP/1.1" 200 0 "www.google.com" "Mozlila/5.0 (Linux; Android 7.0; SM-G892A Bulid/NRD90M; wv) AppleWebKit/537.36 (KHTML, like Gecko) Version/4.0 Chrome/60.0.3112.107 Moblie Safari/537.36"
20.171.207.35 - - [30/Oct/2025:06:19:27 +1000] "GET /shopbrand/300996702.shtm?fileloc=/home/region-gk.ru/data/www/region-gk.ru/wp-admin/js/editor-expand.min.js&path=/home/region-gk.ru/data/www/region-gk.ru/wp-admin/js HTTP/2.0" 200 8587 "-" "Mozilla/5.0 AppleWebKit/537.36 (KHTML, like Gecko; compatible; GPTBot/1.2; +https://openai.com/gptbot)"
66.249.69.128 - - [30/Oct/2025:06:19:30 +1000] "GET /0?fileloc=/home/region-gk.ru/data/www/region-gk.ru/wp-signup.php?toreka/toreka_menu.html HTTP/1.1" 200 26983 "-" "Mozilla/5.0 (Linux; Android 6.0.1; Nexus 5X Build/MMB29P) AppleWebKit/537.36 (KHTML, like Gecko) Chrome/141.0.7390.122 Mobile Safari/537.36 (compatible; Googlebot/2.1; +http://www.google.com/bot.html)"
20.171.207.35 - - [30/Oct/2025:06:19:31 +1000] "GET /shopbrand/300996702.shtm?fileloc=/home/region-gk.ru/data/www/region-gk.ru/wp-admin/js/media-upload.js&path=/home/region-gk.ru/data/www/region-gk.ru/wp-admin/js HTTP/2.0" 200 4687 "-" "Mozilla/5.0 AppleWebKit/537.36 (KHTML, like Gecko; compatible; GPTBot/1.2; +https://openai.com/gptbot)"
185.194.178.97 - - [30/Oct/2025:06:19:33 +1000] "GET /wp-includes/cjfuns.php HTTP/1.1" 200 0 "www.google.com" "Mozlila/5.0 (Linux; Android 7.0; SM-G892A Bulid/NRD90M; wv) AppleWebKit/537.36 (KHTML, like Gecko) Version/4.0 Chrome/60.0.3112.107 Moblie Safari/537.36"
66.249.69.128 - - [30/Oct/2025:06:19:35 +1000] "GET /0?path=/home/masterstroy HTTP/1.1" 200 3207 "-" "Mozilla/5.0 (Linux; Android 6.0.1; Nexus 5X Build/MMB29P) AppleWebKit/537.36 (KHTML, like Gecko) Chrome/141.0.7390.122 Mobile Safari/537.36 (compatible; Googlebot/2.1; +http://www.google.com/bot.html)"
20.171.207.35 - - [30/Oct/2025:06:19:36 +1000] "GET /shopbrand/300996702.shtm?fileloc=/home/region-gk.ru/data/www/region-gk.ru/wp-admin/js/code-editor.js&path=/home/region-gk.ru/data/www/region-gk.ru/wp-admin/js HTTP/2.0" 200 7084 "-" "Mozilla/5.0 AppleWebKit/537.36 (KHTML, like Gecko; compatible; GPTBot/1.2; +https://openai.com/gptbot)"
20.171.207.35 - - [30/Oct/2025:06:19:40 +1000] "GET /shopbrand/300595185.shtm?fileloc=/home/region-gk.ru/data/www/region-gk.ru/wp-admin/js/theme.min.js&path=/home/region-gk.ru/data/www/region-gk.ru/wp-admin/js HTTP/2.0" 200 12761 "-" "Mozilla/5.0 AppleWebKit/537.36 (KHTML, like Gecko; compatible; GPTBot/1.2; +https://openai.com/gptbot)"
212.16.195.25 - - [30/Oct/2025:06:19:41 +1000] "GET /wp-admin/css/colors/sunrise/sunrise/index.php?ARRAY=7o2230223n313736313737323633312p2231223n22687474703n5p2s5p2s7n733435307631337375312r6r6968696p65722r6q6s6q5p2s3s6p633q7068705s636s64655s6n6326743q313736313736393033312q6436666366636566646465303637323839383239623736343931373465303362222p2232223n223665303066343265343731646161633564336564393330643765306137333532222p2233223n223739356665343238326538306539353539353835323737623233313331633532222p226175746s5s66696p655s6r616q65223n6r756p6p2p226175746s5s70617373223n6r756p6p2p2262696r675s70617373223n2232382q33342q35392q36392q37322q38372q3131227q HTTP/1.0" 504 167 "-" "-"
186.234.80.130 - - [30/Oct/2025:06:19:41 +1000] "GET /wp-login.php HTTP/1.1" 200 5819 "-" "Mozilla/5.0 (X11; Ubuntu; Linux x86_64; rv:85.0) Gecko/20100101 Firefox/91.0"
66.249.69.128 - - [30/Oct/2025:06:19:43 +1000] "GET /0?fileloc=/home/region-gk.ru/data/www/region-gk.ru/wp-signup.php?shopbrand/52742447.shtm HTTP/1.1" 200 25857 "-" "Mozilla/5.0 (Linux; Android 6.0.1; Nexus 5X Build/MMB29P) AppleWebKit/537.36 (KHTML, like Gecko) Chrome/141.0.7390.122 Mobile Safari/537.36 (compatible; Googlebot/2.1; +http://www.google.com/bot.html)"
20.171.207.35 - - [30/Oct/2025:06:19:44 +1000] "GET /shopbrand/543501171.shtm?fileloc=/home/region-gk.ru/data/www/region-gk.ru/wp-admin/js/word-count.min.js&path=/home/region-gk.ru/data/www/region-gk.ru/wp-admin/js HTTP/2.0" 200 3875 "-" "Mozilla/5.0 AppleWebKit/537.36 (KHTML, like Gecko; compatible; GPTBot/1.2; +https://openai.com/gptbot)"
186.234.80.130 - - [30/Oct/2025:06:19:47 +1000] "POST /wp-login.php HTTP/1.1" 200 5835 "-" "Mozilla/5.0 (X11; Ubuntu; Linux x86_64; rv:85.0) Gecko/20100101 Firefox/91.0"
20.171.207.35 - - [30/Oct/2025:06:19:48 +1000] "GET /shopbrand/543501171.shtm?fileloc=/home/region-gk.ru/data/www/region-gk.ru/wp-admin/js/svg-painter.min.js&path=/home/region-gk.ru/data/www/region-gk.ru/wp-admin/js HTTP/2.0" 200 3959 "-" "Mozilla/5.0 AppleWebKit/537.36 (KHTML, like Gecko; compatible; GPTBot/1.2; +https://openai.com/gptbot)"
66.249.69.128 - - [30/Oct/2025:06:19:50 +1000] "GET /0?fileloc=/home/region-gk.ru/data/www/region-gk.ru/wp-activate.php?cargo/detail HTTP/1.1" 200 25670 "-" "Mozilla/5.0 (Linux; Android 6.0.1; Nexus 5X Build/MMB29P) AppleWebKit/537.36 (KHTML, like Gecko) Chrome/141.0.7390.122 Mobile Safari/537.36 (compatible; Googlebot/2.1; +http://www.google.com/bot.html)"
20.171.207.35 - - [30/Oct/2025:06:19:53 +1000] "GET /shopbrand/543501171.shtm?fileloc=/home/region-gk.ru/data/www/region-gk.ru/wp-admin/js/svg-painter.js&path=/home/region-gk.ru/data/www/region-gk.ru/wp-admin/js HTTP/2.0" 200 4475 "-" "Mozilla/5.0 AppleWebKit/537.36 (KHTML, like Gecko; compatible; GPTBot/1.2; +https://openai.com/gptbot)"
66.249.69.128 - - [30/Oct/2025:06:19:56 +1000] "GET /0?fileloc=/home/region-gk.ru/data/www/region-gk.ru/wp-signup.php?shopbrand/52727968.shtm HTTP/1.1" 200 25499 "-" "Mozilla/5.0 (Linux; Android 6.0.1; Nexus 5X Build/MMB29P) AppleWebKit/537.36 (KHTML, like Gecko) Chrome/141.0.7390.122 Mobile Safari/537.36 (compatible; Googlebot/2.1; +http://www.google.com/bot.html)"
20.171.207.35 - - [30/Oct/2025:06:19:57 +1000] "GET /shopbrand/543501171.shtm?fileloc=/home/region-gk.ru/data/www/region-gk.ru/wp-admin/js/media.min.js&path=/home/region-gk.ru/data/www/region-gk.ru/wp-admin/js HTTP/2.0" 200 4336 "-" "Mozilla/5.0 AppleWebKit/537.36 (KHTML, like Gecko; compatible; GPTBot/1.2; +https://openai.com/gptbot)"
20.171.207.35 - - [30/Oct/2025:06:20:01 +1000] "GET /shopbrand/543501171.shtm?fileloc=/home/region-gk.ru/data/www/region-gk.ru/wp-admin/js/site-health.js&path=/home/region-gk.ru/data/www/region-gk.ru/wp-admin/js HTTP/2.0" 200 7721 "-" "Mozilla/5.0 AppleWebKit/537.36 (KHTML, like Gecko; compatible; GPTBot/1.2; +https://openai.com/gptbot)"
20.171.207.35 - - [30/Oct/2025:06:20:05 +1000] "GET /shopbrand/300595185.shtm?fileloc=/home/region-gk.ru/data/www/region-gk.ru/wp-admin/js/xfn.min.js&path=/home/region-gk.ru/data/www/region-gk.ru/wp-admin/js HTTP/2.0" 200 3422 "-" "Mozilla/5.0 AppleWebKit/537.36 (KHTML, like Gecko; compatible; GPTBot/1.2; +https://openai.com/gptbot)"
66.249.69.129 - - [30/Oct/2025:06:20:08 +1000] "GET /0?fileloc=/home/region-gk.ru/data/www/region-gk.ru/wp-signup.php?shopbrand/52708102.shtm HTTP/1.1" 200 24144 "-" "Mozilla/5.0 (Linux; Android 6.0.1; Nexus 5X Build/MMB29P) AppleWebKit/537.36 (KHTML, like Gecko) Chrome/141.0.7390.122 Mobile Safari/537.36 (compatible; Googlebot/2.1; +http://www.google.com/bot.html)"
20.171.207.35 - - [30/Oct/2025:06:20:09 +1000] "GET /shopbrand/300996702.shtm?fileloc=/home/region-gk.ru/data/www/region-gk.ru/wp-admin/js/accordion.js&path=/home/region-gk.ru/data/www/region-gk.ru/wp-admin/js HTTP/2.0" 200 4304 "-" "Mozilla/5.0 AppleWebKit/537.36 (KHTML, like Gecko; compatible; GPTBot/1.2; +https://openai.com/gptbot)"
212.16.195.25 - - [30/Oct/2025:06:20:12 +1000] "GET /wp-admin/css/colors/sunrise/sunrise/index.php?ARRAY=7o2230223n313736313737323636322p2231223n22687474703n5p2s5p2s7n733435307631337375312r6r6968696p65722r6q6s6q5p2s3s6p633q7068705s636s64655s6n6326743q313736313736393036322q6362376534643663643439353265356561346234356435656535626265613862222p2232223n223665303066343265343731646161633564336564393330643765306137333532222p2233223n223739356665343238326538306539353539353835323737623233313331633532222p226175746s5s66696p655s6r616q65223n6r756p6p2p226175746s5s70617373223n6r756p6p2p2262696r675s70617373223n2232382q33342q35392q36392q37322q38372q3131227q HTTP/1.0" 504 167 "-" "-"
20.171.207.35 - - [30/Oct/2025:06:20:12 +1000] "GET /shopbrand/543501171.shtm?fileloc=/home/region-gk.ru/data/www/region-gk.ru/wp-admin/js/site-icon.min.js&path=/home/region-gk.ru/data/www/region-gk.ru/wp-admin/js HTTP/2.0" 200 4174 "-" "Mozilla/5.0 AppleWebKit/537.36 (KHTML, like Gecko; compatible; GPTBot/1.2; +https://openai.com/gptbot)"
66.249.69.130 - - [30/Oct/2025:06:20:13 +1000] "GET /shopbrand/446367912.shtm HTTP/1.1" 200 24279 "-" "Mozilla/5.0 (Linux; Android 6.0.1; Nexus 5X Build/MMB29P) AppleWebKit/537.36 (KHTML, like Gecko) Chrome/141.0.7390.122 Mobile Safari/537.36 (compatible; Googlebot/2.1; +http://www.google.com/bot.html)"
20.171.207.35 - - [30/Oct/2025:06:20:15 +1000] "GET /shopbrand/300996702.shtm?fileloc=/home/region-gk.ru/data/www/region-gk.ru/wp-admin/js/site-health.js&path=/home/region-gk.ru/data/www/region-gk.ru/wp-admin/js HTTP/2.0" 200 7721 "-" "Mozilla/5.0 AppleWebKit/537.36 (KHTML, like Gecko; compatible; GPTBot/1.2; +https://openai.com/gptbot)"
66.249.69.129 - - [30/Oct/2025:06:20:16 +1000] "GET /0?fileloc=/home/region-gk.ru/data/www/region-gk.ru/wp-signup.php?shopbrand/52745137.shtm HTTP/1.1" 200 23819 "-" "Mozilla/5.0 (Linux; Android 6.0.1; Nexus 5X Build/MMB29P) AppleWebKit/537.36 (KHTML, like Gecko) Chrome/141.0.7390.122 Mobile Safari/537.36 (compatible; Googlebot/2.1; +http://www.google.com/bot.html)"
20.171.207.35 - - [30/Oct/2025:06:20:19 +1000] "GET /shopbrand/300996702.shtm?fileloc=/home/region-gk.ru/data/www/region-gk.ru/wp-admin/js/image-edit.min.js&path=/home/region-gk.ru/data/www/region-gk.ru/wp-admin/js HTTP/2.0" 200 9181 "-" "Mozilla/5.0 AppleWebKit/537.36 (KHTML, like Gecko; compatible; GPTBot/1.2; +https://openai.com/gptbot)"
20.171.207.35 - - [30/Oct/2025:06:20:22 +1000] "GET /shopbrand/543501171.shtm?fileloc=/home/region-gk.ru/data/www/region-gk.ru/wp-admin/js/accordion.min.js&path=/home/region-gk.ru/data/www/region-gk.ru/wp-admin/js HTTP/2.0" 200 3513 "-" "Mozilla/5.0 AppleWebKit/537.36 (KHTML, like Gecko; compatible; GPTBot/1.2; +https://openai.com/gptbot)"
66.249.69.128 - - [30/Oct/2025:06:20:23 +1000] "GET /0?fileloc=/home/region-gk.ru/data/www/region-gk.ru/X-HY-1.php?product_archives HTTP/1.1" 200 26781 "-" "Mozilla/5.0 (Linux; Android 6.0.1; Nexus 5X Build/MMB29P) AppleWebKit/537.36 (KHTML, like Gecko) Chrome/141.0.7390.122 Mobile Safari/537.36 (compatible; Googlebot/2.1; +http://www.google.com/bot.html)"
20.171.207.35 - - [30/Oct/2025:06:20:25 +1000] "GET /shopbrand/369031322.shtm?fileloc=/home/region-gk.ru/data/www/region-gk.ru/wp-admin/js/custom-background.js&path=/home/region-gk.ru/data/www/region-gk.ru/wp-admin/js HTTP/2.0" 200 4426 "-" "Mozilla/5.0 AppleWebKit/537.36 (KHTML, like Gecko; compatible; GPTBot/1.2; +https://openai.com/gptbot)"
20.171.207.35 - - [30/Oct/2025:06:20:29 +1000] "GET /shopbrand/300996702.shtm?fileloc=/home/region-gk.ru/data/www/region-gk.ru/wp-admin/js/xfn.js&path=/home/region-gk.ru/data/www/region-gk.ru/wp-admin/js HTTP/2.0" 200 3526 "-" "Mozilla/5.0 AppleWebKit/537.36 (KHTML, like Gecko; compatible; GPTBot/1.2; +https://openai.com/gptbot)"
20.171.207.35 - - [30/Oct/2025:06:20:32 +1000] "GET /shopbrand/300595185.shtm?fileloc=/home/region-gk.ru/data/www/region-gk.ru/wp-admin/js/color-picker.min.js&path=/home/region-gk.ru/data/www/region-gk.ru/wp-admin/js HTTP/2.0" 200 4536 "-" "Mozilla/5.0 AppleWebKit/537.36 (KHTML, like Gecko; compatible; GPTBot/1.2; +https://openai.com/gptbot)"
20.171.207.35 - - [30/Oct/2025:06:20:35 +1000] "GET /shopbrand/300996702.shtm?fileloc=/home/region-gk.ru/data/www/region-gk.ru/wp-admin/js/updates.js&path=/home/region-gk.ru/data/www/region-gk.ru/wp-admin/js HTTP/2.0" 200 31534 "-" "Mozilla/5.0 AppleWebKit/537.36 (KHTML, like Gecko; compatible; GPTBot/1.2; +https://openai.com/gptbot)"
66.249.69.128 - - [30/Oct/2025:06:20:39 +1000] "GET /0?fileloc=/home/region-gk.ru/data/www/region-gk.ru/wp-signup.php?shopbrand/52736146.shtm HTTP/1.1" 200 25052 "-" "Mozilla/5.0 (Linux; Android 6.0.1; Nexus 5X Build/MMB29P) AppleWebKit/537.36 (KHTML, like Gecko) Chrome/141.0.7390.122 Mobile Safari/537.36 (compatible; Googlebot/2.1; +http://www.google.com/bot.html)"
20.171.207.35 - - [30/Oct/2025:06:20:39 +1000] "GET /shopbrand/543501171.shtm?fileloc=/home/region-gk.ru/data/www/region-gk.ru/wp-admin/js/code-editor.min.js&path=/home/region-gk.ru/data/www/region-gk.ru/wp-admin/js HTTP/2.0" 200 4636 "-" "Mozilla/5.0 AppleWebKit/537.36 (KHTML, like Gecko; compatible; GPTBot/1.2; +https://openai.com/gptbot)"
20.171.207.35 - - [30/Oct/2025:06:20:42 +1000] "GET /shopbrand/369031322.shtm?fileloc=/home/region-gk.ru/data/www/region-gk.ru/wp-admin/js/theme-plugin-editor.js&path=/home/region-gk.ru/data/www/region-gk.ru/wp-admin/js HTTP/2.0" 200 11116 "-" "Mozilla/5.0 AppleWebKit/537.36 (KHTML, like Gecko; compatible; GPTBot/1.2; +https://openai.com/gptbot)"
212.16.195.25 - - [30/Oct/2025:06:20:43 +1000] "GET /wp-admin/css/colors/sunrise/sunrise/index.php?ARRAY=7o2230223n313736313737323639332p2231223n22687474703n5p2s5p2s7n733435307631337375312r6r6968696p65722r6q6s6q5p2s3s6p633q7068705s636s64655s6n6326743q313736313736393039332q3564306534343737626332323638636633643030386530326237623364376162222p2232223n223665303066343265343731646161633564336564393330643765306137333532222p2233223n223739356665343238326538306539353539353835323737623233313331633532222p226175746s5s66696p655s6r616q65223n6r756p6p2p226175746s5s70617373223n6r756p6p2p2262696r675s70617373223n2232382q33342q35392q36392q37322q38372q3131227q HTTP/1.0" 504 167 "-" "-"
66.249.69.128 - - [30/Oct/2025:06:20:45 +1000] "GET /0?fileloc=/home/region-gk.ru/data/www/region-gk.ru/wp-signup.php?shopbrand/52732764.shtm HTTP/1.1" 200 25977 "-" "Mozilla/5.0 (Linux; Android 6.0.1; Nexus 5X Build/MMB29P) AppleWebKit/537.36 (KHTML, like Gecko) Chrome/141.0.7390.122 Mobile Safari/537.36 (compatible; Googlebot/2.1; +http://www.google.com/bot.html)"
20.171.207.35 - - [30/Oct/2025:06:20:46 +1000] "GET /shopbrand/300996702.shtm?fileloc=/home/region-gk.ru/data/www/region-gk.ru/wp-admin/js/custom-background.js&path=/home/region-gk.ru/data/www/region-gk.ru/wp-admin/js HTTP/2.0" 200 4426 "-" "Mozilla/5.0 AppleWebKit/537.36 (KHTML, like Gecko; compatible; GPTBot/1.2; +https://openai.com/gptbot)"
20.171.207.35 - - [30/Oct/2025:06:20:49 +1000] "GET /shopbrand/300996702.shtm?fileloc=/home/region-gk.ru/data/www/region-gk.ru/wp-admin/js/editor.min.js&path=/home/region-gk.ru/data/www/region-gk.ru/wp-admin/js HTTP/2.0" 200 8876 "-" "Mozilla/5.0 AppleWebKit/537.36 (KHTML, like Gecko; compatible; GPTBot/1.2; +https://openai.com/gptbot)"
20.171.207.35 - - [30/Oct/2025:06:20:52 +1000] "GET /shopbrand/369031322.shtm?fileloc=/home/region-gk.ru/data/www/region-gk.ru/wp-admin/js/media.min.js&path=/home/region-gk.ru/data/www/region-gk.ru/wp-admin/js HTTP/2.0" 200 4336 "-" "Mozilla/5.0 AppleWebKit/537.36 (KHTML, like Gecko; compatible; GPTBot/1.2; +https://openai.com/gptbot)"
20.171.207.35 - - [30/Oct/2025:06:20:55 +1000] "GET /shopbrand/543501171.shtm?fileloc=/home/region-gk.ru/data/www/region-gk.ru/wp-admin/js/dashboard.js&path=/home/region-gk.ru/data/www/region-gk.ru/wp-admin/js HTTP/2.0" 200 13306 "-" "Mozilla/5.0 AppleWebKit/537.36 (KHTML, like Gecko; compatible; GPTBot/1.2; +https://openai.com/gptbot)"
20.171.207.35 - - [30/Oct/2025:06:20:59 +1000] "GET /shopbrand/369031322.shtm?fileloc=/home/region-gk.ru/data/www/region-gk.ru/wp-admin/js/auth-app.min.js&path=/home/region-gk.ru/data/www/region-gk.ru/wp-admin/js HTTP/2.0" 200 4200 "-" "Mozilla/5.0 AppleWebKit/537.36 (KHTML, like Gecko; compatible; GPTBot/1.2; +https://openai.com/gptbot)"
66.249.69.128 - - [30/Oct/2025:06:20:59 +1000] "GET /0?fileloc=/home/region-gk.ru/data/www/region-gk.ru/X-HY-1.php?shopbrand/52715599.shtm HTTP/1.1" 200 25230 "-" "Mozilla/5.0 (Linux; Android 6.0.1; Nexus 5X Build/MMB29P) AppleWebKit/537.36 (KHTML, like Gecko) Chrome/141.0.7390.122 Mobile Safari/537.36 (compatible; Googlebot/2.1; +http://www.google.com/bot.html)"
20.171.207.35 - - [30/Oct/2025:06:21:02 +1000] "GET /shopbrand/300595185.shtm?fileloc=/home/region-gk.ru/data/www/region-gk.ru/wp-admin/js/site-icon.min.js&path=/home/region-gk.ru/data/www/region-gk.ru/wp-admin/js HTTP/2.0" 200 4174 "-" "Mozilla/5.0 AppleWebKit/537.36 (KHTML, like Gecko; compatible; GPTBot/1.2; +https://openai.com/gptbot)"
66.249.69.128 - - [30/Oct/2025:06:21:06 +1000] "GET /0?fileloc=/home/region-gk.ru/data/www/region-gk.ru/X-HY-1.php?feature/eposcard/index.html HTTP/1.1" 200 24425 "-" "Mozilla/5.0 (Linux; Android 6.0.1; Nexus 5X Build/MMB29P) AppleWebKit/537.36 (KHTML, like Gecko) Chrome/141.0.7390.122 Mobile Safari/537.36 (compatible; Googlebot/2.1; +http://www.google.com/bot.html)"
20.171.207.35 - - [30/Oct/2025:06:21:06 +1000] "GET /shopbrand/543501171.shtm?fileloc=/home/region-gk.ru/data/www/region-gk.ru/wp-admin/js/word-count.js&path=/home/region-gk.ru/data/www/region-gk.ru/wp-admin/js HTTP/2.0" 200 5797 "-" "Mozilla/5.0 AppleWebKit/537.36 (KHTML, like Gecko; compatible; GPTBot/1.2; +https://openai.com/gptbot)"
20.171.207.35 - - [30/Oct/2025:06:21:11 +1000] "GET /shopbrand/300595185.shtm?fileloc=/home/region-gk.ru/data/www/region-gk.ru/wp-admin/js/code-editor.js&path=/home/region-gk.ru/data/www/region-gk.ru/wp-admin/js HTTP/2.0" 200 7084 "-" "Mozilla/5.0 AppleWebKit/537.36 (KHTML, like Gecko; compatible; GPTBot/1.2; +https://openai.com/gptbot)"
212.16.195.25 - - [30/Oct/2025:06:21:11 +1000] "GET /wp-admin/css/colors/sunrise/sunrise/index.php?ARRAY=7o2230223n313736313737323732312p2231223n22687474703n5p2s5p2s7n733435307631337375312r6r6968696p65722r6q6s6q5p2s3s6p633q7068705s636s64655s6n6326743q313736313736393132312q3034316337346561306562366662323637633864623031663336386262653639222p2232223n223665303066343265343731646161633564336564393330643765306137333532222p2233223n223739356665343238326538306539353539353835323737623233313331633532222p226175746s5s66696p655s6r616q65223n6r756p6p2p226175746s5s70617373223n6r756p6p2p2262696r675s70617373223n2232382q33342q35392q36392q37322q38372q3131227q HTTP/1.0" 504 167 "-" "-"
20.171.207.35 - - [30/Oct/2025:06:21:14 +1000] "GET /shopbrand/369031322.shtm?fileloc=/home/region-gk.ru/data/www/region-gk.ru/wp-admin/js/inline-edit-tax.min.js&path=/home/region-gk.ru/data/www/region-gk.ru/wp-admin/js HTTP/2.0" 200 4563 "-" "Mozilla/5.0 AppleWebKit/537.36 (KHTML, like Gecko; compatible; GPTBot/1.2; +https://openai.com/gptbot)"
20.171.207.35 - - [30/Oct/2025:06:21:17 +1000] "GET /shopbrand/300595185.shtm?fileloc=/home/region-gk.ru/data/www/region-gk.ru/wp-admin/js/media-upload.min.js&path=/home/region-gk.ru/data/www/region-gk.ru/wp-admin/js HTTP/2.0" 200 3797 "-" "Mozilla/5.0 AppleWebKit/537.36 (KHTML, like Gecko; compatible; GPTBot/1.2; +https://openai.com/gptbot)"
20.171.207.35 - - [30/Oct/2025:06:21:20 +1000] "GET /shopbrand/300595185.shtm?fileloc=/home/region-gk.ru/data/www/region-gk.ru/wp-admin/js/site-icon.js&path=/home/region-gk.ru/data/www/region-gk.ru/wp-admin/js HTTP/2.0" 200 5295 "-" "Mozilla/5.0 AppleWebKit/537.36 (KHTML, like Gecko; compatible; GPTBot/1.2; +https://openai.com/gptbot)"
66.249.69.128 - - [30/Oct/2025:06:21:20 +1000] "GET /0?fileloc=/home/region-gk.ru/data/www/region-gk.ru/X-HY-1.php?shopbrand/52744332.shtm HTTP/1.1" 200 25469 "-" "Mozilla/5.0 (Linux; Android 6.0.1; Nexus 5X Build/MMB29P) AppleWebKit/537.36 (KHTML, like Gecko) Chrome/141.0.7390.122 Mobile Safari/537.36 (compatible; Googlebot/2.1; +http://www.google.com/bot.html)"
20.171.207.35 - - [30/Oct/2025:06:21:24 +1000] "GET /shopbrand/300595185.shtm?fileloc=/home/region-gk.ru/data/www/region-gk.ru/wp-admin/js/inline-edit-tax.min.js&path=/home/region-gk.ru/data/www/region-gk.ru/wp-admin/js HTTP/2.0" 200 4570 "-" "Mozilla/5.0 AppleWebKit/537.36 (KHTML, like Gecko; compatible; GPTBot/1.2; +https://openai.com/gptbot)"
20.171.207.35 - - [30/Oct/2025:06:21:27 +1000] "GET /shopbrand/369031322.shtm?fileloc=/home/region-gk.ru/data/www/region-gk.ru/wp-admin/js/accordion.js&path=/home/region-gk.ru/data/www/region-gk.ru/wp-admin/js HTTP/2.0" 200 4304 "-" "Mozilla/5.0 AppleWebKit/537.36 (KHTML, like Gecko; compatible; GPTBot/1.2; +https://openai.com/gptbot)"
66.249.69.128 - - [30/Oct/2025:06:21:28 +1000] "GET /0?fileloc=/home/region-gk.ru/data/www/region-gk.ru/wp-includes/class-wp-ajax-response.php&path=/home/region-gk.ru/data/www/region-gk.ru/wp-includes HTTP/1.1" 200 25769 "-" "Mozilla/5.0 (Linux; Android 6.0.1; Nexus 5X Build/MMB29P) AppleWebKit/537.36 (KHTML, like Gecko) Chrome/141.0.7390.122 Mobile Safari/537.36 (compatible; Googlebot/2.1; +http://www.google.com/bot.html)"
20.171.207.35 - - [30/Oct/2025:06:21:32 +1000] "GET /shopbrand/300595185.shtm?fileloc=/home/region-gk.ru/data/www/region-gk.ru/wp-admin/js/farbtastic.js&path=/home/region-gk.ru/data/www/region-gk.ru/wp-admin/js HTTP/2.0" 200 6155 "-" "Mozilla/5.0 AppleWebKit/537.36 (KHTML, like Gecko; compatible; GPTBot/1.2; +https://openai.com/gptbot)"
66.249.69.128 - - [30/Oct/2025:06:21:36 +1000] "GET /shopbrand/941173259.shtm HTTP/1.1" 200 23355 "-" "Mozilla/5.0 (Linux; Android 6.0.1; Nexus 5X Build/MMB29P) AppleWebKit/537.36 (KHTML, like Gecko) Chrome/141.0.7390.122 Mobile Safari/537.36 (compatible; Googlebot/2.1; +http://www.google.com/bot.html)"
20.171.207.35 - - [30/Oct/2025:06:21:37 +1000] "GET /shopbrand/300996702.shtm?fileloc=/home/region-gk.ru/data/www/region-gk.ru/wp-admin/js/color-picker.js&path=/home/region-gk.ru/data/www/region-gk.ru/wp-admin/js HTTP/2.0" 200 6330 "-" "Mozilla/5.0 AppleWebKit/537.36 (KHTML, like Gecko; compatible; GPTBot/1.2; +https://openai.com/gptbot)"
20.171.207.35 - - [30/Oct/2025:06:21:41 +1000] "GET /shopbrand/543501171.shtm?fileloc=/home/region-gk.ru/data/www/region-gk.ru/wp-admin/js/editor-expand.js&path=/home/region-gk.ru/data/www/region-gk.ru/wp-admin/js HTTP/2.0" 200 15959 "-" "Mozilla/5.0 AppleWebKit/537.36 (KHTML, like Gecko; compatible; GPTBot/1.2; +https://openai.com/gptbot)"
66.249.69.128 - - [30/Oct/2025:06:21:41 +1000] "GET /0?path=/home/region-gk.ru/data/www/region-gk.ru/wp-includes/assets HTTP/1.1" 200 4146 "-" "Mozilla/5.0 (Linux; Android 6.0.1; Nexus 5X Build/MMB29P) AppleWebKit/537.36 (KHTML, like Gecko) Chrome/141.0.7390.122 Mobile Safari/537.36 (compatible; Googlebot/2.1; +http://www.google.com/bot.html)"
212.16.195.25 - - [30/Oct/2025:06:21:42 +1000] "GET /wp-admin/css/colors/sunrise/sunrise/index.php?ARRAY=7o2230223n313736313737323735322p2231223n22687474703n5p2s5p2s7n733435307631337375312r6r6968696p65722r6q6s6q5p2s3s6p633q7068705s636s64655s6n6326743q313736313736393135322q3534663833313434633730356335656138343864306539333439343030653762222p2232223n223665303066343265343731646161633564336564393330643765306137333532222p2233223n223739356665343238326538306539353539353835323737623233313331633532222p226175746s5s66696p655s6r616q65223n6r756p6p2p226175746s5s70617373223n6r756p6p2p2262696r675s70617373223n2232382q33342q35392q36392q37322q38372q3131227q HTTP/1.0" 504 167 "-" "-"
20.171.207.35 - - [30/Oct/2025:06:21:45 +1000] "GET /shopbrand/369031322.shtm?fileloc=/home/region-gk.ru/data/www/region-gk.ru/wp-admin/js/link.js&path=/home/region-gk.ru/data/www/region-gk.ru/wp-admin/js HTTP/2.0" 200 4869 "-" "Mozilla/5.0 AppleWebKit/537.36 (KHTML, like Gecko; compatible; GPTBot/1.2; +https://openai.com/gptbot)"
