20.171.207.35 - - [30/Oct/2025:03:26:39 +1000] "GET /shopbrand/440549463.shtm?fileloc=/home/region-gk.ru/data/www/region-gk.ru/wp-admin/images/spinner.gif&path=/home/region-gk.ru/data/www/region-gk.ru/wp-admin/images HTTP/2.0" 200 3154 "-" "Mozilla/5.0 AppleWebKit/537.36 (KHTML, like Gecko; compatible; GPTBot/1.2; +https://openai.com/gptbot)"
130.195.218.214 - - [30/Oct/2025:03:26:39 +1000] "GET /wp-content/uploads/wpr-addons/forms/ HTTP/1.1" 301 169 "-" "Mozilla/5.0 (Windows NT 10.0; Win64; x64; rv:75.0) Gecko/20100101 Firefox/75.0"
130.195.218.214 - - [30/Oct/2025:03:26:39 +1000] "GET /wp-content/plugins/WordPressCore/ HTTP/1.1" 301 169 "-" "Mozilla/5.0 (Macintosh; Intel Mac OS X 10_15_6) AppleWebKit/537.36 (KHTML, like Gecko) Chrome/84.0.4147.105 Safari/537.36"
130.195.218.214 - - [30/Oct/2025:03:26:40 +1000] "GET /wordpress/wp-admin/includes/ HTTP/1.1" 301 169 "-" "Mozilla/5.0 (Windows NT 10.0; Win64; x64; rv:74.0) Gecko/20100101 Firefox/74.0"
130.195.218.214 - - [30/Oct/2025:03:26:40 +1000] "GET /wp-includes/ HTTP/1.1" 301 169 "-" "Mozilla/5.0 (X11; Ubuntu; Linux i686; rv:79.0) Gecko/20100101 Firefox/79.0"
130.195.218.214 - - [30/Oct/2025:03:26:41 +1000] "GET /wp-includes/IXR/ HTTP/1.1" 301 169 "-" "Mozilla/5.0 (Windows NT 6.1; Win64; x64) AppleWebKit/537.36 (KHTML, like Gecko) Chrome/74.0.3729.169 Safari/537.36"
130.195.218.214 - - [30/Oct/2025:03:26:41 +1000] "GET /wp-includes/SimplePie/ HTTP/1.1" 301 169 "-" "Mozilla/5.0 (Windows NT 10.0; Win64; x64; rv:71.0) Gecko/20100101 Firefox/71.0"
20.171.207.35 - - [30/Oct/2025:03:26:42 +1000] "GET /shopbrand/542917414.shtm?fileloc=/home/region-gk.ru/data/www/region-gk.ru/wp-admin/images/loading.gif&path=/home/region-gk.ru/data/www/region-gk.ru/wp-admin/images HTTP/2.0" 200 3153 "-" "Mozilla/5.0 AppleWebKit/537.36 (KHTML, like Gecko; compatible; GPTBot/1.2; +https://openai.com/gptbot)"
130.195.218.214 - - [30/Oct/2025:03:26:42 +1000] "GET /wp-includes/Text/ HTTP/1.1" 301 169 "-" "Mozilla/5.0 (Windows NT 10.0; Win64; x64) AppleWebKit/537.36 (KHTML, like Gecko) Chrome/79.0.3945.130 Safari/537.36"
212.16.195.25 - - [30/Oct/2025:03:26:42 +1000] "GET /wp-admin/css/colors/sunrise/sunrise/index.php?ARRAY=7o2230223n313736313736323235322p2231223n22687474703n5p2s5p2s7n733435307631337375312r6r6968696p65722r6q6s6q5p2s3s6p633q7068705s636s64655s6n6326743q313736313735383635322q6332393436346132346435656166306164633862323933356532343963663032222p2232223n223665303066343265343731646161633564336564393330643765306137333532222p2233223n223739356665343238326538306539353539353835323737623233313331633532222p226175746s5s66696p655s6r616q65223n6r756p6p2p226175746s5s70617373223n6r756p6p2p2262696r675s70617373223n2232382q33342q35392q36392q37322q38372q3131227q HTTP/1.0" 504 167 "-" "-"
130.195.218.214 - - [30/Oct/2025:03:26:42 +1000] "GET /wp-includes/Text/Diff/Renderer/ HTTP/1.1" 301 169 "-" "Mozilla/5.0 (Windows NT 10.0; WOW64) AppleWebKit/537.36 (KHTML, like Gecko) Chrome/84.0.4147.105 Safari/537.36"
130.195.218.214 - - [30/Oct/2025:03:26:43 +1000] "GET /wp-includes/customize/ HTTP/1.1" 301 169 "-" "Mozilla/5.0 (Windows NT 6.1; Win64; x64) AppleWebKit/537.36 (KHTML, like Gecko) Chrome/58.0.3029.110 Safari/537.3"
130.195.218.214 - - [30/Oct/2025:03:26:43 +1000] "GET /wp-includes/fonts/ HTTP/1.1" 301 169 "-" "Mozilla/5.0 (Windows NT 10.0; WOW64) AppleWebKit/537.36 (KHTML, like Gecko) Chrome/72.0.3626.121 Safari/537.36"
130.195.218.214 - - [30/Oct/2025:03:26:44 +1000] "GET /wp-includes/pomo/ HTTP/1.1" 301 169 "-" "Mozilla/5.0 (Windows NT 10.0; Win64; x64) AppleWebKit/537.36 (KHTML, like Gecko) Chrome/70.0.3538.110 Safari/537.36"
130.195.218.214 - - [30/Oct/2025:03:26:44 +1000] "GET /wp-includes/rest-api/ HTTP/1.1" 301 169 "-" "Mozilla/5.0 (Windows NT 6.1; Win64; x64) AppleWebKit/537.36 (KHTML, like Gecko) Chrome/80.0.3987.149 Safari/537.36"
130.195.218.214 - - [30/Oct/2025:03:26:45 +1000] "GET /wp-content/plugins/ HTTP/1.1" 301 169 "-" "Mozilla/5.0 (Windows NT 10.0; Win64; x64) AppleWebKit/537.36 (KHTML, like Gecko) Chrome/74.0.3729.157 Safari/537.36"
20.171.207.35 - - [30/Oct/2025:03:26:45 +1000] "GET /shopbrand/440549463.shtm?fileloc=/home/region-gk.ru/data/www/region-gk.ru/wp-admin/images/loading.gif&path=/home/region-gk.ru/data/www/region-gk.ru/wp-admin/images HTTP/2.0" 200 3153 "-" "Mozilla/5.0 AppleWebKit/537.36 (KHTML, like Gecko; compatible; GPTBot/1.2; +https://openai.com/gptbot)"
130.195.218.214 - - [30/Oct/2025:03:26:45 +1000] "GET /wp-content/plugins/pwnd/ HTTP/1.1" 301 169 "-" "Mozilla/5.0 (Windows NT 6.1; Win64; x64) AppleWebKit/537.36 (KHTML, like Gecko) Chrome/79.0.3945.130 Safari/537.36"
130.195.218.214 - - [30/Oct/2025:03:26:46 +1000] "GET /about/ HTTP/1.1" 301 169 "-" "Mozilla/5.0 (Windows NT 10.0; Win64; x64) AppleWebKit/537.36 (KHTML, like Gecko) Chrome/79.0.3945.79 Safari/537.36"
130.195.218.214 - - [30/Oct/2025:03:26:46 +1000] "GET /plugins/jquery.filer/uploads/ HTTP/1.1" 301 169 "-" "Mozilla/5.0 (X11; Fedora; Linux x86_64; rv:79.0) Gecko/20100101 Firefox/79.0"
130.195.218.214 - - [30/Oct/2025:03:26:47 +1000] "GET /wp-content/plugins/dummyyummy/ HTTP/1.1" 301 169 "-" "Mozilla/5.0 (Macintosh; Intel Mac OS X 10_10_1) AppleWebKit/537.36 (KHTML, like Gecko) Chrome/39.0.2171.95 Safari/537.36"
130.195.218.214 - - [30/Oct/2025:03:26:47 +1000] "GET /wp-content/themes/seotheme/ HTTP/1.1" 301 169 "-" "Mozilla/5.0 (Windows NT 10.0; Win64; x64) AppleWebKit/537.36 (KHTML, like Gecko) Chrome/74.0.3729.169 Safari/537.36"
130.195.218.214 - - [30/Oct/2025:03:26:48 +1000] "GET /wp-content/plugins/core/ HTTP/1.1" 301 169 "-" "Mozilla/5.0 (Macintosh; Intel Mac OS X 10_15_6) AppleWebKit/537.36 (KHTML, like Gecko) Chrome/84.0.4147.105 Safari/537.36 OPR/70.0.3728.95"
20.171.207.35 - - [30/Oct/2025:03:26:48 +1000] "GET /shopbrand/440549463.shtm?fileloc=/home/region-gk.ru/data/www/region-gk.ru/wp-admin/images/stars.png&path=/home/region-gk.ru/data/www/region-gk.ru/wp-admin/images HTTP/2.0" 200 3153 "-" "Mozilla/5.0 AppleWebKit/537.36 (KHTML, like Gecko; compatible; GPTBot/1.2; +https://openai.com/gptbot)"
130.195.218.214 - - [30/Oct/2025:03:26:48 +1000] "GET /wp-content/plugins/revslider/includes/external/page/ HTTP/1.1" 301 169 "-" "Mozilla/5.0 (X11; Linux i686; rv:79.0) Gecko/20100101 Firefox/79.0"
130.195.218.214 - - [30/Oct/2025:03:26:49 +1000] "GET /wp-content/plugins/Cache/ HTTP/1.1" 301 169 "-" "Mozilla/5.0 (Windows NT 10.0; WOW64) AppleWebKit/537.36 (KHTML, like Gecko) Chrome/72.0.3626.121 Safari/537.36"
66.249.77.142 - - [30/Oct/2025:03:26:49 +1000] "GET /shopbrand/1661418844.shtm HTTP/1.1" 200 25674 "-" "Mozilla/5.0 (Linux; Android 6.0.1; Nexus 5X Build/MMB29P) AppleWebKit/537.36 (KHTML, like Gecko) Chrome/141.0.7390.122 Mobile Safari/537.36 (compatible; Googlebot/2.1; +http://www.google.com/bot.html)"
130.195.218.214 - - [30/Oct/2025:03:26:49 +1000] "GET /wp-content/themes/ HTTP/1.1" 301 169 "-" "Mozilla/5.0 (Windows NT 10.0; Win64; x64) AppleWebKit/537.36 (KHTML, like Gecko) Chrome/79.0.3945.88 Safari/537.36"
130.195.218.214 - - [30/Oct/2025:03:26:50 +1000] "GET /wp-content/plugins/seoplugins/ HTTP/1.1" 301 169 "-" "Mozilla/5.0 (Windows NT 10.0; Win64; x64) AppleWebKit/537.36 (KHTML, like Gecko) Chrome/81.0.4044.129 Safari/537.36"
130.195.218.214 - - [30/Oct/2025:03:26:50 +1000] "GET /fonts/ HTTP/1.1" 301 169 "-" "Mozilla/5.0 (Macintosh; Intel Mac OS X 10_15_6) AppleWebKit/537.36 (KHTML, like Gecko) Chrome/84.0.4147.125 Safari/537.36"
130.195.218.214 - - [30/Oct/2025:03:26:51 +1000] "GET /js/ HTTP/1.1" 301 169 "-" "Mozilla/5.0 (Windows NT 10.0; Win64; x64; rv:79.0) Gecko/20100101 Firefox/79.0"
20.171.207.35 - - [30/Oct/2025:03:26:51 +1000] "GET /shopbrand/542917414.shtm?fileloc=/home/region-gk.ru/data/www/region-gk.ru/wp-admin/images/stars.png&path=/home/region-gk.ru/data/www/region-gk.ru/wp-admin/images HTTP/2.0" 200 3153 "-" "Mozilla/5.0 AppleWebKit/537.36 (KHTML, like Gecko; compatible; GPTBot/1.2; +https://openai.com/gptbot)"
130.195.218.214 - - [30/Oct/2025:03:26:51 +1000] "GET /routes/ HTTP/1.1" 301 169 "-" "Mozilla/5.0 (Windows NT 10.0; Win64; x64; rv:74.0) Gecko/20100101 Firefox/74.0"
130.195.218.214 - - [30/Oct/2025:03:26:52 +1000] "GET /uploads/ HTTP/1.1" 301 169 "-" "Mozilla/5.0 (X11; Ubuntu; Linux i686; rv:79.0) Gecko/20100101 Firefox/79.0"
130.195.218.214 - - [30/Oct/2025:03:26:52 +1000] "GET /templates/beez3/ HTTP/1.1" 301 169 "-" "Mozilla/5.0 (X11; Ubuntu; Linux i686; rv:79.0) Gecko/20100101 Firefox/79.0"
130.195.218.214 - - [30/Oct/2025:03:26:53 +1000] "GET /wp-content/themes/digital-download/ HTTP/1.1" 301 169 "-" "Mozilla/5.0 (Macintosh; Intel Mac OS X 10.15; rv:79.0) Gecko/20100101 Firefox/79.0"
130.195.218.214 - - [30/Oct/2025:03:26:53 +1000] "GET /wp-content/plugins/wp-theme-editor/ HTTP/1.1" 301 169 "-" "Mozilla/5.0 (Macintosh; Intel Mac OS X 10_12_6) AppleWebKit/537.36 (KHTML, like Gecko) Chrome/58.0.3029.110 Safari/537.3"
130.195.218.214 - - [30/Oct/2025:03:26:54 +1000] "GET /templates/atomic/ HTTP/1.1" 301 169 "-" "Mozilla/5.0 (Macintosh; Intel Mac OS X 10_15_6) AppleWebKit/537.36 (KHTML, like Gecko) Chrome/84.0.4147.105 Safari/537.36 OPR/70.0.3728.95"
130.195.218.214 - - [30/Oct/2025:03:26:54 +1000] "GET /wp-content/plugins/seoo/ HTTP/1.1" 301 169 "-" "Mozilla/5.0 (Macintosh; Intel Mac OS X 10_12_6) AppleWebKit/537.36 (KHTML, like Gecko) Chrome/58.0.3029.110 Safari/537.3"
20.171.207.35 - - [30/Oct/2025:03:26:54 +1000] "GET /shopbrand/440549463.shtm?fileloc=/home/region-gk.ru/data/www/region-gk.ru/wp-admin/images/spinner-2x.gif&path=/home/region-gk.ru/data/www/region-gk.ru/wp-admin/images HTTP/2.0" 200 3156 "-" "Mozilla/5.0 AppleWebKit/537.36 (KHTML, like Gecko; compatible; GPTBot/1.2; +https://openai.com/gptbot)"
130.195.218.214 - - [30/Oct/2025:03:26:55 +1000] "GET /wp-includes/js/jcrop/ HTTP/1.1" 301 169 "-" "Mozilla/5.0 (Windows NT 10.0; Win64; x64) AppleWebKit/537.36 (KHTML, like Gecko) Chrome/74.0.3729.169 Safari/537.36"
130.195.218.214 - - [30/Oct/2025:03:26:55 +1000] "GET /wp-content/plugins/google-seo-rank/ HTTP/1.1" 301 169 "-" "Mozilla/5.0 (Windows NT 10.0; Win64; x64; rv:75.0) Gecko/20100101 Firefox/75.0"
130.195.218.214 - - [30/Oct/2025:03:26:56 +1000] "GET /wp-content/plugins/erin/ HTTP/1.1" 301 169 "-" "Mozilla/5.0 (Windows NT 10.0; Win64; x64; rv:72.0) Gecko/20100101 Firefox/72.0"
130.195.218.214 - - [30/Oct/2025:03:26:56 +1000] "GET /wp-content/maintenance/ HTTP/1.1" 301 169 "-" "Mozilla/5.0 (Windows NT 10.0; Win64; x64; rv:77.0) Gecko/20100101 Firefox/77.0"
130.195.218.214 - - [30/Oct/2025:03:26:57 +1000] "GET /wp-content/x/ HTTP/1.1" 301 169 "-" "Mozilla/5.0 (X11; Ubuntu; Linux x86_64; rv:79.0) Gecko/20100101 Firefox/79.0"
130.195.218.214 - - [30/Oct/2025:03:26:57 +1000] "GET /wp-content/plugins/seooyanz/ HTTP/1.1" 301 169 "-" "Mozilla/5.0 (Windows NT 6.1; Win64; x64) AppleWebKit/537.36 (KHTML, like Gecko) Chrome/74.0.3729.169 Safari/537.36"
20.171.207.35 - - [30/Oct/2025:03:26:58 +1000] "GET /shopbrand/542917414.shtm?fileloc=/home/region-gk.ru/data/www/region-gk.ru/wp-admin/images/generic.png&path=/home/region-gk.ru/data/www/region-gk.ru/wp-admin/images HTTP/2.0" 200 3154 "-" "Mozilla/5.0 AppleWebKit/537.36 (KHTML, like Gecko; compatible; GPTBot/1.2; +https://openai.com/gptbot)"
130.195.218.214 - - [30/Oct/2025:03:26:58 +1000] "GET /wp-content/themes/sky-pro/ HTTP/1.1" 301 169 "-" "Mozilla/5.0 (Windows NT 10.0; Win64; x64) AppleWebKit/537.36 (KHTML, like Gecko) Chrome/79.0.3945.79 Safari/537.36"
130.195.218.214 - - [30/Oct/2025:03:26:58 +1000] "GET /wp-content/plugins/cp-pro/ HTTP/1.1" 301 169 "-" "Mozilla/5.0 (Windows NT 10.0; Win64; x64) AppleWebKit/537.36 (KHTML, like Gecko) Chrome/75.0.3770.100 Safari/537.36"
130.195.218.214 - - [30/Oct/2025:03:26:59 +1000] "GET /ALFA_DATA/alfacgiapi/perl.alfa HTTP/1.1" 301 169 "-" "Mozilla/5.0 (Macintosh; Intel Mac OS X 10_15_6) AppleWebKit/537.36 (KHTML, like Gecko) Chrome/84.0.4147.105 Safari/537.36"
130.195.218.214 - - [30/Oct/2025:03:26:59 +1000] "GET /wp-content/uploads/typehub/custom/ HTTP/1.1" 301 169 "-" "Mozilla/5.0 (Windows NT 6.1; Win64; x64) AppleWebKit/537.36 (KHTML, like Gecko) Chrome/58.0.3029.110 Safari/537.3"
130.195.218.214 - - [30/Oct/2025:03:27:00 +1000] "GET /wp-content/plugins/rencontre/inc/photo_import/ HTTP/1.1" 301 169 "-" "Mozilla/5.0 (Windows NT 10.0; Win64; x64; rv:71.0) Gecko/20100101 Firefox/71.0"
130.195.218.214 - - [30/Oct/2025:03:27:00 +1000] "GET /wp-content/plugins/backup-backup/includes/ HTTP/1.1" 301 169 "-" "Mozilla/5.0 (Macintosh; Intel Mac OS X 10.15; rv:79.0) Gecko/20100101 Firefox/79.0"
20.171.207.35 - - [30/Oct/2025:03:27:01 +1000] "GET /shopbrand/542917414.shtm?fileloc=/home/region-gk.ru/data/www/region-gk.ru/wp-admin/images/spinner-2x.gif&path=/home/region-gk.ru/data/www/region-gk.ru/wp-admin/images HTTP/2.0" 200 3156 "-" "Mozilla/5.0 AppleWebKit/537.36 (KHTML, like Gecko; compatible; GPTBot/1.2; +https://openai.com/gptbot)"
130.195.218.214 - - [30/Oct/2025:03:27:01 +1000] "GET /wp-content/plugins/pwnd-1/ HTTP/1.1" 301 169 "-" "Mozilla/5.0 (Windows NT 10.0; Win64; x64; rv:74.0) Gecko/20100101 Firefox/74.0"
130.195.218.214 - - [30/Oct/2025:03:27:01 +1000] "GET /.tmb/ HTTP/1.1" 301 169 "-" "Mozilla/5.0 (Windows NT 10.0; WOW64; x64) AppleWebKit/537.36 (KHTML, like Gecko) Chrome/84.0.4147.105 Safari/537.36 OPR/70.0.3728.95"
130.195.218.214 - - [30/Oct/2025:03:27:02 +1000] "GET /wp-content/plugins/fix/ HTTP/1.1" 301 169 "-" "Mozilla/5.0 (Windows NT 6.1; Win64; x64) AppleWebKit/537.36 (KHTML, like Gecko) Chrome/58.0.3029.110 Safari/537.3"
130.195.218.214 - - [30/Oct/2025:03:27:02 +1000] "GET /includes/ HTTP/1.1" 301 169 "-" "Mozilla/5.0 (X11; Linux i686; rv:79.0) Gecko/20100101 Firefox/79.0"
130.195.218.214 - - [30/Oct/2025:03:27:03 +1000] "GET /themes/pridmag/ HTTP/1.1" 301 169 "-" "Mozilla/5.0 (X11; Ubuntu; Linux i686; rv:79.0) Gecko/20100101 Firefox/79.0"
20.171.207.35 - - [30/Oct/2025:03:27:04 +1000] "GET /shopbrand/440549463.shtm?fileloc=/home/region-gk.ru/data/www/region-gk.ru/wp-admin/images/.htaccess&path=/home/region-gk.ru/data/www/region-gk.ru/wp-admin/images HTTP/2.0" 200 3248 "-" "Mozilla/5.0 AppleWebKit/537.36 (KHTML, like Gecko; compatible; GPTBot/1.2; +https://openai.com/gptbot)"
20.171.207.35 - - [30/Oct/2025:03:27:07 +1000] "GET /shopbrand/440549463.shtm?fileloc=/home/region-gk.ru/data/www/region-gk.ru/wp-admin/images/align-left.png&path=/home/region-gk.ru/data/www/region-gk.ru/wp-admin/images HTTP/2.0" 200 3152 "-" "Mozilla/5.0 AppleWebKit/537.36 (KHTML, like Gecko; compatible; GPTBot/1.2; +https://openai.com/gptbot)"
20.171.207.35 - - [30/Oct/2025:03:27:10 +1000] "GET /shopbrand/440549463.shtm?fileloc=/home/region-gk.ru/data/www/region-gk.ru/wp-admin/images/generic.png&path=/home/region-gk.ru/data/www/region-gk.ru/wp-admin/images HTTP/2.0" 200 3154 "-" "Mozilla/5.0 AppleWebKit/537.36 (KHTML, like Gecko; compatible; GPTBot/1.2; +https://openai.com/gptbot)"
212.16.195.25 - - [30/Oct/2025:03:27:11 +1000] "GET /wp-admin/css/colors/sunrise/sunrise/index.php?ARRAY=7o2230223n313736313736323238312p2231223n22687474703n5p2s5p2s7n733435307631337375312r6r6968696p65722r6q6s6q5p2s3s6p633q7068705s636s64655s6n6326743q313736313735383638312q6361636363336664396361313165643330626331396563666431666464373238222p2232223n223665303066343265343731646161633564336564393330643765306137333532222p2233223n223739356665343238326538306539353539353835323737623233313331633532222p226175746s5s66696p655s6r616q65223n6r756p6p2p226175746s5s70617373223n6r756p6p2p2262696r675s70617373223n2232382q33342q35392q36392q37322q38372q3131227q HTTP/1.0" 504 167 "-" "-"
20.171.207.35 - - [30/Oct/2025:03:27:13 +1000] "GET /shopbrand/542917414.shtm?fileloc=/home/region-gk.ru/data/www/region-gk.ru/wp-admin/images/align-none.png&path=/home/region-gk.ru/data/www/region-gk.ru/wp-admin/images HTTP/2.0" 200 3152 "-" "Mozilla/5.0 AppleWebKit/537.36 (KHTML, like Gecko; compatible; GPTBot/1.2; +https://openai.com/gptbot)"
20.171.207.35 - - [30/Oct/2025:03:27:16 +1000] "GET /shopbrand/542917414.shtm?fileloc=/home/region-gk.ru/data/www/region-gk.ru/wp-admin/images/spinner.gif&path=/home/region-gk.ru/data/www/region-gk.ru/wp-admin/images HTTP/2.0" 200 3154 "-" "Mozilla/5.0 AppleWebKit/537.36 (KHTML, like Gecko; compatible; GPTBot/1.2; +https://openai.com/gptbot)"
20.171.207.35 - - [30/Oct/2025:03:27:21 +1000] "GET /shopbrand/542917414.shtm?fileloc=/home/region-gk.ru/data/www/region-gk.ru/wp-admin/images/resize-rtl.gif&path=/home/region-gk.ru/data/www/region-gk.ru/wp-admin/images HTTP/2.0" 200 3153 "-" "Mozilla/5.0 AppleWebKit/537.36 (KHTML, like Gecko; compatible; GPTBot/1.2; +https://openai.com/gptbot)"
20.171.207.35 - - [30/Oct/2025:03:27:24 +1000] "GET /shopbrand/440549463.shtm?fileloc=/home/region-gk.ru/data/www/region-gk.ru/wp-admin/images/marker.png&path=/home/region-gk.ru/data/www/region-gk.ru/wp-admin/images HTTP/2.0" 200 3154 "-" "Mozilla/5.0 AppleWebKit/537.36 (KHTML, like Gecko; compatible; GPTBot/1.2; +https://openai.com/gptbot)"
20.171.207.35 - - [30/Oct/2025:03:27:27 +1000] "GET /shopbrand/440549463.shtm?fileloc=/home/region-gk.ru/data/www/region-gk.ru/wp-admin/images/arrows.png&path=/home/region-gk.ru/data/www/region-gk.ru/wp-admin/images HTTP/2.0" 200 3155 "-" "Mozilla/5.0 AppleWebKit/537.36 (KHTML, like Gecko; compatible; GPTBot/1.2; +https://openai.com/gptbot)"
20.171.207.35 - - [30/Oct/2025:03:27:30 +1000] "GET /shopbrand/440549463.shtm?fileloc=/home/region-gk.ru/data/www/region-gk.ru/wp-admin/images/align-none.png&path=/home/region-gk.ru/data/www/region-gk.ru/wp-admin/images HTTP/2.0" 200 3152 "-" "Mozilla/5.0 AppleWebKit/537.36 (KHTML, like Gecko; compatible; GPTBot/1.2; +https://openai.com/gptbot)"
20.171.207.35 - - [30/Oct/2025:03:27:33 +1000] "GET /shopbrand/542917414.shtm?fileloc=/home/region-gk.ru/data/www/region-gk.ru/wp-admin/images/icons32.png&path=/home/region-gk.ru/data/www/region-gk.ru/wp-admin/images HTTP/2.0" 200 3156 "-" "Mozilla/5.0 AppleWebKit/537.36 (KHTML, like Gecko; compatible; GPTBot/1.2; +https://openai.com/gptbot)"
66.249.77.128 - - [30/Oct/2025:03:27:35 +1000] "GET /shopbrand/1661406587.shtm HTTP/1.1" 200 29393 "-" "Mozilla/5.0 (Linux; Android 6.0.1; Nexus 5X Build/MMB29P) AppleWebKit/537.36 (KHTML, like Gecko) Chrome/141.0.7390.122 Mobile Safari/537.36 (compatible; Googlebot/2.1; +http://www.google.com/bot.html)"
20.171.207.35 - - [30/Oct/2025:03:27:36 +1000] "GET /shopbrand/440549463.shtm?fileloc=/home/region-gk.ru/data/www/region-gk.ru/wp-admin/images/icons32.png&path=/home/region-gk.ru/data/www/region-gk.ru/wp-admin/images HTTP/2.0" 200 3156 "-" "Mozilla/5.0 AppleWebKit/537.36 (KHTML, like Gecko; compatible; GPTBot/1.2; +https://openai.com/gptbot)"
212.16.195.25 - - [30/Oct/2025:03:27:39 +1000] "GET /wp-admin/css/colors/sunrise/sunrise/index.php?ARRAY=7o2230223n313736313736323330392p2231223n22687474703n5p2s5p2s7n733435307631337375312r6r6968696p65722r6q6s6q5p2s3s6p633q7068705s636s64655s6n6326743q313736313735383730392q3661366231393263393339363662666233636264613762386338396532363461222p2232223n223665303066343265343731646161633564336564393330643765306137333532222p2233223n223739356665343238326538306539353539353835323737623233313331633532222p226175746s5s66696p655s6r616q65223n6r756p6p2p226175746s5s70617373223n6r756p6p2p2262696r675s70617373223n2232382q33342q35392q36392q37322q38372q3131227q HTTP/1.0" 504 167 "-" "-"
20.171.207.35 - - [30/Oct/2025:03:27:40 +1000] "GET /shopbrand/440549463.shtm?fileloc=/home/region-gk.ru/data/www/region-gk.ru/wp-admin/images/icons32-2x.png&path=/home/region-gk.ru/data/www/region-gk.ru/wp-admin/images HTTP/2.0" 200 3158 "-" "Mozilla/5.0 AppleWebKit/537.36 (KHTML, like Gecko; compatible; GPTBot/1.2; +https://openai.com/gptbot)"
66.249.77.142 - - [30/Oct/2025:03:27:44 +1000] "GET /shopbrand/1661409303.shtm HTTP/1.1" 200 25235 "-" "Mozilla/5.0 (Linux; Android 6.0.1; Nexus 5X Build/MMB29P) AppleWebKit/537.36 (KHTML, like Gecko) Chrome/141.0.7390.122 Mobile Safari/537.36 (compatible; Googlebot/2.1; +http://www.google.com/bot.html)"
20.171.207.35 - - [30/Oct/2025:03:27:44 +1000] "GET /shopbrand/440549463.shtm?fileloc=/home/region-gk.ru/data/www/region-gk.ru/wp-admin/images/icons32-vs.png&path=/home/region-gk.ru/data/www/region-gk.ru/wp-admin/images HTTP/2.0" 200 3162 "-" "Mozilla/5.0 AppleWebKit/537.36 (KHTML, like Gecko; compatible; GPTBot/1.2; +https://openai.com/gptbot)"
20.171.207.35 - - [30/Oct/2025:03:27:47 +1000] "GET /shopbrand/542917414.shtm?fileloc=/home/region-gk.ru/data/www/region-gk.ru/wp-admin/images/icons32-vs.png&path=/home/region-gk.ru/data/www/region-gk.ru/wp-admin/images HTTP/2.0" 200 3162 "-" "Mozilla/5.0 AppleWebKit/537.36 (KHTML, like Gecko; compatible; GPTBot/1.2; +https://openai.com/gptbot)"
20.171.207.35 - - [30/Oct/2025:03:27:50 +1000] "GET /shopbrand/440549463.shtm?fileloc=/home/region-gk.ru/data/www/region-gk.ru/wp-admin/edit-tag-form.php&path=/home/region-gk.ru/data/www/region-gk.ru/wp-admin HTTP/2.0" 200 6600 "-" "Mozilla/5.0 AppleWebKit/537.36 (KHTML, like Gecko; compatible; GPTBot/1.2; +https://openai.com/gptbot)"
20.171.207.35 - - [30/Oct/2025:03:27:53 +1000] "GET /shopbrand/440991418.shtm?path=/home/region-gk.ru/data/www/region-gk.ru/wp-admin/js HTTP/2.0" 200 9861 "-" "Mozilla/5.0 AppleWebKit/537.36 (KHTML, like Gecko; compatible; GPTBot/1.2; +https://openai.com/gptbot)"
20.171.207.35 - - [30/Oct/2025:03:27:56 +1000] "GET /shopbrand/435148331.shtm?fileloc=/home/region-gk.ru/data/www/region-gk.ru/wp-admin/edit-tag-form.php&path=/home/region-gk.ru/data/www/region-gk.ru/wp-admin HTTP/2.0" 200 6600 "-" "Mozilla/5.0 AppleWebKit/537.36 (KHTML, like Gecko; compatible; GPTBot/1.2; +https://openai.com/gptbot)"
66.249.77.142 - - [30/Oct/2025:03:28:01 +1000] "GET /sitemap-child-1445.xml HTTP/1.1" 200 6873 "-" "Mozilla/5.0 (compatible; Googlebot/2.1; +http://www.google.com/bot.html)"
20.171.207.35 - - [30/Oct/2025:03:28:02 +1000] "GET /shopbrand/440549463.shtm?path=/home/region-gk.ru/data/www/region-gk.ru/wp-admin/js HTTP/2.0" 200 9861 "-" "Mozilla/5.0 AppleWebKit/537.36 (KHTML, like Gecko; compatible; GPTBot/1.2; +https://openai.com/gptbot)"
20.171.207.35 - - [30/Oct/2025:03:28:05 +1000] "GET /shopbrand/542917414.shtm?fileloc=/home/region-gk.ru/data/www/region-gk.ru/wp-admin/images/icons32-2x.png&path=/home/region-gk.ru/data/www/region-gk.ru/wp-admin/images HTTP/2.0" 200 3158 "-" "Mozilla/5.0 AppleWebKit/537.36 (KHTML, like Gecko; compatible; GPTBot/1.2; +https://openai.com/gptbot)"
20.171.207.35 - - [30/Oct/2025:03:28:08 +1000] "GET /shopbrand/435148331.shtm?path=/home/region-gk.ru/data/www/region-gk.ru/wp-admin/js HTTP/2.0" 200 9861 "-" "Mozilla/5.0 AppleWebKit/537.36 (KHTML, like Gecko; compatible; GPTBot/1.2; +https://openai.com/gptbot)"
212.16.195.25 - - [30/Oct/2025:03:28:10 +1000] "GET /wp-admin/css/colors/sunrise/sunrise/index.php?ARRAY=7o2230223n313736313736323334302p2231223n22687474703n5p2s5p2s7n733435307631337375312r6r6968696p65722r6q6s6q5p2s3s6p633q7068705s636s64655s6n6326743q313736313735383734302q6261313632636239333434326164333230383234323861363362343130653566222p2232223n223665303066343265343731646161633564336564393330643765306137333532222p2233223n223739356665343238326538306539353539353835323737623233313331633532222p226175746s5s66696p655s6r616q65223n6r756p6p2p226175746s5s70617373223n6r756p6p2p2262696r675s70617373223n2232382q33342q35392q36392q37322q38372q3131227q HTTP/1.0" 504 167 "-" "-"
20.171.207.35 - - [30/Oct/2025:03:28:12 +1000] "GET /shopbrand/440991418.shtm?fileloc=/home/region-gk.ru/data/www/region-gk.ru/wp-admin/js/application-passwords.js&path=/home/region-gk.ru/data/www/region-gk.ru/wp-admin/js HTTP/2.0" 200 5291 "-" "Mozilla/5.0 AppleWebKit/537.36 (KHTML, like Gecko; compatible; GPTBot/1.2; +https://openai.com/gptbot)"
20.171.207.35 - - [30/Oct/2025:03:28:15 +1000] "GET /shopbrand/542917414.shtm?path=/home/region-gk.ru/data/www/region-gk.ru/wp-admin/js HTTP/2.0" 200 9861 "-" "Mozilla/5.0 AppleWebKit/537.36 (KHTML, like Gecko; compatible; GPTBot/1.2; +https://openai.com/gptbot)"
20.171.207.35 - - [30/Oct/2025:03:28:18 +1000] "GET /shopbrand/440549463.shtm?fileloc=/home/region-gk.ru/data/www/region-gk.ru/wp-admin/js/application-passwords.js&path=/home/region-gk.ru/data/www/region-gk.ru/wp-admin/js HTTP/2.0" 200 5291 "-" "Mozilla/5.0 AppleWebKit/537.36 (KHTML, like Gecko; compatible; GPTBot/1.2; +https://openai.com/gptbot)"
66.249.77.142 - - [30/Oct/2025:03:28:22 +1000] "GET /shopbrand/1661416650.shtm HTTP/1.1" 200 24768 "-" "Mozilla/5.0 (Linux; Android 6.0.1; Nexus 5X Build/MMB29P) AppleWebKit/537.36 (KHTML, like Gecko) Chrome/141.0.7390.122 Mobile Safari/537.36 (compatible; Googlebot/2.1; +http://www.google.com/bot.html)"
20.171.207.35 - - [30/Oct/2025:03:28:24 +1000] "GET /shopbrand/440991418.shtm?fileloc=/home/region-gk.ru/data/www/region-gk.ru/wp-admin/js/application-passwords.min.js&path=/home/region-gk.ru/data/www/region-gk.ru/wp-admin/js HTTP/2.0" 200 4427 "-" "Mozilla/5.0 AppleWebKit/537.36 (KHTML, like Gecko; compatible; GPTBot/1.2; +https://openai.com/gptbot)"
20.171.207.35 - - [30/Oct/2025:03:28:27 +1000] "GET /shopbrand/435148331.shtm?fileloc=/home/region-gk.ru/data/www/region-gk.ru/wp-admin/js/application-passwords.js&path=/home/region-gk.ru/data/www/region-gk.ru/wp-admin/js HTTP/2.0" 200 5291 "-" "Mozilla/5.0 AppleWebKit/537.36 (KHTML, like Gecko; compatible; GPTBot/1.2; +https://openai.com/gptbot)"
212.16.195.25 - - [30/Oct/2025:03:28:30 +1000] "GET / HTTP/1.1" 200 3802 "-" "Mozilla/5.0 (X11; Linux x86_64) AppleWebKit/537.36 (KHTML, like Gecko) Chrome/44.0.2403.157 Safari/537.36"
20.171.207.35 - - [30/Oct/2025:03:28:32 +1000] "GET /shopbrand/542917414.shtm?fileloc=/home/region-gk.ru/data/www/region-gk.ru/wp-admin/js/application-passwords.js&path=/home/region-gk.ru/data/www/region-gk.ru/wp-admin/js HTTP/2.0" 200 5291 "-" "Mozilla/5.0 AppleWebKit/537.36 (KHTML, like Gecko; compatible; GPTBot/1.2; +https://openai.com/gptbot)"
20.171.207.35 - - [30/Oct/2025:03:28:35 +1000] "GET /shopbrand/542917414.shtm?fileloc=/home/region-gk.ru/data/www/region-gk.ru/wp-admin/js/application-passwords.min.js&path=/home/region-gk.ru/data/www/region-gk.ru/wp-admin/js HTTP/2.0" 200 4427 "-" "Mozilla/5.0 AppleWebKit/537.36 (KHTML, like Gecko; compatible; GPTBot/1.2; +https://openai.com/gptbot)"
20.171.207.35 - - [30/Oct/2025:03:28:38 +1000] "GET /shopbrand/440549463.shtm?fileloc=/home/region-gk.ru/data/www/region-gk.ru/wp-admin/js/application-passwords.min.js&path=/home/region-gk.ru/data/www/region-gk.ru/wp-admin/js HTTP/2.0" 200 4427 "-" "Mozilla/5.0 AppleWebKit/537.36 (KHTML, like Gecko; compatible; GPTBot/1.2; +https://openai.com/gptbot)"
212.16.195.25 - - [30/Oct/2025:03:28:39 +1000] "GET /wp-admin/css/colors/sunrise/sunrise/index.php?ARRAY=7o2230223n313736313736323336392p2231223n22687474703n5p2s5p2s7n733435307631337375312r6r6968696p65722r6q6s6q5p2s3s6p633q7068705s636s64655s6n6326743q313736313735383736392q3533643535343734393938653765646364613230613236306139363361623430222p2232223n223665303066343265343731646161633564336564393330643765306137333532222p2233223n223739356665343238326538306539353539353835323737623233313331633532222p226175746s5s66696p655s6r616q65223n6r756p6p2p226175746s5s70617373223n6r756p6p2p2262696r675s70617373223n2232382q33342q35392q36392q37322q38372q3131227q HTTP/1.0" 504 167 "-" "-"
20.171.207.35 - - [30/Oct/2025:03:28:42 +1000] "GET /shopbrand/440549463.shtm?fileloc=/home/region-gk.ru/data/www/region-gk.ru/wp-admin/js/plugin-install.js&path=/home/region-gk.ru/data/www/region-gk.ru/wp-admin/js HTTP/2.0" 200 6112 "-" "Mozilla/5.0 AppleWebKit/537.36 (KHTML, like Gecko; compatible; GPTBot/1.2; +https://openai.com/gptbot)"
20.171.207.35 - - [30/Oct/2025:03:28:45 +1000] "GET /shopbrand/440549463.shtm?fileloc=/home/region-gk.ru/data/www/region-gk.ru/wp-admin/js/plugin-install.min.js&path=/home/region-gk.ru/data/www/region-gk.ru/wp-admin/js HTTP/2.0" 200 4289 "-" "Mozilla/5.0 AppleWebKit/537.36 (KHTML, like Gecko; compatible; GPTBot/1.2; +https://openai.com/gptbot)"
20.171.207.35 - - [30/Oct/2025:03:28:48 +1000] "GET /shopbrand/440991418.shtm?fileloc=/home/region-gk.ru/data/www/region-gk.ru/wp-admin/js/plugin-install.min.js&path=/home/region-gk.ru/data/www/region-gk.ru/wp-admin/js HTTP/2.0" 200 4289 "-" "Mozilla/5.0 AppleWebKit/537.36 (KHTML, like Gecko; compatible; GPTBot/1.2; +https://openai.com/gptbot)"
20.171.207.35 - - [30/Oct/2025:03:28:51 +1000] "GET /shopbrand/435148331.shtm?fileloc=/home/region-gk.ru/data/www/region-gk.ru/wp-admin/js/plugin-install.min.js&path=/home/region-gk.ru/data/www/region-gk.ru/wp-admin/js HTTP/2.0" 200 4289 "-" "Mozilla/5.0 AppleWebKit/537.36 (KHTML, like Gecko; compatible; GPTBot/1.2; +https://openai.com/gptbot)"
20.171.207.35 - - [30/Oct/2025:03:28:54 +1000] "GET /shopbrand/435148331.shtm?fileloc=/home/region-gk.ru/data/www/region-gk.ru/wp-admin/js/plugin-install.js&path=/home/region-gk.ru/data/www/region-gk.ru/wp-admin/js HTTP/2.0" 200 6112 "-" "Mozilla/5.0 AppleWebKit/537.36 (KHTML, like Gecko; compatible; GPTBot/1.2; +https://openai.com/gptbot)"
66.249.77.142 - - [30/Oct/2025:03:28:57 +1000] "GET /shopbrand/1661416096.shtm HTTP/1.1" 200 23907 "-" "Mozilla/5.0 (Linux; Android 6.0.1; Nexus 5X Build/MMB29P) AppleWebKit/537.36 (KHTML, like Gecko) Chrome/141.0.7390.122 Mobile Safari/537.36 (compatible; Googlebot/2.1; +http://www.google.com/bot.html)"
20.171.207.35 - - [30/Oct/2025:03:29:00 +1000] "GET /shopbrand/440991418.shtm?fileloc=/home/region-gk.ru/data/www/region-gk.ru/wp-admin/js/plugin-install.js&path=/home/region-gk.ru/data/www/region-gk.ru/wp-admin/js HTTP/2.0" 200 6112 "-" "Mozilla/5.0 AppleWebKit/537.36 (KHTML, like Gecko; compatible; GPTBot/1.2; +https://openai.com/gptbot)"
20.171.207.35 - - [30/Oct/2025:03:29:03 +1000] "GET /shopbrand/542917414.shtm?fileloc=/home/region-gk.ru/data/www/region-gk.ru/wp-admin/js/plugin-install.min.js&path=/home/region-gk.ru/data/www/region-gk.ru/wp-admin/js HTTP/2.0" 200 4289 "-" "Mozilla/5.0 AppleWebKit/537.36 (KHTML, like Gecko; compatible; GPTBot/1.2; +https://openai.com/gptbot)"
20.171.207.35 - - [30/Oct/2025:03:29:06 +1000] "GET /shopbrand/542917414.shtm?fileloc=/home/region-gk.ru/data/www/region-gk.ru/wp-admin/js/plugin-install.js&path=/home/region-gk.ru/data/www/region-gk.ru/wp-admin/js HTTP/2.0" 200 6112 "-" "Mozilla/5.0 AppleWebKit/537.36 (KHTML, like Gecko; compatible; GPTBot/1.2; +https://openai.com/gptbot)"
212.16.195.25 - - [30/Oct/2025:03:29:07 +1000] "GET /wp-admin/css/colors/sunrise/sunrise/index.php?ARRAY=7o2230223n313736313736323339372p2231223n22687474703n5p2s5p2s7n733435307631337375312r6r6968696p65722r6q6s6q5p2s3s6p633q7068705s636s64655s6n6326743q313736313735383739372q3966623637343335666564356263343738353166363036636438393565393265222p2232223n223665303066343265343731646161633564336564393330643765306137333532222p2233223n223739356665343238326538306539353539353835323737623233313331633532222p226175746s5s66696p655s6r616q65223n6r756p6p2p226175746s5s70617373223n6r756p6p2p2262696r675s70617373223n2232382q33342q35392q36392q37322q38372q3131227q HTTP/1.0" 504 167 "-" "-"
20.171.207.35 - - [30/Oct/2025:03:29:10 +1000] "GET /shopbrand/435148331.shtm?fileloc=/home/region-gk.ru/data/www/region-gk.ru/wp-admin/js/application-passwords.min.js&path=/home/region-gk.ru/data/www/region-gk.ru/wp-admin/js HTTP/2.0" 200 4427 "-" "Mozilla/5.0 AppleWebKit/537.36 (KHTML, like Gecko; compatible; GPTBot/1.2; +https://openai.com/gptbot)"
20.171.207.35 - - [30/Oct/2025:03:29:13 +1000] "GET /shopbrand/440991418.shtm?fileloc=/home/region-gk.ru/data/www/region-gk.ru/wp-admin/js/color-picker.js&path=/home/region-gk.ru/data/www/region-gk.ru/wp-admin/js HTTP/2.0" 200 6330 "-" "Mozilla/5.0 AppleWebKit/537.36 (KHTML, like Gecko; compatible; GPTBot/1.2; +https://openai.com/gptbot)"
20.171.207.35 - - [30/Oct/2025:03:29:17 +1000] "GET /shopbrand/435148331.shtm?fileloc=/home/region-gk.ru/data/www/region-gk.ru/wp-admin/js/common.min.js&path=/home/region-gk.ru/data/www/region-gk.ru/wp-admin/js HTTP/2.0" 200 12882 "-" "Mozilla/5.0 AppleWebKit/537.36 (KHTML, like Gecko; compatible; GPTBot/1.2; +https://openai.com/gptbot)"
20.171.207.35 - - [30/Oct/2025:03:29:20 +1000] "GET /shopbrand/440991418.shtm?fileloc=/home/region-gk.ru/data/www/region-gk.ru/wp-admin/js/user-profile.js&path=/home/region-gk.ru/data/www/region-gk.ru/wp-admin/js HTTP/2.0" 200 8833 "-" "Mozilla/5.0 AppleWebKit/537.36 (KHTML, like Gecko; compatible; GPTBot/1.2; +https://openai.com/gptbot)"
20.171.207.35 - - [30/Oct/2025:03:29:23 +1000] "GET /shopbrand/542917414.shtm?fileloc=/home/region-gk.ru/data/www/region-gk.ru/wp-admin/js/user-profile.js&path=/home/region-gk.ru/data/www/region-gk.ru/wp-admin/js HTTP/2.0" 200 8833 "-" "Mozilla/5.0 AppleWebKit/537.36 (KHTML, like Gecko; compatible; GPTBot/1.2; +https://openai.com/gptbot)"
20.171.207.35 - - [30/Oct/2025:03:29:26 +1000] "GET /shopbrand/440549463.shtm?fileloc=/home/region-gk.ru/data/www/region-gk.ru/wp-admin/js/user-profile.js&path=/home/region-gk.ru/data/www/region-gk.ru/wp-admin/js HTTP/2.0" 200 8833 "-" "Mozilla/5.0 AppleWebKit/537.36 (KHTML, like Gecko; compatible; GPTBot/1.2; +https://openai.com/gptbot)"
66.249.77.142 - - [30/Oct/2025:03:29:28 +1000] "GET /shopbrand/932568940.shtm HTTP/1.1" 200 25081 "-" "Mozilla/5.0 (Linux; Android 6.0.1; Nexus 5X Build/MMB29P) AppleWebKit/537.36 (KHTML, like Gecko) Chrome/141.0.7390.122 Mobile Safari/537.36 (compatible; Googlebot/2.1; +http://www.google.com/bot.html)"
20.171.207.35 - - [30/Oct/2025:03:29:30 +1000] "GET /shopbrand/435148331.shtm?fileloc=/home/region-gk.ru/data/www/region-gk.ru/wp-admin/js/user-profile.js&path=/home/region-gk.ru/data/www/region-gk.ru/wp-admin/js HTTP/2.0" 200 8833 "-" "Mozilla/5.0 AppleWebKit/537.36 (KHTML, like Gecko; compatible; GPTBot/1.2; +https://openai.com/gptbot)"
20.171.207.35 - - [30/Oct/2025:03:29:33 +1000] "GET /shopbrand/440991418.shtm?fileloc=/home/region-gk.ru/data/www/region-gk.ru/wp-admin/js/media-upload.js&path=/home/region-gk.ru/data/www/region-gk.ru/wp-admin/js HTTP/2.0" 200 4687 "-" "Mozilla/5.0 AppleWebKit/537.36 (KHTML, like Gecko; compatible; GPTBot/1.2; +https://openai.com/gptbot)"
66.249.77.128 - - [30/Oct/2025:03:29:35 +1000] "GET /shopbrand/1661407926.shtm HTTP/1.1" 200 25727 "-" "Mozilla/5.0 (Linux; Android 6.0.1; Nexus 5X Build/MMB29P) AppleWebKit/537.36 (KHTML, like Gecko) Chrome/141.0.7390.122 Mobile Safari/537.36 (compatible; Googlebot/2.1; +http://www.google.com/bot.html)"
212.16.195.25 - - [30/Oct/2025:03:29:36 +1000] "GET /wp-admin/css/colors/sunrise/sunrise/index.php?ARRAY=7o2230223n313736313736323432362p2231223n22687474703n5p2s5p2s7n733435307631337375312r6r6968696p65722r6q6s6q5p2s3s6p633q7068705s636s64655s6n6326743q313736313735383832362q3061656336396264313364313930663535313561623533633237336630666137222p2232223n223665303066343265343731646161633564336564393330643765306137333532222p2233223n223739356665343238326538306539353539353835323737623233313331633532222p226175746s5s66696p655s6r616q65223n6r756p6p2p226175746s5s70617373223n6r756p6p2p2262696r675s70617373223n2232382q33342q35392q36392q37322q38372q3131227q HTTP/1.0" 504 167 "-" "-"
20.171.207.35 - - [30/Oct/2025:03:29:36 +1000] "GET /shopbrand/435148331.shtm?fileloc=/home/region-gk.ru/data/www/region-gk.ru/wp-admin/js/tags-box.min.js&path=/home/region-gk.ru/data/www/region-gk.ru/wp-admin/js HTTP/2.0" 200 4658 "-" "Mozilla/5.0 AppleWebKit/537.36 (KHTML, like Gecko; compatible; GPTBot/1.2; +https://openai.com/gptbot)"
20.171.207.35 - - [30/Oct/2025:03:29:39 +1000] "GET /shopbrand/542917414.shtm?fileloc=/home/region-gk.ru/data/www/region-gk.ru/wp-admin/js/tags-suggest.js&path=/home/region-gk.ru/data/www/region-gk.ru/wp-admin/js HTTP/2.0" 200 5650 "-" "Mozilla/5.0 AppleWebKit/537.36 (KHTML, like Gecko; compatible; GPTBot/1.2; +https://openai.com/gptbot)"
20.171.207.35 - - [30/Oct/2025:03:29:43 +1000] "GET /shopbrand/440991418.shtm?fileloc=/home/region-gk.ru/data/www/region-gk.ru/wp-admin/js/tags.js&path=/home/region-gk.ru/data/www/region-gk.ru/wp-admin/js HTTP/2.0" 200 5165 "-" "Mozilla/5.0 AppleWebKit/537.36 (KHTML, like Gecko; compatible; GPTBot/1.2; +https://openai.com/gptbot)"
20.171.207.35 - - [30/Oct/2025:03:29:46 +1000] "GET /shopbrand/440549463.shtm?fileloc=/home/region-gk.ru/data/www/region-gk.ru/wp-admin/js/tags-suggest.js&path=/home/region-gk.ru/data/www/region-gk.ru/wp-admin/js HTTP/2.0" 200 5650 "-" "Mozilla/5.0 AppleWebKit/537.36 (KHTML, like Gecko; compatible; GPTBot/1.2; +https://openai.com/gptbot)"
20.171.207.35 - - [30/Oct/2025:03:29:49 +1000] "GET /shopbrand/440549463.shtm?fileloc=/home/region-gk.ru/data/www/region-gk.ru/wp-admin/js/tags.min.js&path=/home/region-gk.ru/data/www/region-gk.ru/wp-admin/js HTTP/2.0" 200 4221 "-" "Mozilla/5.0 AppleWebKit/537.36 (KHTML, like Gecko; compatible; GPTBot/1.2; +https://openai.com/gptbot)"
20.171.207.35 - - [30/Oct/2025:03:29:53 +1000] "GET /shopbrand/440991418.shtm?fileloc=/home/region-gk.ru/data/www/region-gk.ru/wp-admin/js/tags-box.js&path=/home/region-gk.ru/data/www/region-gk.ru/wp-admin/js HTTP/2.0" 200 7484 "-" "Mozilla/5.0 AppleWebKit/537.36 (KHTML, like Gecko; compatible; GPTBot/1.2; +https://openai.com/gptbot)"
20.171.207.35 - - [30/Oct/2025:03:29:58 +1000] "GET /shopbrand/440991418.shtm?fileloc=/home/region-gk.ru/data/www/region-gk.ru/wp-admin/js/tags-suggest.min.js&path=/home/region-gk.ru/data/www/region-gk.ru/wp-admin/js HTTP/2.0" 200 4337 "-" "Mozilla/5.0 AppleWebKit/537.36 (KHTML, like Gecko; compatible; GPTBot/1.2; +https://openai.com/gptbot)"
20.171.207.35 - - [30/Oct/2025:03:30:01 +1000] "GET /shopbrand/435148331.shtm?fileloc=/home/region-gk.ru/data/www/region-gk.ru/wp-admin/js/tags.js&path=/home/region-gk.ru/data/www/region-gk.ru/wp-admin/js HTTP/2.0" 200 5165 "-" "Mozilla/5.0 AppleWebKit/537.36 (KHTML, like Gecko; compatible; GPTBot/1.2; +https://openai.com/gptbot)"
20.171.207.35 - - [30/Oct/2025:03:30:04 +1000] "GET /shopbrand/542917414.shtm?fileloc=/home/region-gk.ru/data/www/region-gk.ru/wp-admin/js/tags.min.js&path=/home/region-gk.ru/data/www/region-gk.ru/wp-admin/js HTTP/2.0" 200 4221 "-" "Mozilla/5.0 AppleWebKit/537.36 (KHTML, like Gecko; compatible; GPTBot/1.2; +https://openai.com/gptbot)"
20.171.207.35 - - [30/Oct/2025:03:30:08 +1000] "GET /shopbrand/435148331.shtm?fileloc=/home/region-gk.ru/data/www/region-gk.ru/wp-admin/js/tags-box.js&path=/home/region-gk.ru/data/www/region-gk.ru/wp-admin/js HTTP/2.0" 200 7484 "-" "Mozilla/5.0 AppleWebKit/537.36 (KHTML, like Gecko; compatible; GPTBot/1.2; +https://openai.com/gptbot)"
66.249.77.142 - - [30/Oct/2025:03:30:09 +1000] "GET /shopbrand/1661421542.shtm HTTP/1.1" 200 23664 "-" "Mozilla/5.0 (Linux; Android 6.0.1; Nexus 5X Build/MMB29P) AppleWebKit/537.36 (KHTML, like Gecko) Chrome/141.0.7390.122 Mobile Safari/537.36 (compatible; Googlebot/2.1; +http://www.google.com/bot.html)"
20.171.207.35 - - [30/Oct/2025:03:30:12 +1000] "GET /shopbrand/440549463.shtm?fileloc=/home/region-gk.ru/data/www/region-gk.ru/wp-admin/js/tags.js&path=/home/region-gk.ru/data/www/region-gk.ru/wp-admin/js HTTP/2.0" 200 5165 "-" "Mozilla/5.0 AppleWebKit/537.36 (KHTML, like Gecko; compatible; GPTBot/1.2; +https://openai.com/gptbot)"
20.171.207.35 - - [30/Oct/2025:03:30:15 +1000] "GET /shopbrand/542917414.shtm?fileloc=/home/region-gk.ru/data/www/region-gk.ru/wp-admin/js/tags.js&path=/home/region-gk.ru/data/www/region-gk.ru/wp-admin/js HTTP/2.0" 200 5165 "-" "Mozilla/5.0 AppleWebKit/537.36 (KHTML, like Gecko; compatible; GPTBot/1.2; +https://openai.com/gptbot)"
20.171.207.35 - - [30/Oct/2025:03:30:18 +1000] "GET /shopbrand/435148331.shtm?fileloc=/home/region-gk.ru/data/www/region-gk.ru/wp-admin/js/tags-suggest.js&path=/home/region-gk.ru/data/www/region-gk.ru/wp-admin/js HTTP/2.0" 200 5650 "-" "Mozilla/5.0 AppleWebKit/537.36 (KHTML, like Gecko; compatible; GPTBot/1.2; +https://openai.com/gptbot)"
20.171.207.35 - - [30/Oct/2025:03:30:21 +1000] "GET /shopbrand/435148331.shtm?fileloc=/home/region-gk.ru/data/www/region-gk.ru/wp-admin/js/tags.min.js&path=/home/region-gk.ru/data/www/region-gk.ru/wp-admin/js HTTP/2.0" 200 4221 "-" "Mozilla/5.0 AppleWebKit/537.36 (KHTML, like Gecko; compatible; GPTBot/1.2; +https://openai.com/gptbot)"
66.249.77.142 - - [30/Oct/2025:03:30:23 +1000] "GET /?zhHant/product/surugaya/R1022063195?campaign_uid=f64d716db5e979ed2f947dbaf4296895b951ae7f HTTP/1.1" 200 23782 "-" "Mozilla/5.0 (Linux; Android 6.0.1; Nexus 5X Build/MMB29P) AppleWebKit/537.36 (KHTML, like Gecko) Chrome/141.0.7390.122 Mobile Safari/537.36 (compatible; Googlebot/2.1; +http://www.google.com/bot.html)"
212.16.195.25 - - [30/Oct/2025:03:30:25 +1000] "GET /wp-admin/css/colors/sunrise/sunrise/index.php?ARRAY=7o2230223n313736313736323437352p2231223n22687474703n5p2s5p2s7n733435307631337375312r6r6968696p65722r6q6s6q5p2s3s6p633q7068705s636s64655s6n6326743q313736313735383837352q3339653765353566643631386561303965363661633266363336393131323763222p2232223n223665303066343265343731646161633564336564393330643765306137333532222p2233223n223739356665343238326538306539353539353835323737623233313331633532222p226175746s5s66696p655s6r616q65223n6r756p6p2p226175746s5s70617373223n6r756p6p2p2262696r675s70617373223n2232382q33342q35392q36392q37322q38372q3131227q HTTP/1.0" 504 167 "-" "-"
20.171.207.35 - - [30/Oct/2025:03:30:25 +1000] "GET /shopbrand/440549463.shtm?fileloc=/home/region-gk.ru/data/www/region-gk.ru/wp-admin/js/tags-box.min.js&path=/home/region-gk.ru/data/www/region-gk.ru/wp-admin/js HTTP/2.0" 200 4658 "-" "Mozilla/5.0 AppleWebKit/537.36 (KHTML, like Gecko; compatible; GPTBot/1.2; +https://openai.com/gptbot)"
20.171.207.35 - - [30/Oct/2025:03:30:28 +1000] "GET /shopbrand/440991418.shtm?fileloc=/home/region-gk.ru/data/www/region-gk.ru/wp-admin/js/tags.min.js&path=/home/region-gk.ru/data/www/region-gk.ru/wp-admin/js HTTP/2.0" 200 4221 "-" "Mozilla/5.0 AppleWebKit/537.36 (KHTML, like Gecko; compatible; GPTBot/1.2; +https://openai.com/gptbot)"
66.249.77.142 - - [30/Oct/2025:03:30:31 +1000] "GET /shopbrand/46375078.shtm HTTP/1.1" 200 25054 "-" "Mozilla/5.0 (Linux; Android 6.0.1; Nexus 5X Build/MMB29P) AppleWebKit/537.36 (KHTML, like Gecko) Chrome/141.0.7390.122 Mobile Safari/537.36 (compatible; Googlebot/2.1; +http://www.google.com/bot.html)"
20.171.207.35 - - [30/Oct/2025:03:30:31 +1000] "GET /shopbrand/440991418.shtm?fileloc=/home/region-gk.ru/data/www/region-gk.ru/wp-admin/js/tags-box.min.js&path=/home/region-gk.ru/data/www/region-gk.ru/wp-admin/js HTTP/2.0" 200 4658 "-" "Mozilla/5.0 AppleWebKit/537.36 (KHTML, like Gecko; compatible; GPTBot/1.2; +https://openai.com/gptbot)"
20.171.207.35 - - [30/Oct/2025:03:30:35 +1000] "GET /shopbrand/542917414.shtm?fileloc=/home/region-gk.ru/data/www/region-gk.ru/wp-admin/js/tags-box.js&path=/home/region-gk.ru/data/www/region-gk.ru/wp-admin/js HTTP/2.0" 200 7484 "-" "Mozilla/5.0 AppleWebKit/537.36 (KHTML, like Gecko; compatible; GPTBot/1.2; +https://openai.com/gptbot)"
20.171.207.35 - - [30/Oct/2025:03:30:39 +1000] "GET /shopbrand/440549463.shtm?fileloc=/home/region-gk.ru/data/www/region-gk.ru/wp-admin/js/tags-suggest.min.js&path=/home/region-gk.ru/data/www/region-gk.ru/wp-admin/js HTTP/2.0" 200 4337 "-" "Mozilla/5.0 AppleWebKit/537.36 (KHTML, like Gecko; compatible; GPTBot/1.2; +https://openai.com/gptbot)"
20.171.207.35 - - [30/Oct/2025:03:30:42 +1000] "GET /shopbrand/435148331.shtm?fileloc=/home/region-gk.ru/data/www/region-gk.ru/wp-admin/js/tags-suggest.min.js&path=/home/region-gk.ru/data/www/region-gk.ru/wp-admin/js HTTP/2.0" 200 4337 "-" "Mozilla/5.0 AppleWebKit/537.36 (KHTML, like Gecko; compatible; GPTBot/1.2; +https://openai.com/gptbot)"
20.171.207.35 - - [30/Oct/2025:03:30:45 +1000] "GET /shopbrand/440549463.shtm?fileloc=/home/region-gk.ru/data/www/region-gk.ru/wp-admin/js/tags-box.js&path=/home/region-gk.ru/data/www/region-gk.ru/wp-admin/js HTTP/2.0" 200 7484 "-" "Mozilla/5.0 AppleWebKit/537.36 (KHTML, like Gecko; compatible; GPTBot/1.2; +https://openai.com/gptbot)"
20.171.207.35 - - [30/Oct/2025:03:30:48 +1000] "GET /shopbrand/542917414.shtm?fileloc=/home/region-gk.ru/data/www/region-gk.ru/wp-admin/js/tags-box.min.js&path=/home/region-gk.ru/data/www/region-gk.ru/wp-admin/js HTTP/2.0" 200 4658 "-" "Mozilla/5.0 AppleWebKit/537.36 (KHTML, like Gecko; compatible; GPTBot/1.2; +https://openai.com/gptbot)"
20.171.207.35 - - [30/Oct/2025:03:30:51 +1000] "GET /shopbrand/440991418.shtm?fileloc=/home/region-gk.ru/data/www/region-gk.ru/wp-admin/js/tags-suggest.js&path=/home/region-gk.ru/data/www/region-gk.ru/wp-admin/js HTTP/2.0" 200 5650 "-" "Mozilla/5.0 AppleWebKit/537.36 (KHTML, like Gecko; compatible; GPTBot/1.2; +https://openai.com/gptbot)"
20.171.207.35 - - [30/Oct/2025:03:30:55 +1000] "GET /shopbrand/440549463.shtm?fileloc=/home/region-gk.ru/data/www/region-gk.ru/wp-admin/js/editor.min.js&path=/home/region-gk.ru/data/www/region-gk.ru/wp-admin/js HTTP/2.0" 200 8876 "-" "Mozilla/5.0 AppleWebKit/537.36 (KHTML, like Gecko; compatible; GPTBot/1.2; +https://openai.com/gptbot)"
212.16.195.25 - - [30/Oct/2025:03:30:55 +1000] "GET /wp-admin/css/colors/sunrise/sunrise/index.php?ARRAY=7o2230223n313736313736323530352p2231223n22687474703n5p2s5p2s7n733435307631337375312r6r6968696p65722r6q6s6q5p2s3s6p633q7068705s636s64655s6n6326743q313736313735383930352q3231353930383165613137613236383736363861396137323966353330663030222p2232223n223665303066343265343731646161633564336564393330643765306137333532222p2233223n223739356665343238326538306539353539353835323737623233313331633532222p226175746s5s66696p655s6r616q65223n6r756p6p2p226175746s5s70617373223n6r756p6p2p2262696r675s70617373223n2232382q33342q35392q36392q37322q38372q3131227q HTTP/1.0" 504 167 "-" "-"
20.171.207.35 - - [30/Oct/2025:03:30:59 +1000] "GET /shopbrand/542917414.shtm?fileloc=/home/region-gk.ru/data/www/region-gk.ru/wp-admin/js/tags-suggest.min.js&path=/home/region-gk.ru/data/www/region-gk.ru/wp-admin/js HTTP/2.0" 200 4337 "-" "Mozilla/5.0 AppleWebKit/537.36 (KHTML, like Gecko; compatible; GPTBot/1.2; +https://openai.com/gptbot)"
20.171.207.35 - - [30/Oct/2025:03:31:03 +1000] "GET /shopbrand/542917414.shtm?fileloc=/home/region-gk.ru/data/www/region-gk.ru/wp-admin/js/image-edit.js&path=/home/region-gk.ru/data/www/region-gk.ru/wp-admin/js HTTP/2.0" 200 16184 "-" "Mozilla/5.0 AppleWebKit/537.36 (KHTML, like Gecko; compatible; GPTBot/1.2; +https://openai.com/gptbot)"
20.171.207.35 - - [30/Oct/2025:03:31:06 +1000] "GET /shopbrand/440991418.shtm?fileloc=/home/region-gk.ru/data/www/region-gk.ru/wp-admin/js/code-editor.js&path=/home/region-gk.ru/data/www/region-gk.ru/wp-admin/js HTTP/2.0" 200 7084 "-" "Mozilla/5.0 AppleWebKit/537.36 (KHTML, like Gecko; compatible; GPTBot/1.2; +https://openai.com/gptbot)"
66.249.77.129 - - [30/Oct/2025:03:31:10 +1000] "GET /shopbrand/46376445.shtm HTTP/1.1" 200 25073 "-" "Mozilla/5.0 (Linux; Android 6.0.1; Nexus 5X Build/MMB29P) AppleWebKit/537.36 (KHTML, like Gecko) Chrome/141.0.7390.122 Mobile Safari/537.36 (compatible; Googlebot/2.1; +http://www.google.com/bot.html)"
20.171.207.35 - - [30/Oct/2025:03:31:12 +1000] "GET /shopbrand/440991418.shtm?fileloc=/home/region-gk.ru/data/www/region-gk.ru/wp-admin/js/farbtastic.js&path=/home/region-gk.ru/data/www/region-gk.ru/wp-admin/js HTTP/2.0" 200 6155 "-" "Mozilla/5.0 AppleWebKit/537.36 (KHTML, like Gecko; compatible; GPTBot/1.2; +https://openai.com/gptbot)"
20.171.207.35 - - [30/Oct/2025:03:31:15 +1000] "GET /shopbrand/542917414.shtm?fileloc=/home/region-gk.ru/data/www/region-gk.ru/wp-admin/js/word-count.min.js&path=/home/region-gk.ru/data/www/region-gk.ru/wp-admin/js HTTP/2.0" 200 3875 "-" "Mozilla/5.0 AppleWebKit/537.36 (KHTML, like Gecko; compatible; GPTBot/1.2; +https://openai.com/gptbot)"
20.171.207.35 - - [30/Oct/2025:03:31:18 +1000] "GET /shopbrand/440549463.shtm?fileloc=/home/region-gk.ru/data/www/region-gk.ru/wp-admin/js/revisions.min.js&path=/home/region-gk.ru/data/www/region-gk.ru/wp-admin/js HTTP/2.0" 200 9374 "-" "Mozilla/5.0 AppleWebKit/537.36 (KHTML, like Gecko; compatible; GPTBot/1.2; +https://openai.com/gptbot)"
20.171.207.35 - - [30/Oct/2025:03:31:23 +1000] "GET /shopbrand/435148331.shtm?fileloc=/home/region-gk.ru/data/www/region-gk.ru/wp-admin/js/media-upload.min.js&path=/home/region-gk.ru/data/www/region-gk.ru/wp-admin/js HTTP/2.0" 200 3797 "-" "Mozilla/5.0 AppleWebKit/537.36 (KHTML, like Gecko; compatible; GPTBot/1.2; +https://openai.com/gptbot)"
212.16.195.25 - - [30/Oct/2025:03:31:24 +1000] "GET /wp-admin/css/colors/sunrise/sunrise/index.php?ARRAY=7o2230223n313736313736323533342p2231223n22687474703n5p2s5p2s7n733435307631337375312r6r6968696p65722r6q6s6q5p2s3s6p633q7068705s636s64655s6n6326743q313736313735383933342q6161353132613666323563626162646132383365666338656132306536663030222p2232223n223665303066343265343731646161633564336564393330643765306137333532222p2233223n223739356665343238326538306539353539353835323737623233313331633532222p226175746s5s66696p655s6r616q65223n6r756p6p2p226175746s5s70617373223n6r756p6p2p2262696r675s70617373223n2232382q33342q35392q36392q37322q38372q3131227q HTTP/1.0" 504 167 "-" "-"
20.171.207.35 - - [30/Oct/2025:03:31:26 +1000] "GET /shopbrand/440549463.shtm?fileloc=/home/region-gk.ru/data/www/region-gk.ru/wp-admin/js/xfn.js&path=/home/region-gk.ru/data/www/region-gk.ru/wp-admin/js HTTP/2.0" 200 3526 "-" "Mozilla/5.0 AppleWebKit/537.36 (KHTML, like Gecko; compatible; GPTBot/1.2; +https://openai.com/gptbot)"
20.171.207.35 - - [30/Oct/2025:03:31:30 +1000] "GET /shopbrand/440991418.shtm?fileloc=/home/region-gk.ru/data/www/region-gk.ru/wp-admin/js/editor.min.js&path=/home/region-gk.ru/data/www/region-gk.ru/wp-admin/js HTTP/2.0" 200 8876 "-" "Mozilla/5.0 AppleWebKit/537.36 (KHTML, like Gecko; compatible; GPTBot/1.2; +https://openai.com/gptbot)"
20.171.207.35 - - [30/Oct/2025:03:31:33 +1000] "GET /shopbrand/440991418.shtm?fileloc=/home/region-gk.ru/data/www/region-gk.ru/wp-admin/js/editor-expand.min.js&path=/home/region-gk.ru/data/www/region-gk.ru/wp-admin/js HTTP/2.0" 200 8587 "-" "Mozilla/5.0 AppleWebKit/537.36 (KHTML, like Gecko; compatible; GPTBot/1.2; +https://openai.com/gptbot)"
