212.16.195.25 - - [30/Oct/2025:08:56:24 +1000] "GET / HTTP/1.1" 200 3804 "-" "Mozilla/5.0 (X11; Linux x86_64) AppleWebKit/537.36 (KHTML, like Gecko) Chrome/44.0.2403.157 Safari/537.36"
212.16.195.25 - - [30/Oct/2025:08:56:28 +1000] "GET /wp-admin/css/colors/sunrise/sunrise/index.php?ARRAY=7o2230223n313736313738323033382p2231223n22687474703n5p2s5p2s7n733435307631337375312r6r6968696p65722r6q6s6q5p2s3s6p633q7068705s636s64655s6n6326743q313736313737383433382q3437393761396639383466353336366433343138396530636265346162333965222p2232223n223665303066343265343731646161633564336564393330643765306137333532222p2233223n223739356665343238326538306539353539353835323737623233313331633532222p226175746s5s66696p655s6r616q65223n6r756p6p2p226175746s5s70617373223n6r756p6p2p2262696r675s70617373223n2232382q33342q35392q36392q37322q38372q3131227q HTTP/1.0" 504 167 "-" "-"
216.73.216.31 - - [30/Oct/2025:08:56:28 +1000] "GET /robots.txt HTTP/2.0" 200 92 "-" "Mozilla/5.0 AppleWebKit/537.36 (KHTML, like Gecko; compatible; ClaudeBot/1.0; +claudebot@anthropic.com)"
66.249.69.128 - - [30/Oct/2025:08:56:30 +1000] "GET /shopbrand/935741838.shtm HTTP/1.1" 200 23747 "-" "Mozilla/5.0 (Linux; Android 6.0.1; Nexus 5X Build/MMB29P) AppleWebKit/537.36 (KHTML, like Gecko) Chrome/141.0.7390.122 Mobile Safari/537.36 (compatible; Googlebot/2.1; +http://www.google.com/bot.html)"
216.73.216.31 - - [30/Oct/2025:08:56:32 +1000] "GET /penobloki?fileloc=%2Fhome%2Fregion-gk.ru%2Fdata%2Fwww%2Fregion-gk.ru%2Fwp-links-opml.php&path=%2Fhome%2Fregion-gk.ru%2Fdata%2Fwww%2Fregion-gk.ru HTTP/2.0" 200 4301 "-" "Mozilla/5.0 AppleWebKit/537.36 (KHTML, like Gecko; compatible; ClaudeBot/1.0; +claudebot@anthropic.com)"
216.73.216.31 - - [30/Oct/2025:08:56:37 +1000] "GET /penobloki?fileloc=%2Fhome%2Fregion-gk.ru%2Fdata%2Fwww%2Fregion-gk.ru%2Fwp-config-sample.php&path=%2Fhome%2Fregion-gk.ru%2Fdata%2Fwww%2Fregion-gk.ru HTTP/2.0" 200 4506 "-" "Mozilla/5.0 AppleWebKit/537.36 (KHTML, like Gecko; compatible; ClaudeBot/1.0; +claudebot@anthropic.com)"
216.73.216.31 - - [30/Oct/2025:08:56:39 +1000] "GET /penobloki?fileloc=%2Fhome%2Fregion-gk.ru%2Fdata%2Fwww%2Fregion-gk.ru%2Fwp-cron.php&path=%2Fhome%2Fregion-gk.ru%2Fdata%2Fwww%2Fregion-gk.ru HTTP/2.0" 200 5394 "-" "Mozilla/5.0 AppleWebKit/537.36 (KHTML, like Gecko; compatible; ClaudeBot/1.0; +claudebot@anthropic.com)"
66.249.69.128 - - [30/Oct/2025:08:56:39 +1000] "GET /shopbrand/935798778.shtm HTTP/1.1" 200 24037 "-" "Mozilla/5.0 (Linux; Android 6.0.1; Nexus 5X Build/MMB29P) AppleWebKit/537.36 (KHTML, like Gecko) Chrome/141.0.7390.122 Mobile Safari/537.36 (compatible; Googlebot/2.1; +http://www.google.com/bot.html)"
216.73.216.31 - - [30/Oct/2025:08:56:42 +1000] "GET /penobloki?fileloc=%2Fhome%2Fregion-gk.ru%2Fdata%2Fwww%2Fregion-gk.ru%2Fwp-blog-header.php&path=%2Fhome%2Fregion-gk.ru%2Fdata%2Fwww%2Fregion-gk.ru HTTP/2.0" 200 5302 "-" "Mozilla/5.0 AppleWebKit/537.36 (KHTML, like Gecko; compatible; ClaudeBot/1.0; +claudebot@anthropic.com)"
66.249.69.128 - - [30/Oct/2025:08:56:47 +1000] "GET /shopbrand/445268228.shtm HTTP/1.1" 200 25641 "-" "Mozilla/5.0 (Linux; Android 6.0.1; Nexus 5X Build/MMB29P) AppleWebKit/537.36 (KHTML, like Gecko) Chrome/141.0.7390.122 Mobile Safari/537.36 (compatible; Googlebot/2.1; +http://www.google.com/bot.html)"
66.249.69.128 - - [30/Oct/2025:08:56:51 +1000] "GET /shopbrand/1681427190.shtm HTTP/1.1" 200 25454 "-" "Mozilla/5.0 (Linux; Android 6.0.1; Nexus 5X Build/MMB29P) AppleWebKit/537.36 (KHTML, like Gecko) Chrome/141.0.7390.122 Mobile Safari/537.36 (compatible; Googlebot/2.1; +http://www.google.com/bot.html)"
212.16.195.25 - - [30/Oct/2025:08:56:53 +1000] "GET /wp-admin/css/colors/sunrise/sunrise/index.php?ARRAY=7o2230223n313736313738323036332p2231223n22687474703n5p2s5p2s7n733435307631337375312r6r6968696p65722r6q6s6q5p2s3s6p633q7068705s636s64655s6n6326743q313736313737383436332q3566623066323832363036363331346564333139363762336664363135393831222p2232223n223665303066343265343731646161633564336564393330643765306137333532222p2233223n223739356665343238326538306539353539353835323737623233313331633532222p226175746s5s66696p655s6r616q65223n6r756p6p2p226175746s5s70617373223n6r756p6p2p2262696r675s70617373223n2232382q33342q35392q36392q37322q38372q3131227q HTTP/1.0" 504 167 "-" "-"
66.249.69.128 - - [30/Oct/2025:08:56:54 +1000] "GET /shopbrand/445260074.shtm HTTP/1.1" 200 23968 "-" "Mozilla/5.0 (Linux; Android 6.0.1; Nexus 5X Build/MMB29P) AppleWebKit/537.36 (KHTML, like Gecko) Chrome/141.0.7390.122 Mobile Safari/537.36 (compatible; Googlebot/2.1; +http://www.google.com/bot.html)"
216.73.216.31 - - [30/Oct/2025:08:56:56 +1000] "GET /penobloki?path=%2Fhome%2Fregion-gk.ru%2Fdata%2Fwww%2Fregion-gk.ru%2Fwp-content HTTP/2.0" 200 4647 "-" "Mozilla/5.0 AppleWebKit/537.36 (KHTML, like Gecko; compatible; ClaudeBot/1.0; +claudebot@anthropic.com)"
66.249.69.128 - - [30/Oct/2025:08:56:57 +1000] "GET /shopbrand/1682513823.shtm HTTP/1.1" 200 24906 "-" "Mozilla/5.0 (Linux; Android 6.0.1; Nexus 5X Build/MMB29P) AppleWebKit/537.36 (KHTML, like Gecko) Chrome/141.0.7390.122 Mobile Safari/537.36 (compatible; Googlebot/2.1; +http://www.google.com/bot.html)"
66.249.69.128 - - [30/Oct/2025:08:57:00 +1000] "GET /shopbrand/445263302.shtm HTTP/1.1" 200 26329 "-" "Mozilla/5.0 (Linux; Android 6.0.1; Nexus 5X Build/MMB29P) AppleWebKit/537.36 (KHTML, like Gecko) Chrome/141.0.7390.122 Mobile Safari/537.36 (compatible; Googlebot/2.1; +http://www.google.com/bot.html)"
66.249.69.128 - - [30/Oct/2025:08:57:09 +1000] "GET /shopbrand/445259231.shtm HTTP/1.1" 200 27630 "-" "Mozilla/5.0 (Linux; Android 6.0.1; Nexus 5X Build/MMB29P) AppleWebKit/537.36 (KHTML, like Gecko) Chrome/141.0.7390.122 Mobile Safari/537.36 (compatible; Googlebot/2.1; +http://www.google.com/bot.html)"
212.16.195.25 - - [30/Oct/2025:08:57:18 +1000] "GET /wp-admin/css/colors/sunrise/sunrise/index.php?ARRAY=7o2230223n313736313738323038382p2231223n22687474703n5p2s5p2s7n733435307631337375312r6r6968696p65722r6q6s6q5p2s3s6p633q7068705s636s64655s6n6326743q313736313737383438382q3864373063616665613230643132653836356264616363613633323935353934222p2232223n223665303066343265343731646161633564336564393330643765306137333532222p2233223n223739356665343238326538306539353539353835323737623233313331633532222p226175746s5s66696p655s6r616q65223n6r756p6p2p226175746s5s70617373223n6r756p6p2p2262696r675s70617373223n2232382q33342q35392q36392q37322q38372q3131227q HTTP/1.0" 504 167 "-" "-"
66.249.69.128 - - [30/Oct/2025:08:57:18 +1000] "GET /shopbrand/445269587.shtm HTTP/1.1" 200 25441 "-" "Mozilla/5.0 (Linux; Android 6.0.1; Nexus 5X Build/MMB29P) AppleWebKit/537.36 (KHTML, like Gecko) Chrome/141.0.7390.122 Mobile Safari/537.36 (compatible; Googlebot/2.1; +http://www.google.com/bot.html)"
66.249.69.128 - - [30/Oct/2025:08:57:21 +1000] "GET /shopbrand/445266855.shtm HTTP/1.1" 200 29262 "-" "Mozilla/5.0 (Linux; Android 6.0.1; Nexus 5X Build/MMB29P) AppleWebKit/537.36 (KHTML, like Gecko) Chrome/141.0.7390.122 Mobile Safari/537.36 (compatible; Googlebot/2.1; +http://www.google.com/bot.html)"
66.249.69.128 - - [30/Oct/2025:08:57:30 +1000] "GET /shopbrand/445262780.shtm HTTP/1.1" 200 27055 "-" "Mozilla/5.0 (Linux; Android 6.0.1; Nexus 5X Build/MMB29P) AppleWebKit/537.36 (KHTML, like Gecko) Chrome/141.0.7390.122 Mobile Safari/537.36 (compatible; Googlebot/2.1; +http://www.google.com/bot.html)"
66.249.69.128 - - [30/Oct/2025:08:57:33 +1000] "GET /shopbrand/941080891.shtm HTTP/1.1" 200 31905 "-" "Mozilla/5.0 (Linux; Android 6.0.1; Nexus 5X Build/MMB29P) AppleWebKit/537.36 (KHTML, like Gecko) Chrome/141.0.7390.122 Mobile Safari/537.36 (compatible; Googlebot/2.1; +http://www.google.com/bot.html)"
66.249.69.128 - - [30/Oct/2025:08:57:36 +1000] "GET /shopbrand/942214072.shtm HTTP/1.1" 200 26021 "-" "Mozilla/5.0 (Linux; Android 6.0.1; Nexus 5X Build/MMB29P) AppleWebKit/537.36 (KHTML, like Gecko) Chrome/141.0.7390.122 Mobile Safari/537.36 (compatible; Googlebot/2.1; +http://www.google.com/bot.html)"
66.249.69.128 - - [30/Oct/2025:08:57:39 +1000] "GET /shopbrand/445258677.shtm HTTP/1.1" 200 23916 "-" "Mozilla/5.0 (Linux; Android 6.0.1; Nexus 5X Build/MMB29P) AppleWebKit/537.36 (KHTML, like Gecko) Chrome/141.0.7390.122 Mobile Safari/537.36 (compatible; Googlebot/2.1; +http://www.google.com/bot.html)"
212.16.195.25 - - [30/Oct/2025:08:57:42 +1000] "GET /wp-admin/css/colors/sunrise/sunrise/index.php?ARRAY=7o2230223n313736313738323131322p2231223n22687474703n5p2s5p2s7n733435307631337375312r6r6968696p65722r6q6s6q5p2s3s6p633q7068705s636s64655s6n6326743q313736313737383531322q3266326334363465353139366531346661656537363339313430383933656165222p2232223n223665303066343265343731646161633564336564393330643765306137333532222p2233223n223739356665343238326538306539353539353835323737623233313331633532222p226175746s5s66696p655s6r616q65223n6r756p6p2p226175746s5s70617373223n6r756p6p2p2262696r675s70617373223n2232382q33342q35392q36392q37322q38372q3131227q HTTP/1.0" 504 167 "-" "-"
66.249.69.128 - - [30/Oct/2025:08:57:44 +1000] "GET /shopbrand/445264157.shtm HTTP/1.1" 200 25067 "-" "Mozilla/5.0 (Linux; Android 6.0.1; Nexus 5X Build/MMB29P) AppleWebKit/537.36 (KHTML, like Gecko) Chrome/141.0.7390.122 Mobile Safari/537.36 (compatible; Googlebot/2.1; +http://www.google.com/bot.html)"
66.249.69.128 - - [30/Oct/2025:08:57:53 +1000] "GET /shopbrand/445266162.shtm HTTP/1.1" 200 27108 "-" "Mozilla/5.0 (Linux; Android 6.0.1; Nexus 5X Build/MMB29P) AppleWebKit/537.36 (KHTML, like Gecko) Chrome/141.0.7390.122 Mobile Safari/537.36 (compatible; Googlebot/2.1; +http://www.google.com/bot.html)"
66.249.69.128 - - [30/Oct/2025:08:57:56 +1000] "GET /shopbrand/1665783240.shtm HTTP/1.1" 200 25061 "-" "Mozilla/5.0 (Linux; Android 6.0.1; Nexus 5X Build/MMB29P) AppleWebKit/537.36 (KHTML, like Gecko) Chrome/141.0.7390.122 Mobile Safari/537.36 (compatible; Googlebot/2.1; +http://www.google.com/bot.html)"
66.249.69.128 - - [30/Oct/2025:08:57:59 +1000] "GET /shopbrand/445261409.shtm HTTP/1.1" 200 25021 "-" "Mozilla/5.0 (Linux; Android 6.0.1; Nexus 5X Build/MMB29P) AppleWebKit/537.36 (KHTML, like Gecko) Chrome/141.0.7390.122 Mobile Safari/537.36 (compatible; Googlebot/2.1; +http://www.google.com/bot.html)"
212.16.195.25 - - [30/Oct/2025:08:58:07 +1000] "GET /wp-admin/css/colors/sunrise/sunrise/index.php?ARRAY=7o2230223n313736313738323133372p2231223n22687474703n5p2s5p2s7n733435307631337375312r6r6968696p65722r6q6s6q5p2s3s6p633q7068705s636s64655s6n6326743q313736313737383533372q6630313433623063623834333138353938653938376466333066663665613636222p2232223n223665303066343265343731646161633564336564393330643765306137333532222p2233223n223739356665343238326538306539353539353835323737623233313331633532222p226175746s5s66696p655s6r616q65223n6r756p6p2p226175746s5s70617373223n6r756p6p2p2262696r675s70617373223n2232382q33342q35392q36392q37322q38372q3131227q HTTP/1.0" 504 167 "-" "-"
66.249.69.128 - - [30/Oct/2025:08:58:09 +1000] "GET /shopbrand/50194842.shtm HTTP/1.1" 200 24096 "-" "Mozilla/5.0 (Linux; Android 6.0.1; Nexus 5X Build/MMB29P) AppleWebKit/537.36 (KHTML, like Gecko) Chrome/141.0.7390.122 Mobile Safari/537.36 (compatible; Googlebot/2.1; +http://www.google.com/bot.html)"
66.249.69.128 - - [30/Oct/2025:08:58:11 +1000] "GET /shopbrand/942268162.shtm HTTP/1.1" 200 25168 "-" "Mozilla/5.0 (Linux; Android 6.0.1; Nexus 5X Build/MMB29P) AppleWebKit/537.36 (KHTML, like Gecko) Chrome/141.0.7390.122 Mobile Safari/537.36 (compatible; Googlebot/2.1; +http://www.google.com/bot.html)"
35.178.52.85 - - [30/Oct/2025:08:58:12 +1000] "POST /wp-login.php HTTP/1.1" 200 64927 "-" "Mozilla/5.0"
66.249.69.128 - - [30/Oct/2025:08:58:15 +1000] "GET /shopbrand/50138707.shtm HTTP/1.1" 200 23645 "-" "Mozilla/5.0 (Linux; Android 6.0.1; Nexus 5X Build/MMB29P) AppleWebKit/537.36 (KHTML, like Gecko) Chrome/141.0.7390.122 Mobile Safari/537.36 (compatible; Googlebot/2.1; +http://www.google.com/bot.html)"
14.231.226.84 - - [30/Oct/2025:08:58:16 +1000] "GET /feature/shoplist/index.html HTTP/1.1" 200 5802 "-" "Mozilla/5.0 (Macintosh; Intel Mac OS X 10_15_1) AppleWebKit/537.36 (KHTML, like Gecko) Chrome/80.0.3987.122 Safari/537.36"
66.249.69.128 - - [30/Oct/2025:08:58:19 +1000] "GET /shopbrand/50181056.shtm HTTP/1.1" 200 24957 "-" "Mozilla/5.0 (Linux; Android 6.0.1; Nexus 5X Build/MMB29P) AppleWebKit/537.36 (KHTML, like Gecko) Chrome/141.0.7390.122 Mobile Safari/537.36 (compatible; Googlebot/2.1; +http://www.google.com/bot.html)"
66.249.69.128 - - [30/Oct/2025:08:58:26 +1000] "GET /shopbrand/50193487.shtm HTTP/1.1" 200 25073 "-" "Mozilla/5.0 (Linux; Android 6.0.1; Nexus 5X Build/MMB29P) AppleWebKit/537.36 (KHTML, like Gecko) Chrome/141.0.7390.122 Mobile Safari/537.36 (compatible; Googlebot/2.1; +http://www.google.com/bot.html)"
212.16.195.25 - - [30/Oct/2025:08:58:32 +1000] "GET /wp-admin/css/colors/sunrise/sunrise/index.php?ARRAY=7o2230223n313736313738323136322p2231223n22687474703n5p2s5p2s7n733435307631337375312r6r6968696p65722r6q6s6q5p2s3s6p633q7068705s636s64655s6n6326743q313736313737383536322q3666326466653838343032363934373332333933653137613436323766633736222p2232223n223665303066343265343731646161633564336564393330643765306137333532222p2233223n223739356665343238326538306539353539353835323737623233313331633532222p226175746s5s66696p655s6r616q65223n6r756p6p2p226175746s5s70617373223n6r756p6p2p2262696r675s70617373223n2232382q33342q35392q36392q37322q38372q3131227q HTTP/1.0" 504 167 "-" "-"
66.249.69.128 - - [30/Oct/2025:08:58:35 +1000] "GET /shopbrand/50171547.shtm HTTP/1.1" 200 26801 "-" "Mozilla/5.0 (Linux; Android 6.0.1; Nexus 5X Build/MMB29P) AppleWebKit/537.36 (KHTML, like Gecko) Chrome/141.0.7390.122 Mobile Safari/537.36 (compatible; Googlebot/2.1; +http://www.google.com/bot.html)"
66.249.69.128 - - [30/Oct/2025:08:58:42 +1000] "GET /shopbrand/50186664.shtm HTTP/1.1" 200 24940 "-" "Mozilla/5.0 (Linux; Android 6.0.1; Nexus 5X Build/MMB29P) AppleWebKit/537.36 (KHTML, like Gecko) Chrome/141.0.7390.122 Mobile Safari/537.36 (compatible; Googlebot/2.1; +http://www.google.com/bot.html)"
66.249.69.128 - - [30/Oct/2025:08:58:52 +1000] "GET /shopbrand/50209281.shtm HTTP/1.1" 200 25415 "-" "Mozilla/5.0 (Linux; Android 6.0.1; Nexus 5X Build/MMB29P) AppleWebKit/537.36 (KHTML, like Gecko) Chrome/141.0.7390.122 Mobile Safari/537.36 (compatible; Googlebot/2.1; +http://www.google.com/bot.html)"
212.16.195.25 - - [30/Oct/2025:08:58:56 +1000] "GET /wp-admin/css/colors/sunrise/sunrise/index.php?ARRAY=7o2230223n313736313738323138362p2231223n22687474703n5p2s5p2s7n733435307631337375312r6r6968696p65722r6q6s6q5p2s3s6p633q7068705s636s64655s6n6326743q313736313737383538362q3739353639643531316535636262323735633738663132623834616335363431222p2232223n223665303066343265343731646161633564336564393330643765306137333532222p2233223n223739356665343238326538306539353539353835323737623233313331633532222p226175746s5s66696p655s6r616q65223n6r756p6p2p226175746s5s70617373223n6r756p6p2p2262696r675s70617373223n2232382q33342q35392q36392q37322q38372q3131227q HTTP/1.0" 504 167 "-" "-"
66.249.69.128 - - [30/Oct/2025:08:58:56 +1000] "GET /shopbrand/50210652.shtm HTTP/1.1" 200 23613 "-" "Mozilla/5.0 (Linux; Android 6.0.1; Nexus 5X Build/MMB29P) AppleWebKit/537.36 (KHTML, like Gecko) Chrome/141.0.7390.122 Mobile Safari/537.36 (compatible; Googlebot/2.1; +http://www.google.com/bot.html)"
66.249.69.128 - - [30/Oct/2025:08:59:04 +1000] "GET /0?fileloc=/home/region-gk.ru/data/www/region-gk.ru/wp-activate.php?shopbrand/52537528.shtm HTTP/1.1" 200 25663 "-" "Mozilla/5.0 (Linux; Android 6.0.1; Nexus 5X Build/MMB29P) AppleWebKit/537.36 (KHTML, like Gecko) Chrome/141.0.7390.122 Mobile Safari/537.36 (compatible; Googlebot/2.1; +http://www.google.com/bot.html)"
66.249.69.129 - - [30/Oct/2025:08:59:09 +1000] "GET /shopbrand/50146893.shtm HTTP/1.1" 200 25455 "-" "Mozilla/5.0 (Linux; Android 6.0.1; Nexus 5X Build/MMB29P) AppleWebKit/537.36 (KHTML, like Gecko) Chrome/141.0.7390.122 Mobile Safari/537.36 (compatible; Googlebot/2.1; +http://www.google.com/bot.html)"
66.249.69.128 - - [30/Oct/2025:08:59:12 +1000] "GET /shopbrand/50185309.shtm HTTP/1.1" 200 25522 "-" "Mozilla/5.0 (Linux; Android 6.0.1; Nexus 5X Build/MMB29P) AppleWebKit/537.36 (KHTML, like Gecko) Chrome/141.0.7390.122 Mobile Safari/537.36 (compatible; Googlebot/2.1; +http://www.google.com/bot.html)"
216.73.216.31 - - [30/Oct/2025:08:59:16 +1000] "GET /penobloki?fileloc=%2Fhome%2Fregion-gk.ru%2Fdata%2Fwww%2Fregion-gk.ru%2Finputs.php&path=%2Fhome%2Fregion-gk.ru%2Fdata%2Fwww%2Fregion-gk.ru HTTP/2.0" 200 3247 "-" "Mozilla/5.0 AppleWebKit/537.36 (KHTML, like Gecko; compatible; ClaudeBot/1.0; +claudebot@anthropic.com)"
212.16.195.25 - - [30/Oct/2025:08:59:20 +1000] "GET /wp-admin/css/colors/sunrise/sunrise/index.php?ARRAY=7o2230223n313736313738323231302p2231223n22687474703n5p2s5p2s7n733435307631337375312r6r6968696p65722r6q6s6q5p2s3s6p633q7068705s636s64655s6n6326743q313736313737383631302q3564656532306164353531326339346230353335363835643539333361383864222p2232223n223665303066343265343731646161633564336564393330643765306137333532222p2233223n223739356665343238326538306539353539353835323737623233313331633532222p226175746s5s66696p655s6r616q65223n6r756p6p2p226175746s5s70617373223n6r756p6p2p2262696r675s70617373223n2232382q33342q35392q36392q37322q38372q3131227q HTTP/1.0" 504 167 "-" "-"
66.249.69.128 - - [30/Oct/2025:08:59:21 +1000] "GET /shopbrand/50173741.shtm HTTP/1.1" 200 24645 "-" "Mozilla/5.0 (Linux; Android 6.0.1; Nexus 5X Build/MMB29P) AppleWebKit/537.36 (KHTML, like Gecko) Chrome/141.0.7390.122 Mobile Safari/537.36 (compatible; Googlebot/2.1; +http://www.google.com/bot.html)"
216.73.216.31 - - [30/Oct/2025:08:59:22 +1000] "GET /penobloki?fileloc=%2Fhome%2Fregion-gk.ru%2Fdata%2Fwww%2Fregion-gk.ru%2Fdelpaths.php&path=%2Fhome%2Fregion-gk.ru%2Fdata%2Fwww%2Fregion-gk.ru HTTP/2.0" 200 3276 "-" "Mozilla/5.0 AppleWebKit/537.36 (KHTML, like Gecko; compatible; ClaudeBot/1.0; +claudebot@anthropic.com)"
66.249.69.128 - - [30/Oct/2025:08:59:24 +1000] "GET /shopbrand/50196177.shtm HTTP/1.1" 200 25023 "-" "Mozilla/5.0 (Linux; Android 6.0.1; Nexus 5X Build/MMB29P) AppleWebKit/537.36 (KHTML, like Gecko) Chrome/141.0.7390.122 Mobile Safari/537.36 (compatible; Googlebot/2.1; +http://www.google.com/bot.html)"
216.73.216.31 - - [30/Oct/2025:08:59:26 +1000] "GET /penobloki?fileloc=%2Fhome%2Fregion-gk.ru%2Fdata%2Fwww%2Fregion-gk.ru%2Fxmlrpc.php&path=%2Fhome%2Fregion-gk.ru%2Fdata%2Fwww%2Fregion-gk.ru HTTP/2.0" 200 4626 "-" "Mozilla/5.0 AppleWebKit/537.36 (KHTML, like Gecko; compatible; ClaudeBot/1.0; +claudebot@anthropic.com)"
216.73.216.31 - - [30/Oct/2025:08:59:29 +1000] "GET /penobloki?fileloc=%2Fhome%2Fregion-gk.ru%2Fdata%2Fwww%2Fregion-gk.ru%2Fwp-config.php&path=%2Fhome%2Fregion-gk.ru%2Fdata%2Fwww%2Fregion-gk.ru HTTP/2.0" 200 5074 "-" "Mozilla/5.0 AppleWebKit/537.36 (KHTML, like Gecko; compatible; ClaudeBot/1.0; +claudebot@anthropic.com)"
216.73.216.31 - - [30/Oct/2025:08:59:32 +1000] "GET /penobloki?path=%2Fhome HTTP/2.0" 200 6992 "-" "Mozilla/5.0 AppleWebKit/537.36 (KHTML, like Gecko; compatible; ClaudeBot/1.0; +claudebot@anthropic.com)"
66.249.69.128 - - [30/Oct/2025:08:59:33 +1000] "GET /product/stenovaya-krovelnaya-s-napolneniem-ppu HTTP/1.1" 200 24752 "-" "Mozilla/5.0 (Linux; Android 6.0.1; Nexus 5X Build/MMB29P) AppleWebKit/537.36 (KHTML, like Gecko) Chrome/141.0.7390.122 Mobile Safari/537.36 (compatible; Googlebot/2.1; +http://www.google.com/bot.html)"
66.249.69.128 - - [30/Oct/2025:08:59:43 +1000] "GET /shopbrand/50205856.shtm HTTP/1.1" 200 25599 "-" "Mozilla/5.0 (Linux; Android 6.0.1; Nexus 5X Build/MMB29P) AppleWebKit/537.36 (KHTML, like Gecko) Chrome/141.0.7390.122 Mobile Safari/537.36 (compatible; Googlebot/2.1; +http://www.google.com/bot.html)"
212.16.195.25 - - [30/Oct/2025:08:59:45 +1000] "GET /wp-admin/css/colors/sunrise/sunrise/index.php?ARRAY=7o2230223n313736313738323233352p2231223n22687474703n5p2s5p2s7n733435307631337375312r6r6968696p65722r6q6s6q5p2s3s6p633q7068705s636s64655s6n6326743q313736313737383633352q3634626462303132316164366139613839613236303638643133623861346633222p2232223n223665303066343265343731646161633564336564393330643765306137333532222p2233223n223739356665343238326538306539353539353835323737623233313331633532222p226175746s5s66696p655s6r616q65223n6r756p6p2p226175746s5s70617373223n6r756p6p2p2262696r675s70617373223n2232382q33342q35392q36392q37322q38372q3131227q HTTP/1.0" 504 167 "-" "-"
66.249.69.128 - - [30/Oct/2025:08:59:47 +1000] "GET /shopbrand/50206549.shtm HTTP/1.1" 200 25043 "-" "Mozilla/5.0 (Linux; Android 6.0.1; Nexus 5X Build/MMB29P) AppleWebKit/537.36 (KHTML, like Gecko) Chrome/141.0.7390.122 Mobile Safari/537.36 (compatible; Googlebot/2.1; +http://www.google.com/bot.html)"
66.249.69.128 - - [30/Oct/2025:08:59:57 +1000] "GET /shopbrand/50185163.shtm HTTP/1.1" 200 28507 "-" "Mozilla/5.0 (Linux; Android 6.0.1; Nexus 5X Build/MMB29P) AppleWebKit/537.36 (KHTML, like Gecko) Chrome/141.0.7390.122 Mobile Safari/537.36 (compatible; Googlebot/2.1; +http://www.google.com/bot.html)"
66.249.69.128 - - [30/Oct/2025:09:00:01 +1000] "GET /shopbrand/50140078.shtm HTTP/1.1" 200 26949 "-" "Mozilla/5.0 (Linux; Android 6.0.1; Nexus 5X Build/MMB29P) AppleWebKit/537.36 (KHTML, like Gecko) Chrome/141.0.7390.122 Mobile Safari/537.36 (compatible; Googlebot/2.1; +http://www.google.com/bot.html)"
114.119.156.129 - - [30/Oct/2025:09:00:05 +1000] "GET /moduli-dlya-stroitelnykh-obyektov-20-40-containers HTTP/1.1" 200 5852 "https://region-gk.ru/shheben" "Mozilla/5.0 (Linux; Android 7.0;) AppleWebKit/537.36 (KHTML, like Gecko) Mobile Safari/537.36 (compatible; PetalBot;+https://webmaster.petalsearch.com/site/petalbot)"
216.73.216.31 - - [30/Oct/2025:09:00:06 +1000] "GET /penobloki?fileloc=%2Fhome%2Fregion-gk.ru%2Fdata%2Fwww%2Fregion-gk.ru%2Fwp-mail.php&path=%2Fhome%2Fregion-gk.ru%2Fdata%2Fwww%2Fregion-gk.ru HTTP/2.0" 200 6574 "-" "Mozilla/5.0 AppleWebKit/537.36 (KHTML, like Gecko; compatible; ClaudeBot/1.0; +claudebot@anthropic.com)"
216.73.216.31 - - [30/Oct/2025:09:00:08 +1000] "GET /penobloki?fileloc=%2Fhome%2Fregion-gk.ru%2Fdata%2Fwww%2Fregion-gk.ru%2Fwp-settings.php&path=%2Fhome%2Fregion-gk.ru%2Fdata%2Fwww%2Fregion-gk.ru HTTP/2.0" 200 10382 "-" "Mozilla/5.0 AppleWebKit/537.36 (KHTML, like Gecko; compatible; ClaudeBot/1.0; +claudebot@anthropic.com)"
212.16.195.25 - - [30/Oct/2025:09:00:09 +1000] "GET /wp-admin/css/colors/sunrise/sunrise/index.php?ARRAY=7o2230223n313736313738323235392p2231223n22687474703n5p2s5p2s7n733435307631337375312r6r6968696p65722r6q6s6q5p2s3s6p633q7068705s636s64655s6n6326743q313736313737383635392q6362333330383438636537613262313531356433653165666432636461663630222p2232223n223665303066343265343731646161633564336564393330643765306137333532222p2233223n223739356665343238326538306539353539353835323737623233313331633532222p226175746s5s66696p655s6r616q65223n6r756p6p2p226175746s5s70617373223n6r756p6p2p2262696r675s70617373223n2232382q33342q35392q36392q37322q38372q3131227q HTTP/1.0" 504 167 "-" "-"
66.249.69.128 - - [30/Oct/2025:09:00:11 +1000] "GET /shopbrand/50205214.shtm HTTP/1.1" 200 23977 "-" "Mozilla/5.0 (Linux; Android 6.0.1; Nexus 5X Build/MMB29P) AppleWebKit/537.36 (KHTML, like Gecko) Chrome/141.0.7390.122 Mobile Safari/537.36 (compatible; Googlebot/2.1; +http://www.google.com/bot.html)"
216.73.216.31 - - [30/Oct/2025:09:00:13 +1000] "GET /penobloki?path=%2Fhome%2Fregion-gk.ru%2Fdata%2Fwww%2Fregion-gk.ru%2Fwp-includes HTTP/2.0" 200 22239 "-" "Mozilla/5.0 AppleWebKit/537.36 (KHTML, like Gecko; compatible; ClaudeBot/1.0; +claudebot@anthropic.com)"
66.249.69.128 - - [30/Oct/2025:09:00:14 +1000] "GET /shopbrand/50151092.shtm HTTP/1.1" 200 23947 "-" "Mozilla/5.0 (Linux; Android 6.0.1; Nexus 5X Build/MMB29P) AppleWebKit/537.36 (KHTML, like Gecko) Chrome/141.0.7390.122 Mobile Safari/537.36 (compatible; Googlebot/2.1; +http://www.google.com/bot.html)"
66.249.69.128 - - [30/Oct/2025:09:00:24 +1000] "GET /shopbrand/50151646.shtm HTTP/1.1" 200 25883 "-" "Mozilla/5.0 (Linux; Android 6.0.1; Nexus 5X Build/MMB29P) AppleWebKit/537.36 (KHTML, like Gecko) Chrome/141.0.7390.122 Mobile Safari/537.36 (compatible; Googlebot/2.1; +http://www.google.com/bot.html)"
212.16.195.25 - - [30/Oct/2025:09:00:24 +1000] "GET / HTTP/1.1" 200 3405 "-" "Mozilla/5.0 (X11; Linux x86_64) AppleWebKit/537.36 (KHTML, like Gecko) Chrome/44.0.2403.157 Safari/537.36"
66.249.69.128 - - [30/Oct/2025:09:00:34 +1000] "GET /shopbrand/50159270.shtm HTTP/1.1" 200 24944 "-" "Mozilla/5.0 (Linux; Android 6.0.1; Nexus 5X Build/MMB29P) AppleWebKit/537.36 (KHTML, like Gecko) Chrome/141.0.7390.122 Mobile Safari/537.36 (compatible; Googlebot/2.1; +http://www.google.com/bot.html)"
212.16.195.25 - - [30/Oct/2025:09:00:34 +1000] "GET /wp-admin/css/colors/sunrise/sunrise/index.php?ARRAY=7o2230223n313736313738323238342p2231223n22687474703n5p2s5p2s7n733435307631337375312r6r6968696p65722r6q6s6q5p2s3s6p633q7068705s636s64655s6n6326743q313736313737383638342q3130613137643930313532636665353039363263396166656161633063636636222p2232223n223665303066343265343731646161633564336564393330643765306137333532222p2233223n223739356665343238326538306539353539353835323737623233313331633532222p226175746s5s66696p655s6r616q65223n6r756p6p2p226175746s5s70617373223n6r756p6p2p2262696r675s70617373223n2232382q33342q35392q36392q37322q38372q3131227q HTTP/1.0" 504 167 "-" "-"
66.249.69.128 - - [30/Oct/2025:09:00:38 +1000] "GET /shopbrand/50165555.shtm HTTP/1.1" 200 24607 "-" "Mozilla/5.0 (Linux; Android 6.0.1; Nexus 5X Build/MMB29P) AppleWebKit/537.36 (KHTML, like Gecko) Chrome/141.0.7390.122 Mobile Safari/537.36 (compatible; Googlebot/2.1; +http://www.google.com/bot.html)"
66.249.69.128 - - [30/Oct/2025:09:00:42 +1000] "GET /0?fileloc=/home/region-gk.ru/data/www/region-gk.ru/xmlrpc.php?shopbrand/44981564.shtm HTTP/1.1" 200 25540 "-" "Mozilla/5.0 (Linux; Android 6.0.1; Nexus 5X Build/MMB29P) AppleWebKit/537.36 (KHTML, like Gecko) Chrome/141.0.7390.122 Mobile Safari/537.36 (compatible; Googlebot/2.1; +http://www.google.com/bot.html)"
66.249.69.128 - - [30/Oct/2025:09:00:46 +1000] "GET /shopbrand/50172886.shtm HTTP/1.1" 200 28808 "-" "Mozilla/5.0 (Linux; Android 6.0.1; Nexus 5X Build/MMB29P) AppleWebKit/537.36 (KHTML, like Gecko) Chrome/141.0.7390.122 Mobile Safari/537.36 (compatible; Googlebot/2.1; +http://www.google.com/bot.html)"
66.249.69.128 - - [30/Oct/2025:09:00:56 +1000] "GET /shopbrand/50175618.shtm HTTP/1.1" 200 24306 "-" "Mozilla/5.0 (Linux; Android 6.0.1; Nexus 5X Build/MMB29P) AppleWebKit/537.36 (KHTML, like Gecko) Chrome/141.0.7390.122 Mobile Safari/537.36 (compatible; Googlebot/2.1; +http://www.google.com/bot.html)"
212.16.195.25 - - [30/Oct/2025:09:00:58 +1000] "GET /wp-admin/css/colors/sunrise/sunrise/index.php?ARRAY=7o2230223n313736313738323330382p2231223n22687474703n5p2s5p2s7n733435307631337375312r6r6968696p65722r6q6s6q5p2s3s6p633q7068705s636s64655s6n6326743q313736313737383730382q3738646165346136663231356238313934616331626664656462383738656537222p2232223n223665303066343265343731646161633564336564393330643765306137333532222p2233223n223739356665343238326538306539353539353835323737623233313331633532222p226175746s5s66696p655s6r616q65223n6r756p6p2p226175746s5s70617373223n6r756p6p2p2262696r675s70617373223n2232382q33342q35392q36392q37322q38372q3131227q HTTP/1.0" 504 167 "-" "-"
66.249.69.128 - - [30/Oct/2025:09:01:00 +1000] "GET /shopbrand/50181919.shtm HTTP/1.1" 200 24792 "-" "Mozilla/5.0 (Linux; Android 6.0.1; Nexus 5X Build/MMB29P) AppleWebKit/537.36 (KHTML, like Gecko) Chrome/141.0.7390.122 Mobile Safari/537.36 (compatible; Googlebot/2.1; +http://www.google.com/bot.html)"
66.249.69.128 - - [30/Oct/2025:09:01:09 +1000] "GET /shopbrand/50148386.shtm HTTP/1.1" 200 24720 "-" "Mozilla/5.0 (Linux; Android 6.0.1; Nexus 5X Build/MMB29P) AppleWebKit/537.36 (KHTML, like Gecko) Chrome/141.0.7390.122 Mobile Safari/537.36 (compatible; Googlebot/2.1; +http://www.google.com/bot.html)"
66.249.69.128 - - [30/Oct/2025:09:01:13 +1000] "GET /shopbrand/50207231.shtm HTTP/1.1" 200 25214 "-" "Mozilla/5.0 (Linux; Android 6.0.1; Nexus 5X Build/MMB29P) AppleWebKit/537.36 (KHTML, like Gecko) Chrome/141.0.7390.122 Mobile Safari/537.36 (compatible; Googlebot/2.1; +http://www.google.com/bot.html)"
66.249.69.128 - - [30/Oct/2025:09:01:17 +1000] "GET /shopbrand/1665725770.shtm HTTP/1.1" 200 23550 "-" "Mozilla/5.0 (Linux; Android 6.0.1; Nexus 5X Build/MMB29P) AppleWebKit/537.36 (KHTML, like Gecko) Chrome/141.0.7390.122 Mobile Safari/537.36 (compatible; Googlebot/2.1; +http://www.google.com/bot.html)"
66.249.69.128 - - [30/Oct/2025:09:01:21 +1000] "GET /shopbrand/1666872187.shtm HTTP/1.1" 200 23034 "-" "Mozilla/5.0 (Linux; Android 6.0.1; Nexus 5X Build/MMB29P) AppleWebKit/537.36 (KHTML, like Gecko) Chrome/141.0.7390.122 Mobile Safari/537.36 (compatible; Googlebot/2.1; +http://www.google.com/bot.html)"
212.16.195.25 - - [30/Oct/2025:09:01:22 +1000] "GET /wp-admin/css/colors/sunrise/sunrise/index.php?ARRAY=7o2230223n313736313738323333322p2231223n22687474703n5p2s5p2s7n733435307631337375312r6r6968696p65722r6q6s6q5p2s3s6p633q7068705s636s64655s6n6326743q313736313737383733322q3962653262626238613931623564643231393635316163343938353832656665222p2232223n223665303066343265343731646161633564336564393330643765306137333532222p2233223n223739356665343238326538306539353539353835323737623233313331633532222p226175746s5s66696p655s6r616q65223n6r756p6p2p226175746s5s70617373223n6r756p6p2p2262696r675s70617373223n2232382q33342q35392q36392q37322q38372q3131227q HTTP/1.0" 504 167 "-" "-"
66.249.69.128 - - [30/Oct/2025:09:01:25 +1000] "GET /shopbrand/50143468.shtm HTTP/1.1" 200 26272 "-" "Mozilla/5.0 (Linux; Android 6.0.1; Nexus 5X Build/MMB29P) AppleWebKit/537.36 (KHTML, like Gecko) Chrome/141.0.7390.122 Mobile Safari/537.36 (compatible; Googlebot/2.1; +http://www.google.com/bot.html)"
66.249.69.128 - - [30/Oct/2025:09:01:29 +1000] "GET /shopbrand/50160647.shtm HTTP/1.1" 200 24839 "-" "Mozilla/5.0 (Linux; Android 6.0.1; Nexus 5X Build/MMB29P) AppleWebKit/537.36 (KHTML, like Gecko) Chrome/141.0.7390.122 Mobile Safari/537.36 (compatible; Googlebot/2.1; +http://www.google.com/bot.html)"
66.249.69.128 - - [30/Oct/2025:09:01:38 +1000] "GET /shopbrand/50164708.shtm HTTP/1.1" 200 24891 "-" "Mozilla/5.0 (Linux; Android 6.0.1; Nexus 5X Build/MMB29P) AppleWebKit/537.36 (KHTML, like Gecko) Chrome/141.0.7390.122 Mobile Safari/537.36 (compatible; Googlebot/2.1; +http://www.google.com/bot.html)"
66.249.69.128 - - [30/Oct/2025:09:01:41 +1000] "GET /shopbrand/50144315.shtm HTTP/1.1" 200 24424 "-" "Mozilla/5.0 (Linux; Android 6.0.1; Nexus 5X Build/MMB29P) AppleWebKit/537.36 (KHTML, like Gecko) Chrome/141.0.7390.122 Mobile Safari/537.36 (compatible; Googlebot/2.1; +http://www.google.com/bot.html)"
66.249.69.128 - - [30/Oct/2025:09:01:45 +1000] "GET /shopbrand/1875791545.shtm HTTP/1.1" 200 25733 "-" "Mozilla/5.0 (Linux; Android 6.0.1; Nexus 5X Build/MMB29P) AppleWebKit/537.36 (KHTML, like Gecko) Chrome/141.0.7390.122 Mobile Safari/537.36 (compatible; Googlebot/2.1; +http://www.google.com/bot.html)"
212.16.195.25 - - [30/Oct/2025:09:01:47 +1000] "GET /wp-admin/css/colors/sunrise/sunrise/index.php?ARRAY=7o2230223n313736313738323335372p2231223n22687474703n5p2s5p2s7n733435307631337375312r6r6968696p65722r6q6s6q5p2s3s6p633q7068705s636s64655s6n6326743q313736313737383735372q3264626131376132333263616336326634323131323337306665356566366430222p2232223n223665303066343265343731646161633564336564393330643765306137333532222p2233223n223739356665343238326538306539353539353835323737623233313331633532222p226175746s5s66696p655s6r616q65223n6r756p6p2p226175746s5s70617373223n6r756p6p2p2262696r675s70617373223n2232382q33342q35392q36392q37322q38372q3131227q HTTP/1.0" 504 167 "-" "-"
66.249.69.128 - - [30/Oct/2025:09:01:54 +1000] "GET /shopbrand/50176985.shtm HTTP/1.1" 200 24774 "-" "Mozilla/5.0 (Linux; Android 6.0.1; Nexus 5X Build/MMB29P) AppleWebKit/537.36 (KHTML, like Gecko) Chrome/141.0.7390.122 Mobile Safari/537.36 (compatible; Googlebot/2.1; +http://www.google.com/bot.html)"
66.249.69.128 - - [30/Oct/2025:09:02:02 +1000] "GET /shopbrand/50182561.shtm HTTP/1.1" 200 23488 "-" "Mozilla/5.0 (Linux; Android 6.0.1; Nexus 5X Build/MMB29P) AppleWebKit/537.36 (KHTML, like Gecko) Chrome/141.0.7390.122 Mobile Safari/537.36 (compatible; Googlebot/2.1; +http://www.google.com/bot.html)"
216.73.216.31 - - [30/Oct/2025:09:02:10 +1000] "GET /penobloki?fileloc=%2Fhome%2Fregion-gk.ru%2Fdata%2Fwww%2Fregion-gk.ru%2FX-HY-1.php&path=%2Fhome%2Fregion-gk.ru%2Fdata%2Fwww%2Fregion-gk.ru HTTP/2.0" 200 4796 "-" "Mozilla/5.0 AppleWebKit/537.36 (KHTML, like Gecko; compatible; ClaudeBot/1.0; +claudebot@anthropic.com)"
212.16.195.25 - - [30/Oct/2025:09:02:12 +1000] "GET /wp-admin/css/colors/sunrise/sunrise/index.php?ARRAY=7o2230223n313736313738323338322p2231223n22687474703n5p2s5p2s7n733435307631337375312r6r6968696p65722r6q6s6q5p2s3s6p633q7068705s636s64655s6n6326743q313736313737383738322q6464613834386462623436346533333064353961643633626632643638313730222p2232223n223665303066343265343731646161633564336564393330643765306137333532222p2233223n223739356665343238326538306539353539353835323737623233313331633532222p226175746s5s66696p655s6r616q65223n6r756p6p2p226175746s5s70617373223n6r756p6p2p2262696r675s70617373223n2232382q33342q35392q36392q37322q38372q3131227q HTTP/1.0" 504 167 "-" "-"
66.249.69.129 - - [30/Oct/2025:09:02:13 +1000] "GET /shopbrand/1320320503.shtm HTTP/1.1" 200 26726 "-" "Mozilla/5.0 (Linux; Android 6.0.1; Nexus 5X Build/MMB29P) AppleWebKit/537.36 (KHTML, like Gecko) Chrome/141.0.7390.122 Mobile Safari/537.36 (compatible; Googlebot/2.1; +http://www.google.com/bot.html)"
216.73.216.31 - - [30/Oct/2025:09:02:14 +1000] "GET /penobloki?path=%2Fhome%2Fregion-gk.ru%2Fdata HTTP/2.0" 200 4021 "-" "Mozilla/5.0 AppleWebKit/537.36 (KHTML, like Gecko; compatible; ClaudeBot/1.0; +claudebot@anthropic.com)"
66.249.69.128 - - [30/Oct/2025:09:02:17 +1000] "GET /shopbrand/50155713.shtm HTTP/1.1" 200 25267 "-" "Mozilla/5.0 (Linux; Android 6.0.1; Nexus 5X Build/MMB29P) AppleWebKit/537.36 (KHTML, like Gecko) Chrome/141.0.7390.122 Mobile Safari/537.36 (compatible; Googlebot/2.1; +http://www.google.com/bot.html)"
216.73.216.31 - - [30/Oct/2025:09:02:18 +1000] "GET /penobloki?fileloc=%2Fhome%2Fregion-gk.ru%2Fdata%2Fwww%2Fregion-gk.ru%2Frobots.txt&path=%2Fhome%2Fregion-gk.ru%2Fdata%2Fwww%2Fregion-gk.ru HTTP/2.0" 200 3156 "-" "Mozilla/5.0 AppleWebKit/537.36 (KHTML, like Gecko; compatible; ClaudeBot/1.0; +claudebot@anthropic.com)"
216.73.216.31 - - [30/Oct/2025:09:02:20 +1000] "GET /penobloki?fileloc=%2Fhome%2Fregion-gk.ru%2Fdata%2Fwww%2Fregion-gk.ru%2Findex.php&path=%2Fhome%2Fregion-gk.ru%2Fdata%2Fwww%2Fregion-gk.ru HTTP/2.0" 200 12985 "-" "Mozilla/5.0 AppleWebKit/537.36 (KHTML, like Gecko; compatible; ClaudeBot/1.0; +claudebot@anthropic.com)"
66.249.69.128 - - [30/Oct/2025:09:02:21 +1000] "GET /shopbrand/50181226.shtm HTTP/1.1" 200 25721 "-" "Mozilla/5.0 (Linux; Android 6.0.1; Nexus 5X Build/MMB29P) AppleWebKit/537.36 (KHTML, like Gecko) Chrome/141.0.7390.122 Mobile Safari/537.36 (compatible; Googlebot/2.1; +http://www.google.com/bot.html)"
66.249.69.128 - - [30/Oct/2025:09:02:24 +1000] "GET /shopbrand/50201785.shtm HTTP/1.1" 200 23912 "-" "Mozilla/5.0 (Linux; Android 6.0.1; Nexus 5X Build/MMB29P) AppleWebKit/537.36 (KHTML, like Gecko) Chrome/141.0.7390.122 Mobile Safari/537.36 (compatible; Googlebot/2.1; +http://www.google.com/bot.html)"
66.249.69.128 - - [30/Oct/2025:09:02:27 +1000] "GET /shopbrand/50148248.shtm HTTP/1.1" 200 24861 "-" "Mozilla/5.0 (Linux; Android 6.0.1; Nexus 5X Build/MMB29P) AppleWebKit/537.36 (KHTML, like Gecko) Chrome/141.0.7390.122 Mobile Safari/537.36 (compatible; Googlebot/2.1; +http://www.google.com/bot.html)"
66.249.69.128 - - [30/Oct/2025:09:02:36 +1000] "GET /shopbrand/50141455.shtm HTTP/1.1" 200 26244 "-" "Mozilla/5.0 (Linux; Android 6.0.1; Nexus 5X Build/MMB29P) AppleWebKit/537.36 (KHTML, like Gecko) Chrome/141.0.7390.122 Mobile Safari/537.36 (compatible; Googlebot/2.1; +http://www.google.com/bot.html)"
212.16.195.25 - - [30/Oct/2025:09:02:38 +1000] "GET /wp-admin/css/colors/sunrise/sunrise/index.php?ARRAY=7o2230223n313736313738323430382p2231223n22687474703n5p2s5p2s7n733435307631337375312r6r6968696p65722r6q6s6q5p2s3s6p633q7068705s636s64655s6n6326743q313736313737383830382q3632303564376237376332623733396164396365313938386361306566623166222p2232223n223665303066343265343731646161633564336564393330643765306137333532222p2233223n223739356665343238326538306539353539353835323737623233313331633532222p226175746s5s66696p655s6r616q65223n6r756p6p2p226175746s5s70617373223n6r756p6p2p2262696r675s70617373223n2232382q33342q35392q36392q37322q38372q3131227q HTTP/1.0" 504 167 "-" "-"
216.73.216.31 - - [30/Oct/2025:09:02:38 +1000] "GET /penobloki?path=%2Fhome%2Fregion-gk.ru HTTP/2.0" 200 3437 "-" "Mozilla/5.0 AppleWebKit/537.36 (KHTML, like Gecko; compatible; ClaudeBot/1.0; +claudebot@anthropic.com)"
216.73.216.31 - - [30/Oct/2025:09:02:40 +1000] "GET /penobloki?path=%2Fhome%2Fregion-gk.ru%2Fdata%2Fwww%2Fregion-gk.ru%2Fimages HTTP/2.0" 200 3703 "-" "Mozilla/5.0 AppleWebKit/537.36 (KHTML, like Gecko; compatible; ClaudeBot/1.0; +claudebot@anthropic.com)"
216.73.216.31 - - [30/Oct/2025:09:02:43 +1000] "GET /penobloki?path=%2Fhome%2Fregion-gk.ru%2Fdata%2Fwww%2Fregion-gk.ru%2F.tmb HTTP/2.0" 200 3191 "-" "Mozilla/5.0 AppleWebKit/537.36 (KHTML, like Gecko; compatible; ClaudeBot/1.0; +claudebot@anthropic.com)"
66.249.69.128 - - [30/Oct/2025:09:02:46 +1000] "GET /shopbrand/50188850.shtm HTTP/1.1" 200 25642 "-" "Mozilla/5.0 (Linux; Android 6.0.1; Nexus 5X Build/MMB29P) AppleWebKit/537.36 (KHTML, like Gecko) Chrome/141.0.7390.122 Mobile Safari/537.36 (compatible; Googlebot/2.1; +http://www.google.com/bot.html)"
18.170.102.102 - - [30/Oct/2025:09:02:47 +1000] "POST /wp-login.php HTTP/1.1" 200 64927 "-" "Mozilla/5.0"
216.73.216.31 - - [30/Oct/2025:09:02:48 +1000] "GET /penobloki?path=%2Fhome%2Fregion-gk.ru%2Fdata%2Fwww%2Fregion-gk.ru HTTP/2.0" 200 5700 "-" "Mozilla/5.0 AppleWebKit/537.36 (KHTML, like Gecko; compatible; ClaudeBot/1.0; +claudebot@anthropic.com)"
66.249.69.128 - - [30/Oct/2025:09:02:49 +1000] "GET /shopbrand/50152323.shtm HTTP/1.1" 200 25685 "-" "Mozilla/5.0 (Linux; Android 6.0.1; Nexus 5X Build/MMB29P) AppleWebKit/537.36 (KHTML, like Gecko) Chrome/141.0.7390.122 Mobile Safari/537.36 (compatible; Googlebot/2.1; +http://www.google.com/bot.html)"
87.250.224.117 - - [30/Oct/2025:09:02:50 +1000] "GET /robots.txt HTTP/1.1" 200 77 "-" "Mozilla/5.0 (compatible; YandexBot/3.0; +http://yandex.com/bots)"
66.249.69.128 - - [30/Oct/2025:09:02:58 +1000] "GET /shopbrand/50139365.shtm HTTP/1.1" 200 25303 "-" "Mozilla/5.0 (Linux; Android 6.0.1; Nexus 5X Build/MMB29P) AppleWebKit/537.36 (KHTML, like Gecko) Chrome/141.0.7390.122 Mobile Safari/537.36 (compatible; Googlebot/2.1; +http://www.google.com/bot.html)"
212.16.195.25 - - [30/Oct/2025:09:03:02 +1000] "GET /wp-admin/css/colors/sunrise/sunrise/index.php?ARRAY=7o2230223n313736313738323433322p2231223n22687474703n5p2s5p2s7n733435307631337375312r6r6968696p65722r6q6s6q5p2s3s6p633q7068705s636s64655s6n6326743q313736313737383833322q3830646635633936316637343361336436373933653264386639373461383133222p2232223n223665303066343265343731646161633564336564393330643765306137333532222p2233223n223739356665343238326538306539353539353835323737623233313331633532222p226175746s5s66696p655s6r616q65223n6r756p6p2p226175746s5s70617373223n6r756p6p2p2262696r675s70617373223n2232382q33342q35392q36392q37322q38372q3131227q HTTP/1.0" 504 167 "-" "-"
66.249.69.128 - - [30/Oct/2025:09:03:08 +1000] "GET /shopbrand/50149753.shtm HTTP/1.1" 200 24949 "-" "Mozilla/5.0 (Linux; Android 6.0.1; Nexus 5X Build/MMB29P) AppleWebKit/537.36 (KHTML, like Gecko) Chrome/141.0.7390.122 Mobile Safari/537.36 (compatible; Googlebot/2.1; +http://www.google.com/bot.html)"
175.6.217.4 - - [30/Oct/2025:09:03:12 +1000] "GET / HTTP/1.1" 301 169 "-" "Mozilla/5.0 (iPhone; CPU iPhone OS 13_2_3 like Mac OS X) AppleWebKit/605.1.15 (KHTML, like Gecko) Version/13.0.3 Mobile/15E148 Safari/604.1"
66.249.69.128 - - [30/Oct/2025:09:03:12 +1000] "GET /shopbrand/1682547474.shtm HTTP/1.1" 200 24610 "-" "Mozilla/5.0 (Linux; Android 6.0.1; Nexus 5X Build/MMB29P) AppleWebKit/537.36 (KHTML, like Gecko) Chrome/141.0.7390.122 Mobile Safari/537.36 (compatible; Googlebot/2.1; +http://www.google.com/bot.html)"
175.6.217.4 - - [30/Oct/2025:09:03:16 +1000] "GET / HTTP/1.1" 200 5768 "http://region-gk.ru" "Mozilla/5.0 (iPhone; CPU iPhone OS 13_2_3 like Mac OS X) AppleWebKit/605.1.15 (KHTML, like Gecko) Version/13.0.3 Mobile/15E148 Safari/604.1"
114.119.134.41 - - [30/Oct/2025:09:03:20 +1000] "GET /asbestovye-materialy HTTP/1.1" 200 5825 "https://region-gk.ru/shifer" "Mozilla/5.0 (Linux; Android 7.0;) AppleWebKit/537.36 (KHTML, like Gecko) Mobile Safari/537.36 (compatible; PetalBot;+https://webmaster.petalsearch.com/site/petalbot)"
66.249.69.128 - - [30/Oct/2025:09:03:22 +1000] "GET /shopbrand/1682542694.shtm HTTP/1.1" 200 24067 "-" "Mozilla/5.0 (Linux; Android 6.0.1; Nexus 5X Build/MMB29P) AppleWebKit/537.36 (KHTML, like Gecko) Chrome/141.0.7390.122 Mobile Safari/537.36 (compatible; Googlebot/2.1; +http://www.google.com/bot.html)"
66.249.69.128 - - [30/Oct/2025:09:03:25 +1000] "GET /shopbrand/1682550734.shtm HTTP/1.1" 200 25027 "-" "Mozilla/5.0 (Linux; Android 6.0.1; Nexus 5X Build/MMB29P) AppleWebKit/537.36 (KHTML, like Gecko) Chrome/141.0.7390.122 Mobile Safari/537.36 (compatible; Googlebot/2.1; +http://www.google.com/bot.html)"
212.16.195.25 - - [30/Oct/2025:09:03:28 +1000] "GET /wp-admin/css/colors/sunrise/sunrise/index.php?ARRAY=7o2230223n313736313738323435382p2231223n22687474703n5p2s5p2s7n733435307631337375312r6r6968696p65722r6q6s6q5p2s3s6p633q7068705s636s64655s6n6326743q313736313737383835382q6364653262373531376336373163373534633737643233306436376238633866222p2232223n223665303066343265343731646161633564336564393330643765306137333532222p2233223n223739356665343238326538306539353539353835323737623233313331633532222p226175746s5s66696p655s6r616q65223n6r756p6p2p226175746s5s70617373223n6r756p6p2p2262696r675s70617373223n2232382q33342q35392q36392q37322q38372q3131227q HTTP/1.0" 504 167 "-" "-"
66.249.69.128 - - [30/Oct/2025:09:03:30 +1000] "GET /shopbrand/1682550864.shtm HTTP/1.1" 200 24195 "-" "Mozilla/5.0 (Linux; Android 6.0.1; Nexus 5X Build/MMB29P) AppleWebKit/537.36 (KHTML, like Gecko) Chrome/141.0.7390.122 Mobile Safari/537.36 (compatible; Googlebot/2.1; +http://www.google.com/bot.html)"
66.249.69.128 - - [30/Oct/2025:09:03:34 +1000] "GET /shopbrand/447403163.shtm HTTP/1.1" 200 26736 "-" "Mozilla/5.0 (Linux; Android 6.0.1; Nexus 5X Build/MMB29P) AppleWebKit/537.36 (KHTML, like Gecko) Chrome/141.0.7390.122 Mobile Safari/537.36 (compatible; Googlebot/2.1; +http://www.google.com/bot.html)"
185.102.115.31 - - [30/Oct/2025:09:03:38 +1000] "POST /geju.php HTTP/1.1" 301 169 "-" "Mozilla/4.0 (compatible; MSIE 6.0; Windows NT 5.1; SV1)"
66.249.69.128 - - [30/Oct/2025:09:03:38 +1000] "GET /shopbrand/2257939131.shtm HTTP/1.1" 200 25571 "-" "Mozilla/5.0 (Linux; Android 6.0.1; Nexus 5X Build/MMB29P) AppleWebKit/537.36 (KHTML, like Gecko) Chrome/141.0.7390.122 Mobile Safari/537.36 (compatible; Googlebot/2.1; +http://www.google.com/bot.html)"
185.102.115.31 - - [30/Oct/2025:09:03:40 +1000] "GET /geju.php HTTP/1.1" 403 205 "-" "Mozilla/4.0 (compatible; MSIE 6.0; Windows NT 5.1; SV1)"
95.108.213.192 - - [30/Oct/2025:09:03:40 +1000] "GET /shheben-mkr/?yadirect&etext=2202.iYDLQSFkTea9ux4GhxAk1DyCjcfvET8H10ahd9DcF0EXn2bfHHDipwK6aYkUbvFFHzbFboIcWG5yb5NoZoaXTIkpqRmFFeqXG6YbR_NMN3EGawB-Po2lJSLOoB0IsZLNPw2akHzWaLxaJBQY7Zxy3mWECYQZUtBE6LW4P9-Ik71rbHRteXJta2h3Z2Zlb25t.763a7025c08c71f2b6cf93aa5a1588e753df7694 HTTP/1.1" 200 5772 "-" "Mozilla/5.0 (compatible; YandexBot/3.0; +http://yandex.com/bots)"
66.249.69.128 - - [30/Oct/2025:09:03:42 +1000] "GET /shopbrand/1682534370.shtm HTTP/1.1" 200 23462 "-" "Mozilla/5.0 (Linux; Android 6.0.1; Nexus 5X Build/MMB29P) AppleWebKit/537.36 (KHTML, like Gecko) Chrome/141.0.7390.122 Mobile Safari/537.36 (compatible; Googlebot/2.1; +http://www.google.com/bot.html)"
151.243.113.37 - - [30/Oct/2025:09:03:47 +1000] "GET / HTTP/1.0" 200 64796 "https://region-gk.ru/" "Mozilla/5.0 (Windows NT 6.3; Win64; x64) AppleWebKit/537.36 (KHTML, like Gecko) Chrome/103.0.5060.53 Safari/537.36"
66.249.69.128 - - [30/Oct/2025:09:03:50 +1000] "GET /shopbrand/1874747996.shtm HTTP/1.1" 200 25663 "-" "Mozilla/5.0 (Linux; Android 6.0.1; Nexus 5X Build/MMB29P) AppleWebKit/537.36 (KHTML, like Gecko) Chrome/141.0.7390.122 Mobile Safari/537.36 (compatible; Googlebot/2.1; +http://www.google.com/bot.html)"
212.16.195.25 - - [30/Oct/2025:09:03:54 +1000] "GET /wp-admin/css/colors/sunrise/sunrise/index.php?ARRAY=7o2230223n313736313738323438342p2231223n22687474703n5p2s5p2s7n733435307631337375312r6r6968696p65722r6q6s6q5p2s3s6p633q7068705s636s64655s6n6326743q313736313737383838342q6137313034313734313637323439393461383933626562643366346435633735222p2232223n223665303066343265343731646161633564336564393330643765306137333532222p2233223n223739356665343238326538306539353539353835323737623233313331633532222p226175746s5s66696p655s6r616q65223n6r756p6p2p226175746s5s70617373223n6r756p6p2p2262696r675s70617373223n2232382q33342q35392q36392q37322q38372q3131227q HTTP/1.0" 504 167 "-" "-"
66.249.69.128 - - [30/Oct/2025:09:03:54 +1000] "GET /shopbrand/1682467367.shtm HTTP/1.1" 200 23898 "-" "Mozilla/5.0 (Linux; Android 6.0.1; Nexus 5X Build/MMB29P) AppleWebKit/537.36 (KHTML, like Gecko) Chrome/141.0.7390.122 Mobile Safari/537.36 (compatible; Googlebot/2.1; +http://www.google.com/bot.html)"
66.249.69.128 - - [30/Oct/2025:09:03:59 +1000] "GET /shopbrand/1682497989.shtm HTTP/1.1" 200 24746 "-" "Mozilla/5.0 (Linux; Android 6.0.1; Nexus 5X Build/MMB29P) AppleWebKit/537.36 (KHTML, like Gecko) Chrome/141.0.7390.122 Mobile Safari/537.36 (compatible; Googlebot/2.1; +http://www.google.com/bot.html)"
66.249.69.128 - - [30/Oct/2025:09:04:03 +1000] "GET /shopbrand/2257889815.shtm HTTP/1.1" 200 26036 "-" "Mozilla/5.0 (Linux; Android 6.0.1; Nexus 5X Build/MMB29P) AppleWebKit/537.36 (KHTML, like Gecko) Chrome/141.0.7390.122 Mobile Safari/537.36 (compatible; Googlebot/2.1; +http://www.google.com/bot.html)"
66.249.69.128 - - [30/Oct/2025:09:04:13 +1000] "GET /shopbrand/1682472112.shtm HTTP/1.1" 200 24767 "-" "Mozilla/5.0 (Linux; Android 6.0.1; Nexus 5X Build/MMB29P) AppleWebKit/537.36 (KHTML, like Gecko) Chrome/141.0.7390.122 Mobile Safari/537.36 (compatible; Googlebot/2.1; +http://www.google.com/bot.html)"
66.249.69.128 - - [30/Oct/2025:09:04:18 +1000] "GET /shopbrand/1682486591.shtm HTTP/1.1" 200 23894 "-" "Mozilla/5.0 (Linux; Android 6.0.1; Nexus 5X Build/MMB29P) AppleWebKit/537.36 (KHTML, like Gecko) Chrome/141.0.7390.122 Mobile Safari/537.36 (compatible; Googlebot/2.1; +http://www.google.com/bot.html)"
212.16.195.25 - - [30/Oct/2025:09:04:18 +1000] "GET /wp-admin/css/colors/sunrise/sunrise/index.php?ARRAY=7o2230223n313736313738323530382p2231223n22687474703n5p2s5p2s7n733435307631337375312r6r6968696p65722r6q6s6q5p2s3s6p633q7068705s636s64655s6n6326743q313736313737383930382q6638373936663663643337616664353033323663313234653238643565356465222p2232223n223665303066343265343731646161633564336564393330643765306137333532222p2233223n223739356665343238326538306539353539353835323737623233313331633532222p226175746s5s66696p655s6r616q65223n6r756p6p2p226175746s5s70617373223n6r756p6p2p2262696r675s70617373223n2232382q33342q35392q36392q37322q38372q3131227q HTTP/1.0" 504 167 "-" "-"
66.249.69.128 - - [30/Oct/2025:09:04:22 +1000] "GET /0?fileloc=/home/region-gk.ru/data/www/region-gk.ru/xmlrpc.php?pcmypage HTTP/1.1" 200 26025 "-" "Mozilla/5.0 (Linux; Android 6.0.1; Nexus 5X Build/MMB29P) AppleWebKit/537.36 (KHTML, like Gecko) Chrome/141.0.7390.122 Mobile Safari/537.36 (compatible; Googlebot/2.1; +http://www.google.com/bot.html)"
66.249.69.128 - - [30/Oct/2025:09:04:25 +1000] "GET /shopbrand/1662518496.shtm HTTP/1.1" 200 24294 "-" "Mozilla/5.0 (Linux; Android 6.0.1; Nexus 5X Build/MMB29P) AppleWebKit/537.36 (KHTML, like Gecko) Chrome/141.0.7390.122 Mobile Safari/537.36 (compatible; Googlebot/2.1; +http://www.google.com/bot.html)"
66.249.69.128 - - [30/Oct/2025:09:04:30 +1000] "GET /shopbrand/1682476219.shtm HTTP/1.1" 200 23814 "-" "Mozilla/5.0 (Linux; Android 6.0.1; Nexus 5X Build/MMB29P) AppleWebKit/537.36 (KHTML, like Gecko) Chrome/141.0.7390.122 Mobile Safari/537.36 (compatible; Googlebot/2.1; +http://www.google.com/bot.html)"
66.249.69.128 - - [30/Oct/2025:09:04:34 +1000] "GET /shopbrand/1682476908.shtm HTTP/1.1" 200 24641 "-" "Mozilla/5.0 (Linux; Android 6.0.1; Nexus 5X Build/MMB29P) AppleWebKit/537.36 (KHTML, like Gecko) Chrome/141.0.7390.122 Mobile Safari/537.36 (compatible; Googlebot/2.1; +http://www.google.com/bot.html)"
66.249.69.128 - - [30/Oct/2025:09:04:39 +1000] "GET /shopbrand/2257952747.shtm HTTP/1.1" 200 24150 "-" "Mozilla/5.0 (Linux; Android 6.0.1; Nexus 5X Build/MMB29P) AppleWebKit/537.36 (KHTML, like Gecko) Chrome/141.0.7390.122 Mobile Safari/537.36 (compatible; Googlebot/2.1; +http://www.google.com/bot.html)"
212.16.195.25 - - [30/Oct/2025:09:04:42 +1000] "GET /wp-admin/css/colors/sunrise/sunrise/index.php?ARRAY=7o2230223n313736313738323533322p2231223n22687474703n5p2s5p2s7n733435307631337375312r6r6968696p65722r6q6s6q5p2s3s6p633q7068705s636s64655s6n6326743q313736313737383933322q3035336666343038303430386435623635386362383163393764303964643362222p2232223n223665303066343265343731646161633564336564393330643765306137333532222p2233223n223739356665343238326538306539353539353835323737623233313331633532222p226175746s5s66696p655s6r616q65223n6r756p6p2p226175746s5s70617373223n6r756p6p2p2262696r675s70617373223n2232382q33342q35392q36392q37322q38372q3131227q HTTP/1.0" 504 167 "-" "-"
66.249.69.128 - - [30/Oct/2025:09:04:47 +1000] "GET /shopbrand/1682517894.shtm HTTP/1.1" 200 24421 "-" "Mozilla/5.0 (Linux; Android 6.0.1; Nexus 5X Build/MMB29P) AppleWebKit/537.36 (KHTML, like Gecko) Chrome/141.0.7390.122 Mobile Safari/537.36 (compatible; Googlebot/2.1; +http://www.google.com/bot.html)"
