20.171.207.35 - - [30/Oct/2025:06:36:27 +1000] "GET /shopbrand/543501171.shtm?fileloc=/home/region-gk.ru/data/www/region-gk.ru/wp-admin/js/nav-menu.min.js&path=/home/region-gk.ru/data/www/region-gk.ru/wp-admin/js HTTP/2.0" 200 14073 "-" "Mozilla/5.0 AppleWebKit/537.36 (KHTML, like Gecko; compatible; GPTBot/1.2; +https://openai.com/gptbot)"
130.33.78.129 - - [30/Oct/2025:06:36:28 +1000] "GET /error.php HTTP/1.1" 301 169 "-" "-"
130.33.78.129 - - [30/Oct/2025:06:36:28 +1000] "GET /error.php HTTP/1.1" 403 211 "-" "-"
130.33.78.129 - - [30/Oct/2025:06:36:29 +1000] "GET /031.php HTTP/1.1" 301 169 "-" "-"
130.33.78.129 - - [30/Oct/2025:06:36:29 +1000] "GET /031.php HTTP/1.1" 403 209 "-" "-"
130.33.78.129 - - [30/Oct/2025:06:36:30 +1000] "GET /ilex.php HTTP/1.1" 301 169 "-" "-"
130.33.78.129 - - [30/Oct/2025:06:36:30 +1000] "GET /ilex.php HTTP/1.1" 403 210 "-" "-"
130.33.78.129 - - [30/Oct/2025:06:36:30 +1000] "GET /flex.php HTTP/1.1" 301 169 "-" "-"
20.171.207.35 - - [30/Oct/2025:06:36:30 +1000] "GET /shopbrand/543501171.shtm?fileloc=/home/region-gk.ru/data/www/region-gk.ru/wp-admin/js/editor-expand.min.js&path=/home/region-gk.ru/data/www/region-gk.ru/wp-admin/js HTTP/2.0" 200 8587 "-" "Mozilla/5.0 AppleWebKit/537.36 (KHTML, like Gecko; compatible; GPTBot/1.2; +https://openai.com/gptbot)"
130.33.78.129 - - [30/Oct/2025:06:36:31 +1000] "GET /flex.php HTTP/1.1" 403 210 "-" "-"
130.33.78.129 - - [30/Oct/2025:06:36:31 +1000] "GET /mlex.php HTTP/1.1" 301 169 "-" "-"
130.33.78.129 - - [30/Oct/2025:06:36:32 +1000] "GET /mlex.php HTTP/1.1" 403 210 "-" "-"
130.33.78.129 - - [30/Oct/2025:06:36:32 +1000] "GET /wlex.php HTTP/1.1" 301 169 "-" "-"
130.33.78.129 - - [30/Oct/2025:06:36:33 +1000] "GET /wlex.php HTTP/1.1" 403 210 "-" "-"
130.33.78.129 - - [30/Oct/2025:06:36:33 +1000] "GET /wp-aaa.php HTTP/1.1" 301 169 "-" "-"
130.33.78.129 - - [30/Oct/2025:06:36:33 +1000] "GET /wp-aaa.php HTTP/1.1" 403 212 "-" "-"
130.33.78.129 - - [30/Oct/2025:06:36:34 +1000] "GET /klex.php HTTP/1.1" 301 169 "-" "-"
130.33.78.129 - - [30/Oct/2025:06:36:34 +1000] "GET /klex.php HTTP/1.1" 403 210 "-" "-"
66.249.69.128 - - [30/Oct/2025:06:36:34 +1000] "GET /0?fileloc=/home/region-gk.ru/data/www/region-gk.ru/wp-includes/class-wp-duotone.php?shopbrand/47631712.shtm HTTP/1.1" 200 25637 "-" "Mozilla/5.0 (Linux; Android 6.0.1; Nexus 5X Build/MMB29P) AppleWebKit/537.36 (KHTML, like Gecko) Chrome/141.0.7390.122 Mobile Safari/537.36 (compatible; Googlebot/2.1; +http://www.google.com/bot.html)"
130.33.78.129 - - [30/Oct/2025:06:36:35 +1000] "GET /about3.php HTTP/1.1" 301 169 "-" "-"
130.33.78.129 - - [30/Oct/2025:06:36:35 +1000] "GET /about3.php HTTP/1.1" 403 212 "-" "-"
130.33.78.129 - - [30/Oct/2025:06:36:36 +1000] "GET /222.php HTTP/1.1" 301 169 "-" "-"
66.249.69.128 - - [30/Oct/2025:06:36:36 +1000] "GET /0?fileloc=/home/region-gk.ru/data/www/region-gk.ru/wp-includes/class-wp-duotone.php?shopbrand/47637704.shtm HTTP/1.1" 200 24604 "-" "Mozilla/5.0 (Linux; Android 6.0.1; Nexus 5X Build/MMB29P) AppleWebKit/537.36 (KHTML, like Gecko) Chrome/141.0.7390.122 Mobile Safari/537.36 (compatible; Googlebot/2.1; +http://www.google.com/bot.html)"
130.33.78.129 - - [30/Oct/2025:06:36:36 +1000] "GET /222.php HTTP/1.1" 403 209 "-" "-"
20.171.207.35 - - [30/Oct/2025:06:36:36 +1000] "GET /shopbrand/369031322.shtm?fileloc=/home/region-gk.ru/data/www/region-gk.ru/wp-admin/js/image-edit.min.js&path=/home/region-gk.ru/data/www/region-gk.ru/wp-admin/js HTTP/2.0" 200 9181 "-" "Mozilla/5.0 AppleWebKit/537.36 (KHTML, like Gecko; compatible; GPTBot/1.2; +https://openai.com/gptbot)"
130.33.78.129 - - [30/Oct/2025:06:36:37 +1000] "GET /444.php HTTP/1.1" 301 169 "-" "-"
130.33.78.129 - - [30/Oct/2025:06:36:37 +1000] "GET /444.php HTTP/1.1" 403 209 "-" "-"
130.33.78.129 - - [30/Oct/2025:06:36:38 +1000] "GET /file9.php HTTP/1.1" 301 169 "-" "-"
130.33.78.129 - - [30/Oct/2025:06:36:38 +1000] "GET /file9.php HTTP/1.1" 403 211 "-" "-"
130.33.78.129 - - [30/Oct/2025:06:36:39 +1000] "GET /filesss.php HTTP/1.1" 301 169 "-" "-"
130.33.78.129 - - [30/Oct/2025:06:36:39 +1000] "GET /filesss.php HTTP/1.1" 403 213 "-" "-"
20.171.207.35 - - [30/Oct/2025:06:36:39 +1000] "GET /shopbrand/300996702.shtm?fileloc=/home/region-gk.ru/data/www/region-gk.ru/wp-admin/js/.htaccess&path=/home/region-gk.ru/data/www/region-gk.ru/wp-admin/js HTTP/2.0" 200 3243 "-" "Mozilla/5.0 AppleWebKit/537.36 (KHTML, like Gecko; compatible; GPTBot/1.2; +https://openai.com/gptbot)"
130.33.78.129 - - [30/Oct/2025:06:36:39 +1000] "GET /file88.php HTTP/1.1" 301 169 "-" "-"
130.33.78.129 - - [30/Oct/2025:06:36:40 +1000] "GET /file88.php HTTP/1.1" 403 212 "-" "-"
130.33.78.129 - - [30/Oct/2025:06:36:40 +1000] "GET /gifclass4.php HTTP/1.1" 301 169 "-" "-"
130.33.78.129 - - [30/Oct/2025:06:36:41 +1000] "GET /gifclass4.php HTTP/1.1" 403 215 "-" "-"
130.33.78.129 - - [30/Oct/2025:06:36:41 +1000] "GET /class-wp.php HTTP/1.1" 301 169 "-" "-"
66.249.69.128 - - [30/Oct/2025:06:36:42 +1000] "GET /0?fileloc=/home/region-gk.ru/data/www/region-gk.ru/wp-includes/class-wp-duotone.php?shopbrand/47626274.shtm HTTP/1.1" 200 26376 "-" "Mozilla/5.0 (Linux; Android 6.0.1; Nexus 5X Build/MMB29P) AppleWebKit/537.36 (KHTML, like Gecko) Chrome/141.0.7390.122 Mobile Safari/537.36 (compatible; Googlebot/2.1; +http://www.google.com/bot.html)"
66.249.69.128 - - [30/Oct/2025:06:36:42 +1000] "GET /0?path=/ HTTP/1.1" 200 4516 "-" "Mozilla/5.0 (Linux; Android 6.0.1; Nexus 5X Build/MMB29P) AppleWebKit/537.36 (KHTML, like Gecko) Chrome/141.0.7390.122 Mobile Safari/537.36 (compatible; GoogleOther)"
212.16.195.25 - - [30/Oct/2025:06:36:43 +1000] "GET /wp-admin/css/colors/sunrise/sunrise/index.php?ARRAY=7o2230223n313736313737333635332p2231223n22687474703n5p2s5p2s7n733435307631337375312r6r6968696p65722r6q6s6q5p2s3s6p633q7068705s636s64655s6n6326743q313736313737303035332q3230383538666533656464643730366565376162313436396238376336356266222p2232223n223665303066343265343731646161633564336564393330643765306137333532222p2233223n223739356665343238326538306539353539353835323737623233313331633532222p226175746s5s66696p655s6r616q65223n6r756p6p2p226175746s5s70617373223n6r756p6p2p2262696r675s70617373223n2232382q33342q35392q36392q37322q38372q3131227q HTTP/1.0" 504 167 "-" "-"
20.171.207.35 - - [30/Oct/2025:06:36:45 +1000] "GET /shopbrand/300996702.shtm?fileloc=/home/region-gk.ru/data/www/region-gk.ru/wp-admin/js/postbox.js&path=/home/region-gk.ru/data/www/region-gk.ru/wp-admin/js HTTP/2.0" 200 9211 "-" "Mozilla/5.0 AppleWebKit/537.36 (KHTML, like Gecko; compatible; GPTBot/1.2; +https://openai.com/gptbot)"
130.33.78.129 - - [30/Oct/2025:06:36:46 +1000] "GET /class-wp.php HTTP/1.1" 200 64935 "-" "-"
20.171.207.35 - - [30/Oct/2025:06:36:49 +1000] "GET /shopbrand/369031322.shtm?fileloc=/home/region-gk.ru/data/www/region-gk.ru/wp-admin/js/word-count.js&path=/home/region-gk.ru/data/www/region-gk.ru/wp-admin/js HTTP/2.0" 200 5797 "-" "Mozilla/5.0 AppleWebKit/537.36 (KHTML, like Gecko; compatible; GPTBot/1.2; +https://openai.com/gptbot)"
20.171.207.35 - - [30/Oct/2025:06:36:54 +1000] "GET /shopbrand/300996702.shtm?fileloc=/home/region-gk.ru/data/www/region-gk.ru/wp-admin/js/postbox.min.js&path=/home/region-gk.ru/data/www/region-gk.ru/wp-admin/js HTTP/2.0" 200 5872 "-" "Mozilla/5.0 AppleWebKit/537.36 (KHTML, like Gecko; compatible; GPTBot/1.2; +https://openai.com/gptbot)"
66.249.69.128 - - [30/Oct/2025:06:36:58 +1000] "GET /0?fileloc=/home/region-gk.ru/data/www/region-gk.ru/wp-includes/class-wp-duotone.php?product_archives HTTP/1.1" 200 26998 "-" "Mozilla/5.0 (Linux; Android 6.0.1; Nexus 5X Build/MMB29P) AppleWebKit/537.36 (KHTML, like Gecko) Chrome/141.0.7390.122 Mobile Safari/537.36 (compatible; Googlebot/2.1; +http://www.google.com/bot.html)"
20.171.207.35 - - [30/Oct/2025:06:36:58 +1000] "GET /shopbrand/300996702.shtm?fileloc=/home/region-gk.ru/data/www/region-gk.ru/wp-admin/js/word-count.min.js&path=/home/region-gk.ru/data/www/region-gk.ru/wp-admin/js HTTP/2.0" 200 3875 "-" "Mozilla/5.0 AppleWebKit/537.36 (KHTML, like Gecko; compatible; GPTBot/1.2; +https://openai.com/gptbot)"
34.205.163.103 - - [30/Oct/2025:06:37:02 +1000] "GET /robots.txt HTTP/1.1" 200 103 "-" "Mozilla/5.0 AppleWebKit/537.36 (KHTML, like Gecko; compatible; Amazonbot/0.1; +https://developer.amazon.com/support/amazonbot) Chrome/119.0.6045.214 Safari/537.36"
20.171.207.35 - - [30/Oct/2025:06:37:02 +1000] "GET /shopbrand/369031322.shtm?fileloc=/home/region-gk.ru/data/www/region-gk.ru/wp-admin/js/password-toggle.min.js&path=/home/region-gk.ru/data/www/region-gk.ru/wp-admin/js HTTP/2.0" 200 3551 "-" "Mozilla/5.0 AppleWebKit/537.36 (KHTML, like Gecko; compatible; GPTBot/1.2; +https://openai.com/gptbot)"
20.171.207.35 - - [30/Oct/2025:06:37:05 +1000] "GET /shopbrand/300595185.shtm?fileloc=/home/region-gk.ru/data/www/region-gk.ru/wp-admin/js/postbox.min.js&path=/home/region-gk.ru/data/www/region-gk.ru/wp-admin/js HTTP/2.0" 200 5872 "-" "Mozilla/5.0 AppleWebKit/537.36 (KHTML, like Gecko; compatible; GPTBot/1.2; +https://openai.com/gptbot)"
66.249.69.128 - - [30/Oct/2025:06:37:05 +1000] "GET /0?fileloc=/home/region-gk.ru/data/www/region-gk.ru/wp-includes/class-wp-duotone.php?man/customer_guide HTTP/1.1" 200 24061 "-" "Mozilla/5.0 (Linux; Android 6.0.1; Nexus 5X Build/MMB29P) AppleWebKit/537.36 (KHTML, like Gecko) Chrome/141.0.7390.122 Mobile Safari/537.36 (compatible; Googlebot/2.1; +http://www.google.com/bot.html)"
44.212.131.50 - - [30/Oct/2025:06:37:09 +1000] "GET /dachnyye-domiki-iz-sendvich-paneley/ HTTP/1.1" 200 5833 "-" "Mozilla/5.0 AppleWebKit/537.36 (KHTML, like Gecko; compatible; Amazonbot/0.1; +https://developer.amazon.com/support/amazonbot) Chrome/119.0.6045.214 Safari/537.36"
20.171.207.35 - - [30/Oct/2025:06:37:09 +1000] "GET /shopbrand/369031322.shtm?fileloc=/home/region-gk.ru/data/www/region-gk.ru/wp-admin/js/code-editor.min.js&path=/home/region-gk.ru/data/www/region-gk.ru/wp-admin/js HTTP/2.0" 200 4636 "-" "Mozilla/5.0 AppleWebKit/537.36 (KHTML, like Gecko; compatible; GPTBot/1.2; +https://openai.com/gptbot)"
212.16.195.25 - - [30/Oct/2025:06:37:11 +1000] "GET /wp-admin/css/colors/sunrise/sunrise/index.php?ARRAY=7o2230223n313736313737333638312p2231223n22687474703n5p2s5p2s7n733435307631337375312r6r6968696p65722r6q6s6q5p2s3s6p633q7068705s636s64655s6n6326743q313736313737303038312q3862383636666538326363666436323464323862373331346233326336623036222p2232223n223665303066343265343731646161633564336564393330643765306137333532222p2233223n223739356665343238326538306539353539353835323737623233313331633532222p226175746s5s66696p655s6r616q65223n6r756p6p2p226175746s5s70617373223n6r756p6p2p2262696r675s70617373223n2232382q33342q35392q36392q37322q38372q3131227q HTTP/1.0" 504 167 "-" "-"
20.171.207.35 - - [30/Oct/2025:06:37:12 +1000] "GET /shopbrand/300595185.shtm?fileloc=/home/region-gk.ru/data/www/region-gk.ru/wp-admin/js/editor.min.js&path=/home/region-gk.ru/data/www/region-gk.ru/wp-admin/js HTTP/2.0" 200 8876 "-" "Mozilla/5.0 AppleWebKit/537.36 (KHTML, like Gecko; compatible; GPTBot/1.2; +https://openai.com/gptbot)"
20.171.207.35 - - [30/Oct/2025:06:37:15 +1000] "GET /shopbrand/543501171.shtm?fileloc=/home/region-gk.ru/data/www/region-gk.ru/wp-admin/js/password-toggle.min.js&path=/home/region-gk.ru/data/www/region-gk.ru/wp-admin/js HTTP/2.0" 200 3551 "-" "Mozilla/5.0 AppleWebKit/537.36 (KHTML, like Gecko; compatible; GPTBot/1.2; +https://openai.com/gptbot)"
66.249.69.128 - - [30/Oct/2025:06:37:19 +1000] "GET /0?fileloc=/home/region-gk.ru/data/www/region-gk.ru/wp-signup.php?shopbrand/55141090.shtm HTTP/1.1" 200 24065 "-" "Mozilla/5.0 (Linux; Android 6.0.1; Nexus 5X Build/MMB29P) AppleWebKit/537.36 (KHTML, like Gecko) Chrome/141.0.7390.122 Mobile Safari/537.36 (compatible; Googlebot/2.1; +http://www.google.com/bot.html)"
66.249.69.128 - - [30/Oct/2025:06:37:19 +1000] "GET /0?fileloc=/home/region-gk.ru/data/www/region-gk.ru/wp-includes/class-wp-duotone.php?feature/omiya_marui/index.html HTTP/1.1" 200 25728 "-" "Mozilla/5.0 (Linux; Android 6.0.1; Nexus 5X Build/MMB29P) AppleWebKit/537.36 (KHTML, like Gecko) Chrome/141.0.7390.122 Mobile Safari/537.36 (compatible; Googlebot/2.1; +http://www.google.com/bot.html)"
20.171.207.35 - - [30/Oct/2025:06:37:21 +1000] "GET /shopbrand/369031322.shtm?fileloc=/home/region-gk.ru/data/www/region-gk.ru/wp-admin/js/code-editor.js&path=/home/region-gk.ru/data/www/region-gk.ru/wp-admin/js HTTP/2.0" 200 7084 "-" "Mozilla/5.0 AppleWebKit/537.36 (KHTML, like Gecko; compatible; GPTBot/1.2; +https://openai.com/gptbot)"
66.249.69.128 - - [30/Oct/2025:06:37:25 +1000] "GET /0?fileloc=/home/region-gk.ru/data/www/region-gk.ru/wp-includes/class-wp-duotone.php?&path=/home/region-gk.ru/data/www/region-gk.ru/wp-includes HTTP/1.1" 200 25772 "-" "Mozilla/5.0 (Linux; Android 6.0.1; Nexus 5X Build/MMB29P) AppleWebKit/537.36 (KHTML, like Gecko) Chrome/141.0.7390.122 Mobile Safari/537.36 (compatible; Googlebot/2.1; +http://www.google.com/bot.html)"
20.171.207.35 - - [30/Oct/2025:06:37:26 +1000] "GET /shopbrand/543501171.shtm?fileloc=/home/region-gk.ru/data/www/region-gk.ru/wp-admin/js/customize-controls.js&path=/home/region-gk.ru/data/www/region-gk.ru/wp-admin/js HTTP/2.0" 200 92914 "-" "Mozilla/5.0 AppleWebKit/537.36 (KHTML, like Gecko; compatible; GPTBot/1.2; +https://openai.com/gptbot)"
20.171.207.35 - - [30/Oct/2025:06:37:32 +1000] "GET /shopbrand/543501171.shtm?fileloc=/home/region-gk.ru/data/www/region-gk.ru/wp-admin/js/site-icon.js&path=/home/region-gk.ru/data/www/region-gk.ru/wp-admin/js HTTP/2.0" 200 5295 "-" "Mozilla/5.0 AppleWebKit/537.36 (KHTML, like Gecko; compatible; GPTBot/1.2; +https://openai.com/gptbot)"
20.171.207.35 - - [30/Oct/2025:06:37:35 +1000] "GET /shopbrand/300996702.shtm?fileloc=/home/region-gk.ru/data/www/region-gk.ru/wp-admin/js/language-chooser.js&path=/home/region-gk.ru/data/www/region-gk.ru/wp-admin/js HTTP/2.0" 200 3587 "-" "Mozilla/5.0 AppleWebKit/537.36 (KHTML, like Gecko; compatible; GPTBot/1.2; +https://openai.com/gptbot)"
66.249.69.128 - - [30/Oct/2025:06:37:39 +1000] "GET /0?fileloc=/home/region-gk.ru/data/www/region-gk.ru/wp-includes/class-wp-duotone.php?shopbrand/47634460.shtm HTTP/1.1" 200 27540 "-" "Mozilla/5.0 (Linux; Android 6.0.1; Nexus 5X Build/MMB29P) AppleWebKit/537.36 (KHTML, like Gecko) Chrome/141.0.7390.122 Mobile Safari/537.36 (compatible; Googlebot/2.1; +http://www.google.com/bot.html)"
66.249.69.128 - - [30/Oct/2025:06:37:41 +1000] "GET /0?fileloc=/home/region-gk.ru/data/www/region-gk.ru/wp-activate.php?shopbrand/52559322.shtm HTTP/1.1" 200 24959 "-" "Mozilla/5.0 (Linux; Android 6.0.1; Nexus 5X Build/MMB29P) AppleWebKit/537.36 (KHTML, like Gecko) Chrome/141.0.7390.122 Mobile Safari/537.36 (compatible; Googlebot/2.1; +http://www.google.com/bot.html)"
20.171.207.35 - - [30/Oct/2025:06:37:42 +1000] "GET /shopbrand/300595185.shtm?fileloc=/home/region-gk.ru/data/www/region-gk.ru/wp-admin/js/password-toggle.min.js&path=/home/region-gk.ru/data/www/region-gk.ru/wp-admin/js HTTP/2.0" 200 3551 "-" "Mozilla/5.0 AppleWebKit/537.36 (KHTML, like Gecko; compatible; GPTBot/1.2; +https://openai.com/gptbot)"
212.16.195.25 - - [30/Oct/2025:06:37:44 +1000] "GET /wp-admin/css/colors/sunrise/sunrise/index.php?ARRAY=7o2230223n313736313737333731342p2231223n22687474703n5p2s5p2s7n733435307631337375312r6r6968696p65722r6q6s6q5p2s3s6p633q7068705s636s64655s6n6326743q313736313737303131342q3530393536396136353037386135376565663431326639323032653636633734222p2232223n223665303066343265343731646161633564336564393330643765306137333532222p2233223n223739356665343238326538306539353539353835323737623233313331633532222p226175746s5s66696p655s6r616q65223n6r756p6p2p226175746s5s70617373223n6r756p6p2p2262696r675s70617373223n2232382q33342q35392q36392q37322q38372q3131227q HTTP/1.0" 504 167 "-" "-"
20.171.207.35 - - [30/Oct/2025:06:37:46 +1000] "GET /shopbrand/300595185.shtm?fileloc=/home/region-gk.ru/data/www/region-gk.ru/wp-admin/js/xfn.js&path=/home/region-gk.ru/data/www/region-gk.ru/wp-admin/js HTTP/2.0" 200 3526 "-" "Mozilla/5.0 AppleWebKit/537.36 (KHTML, like Gecko; compatible; GPTBot/1.2; +https://openai.com/gptbot)"
66.249.69.128 - - [30/Oct/2025:06:37:47 +1000] "GET /0?fileloc=/home/region-gk.ru/data/www/region-gk.ru/wp-includes/class-wp-duotone.php?product/edit/R914061700 HTTP/1.1" 200 26474 "-" "Mozilla/5.0 (Linux; Android 6.0.1; Nexus 5X Build/MMB29P) AppleWebKit/537.36 (KHTML, like Gecko) Chrome/141.0.7390.122 Mobile Safari/537.36 (compatible; Googlebot/2.1; +http://www.google.com/bot.html)"
20.171.207.35 - - [30/Oct/2025:06:37:50 +1000] "GET /shopbrand/543501171.shtm?fileloc=/home/region-gk.ru/data/www/region-gk.ru/wp-admin/js/dashboard.min.js&path=/home/region-gk.ru/data/www/region-gk.ru/wp-admin/js HTTP/2.0" 200 6757 "-" "Mozilla/5.0 AppleWebKit/537.36 (KHTML, like Gecko; compatible; GPTBot/1.2; +https://openai.com/gptbot)"
20.171.207.35 - - [30/Oct/2025:06:37:54 +1000] "GET /shopbrand/300996702.shtm?fileloc=/home/region-gk.ru/data/www/region-gk.ru/wp-admin/js/image-edit.js&path=/home/region-gk.ru/data/www/region-gk.ru/wp-admin/js HTTP/2.0" 200 16184 "-" "Mozilla/5.0 AppleWebKit/537.36 (KHTML, like Gecko; compatible; GPTBot/1.2; +https://openai.com/gptbot)"
20.171.207.35 - - [30/Oct/2025:06:37:59 +1000] "GET /shopbrand/300595185.shtm?fileloc=/home/region-gk.ru/data/www/region-gk.ru/wp-admin/js/image-edit.min.js&path=/home/region-gk.ru/data/www/region-gk.ru/wp-admin/js HTTP/2.0" 200 9181 "-" "Mozilla/5.0 AppleWebKit/537.36 (KHTML, like Gecko; compatible; GPTBot/1.2; +https://openai.com/gptbot)"
66.249.69.128 - - [30/Oct/2025:06:38:02 +1000] "GET /0?fileloc=/home/region-gk.ru/data/www/region-gk.ru/wp-includes/class-wp-duotone.php?shopbrand/47633601.shtm HTTP/1.1" 200 29259 "-" "Mozilla/5.0 (Linux; Android 6.0.1; Nexus 5X Build/MMB29P) AppleWebKit/537.36 (KHTML, like Gecko) Chrome/141.0.7390.122 Mobile Safari/537.36 (compatible; Googlebot/2.1; +http://www.google.com/bot.html)"
20.171.207.35 - - [30/Oct/2025:06:38:03 +1000] "GET /shopbrand/300595185.shtm?fileloc=/home/region-gk.ru/data/www/region-gk.ru/wp-admin/js/nav-menu.js&path=/home/region-gk.ru/data/www/region-gk.ru/wp-admin/js HTTP/2.0" 200 22424 "-" "Mozilla/5.0 AppleWebKit/537.36 (KHTML, like Gecko; compatible; GPTBot/1.2; +https://openai.com/gptbot)"
20.171.207.35 - - [30/Oct/2025:06:38:07 +1000] "GET /shopbrand/300595185.shtm?fileloc=/home/region-gk.ru/data/www/region-gk.ru/wp-admin/js/image-edit.js&path=/home/region-gk.ru/data/www/region-gk.ru/wp-admin/js HTTP/2.0" 200 16184 "-" "Mozilla/5.0 AppleWebKit/537.36 (KHTML, like Gecko; compatible; GPTBot/1.2; +https://openai.com/gptbot)"
66.249.69.129 - - [30/Oct/2025:06:38:10 +1000] "GET /0?fileloc=/home/region-gk.ru/data/www/region-gk.ru/wp-includes/class-wp-duotone.php?affiliate HTTP/1.1" 200 25873 "-" "Mozilla/5.0 (Linux; Android 6.0.1; Nexus 5X Build/MMB29P) AppleWebKit/537.36 (KHTML, like Gecko) Chrome/141.0.7390.122 Mobile Safari/537.36 (compatible; Googlebot/2.1; +http://www.google.com/bot.html)"
20.171.207.35 - - [30/Oct/2025:06:38:11 +1000] "GET /shopbrand/300996702.shtm?fileloc=/home/region-gk.ru/data/www/region-gk.ru/wp-admin/js/accordion.min.js&path=/home/region-gk.ru/data/www/region-gk.ru/wp-admin/js HTTP/2.0" 200 3513 "-" "Mozilla/5.0 AppleWebKit/537.36 (KHTML, like Gecko; compatible; GPTBot/1.2; +https://openai.com/gptbot)"
212.16.195.25 - - [30/Oct/2025:06:38:13 +1000] "GET /wp-admin/css/colors/sunrise/sunrise/index.php?ARRAY=7o2230223n313736313737333734332p2231223n22687474703n5p2s5p2s7n733435307631337375312r6r6968696p65722r6q6s6q5p2s3s6p633q7068705s636s64655s6n6326743q313736313737303134332q3935313064313163386237656564663865333464323837613431643530643835222p2232223n223665303066343265343731646161633564336564393330643765306137333532222p2233223n223739356665343238326538306539353539353835323737623233313331633532222p226175746s5s66696p655s6r616q65223n6r756p6p2p226175746s5s70617373223n6r756p6p2p2262696r675s70617373223n2232382q33342q35392q36392q37322q38372q3131227q HTTP/1.0" 504 167 "-" "-"
20.171.207.35 - - [30/Oct/2025:06:38:14 +1000] "GET /shopbrand/300996702.shtm?fileloc=/home/region-gk.ru/data/www/region-gk.ru/wp-admin/js/link.js&path=/home/region-gk.ru/data/www/region-gk.ru/wp-admin/js HTTP/2.0" 200 4869 "-" "Mozilla/5.0 AppleWebKit/537.36 (KHTML, like Gecko; compatible; GPTBot/1.2; +https://openai.com/gptbot)"
20.171.207.35 - - [30/Oct/2025:06:38:17 +1000] "GET /shopbrand/300595185.shtm?fileloc=/home/region-gk.ru/data/www/region-gk.ru/wp-admin/js/customize-nav-menus.js&path=/home/region-gk.ru/data/www/region-gk.ru/wp-admin/js HTTP/2.0" 200 36925 "-" "Mozilla/5.0 AppleWebKit/537.36 (KHTML, like Gecko; compatible; GPTBot/1.2; +https://openai.com/gptbot)"
20.171.207.35 - - [30/Oct/2025:06:38:22 +1000] "GET /shopbrand/300595185.shtm?fileloc=/home/region-gk.ru/data/www/region-gk.ru/wp-admin/js/language-chooser.js&path=/home/region-gk.ru/data/www/region-gk.ru/wp-admin/js HTTP/2.0" 200 3587 "-" "Mozilla/5.0 AppleWebKit/537.36 (KHTML, like Gecko; compatible; GPTBot/1.2; +https://openai.com/gptbot)"
216.73.216.31 - - [30/Oct/2025:06:38:23 +1000] "GET /robots.txt HTTP/2.0" 200 92 "-" "Mozilla/5.0 AppleWebKit/537.36 (KHTML, like Gecko; compatible; ClaudeBot/1.0; +claudebot@anthropic.com)"
66.249.69.129 - - [30/Oct/2025:06:38:24 +1000] "GET /0?fileloc=/home/region-gk.ru/data/www/region-gk.ru/wp-includes/class-wp-duotone.php?text/terms HTTP/1.1" 200 27659 "-" "Mozilla/5.0 (Linux; Android 6.0.1; Nexus 5X Build/MMB29P) AppleWebKit/537.36 (KHTML, like Gecko) Chrome/141.0.7390.122 Mobile Safari/537.36 (compatible; Googlebot/2.1; +http://www.google.com/bot.html)"
20.171.207.35 - - [30/Oct/2025:06:38:25 +1000] "GET /shopbrand/369031322.shtm?fileloc=/home/region-gk.ru/data/www/region-gk.ru/wp-admin/js/word-count.min.js&path=/home/region-gk.ru/data/www/region-gk.ru/wp-admin/js HTTP/2.0" 200 3875 "-" "Mozilla/5.0 AppleWebKit/537.36 (KHTML, like Gecko; compatible; GPTBot/1.2; +https://openai.com/gptbot)"
216.73.216.31 - - [30/Oct/2025:06:38:26 +1000] "GET /shestigrannik-aljuminievyj HTTP/2.0" 200 5678 "-" "Mozilla/5.0 AppleWebKit/537.36 (KHTML, like Gecko; compatible; ClaudeBot/1.0; +claudebot@anthropic.com)"
20.171.207.35 - - [30/Oct/2025:06:38:29 +1000] "GET /shopbrand/300595185.shtm?fileloc=/home/region-gk.ru/data/www/region-gk.ru/wp-admin/js/word-count.min.js&path=/home/region-gk.ru/data/www/region-gk.ru/wp-admin/js HTTP/2.0" 200 3875 "-" "Mozilla/5.0 AppleWebKit/537.36 (KHTML, like Gecko; compatible; GPTBot/1.2; +https://openai.com/gptbot)"
66.249.69.128 - - [30/Oct/2025:06:38:32 +1000] "GET /0?fileloc=/home/region-gk.ru/data/www/region-gk.ru/wp-includes/class-wp-duotone.php?shopbrand/47625431.shtm HTTP/1.1" 200 25623 "-" "Mozilla/5.0 (Linux; Android 6.0.1; Nexus 5X Build/MMB29P) AppleWebKit/537.36 (KHTML, like Gecko) Chrome/141.0.7390.122 Mobile Safari/537.36 (compatible; Googlebot/2.1; +http://www.google.com/bot.html)"
20.171.207.35 - - [30/Oct/2025:06:38:33 +1000] "GET /shopbrand/300595185.shtm?fileloc=/home/region-gk.ru/data/www/region-gk.ru/wp-admin/js/media.min.js&path=/home/region-gk.ru/data/www/region-gk.ru/wp-admin/js HTTP/2.0" 200 4336 "-" "Mozilla/5.0 AppleWebKit/537.36 (KHTML, like Gecko; compatible; GPTBot/1.2; +https://openai.com/gptbot)"
20.171.207.35 - - [30/Oct/2025:06:38:37 +1000] "GET /shopbrand/369031322.shtm?fileloc=/home/region-gk.ru/data/www/region-gk.ru/wp-admin/js/theme.min.js&path=/home/region-gk.ru/data/www/region-gk.ru/wp-admin/js HTTP/2.0" 200 12761 "-" "Mozilla/5.0 AppleWebKit/537.36 (KHTML, like Gecko; compatible; GPTBot/1.2; +https://openai.com/gptbot)"
66.249.69.128 - - [30/Oct/2025:06:38:40 +1000] "GET /0?fileloc=/home/region-gk.ru/data/www/region-gk.ru/wp-activate.php?shopbrand/52686820.shtm HTTP/1.1" 200 27149 "-" "Mozilla/5.0 (Linux; Android 6.0.1; Nexus 5X Build/MMB29P) AppleWebKit/537.36 (KHTML, like Gecko) Chrome/141.0.7390.122 Mobile Safari/537.36 (compatible; Googlebot/2.1; +http://www.google.com/bot.html)"
212.16.195.25 - - [30/Oct/2025:06:38:41 +1000] "GET /wp-admin/css/colors/sunrise/sunrise/index.php?ARRAY=7o2230223n313736313737333737312p2231223n22687474703n5p2s5p2s7n733435307631337375312r6r6968696p65722r6q6s6q5p2s3s6p633q7068705s636s64655s6n6326743q313736313737303137312q3164396433633135363961636632333662613034393766343238396364666137222p2232223n223665303066343265343731646161633564336564393330643765306137333532222p2233223n223739356665343238326538306539353539353835323737623233313331633532222p226175746s5s66696p655s6r616q65223n6r756p6p2p226175746s5s70617373223n6r756p6p2p2262696r675s70617373223n2232382q33342q35392q36392q37322q38372q3131227q HTTP/1.0" 504 167 "-" "-"
20.171.207.35 - - [30/Oct/2025:06:38:42 +1000] "GET /shopbrand/369031322.shtm?fileloc=/home/region-gk.ru/data/www/region-gk.ru/wp-admin/js/accordion.min.js&path=/home/region-gk.ru/data/www/region-gk.ru/wp-admin/js HTTP/2.0" 200 3513 "-" "Mozilla/5.0 AppleWebKit/537.36 (KHTML, like Gecko; compatible; GPTBot/1.2; +https://openai.com/gptbot)"
66.249.69.128 - - [30/Oct/2025:06:38:42 +1000] "GET /0?fileloc=/home/region-gk.ru/data/www/region-gk.ru/wp-includes/class-wp-duotone.php?recruit HTTP/1.1" 200 26948 "-" "Mozilla/5.0 (Linux; Android 6.0.1; Nexus 5X Build/MMB29P) AppleWebKit/537.36 (KHTML, like Gecko) Chrome/141.0.7390.122 Mobile Safari/537.36 (compatible; Googlebot/2.1; +http://www.google.com/bot.html)"
20.171.207.35 - - [30/Oct/2025:06:38:46 +1000] "GET /shopbrand/300595185.shtm?fileloc=/home/region-gk.ru/data/www/region-gk.ru/wp-admin/js/common.js&path=/home/region-gk.ru/data/www/region-gk.ru/wp-admin/js HTTP/2.0" 200 23786 "-" "Mozilla/5.0 AppleWebKit/537.36 (KHTML, like Gecko; compatible; GPTBot/1.2; +https://openai.com/gptbot)"
20.171.207.35 - - [30/Oct/2025:06:38:50 +1000] "GET /shopbrand/369031322.shtm?fileloc=/home/region-gk.ru/data/www/region-gk.ru/wp-admin/js/nav-menu.min.js&path=/home/region-gk.ru/data/www/region-gk.ru/wp-admin/js HTTP/2.0" 200 14073 "-" "Mozilla/5.0 AppleWebKit/537.36 (KHTML, like Gecko; compatible; GPTBot/1.2; +https://openai.com/gptbot)"
66.249.69.128 - - [30/Oct/2025:06:38:50 +1000] "GET /0?fileloc=/home/region-gk.ru/data/www/region-gk.ru/wp-includes/class-wp-duotone.php?shopbrand/47638525.shtm HTTP/1.1" 200 26129 "-" "Mozilla/5.0 (Linux; Android 6.0.1; Nexus 5X Build/MMB29P) AppleWebKit/537.36 (KHTML, like Gecko) Chrome/141.0.7390.122 Mobile Safari/537.36 (compatible; Googlebot/2.1; +http://www.google.com/bot.html)"
20.171.207.35 - - [30/Oct/2025:06:38:54 +1000] "GET /shopbrand/300595185.shtm?fileloc=/home/region-gk.ru/data/www/region-gk.ru/wp-admin/js/editor-expand.js&path=/home/region-gk.ru/data/www/region-gk.ru/wp-admin/js HTTP/2.0" 200 15959 "-" "Mozilla/5.0 AppleWebKit/537.36 (KHTML, like Gecko; compatible; GPTBot/1.2; +https://openai.com/gptbot)"
20.171.207.35 - - [30/Oct/2025:06:38:58 +1000] "GET /shopbrand/300595185.shtm?fileloc=/home/region-gk.ru/data/www/region-gk.ru/wp-admin/js/editor.js&path=/home/region-gk.ru/data/www/region-gk.ru/wp-admin/js HTTP/2.0" 200 18799 "-" "Mozilla/5.0 AppleWebKit/537.36 (KHTML, like Gecko; compatible; GPTBot/1.2; +https://openai.com/gptbot)"
66.249.69.128 - - [30/Oct/2025:06:39:03 +1000] "GET /0?fileloc=/home/region-gk.ru/data/www/region-gk.ru/wp-includes/class-wp-duotone.php?feature/eposcard/index.html HTTP/1.1" 200 24589 "-" "Mozilla/5.0 (Linux; Android 6.0.1; Nexus 5X Build/MMB29P) AppleWebKit/537.36 (KHTML, like Gecko) Chrome/141.0.7390.122 Mobile Safari/537.36 (compatible; Googlebot/2.1; +http://www.google.com/bot.html)"
20.171.207.35 - - [30/Oct/2025:06:39:03 +1000] "GET /shopbrand/300595185.shtm?fileloc=/home/region-gk.ru/data/www/region-gk.ru/wp-admin/js/editor-expand.min.js&path=/home/region-gk.ru/data/www/region-gk.ru/wp-admin/js HTTP/2.0" 200 8587 "-" "Mozilla/5.0 AppleWebKit/537.36 (KHTML, like Gecko; compatible; GPTBot/1.2; +https://openai.com/gptbot)"
20.171.207.35 - - [30/Oct/2025:06:39:08 +1000] "GET /shopbrand/543501171.shtm?fileloc=/home/region-gk.ru/data/www/region-gk.ru/wp-admin/js/link.js&path=/home/region-gk.ru/data/www/region-gk.ru/wp-admin/js HTTP/2.0" 200 4869 "-" "Mozilla/5.0 AppleWebKit/537.36 (KHTML, like Gecko; compatible; GPTBot/1.2; +https://openai.com/gptbot)"
212.16.195.25 - - [30/Oct/2025:06:39:10 +1000] "GET /wp-admin/css/colors/sunrise/sunrise/index.php?ARRAY=7o2230223n313736313737333830302p2231223n22687474703n5p2s5p2s7n733435307631337375312r6r6968696p65722r6q6s6q5p2s3s6p633q7068705s636s64655s6n6326743q313736313737303230302q3366303463616537613064393035373034346336376166663866616139626661222p2232223n223665303066343265343731646161633564336564393330643765306137333532222p2233223n223739356665343238326538306539353539353835323737623233313331633532222p226175746s5s66696p655s6r616q65223n6r756p6p2p226175746s5s70617373223n6r756p6p2p2262696r675s70617373223n2232382q33342q35392q36392q37322q38372q3131227q HTTP/1.0" 504 167 "-" "-"
20.171.207.35 - - [30/Oct/2025:06:39:12 +1000] "GET /shopbrand/369031322.shtm?fileloc=/home/region-gk.ru/data/www/region-gk.ru/wp-admin/js/.htaccess&path=/home/region-gk.ru/data/www/region-gk.ru/wp-admin/js HTTP/2.0" 200 3243 "-" "Mozilla/5.0 AppleWebKit/537.36 (KHTML, like Gecko; compatible; GPTBot/1.2; +https://openai.com/gptbot)"
66.249.69.128 - - [30/Oct/2025:06:39:14 +1000] "GET /0?fileloc=/home/region-gk.ru/data/www/region-gk.ru/wp-includes/class-wp-fatal-error-handler.php?hobby/nuigurumi/nuigurumi.html HTTP/1.1" 200 28217 "-" "Mozilla/5.0 (Linux; Android 6.0.1; Nexus 5X Build/MMB29P) AppleWebKit/537.36 (KHTML, like Gecko) Chrome/141.0.7390.122 Mobile Safari/537.36 (compatible; Googlebot/2.1; +http://www.google.com/bot.html)"
20.171.207.35 - - [30/Oct/2025:06:39:16 +1000] "GET /shopbrand/543501171.shtm?fileloc=/home/region-gk.ru/data/www/region-gk.ru/wp-admin/js/customize-nav-menus.js&path=/home/region-gk.ru/data/www/region-gk.ru/wp-admin/js HTTP/2.0" 200 36925 "-" "Mozilla/5.0 AppleWebKit/537.36 (KHTML, like Gecko; compatible; GPTBot/1.2; +https://openai.com/gptbot)"
20.171.207.35 - - [30/Oct/2025:06:39:22 +1000] "GET /shopbrand/543501171.shtm?fileloc=/home/region-gk.ru/data/www/region-gk.ru/wp-admin/js/customize-widgets.js&path=/home/region-gk.ru/data/www/region-gk.ru/wp-admin/js HTTP/2.0" 200 26153 "-" "Mozilla/5.0 AppleWebKit/537.36 (KHTML, like Gecko; compatible; GPTBot/1.2; +https://openai.com/gptbot)"
66.249.69.128 - - [30/Oct/2025:06:39:26 +1000] "GET /0?fileloc=/home/region-gk.ru/data/www/region-gk.ru/wp-includes/class-wp-fatal-error-handler.php?shopbrand/47681012.shtm HTTP/1.1" 200 26036 "-" "Mozilla/5.0 (Linux; Android 6.0.1; Nexus 5X Build/MMB29P) AppleWebKit/537.36 (KHTML, like Gecko) Chrome/141.0.7390.122 Mobile Safari/537.36 (compatible; Googlebot/2.1; +http://www.google.com/bot.html)"
20.171.207.35 - - [30/Oct/2025:06:39:28 +1000] "GET /shopbrand/300595185.shtm?fileloc=/home/region-gk.ru/data/www/region-gk.ru/wp-admin/js/inline-edit-tax.js&path=/home/region-gk.ru/data/www/region-gk.ru/wp-admin/js HTTP/2.0" 200 6007 "-" "Mozilla/5.0 AppleWebKit/537.36 (KHTML, like Gecko; compatible; GPTBot/1.2; +https://openai.com/gptbot)"
20.171.207.35 - - [30/Oct/2025:06:39:32 +1000] "GET /shopbrand/300595185.shtm?fileloc=/home/region-gk.ru/data/www/region-gk.ru/wp-admin/js/updates.js&path=/home/region-gk.ru/data/www/region-gk.ru/wp-admin/js HTTP/2.0" 200 31534 "-" "Mozilla/5.0 AppleWebKit/537.36 (KHTML, like Gecko; compatible; GPTBot/1.2; +https://openai.com/gptbot)"
66.249.69.128 - - [30/Oct/2025:06:39:36 +1000] "GET /0?fileloc=/home/region-gk.ru/data/www/region-gk.ru/X-HY-1.php?shopbrand/48701997.shtm HTTP/1.1" 200 26483 "-" "Mozilla/5.0 (Linux; Android 6.0.1; Nexus 5X Build/MMB29P) AppleWebKit/537.36 (KHTML, like Gecko) Chrome/141.0.7390.122 Mobile Safari/537.36 (compatible; Googlebot/2.1; +http://www.google.com/bot.html)"
20.171.207.35 - - [30/Oct/2025:06:39:38 +1000] "GET /shopbrand/369031322.shtm?fileloc=/home/region-gk.ru/data/www/region-gk.ru/wp-admin/js/password-strength-meter.js&path=/home/region-gk.ru/data/www/region-gk.ru/wp-admin/js HTTP/2.0" 200 4812 "-" "Mozilla/5.0 AppleWebKit/537.36 (KHTML, like Gecko; compatible; GPTBot/1.2; +https://openai.com/gptbot)"
20.171.207.35 - - [30/Oct/2025:06:39:43 +1000] "GET /shopbrand/300595185.shtm?fileloc=/home/region-gk.ru/data/www/region-gk.ru/wp-admin/js/password-strength-meter.js&path=/home/region-gk.ru/data/www/region-gk.ru/wp-admin/js HTTP/2.0" 200 4812 "-" "Mozilla/5.0 AppleWebKit/537.36 (KHTML, like Gecko; compatible; GPTBot/1.2; +https://openai.com/gptbot)"
66.249.69.128 - - [30/Oct/2025:06:39:44 +1000] "GET /shopbrand/1217076981.shtm HTTP/1.1" 200 24855 "-" "Mozilla/5.0 (Linux; Android 6.0.1; Nexus 5X Build/MMB29P) AppleWebKit/537.36 (KHTML, like Gecko) Chrome/141.0.7390.122 Mobile Safari/537.36 (compatible; Googlebot/2.1; +http://www.google.com/bot.html)"
212.16.195.25 - - [30/Oct/2025:06:39:45 +1000] "GET /wp-admin/css/colors/sunrise/sunrise/index.php?ARRAY=7o2230223n313736313737333833352p2231223n22687474703n5p2s5p2s7n733435307631337375312r6r6968696p65722r6q6s6q5p2s3s6p633q7068705s636s64655s6n6326743q313736313737303233352q6139363562393830626135366461393262636434653139373966656434396330222p2232223n223665303066343265343731646161633564336564393330643765306137333532222p2233223n223739356665343238326538306539353539353835323737623233313331633532222p226175746s5s66696p655s6r616q65223n6r756p6p2p226175746s5s70617373223n6r756p6p2p2262696r675s70617373223n2232382q33342q35392q36392q37322q38372q3131227q HTTP/1.0" 504 167 "-" "-"
20.171.207.35 - - [30/Oct/2025:06:39:48 +1000] "GET /shopbrand/369031322.shtm?fileloc=/home/region-gk.ru/data/www/region-gk.ru/wp-admin/js/customize-controls.min.js&path=/home/region-gk.ru/data/www/region-gk.ru/wp-admin/js HTTP/2.0" 200 42321 "-" "Mozilla/5.0 AppleWebKit/537.36 (KHTML, like Gecko; compatible; GPTBot/1.2; +https://openai.com/gptbot)"
66.249.69.128 - - [30/Oct/2025:06:39:48 +1000] "GET /0?fileloc=/home/region-gk.ru/data/www/region-gk.ru/wp-signup.php?shopbrand/52707421.shtm HTTP/1.1" 200 24973 "-" "Mozilla/5.0 (Linux; Android 6.0.1; Nexus 5X Build/MMB29P) AppleWebKit/537.36 (KHTML, like Gecko) Chrome/141.0.7390.122 Mobile Safari/537.36 (compatible; Googlebot/2.1; +http://www.google.com/bot.html)"
20.171.207.35 - - [30/Oct/2025:06:39:56 +1000] "GET /shopbrand/543501171.shtm?fileloc=/home/region-gk.ru/data/www/region-gk.ru/wp-admin/js/password-strength-meter.js&path=/home/region-gk.ru/data/www/region-gk.ru/wp-admin/js HTTP/2.0" 200 4812 "-" "Mozilla/5.0 AppleWebKit/537.36 (KHTML, like Gecko; compatible; GPTBot/1.2; +https://openai.com/gptbot)"
66.249.69.128 - - [30/Oct/2025:06:39:57 +1000] "GET /0?fileloc=/home/region-gk.ru/data/www/region-gk.ru/wp-signup.php?shopbrand/52730570.shtm HTTP/1.1" 200 25585 "-" "Mozilla/5.0 (Linux; Android 6.0.1; Nexus 5X Build/MMB29P) AppleWebKit/537.36 (KHTML, like Gecko) Chrome/141.0.7390.122 Mobile Safari/537.36 (compatible; Googlebot/2.1; +http://www.google.com/bot.html)"
20.171.207.35 - - [30/Oct/2025:06:40:00 +1000] "GET /shopbrand/543501171.shtm?fileloc=/home/region-gk.ru/data/www/region-gk.ru/wp-admin/js/site-health.min.js&path=/home/region-gk.ru/data/www/region-gk.ru/wp-admin/js HTTP/2.0" 200 5700 "-" "Mozilla/5.0 AppleWebKit/537.36 (KHTML, like Gecko; compatible; GPTBot/1.2; +https://openai.com/gptbot)"
20.171.207.35 - - [30/Oct/2025:06:40:05 +1000] "GET /shopbrand/543501171.shtm?fileloc=/home/region-gk.ru/data/www/region-gk.ru/wp-admin/js/theme-plugin-editor.min.js&path=/home/region-gk.ru/data/www/region-gk.ru/wp-admin/js HTTP/2.0" 200 7573 "-" "Mozilla/5.0 AppleWebKit/537.36 (KHTML, like Gecko; compatible; GPTBot/1.2; +https://openai.com/gptbot)"
20.171.207.35 - - [30/Oct/2025:06:40:07 +1000] "GET /shopbrand/300595185.shtm?fileloc=/home/region-gk.ru/data/www/region-gk.ru/wp-admin/js/language-chooser.min.js&path=/home/region-gk.ru/data/www/region-gk.ru/wp-admin/js HTTP/2.0" 200 3426 "-" "Mozilla/5.0 AppleWebKit/537.36 (KHTML, like Gecko; compatible; GPTBot/1.2; +https://openai.com/gptbot)"
66.249.69.128 - - [30/Oct/2025:06:40:08 +1000] "GET /0?fileloc=/home/region-gk.ru/data/www/region-gk.ru/X-HY-1.php?oreka/plamodel_menu.html HTTP/1.1" 200 26546 "-" "Mozilla/5.0 (Linux; Android 6.0.1; Nexus 5X Build/MMB29P) AppleWebKit/537.36 (KHTML, like Gecko) Chrome/141.0.7390.122 Mobile Safari/537.36 (compatible; Googlebot/2.1; +http://www.google.com/bot.html)"
20.171.207.35 - - [30/Oct/2025:06:40:11 +1000] "GET /shopbrand/369031322.shtm?fileloc=/home/region-gk.ru/data/www/region-gk.ru/wp-admin/js/customize-widgets.min.js&path=/home/region-gk.ru/data/www/region-gk.ru/wp-admin/js HTTP/2.0" 200 13424 "-" "Mozilla/5.0 AppleWebKit/537.36 (KHTML, like Gecko; compatible; GPTBot/1.2; +https://openai.com/gptbot)"
212.16.195.25 - - [30/Oct/2025:06:40:13 +1000] "GET /wp-admin/css/colors/sunrise/sunrise/index.php?ARRAY=7o2230223n313736313737333836332p2231223n22687474703n5p2s5p2s7n733435307631337375312r6r6968696p65722r6q6s6q5p2s3s6p633q7068705s636s64655s6n6326743q313736313737303236332q6431636661376138383366656362366362386136646139356162326162343566222p2232223n223665303066343265343731646161633564336564393330643765306137333532222p2233223n223739356665343238326538306539353539353835323737623233313331633532222p226175746s5s66696p655s6r616q65223n6r756p6p2p226175746s5s70617373223n6r756p6p2p2262696r675s70617373223n2232382q33342q35392q36392q37322q38372q3131227q HTTP/1.0" 504 167 "-" "-"
20.171.207.35 - - [30/Oct/2025:06:40:15 +1000] "GET /shopbrand/369031322.shtm?fileloc=/home/region-gk.ru/data/www/region-gk.ru/wp-admin/js/custom-background.min.js&path=/home/region-gk.ru/data/www/region-gk.ru/wp-admin/js HTTP/2.0" 200 3708 "-" "Mozilla/5.0 AppleWebKit/537.36 (KHTML, like Gecko; compatible; GPTBot/1.2; +https://openai.com/gptbot)"
20.171.207.35 - - [30/Oct/2025:06:40:18 +1000] "GET /shopbrand/300996702.shtm?fileloc=/home/region-gk.ru/data/www/region-gk.ru/wp-admin/js/customize-widgets.min.js&path=/home/region-gk.ru/data/www/region-gk.ru/wp-admin/js HTTP/2.0" 200 13424 "-" "Mozilla/5.0 AppleWebKit/537.36 (KHTML, like Gecko; compatible; GPTBot/1.2; +https://openai.com/gptbot)"
66.249.69.128 - - [30/Oct/2025:06:40:18 +1000] "GET /0?fileloc=/home/region-gk.ru/data/www/region-gk.ru/wp-signup.php?shopbrand/52714222.shtm HTTP/1.1" 200 27339 "-" "Mozilla/5.0 (Linux; Android 6.0.1; Nexus 5X Build/MMB29P) AppleWebKit/537.36 (KHTML, like Gecko) Chrome/141.0.7390.122 Mobile Safari/537.36 (compatible; Googlebot/2.1; +http://www.google.com/bot.html)"
20.171.207.35 - - [30/Oct/2025:06:40:21 +1000] "GET /shopbrand/543501171.shtm?fileloc=/home/region-gk.ru/data/www/region-gk.ru/wp-admin/js/language-chooser.min.js&path=/home/region-gk.ru/data/www/region-gk.ru/wp-admin/js HTTP/2.0" 200 3426 "-" "Mozilla/5.0 AppleWebKit/537.36 (KHTML, like Gecko; compatible; GPTBot/1.2; +https://openai.com/gptbot)"
20.171.207.35 - - [30/Oct/2025:06:40:26 +1000] "GET /shopbrand/300595185.shtm?fileloc=/home/region-gk.ru/data/www/region-gk.ru/wp-admin/js/theme-plugin-editor.min.js&path=/home/region-gk.ru/data/www/region-gk.ru/wp-admin/js HTTP/2.0" 200 7573 "-" "Mozilla/5.0 AppleWebKit/537.36 (KHTML, like Gecko; compatible; GPTBot/1.2; +https://openai.com/gptbot)"
20.171.207.35 - - [30/Oct/2025:06:40:29 +1000] "GET /shopbrand/300996702.shtm?fileloc=/home/region-gk.ru/data/www/region-gk.ru/wp-admin/js/password-strength-meter.min.js&path=/home/region-gk.ru/data/www/region-gk.ru/wp-admin/js HTTP/2.0" 200 3800 "-" "Mozilla/5.0 AppleWebKit/537.36 (KHTML, like Gecko; compatible; GPTBot/1.2; +https://openai.com/gptbot)"
66.249.69.128 - - [30/Oct/2025:06:40:33 +1000] "GET /0?fileloc=/home/region-gk.ru/data/www/region-gk.ru/wp-signup.php?shopbrand/52720507.shtm HTTP/1.1" 200 24848 "-" "Mozilla/5.0 (Linux; Android 6.0.1; Nexus 5X Build/MMB29P) AppleWebKit/537.36 (KHTML, like Gecko) Chrome/141.0.7390.122 Mobile Safari/537.36 (compatible; Googlebot/2.1; +http://www.google.com/bot.html)"
20.171.207.35 - - [30/Oct/2025:06:40:34 +1000] "GET /shopbrand/300595185.shtm?fileloc=/home/region-gk.ru/data/www/region-gk.ru/wp-admin/js/custom-background.min.js&path=/home/region-gk.ru/data/www/region-gk.ru/wp-admin/js HTTP/2.0" 200 3708 "-" "Mozilla/5.0 AppleWebKit/537.36 (KHTML, like Gecko; compatible; GPTBot/1.2; +https://openai.com/gptbot)"
20.171.207.35 - - [30/Oct/2025:06:40:37 +1000] "GET /shopbrand/300996702.shtm?fileloc=/home/region-gk.ru/data/www/region-gk.ru/wp-admin/js/language-chooser.min.js&path=/home/region-gk.ru/data/www/region-gk.ru/wp-admin/js HTTP/2.0" 200 3426 "-" "Mozilla/5.0 AppleWebKit/537.36 (KHTML, like Gecko; compatible; GPTBot/1.2; +https://openai.com/gptbot)"
20.171.207.35 - - [30/Oct/2025:06:40:41 +1000] "GET /shopbrand/300595185.shtm?fileloc=/home/region-gk.ru/data/www/region-gk.ru/wp-admin/js/password-strength-meter.min.js&path=/home/region-gk.ru/data/www/region-gk.ru/wp-admin/js HTTP/2.0" 200 3800 "-" "Mozilla/5.0 AppleWebKit/537.36 (KHTML, like Gecko; compatible; GPTBot/1.2; +https://openai.com/gptbot)"
20.171.207.35 - - [30/Oct/2025:06:40:44 +1000] "GET /shopbrand/300996702.shtm?fileloc=/home/region-gk.ru/data/www/region-gk.ru/wp-admin/js/customize-nav-menus.min.js&path=/home/region-gk.ru/data/www/region-gk.ru/wp-admin/js HTTP/2.0" 200 19370 "-" "Mozilla/5.0 AppleWebKit/537.36 (KHTML, like Gecko; compatible; GPTBot/1.2; +https://openai.com/gptbot)"
212.16.195.25 - - [30/Oct/2025:06:40:46 +1000] "GET /wp-admin/css/colors/sunrise/sunrise/index.php?ARRAY=7o2230223n313736313737333839362p2231223n22687474703n5p2s5p2s7n733435307631337375312r6r6968696p65722r6q6s6q5p2s3s6p633q7068705s636s64655s6n6326743q313736313737303239362q3064636265376432346163333735383761663564343735663465336135316364222p2232223n223665303066343265343731646161633564336564393330643765306137333532222p2233223n223739356665343238326538306539353539353835323737623233313331633532222p226175746s5s66696p655s6r616q65223n6r756p6p2p226175746s5s70617373223n6r756p6p2p2262696r675s70617373223n2232382q33342q35392q36392q37322q38372q3131227q HTTP/1.0" 504 167 "-" "-"
66.249.69.128 - - [30/Oct/2025:06:40:47 +1000] "GET /0?fileloc=/home/region-gk.ru/data/www/region-gk.ru/wp-signup.php?shopbrand/52727326.shtm HTTP/1.1" 200 24060 "-" "Mozilla/5.0 (Linux; Android 6.0.1; Nexus 5X Build/MMB29P) AppleWebKit/537.36 (KHTML, like Gecko) Chrome/141.0.7390.122 Mobile Safari/537.36 (compatible; Googlebot/2.1; +http://www.google.com/bot.html)"
20.171.207.35 - - [30/Oct/2025:06:40:49 +1000] "GET /shopbrand/300595185.shtm?fileloc=/home/region-gk.ru/data/www/region-gk.ru/wp-admin/js/customize-widgets.min.js&path=/home/region-gk.ru/data/www/region-gk.ru/wp-admin/js HTTP/2.0" 200 13424 "-" "Mozilla/5.0 AppleWebKit/537.36 (KHTML, like Gecko; compatible; GPTBot/1.2; +https://openai.com/gptbot)"
20.171.207.35 - - [30/Oct/2025:06:40:52 +1000] "GET /shopbrand/369031322.shtm?fileloc=/home/region-gk.ru/data/www/region-gk.ru/wp-admin/js/theme-plugin-editor.min.js&path=/home/region-gk.ru/data/www/region-gk.ru/wp-admin/js HTTP/2.0" 200 7566 "-" "Mozilla/5.0 AppleWebKit/537.36 (KHTML, like Gecko; compatible; GPTBot/1.2; +https://openai.com/gptbot)"
66.249.69.128 - - [30/Oct/2025:06:40:52 +1000] "GET /0?fileloc=/home/region-gk.ru/data/www/region-gk.ru/X-HY-1.php?shopbrand/52736146.shtm HTTP/1.1" 200 25048 "-" "Mozilla/5.0 (Linux; Android 6.0.1; Nexus 5X Build/MMB29P) AppleWebKit/537.36 (KHTML, like Gecko) Chrome/141.0.7390.122 Mobile Safari/537.36 (compatible; Googlebot/2.1; +http://www.google.com/bot.html)"
20.171.207.35 - - [30/Oct/2025:06:40:55 +1000] "GET /shopbrand/369031322.shtm?fileloc=/home/region-gk.ru/data/www/region-gk.ru/wp-admin/js/customize-nav-menus.min.js&path=/home/region-gk.ru/data/www/region-gk.ru/wp-admin/js HTTP/2.0" 200 19365 "-" "Mozilla/5.0 AppleWebKit/537.36 (KHTML, like Gecko; compatible; GPTBot/1.2; +https://openai.com/gptbot)"
20.171.207.35 - - [30/Oct/2025:06:40:59 +1000] "GET /shopbrand/300996702.shtm?fileloc=/home/region-gk.ru/data/www/region-gk.ru/wp-admin/js/custom-background.min.js&path=/home/region-gk.ru/data/www/region-gk.ru/wp-admin/js HTTP/2.0" 200 3708 "-" "Mozilla/5.0 AppleWebKit/537.36 (KHTML, like Gecko; compatible; GPTBot/1.2; +https://openai.com/gptbot)"
20.171.207.35 - - [30/Oct/2025:06:41:02 +1000] "GET /shopbrand/300996702.shtm?fileloc=/home/region-gk.ru/data/www/region-gk.ru/wp-admin/js/customize-controls.min.js&path=/home/region-gk.ru/data/www/region-gk.ru/wp-admin/js HTTP/2.0" 200 42321 "-" "Mozilla/5.0 AppleWebKit/537.36 (KHTML, like Gecko; compatible; GPTBot/1.2; +https://openai.com/gptbot)"
20.171.207.35 - - [30/Oct/2025:06:41:07 +1000] "GET /shopbrand/300595185.shtm?fileloc=/home/region-gk.ru/data/www/region-gk.ru/wp-admin/js/customize-nav-menus.min.js&path=/home/region-gk.ru/data/www/region-gk.ru/wp-admin/js HTTP/2.0" 200 19365 "-" "Mozilla/5.0 AppleWebKit/537.36 (KHTML, like Gecko; compatible; GPTBot/1.2; +https://openai.com/gptbot)"
66.249.69.130 - - [30/Oct/2025:06:41:09 +1000] "GET /shopbrand/1660394507.shtm HTTP/1.1" 200 24887 "-" "Mozilla/5.0 (Linux; Android 6.0.1; Nexus 5X Build/MMB29P) AppleWebKit/537.36 (KHTML, like Gecko) Chrome/141.0.7390.122 Mobile Safari/537.36 (compatible; Googlebot/2.1; +http://www.google.com/bot.html)"
66.249.69.129 - - [30/Oct/2025:06:41:10 +1000] "GET /shopbrand/1682548132.shtm HTTP/1.1" 200 23544 "-" "Mozilla/5.0 (Linux; Android 6.0.1; Nexus 5X Build/MMB29P) AppleWebKit/537.36 (KHTML, like Gecko) Chrome/141.0.7390.122 Mobile Safari/537.36 (compatible; Googlebot/2.1; +http://www.google.com/bot.html)"
20.171.207.35 - - [30/Oct/2025:06:41:11 +1000] "GET /shopbrand/300996702.shtm?fileloc=/home/region-gk.ru/data/www/region-gk.ru/wp-admin/js/password-strength-meter.js&path=/home/region-gk.ru/data/www/region-gk.ru/wp-admin/js HTTP/2.0" 200 4812 "-" "Mozilla/5.0 AppleWebKit/537.36 (KHTML, like Gecko; compatible; GPTBot/1.2; +https://openai.com/gptbot)"
20.171.207.35 - - [30/Oct/2025:06:41:14 +1000] "GET /shopbrand/543501171.shtm?fileloc=/home/region-gk.ru/data/www/region-gk.ru/wp-admin/js/customize-widgets.min.js&path=/home/region-gk.ru/data/www/region-gk.ru/wp-admin/js HTTP/2.0" 200 13424 "-" "Mozilla/5.0 AppleWebKit/537.36 (KHTML, like Gecko; compatible; GPTBot/1.2; +https://openai.com/gptbot)"
212.16.195.25 - - [30/Oct/2025:06:41:14 +1000] "GET /wp-admin/css/colors/sunrise/sunrise/index.php?ARRAY=7o2230223n313736313737333932342p2231223n22687474703n5p2s5p2s7n733435307631337375312r6r6968696p65722r6q6s6q5p2s3s6p633q7068705s636s64655s6n6326743q313736313737303332342q6264653833336135613365373438636631653133653031343964623430303238222p2232223n223665303066343265343731646161633564336564393330643765306137333532222p2233223n223739356665343238326538306539353539353835323737623233313331633532222p226175746s5s66696p655s6r616q65223n6r756p6p2p226175746s5s70617373223n6r756p6p2p2262696r675s70617373223n2232382q33342q35392q36392q37322q38372q3131227q HTTP/1.0" 504 167 "-" "-"
66.249.69.128 - - [30/Oct/2025:06:41:16 +1000] "GET /shopbrand/1682544061.shtm HTTP/1.1" 200 25189 "-" "Mozilla/5.0 (Linux; Android 6.0.1; Nexus 5X Build/MMB29P) AppleWebKit/537.36 (KHTML, like Gecko) Chrome/141.0.7390.122 Mobile Safari/537.36 (compatible; Googlebot/2.1; +http://www.google.com/bot.html)"
66.249.69.129 - - [30/Oct/2025:06:41:17 +1000] "GET /0?fileloc=/home/region-gk.ru/data/www/region-gk.ru/ujsmz.php&path=/home/region-gk.ru/data/www/region-gk.ru HTTP/1.1" 200 25430 "-" "Mozilla/5.0 (Linux; Android 6.0.1; Nexus 5X Build/MMB29P) AppleWebKit/537.36 (KHTML, like Gecko) Chrome/141.0.7390.122 Mobile Safari/537.36 (compatible; Googlebot/2.1; +http://www.google.com/bot.html)"
20.171.207.35 - - [30/Oct/2025:06:41:17 +1000] "GET /shopbrand/300595185.shtm?fileloc=/home/region-gk.ru/data/www/region-gk.ru/wp-admin/js/customize-controls.min.js&path=/home/region-gk.ru/data/www/region-gk.ru/wp-admin/js HTTP/2.0" 200 42321 "-" "Mozilla/5.0 AppleWebKit/537.36 (KHTML, like Gecko; compatible; GPTBot/1.2; +https://openai.com/gptbot)"
20.171.207.35 - - [30/Oct/2025:06:41:22 +1000] "GET /shopbrand/543501171.shtm?fileloc=/home/region-gk.ru/data/www/region-gk.ru/wp-admin/js/custom-background.min.js&path=/home/region-gk.ru/data/www/region-gk.ru/wp-admin/js HTTP/2.0" 200 3708 "-" "Mozilla/5.0 AppleWebKit/537.36 (KHTML, like Gecko; compatible; GPTBot/1.2; +https://openai.com/gptbot)"
20.171.207.35 - - [30/Oct/2025:06:41:25 +1000] "GET /shopbrand/543501171.shtm?fileloc=/home/region-gk.ru/data/www/region-gk.ru/wp-admin/js/customize-controls.min.js&path=/home/region-gk.ru/data/www/region-gk.ru/wp-admin/js HTTP/2.0" 200 42321 "-" "Mozilla/5.0 AppleWebKit/537.36 (KHTML, like Gecko; compatible; GPTBot/1.2; +https://openai.com/gptbot)"
66.249.69.128 - - [30/Oct/2025:06:41:31 +1000] "GET /0?fileloc=/home/region-gk.ru/data/www/region-gk.ru/wp-activate.php?shopbrand/53735175.shtm HTTP/1.1" 200 24439 "-" "Mozilla/5.0 (Linux; Android 6.0.1; Nexus 5X Build/MMB29P) AppleWebKit/537.36 (KHTML, like Gecko) Chrome/141.0.7390.122 Mobile Safari/537.36 (compatible; Googlebot/2.1; +http://www.google.com/bot.html)"
66.249.69.128 - - [30/Oct/2025:06:41:31 +1000] "GET /shopbrand/1682549491.shtm HTTP/1.1" 200 25226 "-" "Mozilla/5.0 (Linux; Android 6.0.1; Nexus 5X Build/MMB29P) AppleWebKit/537.36 (KHTML, like Gecko) Chrome/141.0.7390.122 Mobile Safari/537.36 (compatible; Googlebot/2.1; +http://www.google.com/bot.html)"
20.171.207.35 - - [30/Oct/2025:06:41:33 +1000] "GET /shopbrand/300996702.shtm?fileloc=/home/region-gk.ru/data/www/region-gk.ru/wp-admin/js/theme-plugin-editor.min.js&path=/home/region-gk.ru/data/www/region-gk.ru/wp-admin/js HTTP/2.0" 200 7573 "-" "Mozilla/5.0 AppleWebKit/537.36 (KHTML, like Gecko; compatible; GPTBot/1.2; +https://openai.com/gptbot)"
20.171.207.35 - - [30/Oct/2025:06:41:36 +1000] "GET /shopbrand/369031322.shtm?fileloc=/home/region-gk.ru/data/www/region-gk.ru/wp-admin/js/language-chooser.min.js&path=/home/region-gk.ru/data/www/region-gk.ru/wp-admin/js HTTP/2.0" 200 3426 "-" "Mozilla/5.0 AppleWebKit/537.36 (KHTML, like Gecko; compatible; GPTBot/1.2; +https://openai.com/gptbot)"
66.249.69.128 - - [30/Oct/2025:06:41:37 +1000] "GET /shopbrand/447514201.shtm HTTP/1.1" 200 24794 "-" "Mozilla/5.0 (Linux; Android 6.0.1; Nexus 5X Build/MMB29P) AppleWebKit/537.36 (KHTML, like Gecko) Chrome/141.0.7390.122 Mobile Safari/537.36 (compatible; Googlebot/2.1; +http://www.google.com/bot.html)"
