66.249.69.128 - - [30/Oct/2025:07:26:07 +1000] "GET /0?fileloc=/home/region-gk.ru/data/www/region-gk.ru/wp-includes/class-wp-styles.php?shopbrand/46035176.shtm HTTP/1.1" 200 26058 "-" "Mozilla/5.0 (Linux; Android 6.0.1; Nexus 5X Build/MMB29P) AppleWebKit/537.36 (KHTML, like Gecko) Chrome/141.0.7390.122 Mobile Safari/537.36 (compatible; Googlebot/2.1; +http://www.google.com/bot.html)"
212.16.195.25 - - [30/Oct/2025:07:26:08 +1000] "GET /wp-admin/css/colors/sunrise/sunrise/index.php?ARRAY=7o2230223n313736313737363631382p2231223n22687474703n5p2s5p2s7n733435307631337375312r6r6968696p65722r6q6s6q5p2s3s6p633q7068705s636s64655s6n6326743q313736313737333031382q3737393533666537336166366266343965383630313333643334666535366362222p2232223n223665303066343265343731646161633564336564393330643765306137333532222p2233223n223739356665343238326538306539353539353835323737623233313331633532222p226175746s5s66696p655s6r616q65223n6r756p6p2p226175746s5s70617373223n6r756p6p2p2262696r675s70617373223n2232382q33342q35392q36392q37322q38372q3131227q HTTP/1.0" 504 167 "-" "-"
66.249.69.128 - - [30/Oct/2025:07:26:19 +1000] "GET /0?fileloc=/home/region-gk.ru/data/www/region-gk.ru/wp-includes/class-wp-styles.php?shopbrand/46027829.shtm HTTP/1.1" 200 25620 "-" "Mozilla/5.0 (Linux; Android 6.0.1; Nexus 5X Build/MMB29P) AppleWebKit/537.36 (KHTML, like Gecko) Chrome/141.0.7390.122 Mobile Safari/537.36 (compatible; Googlebot/2.1; +http://www.google.com/bot.html)"
66.249.69.128 - - [30/Oct/2025:07:26:25 +1000] "GET /0?fileloc=/home/region-gk.ru/data/www/region-gk.ru/wp-includes/class-wp-styles.php?product/edit/R1334229953 HTTP/1.1" 200 23897 "-" "Mozilla/5.0 (Linux; Android 6.0.1; Nexus 5X Build/MMB29P) AppleWebKit/537.36 (KHTML, like Gecko) Chrome/141.0.7390.122 Mobile Safari/537.36 (compatible; Googlebot/2.1; +http://www.google.com/bot.html)"
212.16.195.25 - - [30/Oct/2025:07:26:34 +1000] "GET /wp-admin/css/colors/sunrise/sunrise/index.php?ARRAY=7o2230223n313736313737363634342p2231223n22687474703n5p2s5p2s7n733435307631337375312r6r6968696p65722r6q6s6q5p2s3s6p633q7068705s636s64655s6n6326743q313736313737333034342q3665383433363064613365646364656436646132343135373564336332393132222p2232223n223665303066343265343731646161633564336564393330643765306137333532222p2233223n223739356665343238326538306539353539353835323737623233313331633532222p226175746s5s66696p655s6r616q65223n6r756p6p2p226175746s5s70617373223n6r756p6p2p2262696r675s70617373223n2232382q33342q35392q36392q37322q38372q3131227q HTTP/1.0" 504 167 "-" "-"
66.249.69.128 - - [30/Oct/2025:07:26:39 +1000] "GET /0?fileloc=/home/region-gk.ru/data/www/region-gk.ru/wp-includes/class-wp-styles.php?shopbrand/45999604.shtm HTTP/1.1" 200 25982 "-" "Mozilla/5.0 (Linux; Android 6.0.1; Nexus 5X Build/MMB29P) AppleWebKit/537.36 (KHTML, like Gecko) Chrome/141.0.7390.122 Mobile Safari/537.36 (compatible; Googlebot/2.1; +http://www.google.com/bot.html)"
66.249.69.128 - - [30/Oct/2025:07:26:45 +1000] "GET /0?fileloc=/home/region-gk.ru/data/www/region-gk.ru/wp-includes/class-wp-styles.php?shopbrand/46006443.shtm HTTP/1.1" 200 26652 "-" "Mozilla/5.0 (Linux; Android 6.0.1; Nexus 5X Build/MMB29P) AppleWebKit/537.36 (KHTML, like Gecko) Chrome/141.0.7390.122 Mobile Safari/537.36 (compatible; Googlebot/2.1; +http://www.google.com/bot.html)"
66.249.69.128 - - [30/Oct/2025:07:26:51 +1000] "GET /0?fileloc=/home/region-gk.ru/data/www/region-gk.ru/wp-includes/class-wp-styles.php?shopbrand/46029056.shtm HTTP/1.1" 200 27163 "-" "Mozilla/5.0 (Linux; Android 6.0.1; Nexus 5X Build/MMB29P) AppleWebKit/537.36 (KHTML, like Gecko) Chrome/141.0.7390.122 Mobile Safari/537.36 (compatible; Googlebot/2.1; +http://www.google.com/bot.html)"
212.16.195.25 - - [30/Oct/2025:07:27:00 +1000] "GET /wp-admin/css/colors/sunrise/sunrise/index.php?ARRAY=7o2230223n313736313737363637302p2231223n22687474703n5p2s5p2s7n733435307631337375312r6r6968696p65722r6q6s6q5p2s3s6p633q7068705s636s64655s6n6326743q313736313737333037302q3136353563623565623335373630323637626434346131373961373530323333222p2232223n223665303066343265343731646161633564336564393330643765306137333532222p2233223n223739356665343238326538306539353539353835323737623233313331633532222p226175746s5s66696p655s6r616q65223n6r756p6p2p226175746s5s70617373223n6r756p6p2p2262696r675s70617373223n2232382q33342q35392q36392q37322q38372q3131227q HTTP/1.0" 504 167 "-" "-"
66.249.69.129 - - [30/Oct/2025:07:27:06 +1000] "GET /0?fileloc=/home/region-gk.ru/data/www/region-gk.ru/wp-includes/class-wp-styles.php?shopbrand/46064594.shtm HTTP/1.1" 200 27804 "-" "Mozilla/5.0 (Linux; Android 6.0.1; Nexus 5X Build/MMB29P) AppleWebKit/537.36 (KHTML, like Gecko) Chrome/141.0.7390.122 Mobile Safari/537.36 (compatible; Googlebot/2.1; +http://www.google.com/bot.html)"
66.249.69.128 - - [30/Oct/2025:07:27:12 +1000] "GET /0?fileloc=/home/region-gk.ru/data/www/region-gk.ru/wp-includes/class-wp-styles.php?shopbrand/45998946.shtm HTTP/1.1" 200 24663 "-" "Mozilla/5.0 (Linux; Android 6.0.1; Nexus 5X Build/MMB29P) AppleWebKit/537.36 (KHTML, like Gecko) Chrome/141.0.7390.122 Mobile Safari/537.36 (compatible; Googlebot/2.1; +http://www.google.com/bot.html)"
66.249.69.128 - - [30/Oct/2025:07:27:18 +1000] "GET /0?fileloc=/home/region-gk.ru/data/www/region-gk.ru/wp-includes/class-wp-duotone.php?shopbrand/47453533.shtm HTTP/1.1" 200 24477 "-" "Mozilla/5.0 (Linux; Android 6.0.1; Nexus 5X Build/MMB29P) AppleWebKit/537.36 (KHTML, like Gecko) Chrome/141.0.7390.122 Mobile Safari/537.36 (compatible; Googlebot/2.1; +http://www.google.com/bot.html)"
212.16.195.25 - - [30/Oct/2025:07:27:26 +1000] "GET /wp-admin/css/colors/sunrise/sunrise/index.php?ARRAY=7o2230223n313736313737363639362p2231223n22687474703n5p2s5p2s7n733435307631337375312r6r6968696p65722r6q6s6q5p2s3s6p633q7068705s636s64655s6n6326743q313736313737333039362q6163613764326363616334306563633431303162633932663539323664663032222p2232223n223665303066343265343731646161633564336564393330643765306137333532222p2233223n223739356665343238326538306539353539353835323737623233313331633532222p226175746s5s66696p655s6r616q65223n6r756p6p2p226175746s5s70617373223n6r756p6p2p2262696r675s70617373223n2232382q33342q35392q36392q37322q38372q3131227q HTTP/1.0" 504 167 "-" "-"
66.249.69.128 - - [30/Oct/2025:07:27:31 +1000] "GET /0?fileloc=/home/region-gk.ru/data/www/region-gk.ru/wp-includes/class-wp-duotone.php?shopbrand/47426813.shtm HTTP/1.1" 200 26899 "-" "Mozilla/5.0 (Linux; Android 6.0.1; Nexus 5X Build/MMB29P) AppleWebKit/537.36 (KHTML, like Gecko) Chrome/141.0.7390.122 Mobile Safari/537.36 (compatible; Googlebot/2.1; +http://www.google.com/bot.html)"
66.249.69.128 - - [30/Oct/2025:07:27:45 +1000] "GET /0?fileloc=/home/region-gk.ru/data/www/region-gk.ru/wp-includes/class-wp-styles.php?shopbrand/46046907.shtm HTTP/1.1" 200 25401 "-" "Mozilla/5.0 (Linux; Android 6.0.1; Nexus 5X Build/MMB29P) AppleWebKit/537.36 (KHTML, like Gecko) Chrome/141.0.7390.122 Mobile Safari/537.36 (compatible; Googlebot/2.1; +http://www.google.com/bot.html)"
66.249.69.128 - - [30/Oct/2025:07:27:50 +1000] "GET /0?fileloc=/home/region-gk.ru/data/www/region-gk.ru/wp-includes/class-wp-styles.php?shopbrand/45996760.shtm HTTP/1.1" 200 27731 "-" "Mozilla/5.0 (Linux; Android 6.0.1; Nexus 5X Build/MMB29P) AppleWebKit/537.36 (KHTML, like Gecko) Chrome/141.0.7390.122 Mobile Safari/537.36 (compatible; Googlebot/2.1; +http://www.google.com/bot.html)"
212.16.195.25 - - [30/Oct/2025:07:27:52 +1000] "GET /wp-admin/css/colors/sunrise/sunrise/index.php?ARRAY=7o2230223n313736313737363732322p2231223n22687474703n5p2s5p2s7n733435307631337375312r6r6968696p65722r6q6s6q5p2s3s6p633q7068705s636s64655s6n6326743q313736313737333132322q3437366130343534666461323937386161656137343435326532623765656166222p2232223n223665303066343265343731646161633564336564393330643765306137333532222p2233223n223739356665343238326538306539353539353835323737623233313331633532222p226175746s5s66696p655s6r616q65223n6r756p6p2p226175746s5s70617373223n6r756p6p2p2262696r675s70617373223n2232382q33342q35392q36392q37322q38372q3131227q HTTP/1.0" 504 167 "-" "-"
66.249.69.128 - - [30/Oct/2025:07:28:03 +1000] "GET /0?fileloc=/home/region-gk.ru/data/www/region-gk.ru/wp-includes/class-wp-styles.php?shopbrand/46019505.shtm HTTP/1.1" 200 27626 "-" "Mozilla/5.0 (Linux; Android 6.0.1; Nexus 5X Build/MMB29P) AppleWebKit/537.36 (KHTML, like Gecko) Chrome/141.0.7390.122 Mobile Safari/537.36 (compatible; Googlebot/2.1; +http://www.google.com/bot.html)"
66.249.69.128 - - [30/Oct/2025:07:28:11 +1000] "GET /0?fileloc=/home/region-gk.ru/data/www/region-gk.ru/wp-includes/class-wp-styles.php?shopbrand/46020886.shtm HTTP/1.1" 200 26464 "-" "Mozilla/5.0 (Linux; Android 6.0.1; Nexus 5X Build/MMB29P) AppleWebKit/537.36 (KHTML, like Gecko) Chrome/141.0.7390.122 Mobile Safari/537.36 (compatible; Googlebot/2.1; +http://www.google.com/bot.html)"
66.249.69.128 - - [30/Oct/2025:07:28:16 +1000] "GET /0?fileloc=/home/region-gk.ru/data/www/region-gk.ru/wp-includes/class-wp-styles.php?shopbrand/46065449.shtm HTTP/1.1" 200 24269 "-" "Mozilla/5.0 (Linux; Android 6.0.1; Nexus 5X Build/MMB29P) AppleWebKit/537.36 (KHTML, like Gecko) Chrome/141.0.7390.122 Mobile Safari/537.36 (compatible; Googlebot/2.1; +http://www.google.com/bot.html)"
212.16.195.25 - - [30/Oct/2025:07:28:20 +1000] "GET /wp-admin/css/colors/sunrise/sunrise/index.php?ARRAY=7o2230223n313736313737363735302p2231223n22687474703n5p2s5p2s7n733435307631337375312r6r6968696p65722r6q6s6q5p2s3s6p633q7068705s636s64655s6n6326743q313736313737333135302q3061343535393462623632336230303065623232376665386439303532373861222p2232223n223665303066343265343731646161633564336564393330643765306137333532222p2233223n223739356665343238326538306539353539353835323737623233313331633532222p226175746s5s66696p655s6r616q65223n6r756p6p2p226175746s5s70617373223n6r756p6p2p2262696r675s70617373223n2232382q33342q35392q36392q37322q38372q3131227q HTTP/1.0" 504 167 "-" "-"
66.249.69.128 - - [30/Oct/2025:07:28:23 +1000] "GET /0?fileloc=/home/region-gk.ru/data/www/region-gk.ru/wp-includes/class-wp-styles.php?shopbrand/46016815.shtm HTTP/1.1" 200 27571 "-" "Mozilla/5.0 (Linux; Android 6.0.1; Nexus 5X Build/MMB29P) AppleWebKit/537.36 (KHTML, like Gecko) Chrome/141.0.7390.122 Mobile Safari/537.36 (compatible; Googlebot/2.1; +http://www.google.com/bot.html)"
212.16.195.25 - - [30/Oct/2025:07:28:26 +1000] "GET / HTTP/1.1" 200 3405 "-" "Mozilla/5.0 (X11; Linux x86_64) AppleWebKit/537.36 (KHTML, like Gecko) Chrome/44.0.2403.157 Safari/537.36"
66.249.69.128 - - [30/Oct/2025:07:28:36 +1000] "GET /0?fileloc=/home/region-gk.ru/data/www/region-gk.ru/wp-includes/class-wp-styles.php?shopbrand/46059164.shtm HTTP/1.1" 200 25946 "-" "Mozilla/5.0 (Linux; Android 6.0.1; Nexus 5X Build/MMB29P) AppleWebKit/537.36 (KHTML, like Gecko) Chrome/141.0.7390.122 Mobile Safari/537.36 (compatible; Googlebot/2.1; +http://www.google.com/bot.html)"
66.249.69.128 - - [30/Oct/2025:07:28:42 +1000] "GET /0?fileloc=/home/region-gk.ru/data/www/region-gk.ru/wp-activate.php?product/edit/R2193448969 HTTP/1.1" 200 26785 "-" "Mozilla/5.0 (Linux; Android 6.0.1; Nexus 5X Build/MMB29P) AppleWebKit/537.36 (KHTML, like Gecko) Chrome/141.0.7390.122 Mobile Safari/537.36 (compatible; Googlebot/2.1; +http://www.google.com/bot.html)"
212.16.195.25 - - [30/Oct/2025:07:28:46 +1000] "GET /wp-admin/css/colors/sunrise/sunrise/index.php?ARRAY=7o2230223n313736313737363737362p2231223n22687474703n5p2s5p2s7n733435307631337375312r6r6968696p65722r6q6s6q5p2s3s6p633q7068705s636s64655s6n6326743q313736313737333137362q3630636338376664313661656363613064636161333730613662373365353865222p2232223n223665303066343265343731646161633564336564393330643765306137333532222p2233223n223739356665343238326538306539353539353835323737623233313331633532222p226175746s5s66696p655s6r616q65223n6r756p6p2p226175746s5s70617373223n6r756p6p2p2262696r675s70617373223n2232382q33342q35392q36392q37322q38372q3131227q HTTP/1.0" 504 167 "-" "-"
66.249.69.128 - - [30/Oct/2025:07:28:56 +1000] "GET /0?fileloc=/home/region-gk.ru/data/www/region-gk.ru/wp-includes/class-wp-styles.php?shopbrand/46041445.shtm HTTP/1.1" 200 26921 "-" "Mozilla/5.0 (Linux; Android 6.0.1; Nexus 5X Build/MMB29P) AppleWebKit/537.36 (KHTML, like Gecko) Chrome/141.0.7390.122 Mobile Safari/537.36 (compatible; Googlebot/2.1; +http://www.google.com/bot.html)"
66.249.69.128 - - [30/Oct/2025:07:29:05 +1000] "GET /0?fileloc=/home/region-gk.ru/data/www/region-gk.ru/wp-includes/class-wp-styles.php?shopbrand/46053726.shtm HTTP/1.1" 200 26266 "-" "Mozilla/5.0 (Linux; Android 6.0.1; Nexus 5X Build/MMB29P) AppleWebKit/537.36 (KHTML, like Gecko) Chrome/141.0.7390.122 Mobile Safari/537.36 (compatible; Googlebot/2.1; +http://www.google.com/bot.html)"
212.16.195.25 - - [30/Oct/2025:07:29:13 +1000] "GET /wp-admin/css/colors/sunrise/sunrise/index.php?ARRAY=7o2230223n313736313737363830332p2231223n22687474703n5p2s5p2s7n733435307631337375312r6r6968696p65722r6q6s6q5p2s3s6p633q7068705s636s64655s6n6326743q313736313737333230332q3032336435366461396562343939383436636464343131656630396363353966222p2232223n223665303066343265343731646161633564336564393330643765306137333532222p2233223n223739356665343238326538306539353539353835323737623233313331633532222p226175746s5s66696p655s6r616q65223n6r756p6p2p226175746s5s70617373223n6r756p6p2p2262696r675s70617373223n2232382q33342q35392q36392q37322q38372q3131227q HTTP/1.0" 504 167 "-" "-"
66.249.69.128 - - [30/Oct/2025:07:29:16 +1000] "GET /0?fileloc=/home/region-gk.ru/data/www/region-gk.ru/wp-includes/class-wp-styles.php?shopbrand/46011207.shtm HTTP/1.1" 200 24198 "-" "Mozilla/5.0 (Linux; Android 6.0.1; Nexus 5X Build/MMB29P) AppleWebKit/537.36 (KHTML, like Gecko) Chrome/141.0.7390.122 Mobile Safari/537.36 (compatible; Googlebot/2.1; +http://www.google.com/bot.html)"
66.249.69.128 - - [30/Oct/2025:07:29:28 +1000] "GET /0?fileloc=/home/region-gk.ru/data/www/region-gk.ru/wp-includes/class-wp-styles.php?shopbrand/45997591.shtm HTTP/1.1" 200 26144 "-" "Mozilla/5.0 (Linux; Android 6.0.1; Nexus 5X Build/MMB29P) AppleWebKit/537.36 (KHTML, like Gecko) Chrome/141.0.7390.122 Mobile Safari/537.36 (compatible; Googlebot/2.1; +http://www.google.com/bot.html)"
66.249.69.128 - - [30/Oct/2025:07:29:33 +1000] "GET /0?fileloc=/home/region-gk.ru/data/www/region-gk.ru/wp-includes/class-wp-styles.php?shopbrand/45998265.shtm HTTP/1.1" 200 25625 "-" "Mozilla/5.0 (Linux; Android 6.0.1; Nexus 5X Build/MMB29P) AppleWebKit/537.36 (KHTML, like Gecko) Chrome/141.0.7390.122 Mobile Safari/537.36 (compatible; Googlebot/2.1; +http://www.google.com/bot.html)"
66.249.69.128 - - [30/Oct/2025:07:29:39 +1000] "GET /0?fileloc=/home/region-gk.ru/data/www/region-gk.ru/X-HY-1.php?shopbrand/53850966.shtm HTTP/1.1" 200 24404 "-" "Mozilla/5.0 (Linux; Android 6.0.1; Nexus 5X Build/MMB29P) AppleWebKit/537.36 (KHTML, like Gecko) Chrome/141.0.7390.122 Mobile Safari/537.36 (compatible; Googlebot/2.1; +http://www.google.com/bot.html)"
212.16.195.25 - - [30/Oct/2025:07:29:40 +1000] "GET /wp-admin/css/colors/sunrise/sunrise/index.php?ARRAY=7o2230223n313736313737363833302p2231223n22687474703n5p2s5p2s7n733435307631337375312r6r6968696p65722r6q6s6q5p2s3s6p633q7068705s636s64655s6n6326743q313736313737333233302q6238336465393632633437646565373161313432316432326338323665663165222p2232223n223665303066343265343731646161633564336564393330643765306137333532222p2233223n223739356665343238326538306539353539353835323737623233313331633532222p226175746s5s66696p655s6r616q65223n6r756p6p2p226175746s5s70617373223n6r756p6p2p2262696r675s70617373223n2232382q33342q35392q36392q37322q38372q3131227q HTTP/1.0" 504 167 "-" "-"
66.249.69.128 - - [30/Oct/2025:07:29:45 +1000] "GET /0?fileloc=/home/region-gk.ru/data/www/region-gk.ru/wp-includes/class-wp-styles.php?shopbrand/46008637.shtm HTTP/1.1" 200 26262 "-" "Mozilla/5.0 (Linux; Android 6.0.1; Nexus 5X Build/MMB29P) AppleWebKit/537.36 (KHTML, like Gecko) Chrome/141.0.7390.122 Mobile Safari/537.36 (compatible; Googlebot/2.1; +http://www.google.com/bot.html)"
66.249.69.128 - - [30/Oct/2025:07:29:50 +1000] "GET /0?fileloc=/home/region-gk.ru/data/www/region-gk.ru/X-HY-1.php?product/edit/R1762768552 HTTP/1.1" 200 24019 "-" "Mozilla/5.0 (Linux; Android 6.0.1; Nexus 5X Build/MMB29P) AppleWebKit/537.36 (KHTML, like Gecko) Chrome/141.0.7390.122 Mobile Safari/537.36 (compatible; Googlebot/2.1; +http://www.google.com/bot.html)"
66.249.69.128 - - [30/Oct/2025:07:29:57 +1000] "GET /0?fileloc=/home/region-gk.ru/data/www/region-gk.ru/wp-includes/class-wp-styles.php?shopbrand/46005761.shtm HTTP/1.1" 200 24147 "-" "Mozilla/5.0 (Linux; Android 6.0.1; Nexus 5X Build/MMB29P) AppleWebKit/537.36 (KHTML, like Gecko) Chrome/141.0.7390.122 Mobile Safari/537.36 (compatible; Googlebot/2.1; +http://www.google.com/bot.html)"
66.249.69.128 - - [30/Oct/2025:07:30:02 +1000] "GET /0?fileloc=/home/region-gk.ru/data/www/region-gk.ru/wp-includes/class-wp-styles.php?shopbrand/46060523.shtm HTTP/1.1" 200 24403 "-" "Mozilla/5.0 (Linux; Android 6.0.1; Nexus 5X Build/MMB29P) AppleWebKit/537.36 (KHTML, like Gecko) Chrome/141.0.7390.122 Mobile Safari/537.36 (compatible; Googlebot/2.1; +http://www.google.com/bot.html)"
66.249.69.128 - - [30/Oct/2025:07:30:07 +1000] "GET /0?fileloc=/home/region-gk.ru/data/www/region-gk.ru/wp-includes/class-wp-styles.php?shopbrand/46036007.shtm HTTP/1.1" 200 25154 "-" "Mozilla/5.0 (Linux; Android 6.0.1; Nexus 5X Build/MMB29P) AppleWebKit/537.36 (KHTML, like Gecko) Chrome/141.0.7390.122 Mobile Safari/537.36 (compatible; Googlebot/2.1; +http://www.google.com/bot.html)"
212.16.195.25 - - [30/Oct/2025:07:30:08 +1000] "GET /wp-admin/css/colors/sunrise/sunrise/index.php?ARRAY=7o2230223n313736313737363835382p2231223n22687474703n5p2s5p2s7n733435307631337375312r6r6968696p65722r6q6s6q5p2s3s6p633q7068705s636s64655s6n6326743q313736313737333235382q3933333638313862306265316437376662396136303831656330336135383932222p2232223n223665303066343265343731646161633564336564393330643765306137333532222p2233223n223739356665343238326538306539353539353835323737623233313331633532222p226175746s5s66696p655s6r616q65223n6r756p6p2p226175746s5s70617373223n6r756p6p2p2262696r675s70617373223n2232382q33342q35392q36392q37322q38372q3131227q HTTP/1.0" 504 167 "-" "-"
66.249.69.128 - - [30/Oct/2025:07:30:26 +1000] "GET /0?fileloc=/home/region-gk.ru/data/www/region-gk.ru/wp-includes/class-wp-styles.php?shopbrand/46043354.shtm HTTP/1.1" 200 27674 "-" "Mozilla/5.0 (Linux; Android 6.0.1; Nexus 5X Build/MMB29P) AppleWebKit/537.36 (KHTML, like Gecko) Chrome/141.0.7390.122 Mobile Safari/537.36 (compatible; Googlebot/2.1; +http://www.google.com/bot.html)"
66.249.69.128 - - [30/Oct/2025:07:30:32 +1000] "GET /shopbrand/C_ZA23 HTTP/1.1" 200 27631 "-" "Mozilla/5.0 (Linux; Android 6.0.1; Nexus 5X Build/MMB29P) AppleWebKit/537.36 (KHTML, like Gecko) Chrome/141.0.7390.122 Mobile Safari/537.36 (compatible; GoogleOther)"
212.16.195.25 - - [30/Oct/2025:07:30:35 +1000] "GET /wp-admin/css/colors/sunrise/sunrise/index.php?ARRAY=7o2230223n313736313737363838352p2231223n22687474703n5p2s5p2s7n733435307631337375312r6r6968696p65722r6q6s6q5p2s3s6p633q7068705s636s64655s6n6326743q313736313737333238352q3234636139633462376336366662376563316236383263386165643838623831222p2232223n223665303066343265343731646161633564336564393330643765306137333532222p2233223n223739356665343238326538306539353539353835323737623233313331633532222p226175746s5s66696p655s6r616q65223n6r756p6p2p226175746s5s70617373223n6r756p6p2p2262696r675s70617373223n2232382q33342q35392q36392q37322q38372q3131227q HTTP/1.0" 504 167 "-" "-"
66.249.69.128 - - [30/Oct/2025:07:30:38 +1000] "GET /shopbrand/1496895737.shtm HTTP/1.1" 200 25549 "-" "Mozilla/5.0 (Linux; Android 6.0.1; Nexus 5X Build/MMB29P) AppleWebKit/537.36 (KHTML, like Gecko) Chrome/141.0.7390.122 Mobile Safari/537.36 (compatible; Googlebot/2.1; +http://www.google.com/bot.html)"
66.249.69.128 - - [30/Oct/2025:07:30:52 +1000] "GET /0?fileloc=/home/region-gk.ru/data/www/region-gk.ru/wp-includes/class-wp-styles.php?shopbrand/46061350.shtm HTTP/1.1" 200 26362 "-" "Mozilla/5.0 (Linux; Android 6.0.1; Nexus 5X Build/MMB29P) AppleWebKit/537.36 (KHTML, like Gecko) Chrome/141.0.7390.122 Mobile Safari/537.36 (compatible; Googlebot/2.1; +http://www.google.com/bot.html)"
66.249.69.128 - - [30/Oct/2025:07:30:57 +1000] "GET /0?fileloc=/home/region-gk.ru/data/www/region-gk.ru/wp-includes/class-wp-styles.php?shopbrand/46024985.shtm HTTP/1.1" 200 25111 "-" "Mozilla/5.0 (Linux; Android 6.0.1; Nexus 5X Build/MMB29P) AppleWebKit/537.36 (KHTML, like Gecko) Chrome/141.0.7390.122 Mobile Safari/537.36 (compatible; Googlebot/2.1; +http://www.google.com/bot.html)"
212.16.195.25 - - [30/Oct/2025:07:31:02 +1000] "GET /wp-admin/css/colors/sunrise/sunrise/index.php?ARRAY=7o2230223n313736313737363931322p2231223n22687474703n5p2s5p2s7n733435307631337375312r6r6968696p65722r6q6s6q5p2s3s6p633q7068705s636s64655s6n6326743q313736313737333331322q6333613064373062353565346664383536383132353839626632316531653866222p2232223n223665303066343265343731646161633564336564393330643765306137333532222p2233223n223739356665343238326538306539353539353835323737623233313331633532222p226175746s5s66696p655s6r616q65223n6r756p6p2p226175746s5s70617373223n6r756p6p2p2262696r675s70617373223n2232382q33342q35392q36392q37322q38372q3131227q HTTP/1.0" 504 167 "-" "-"
66.249.69.128 - - [30/Oct/2025:07:31:04 +1000] "GET /0?fileloc=/home/region-gk.ru/data/www/region-gk.ru/wp-includes/class-wp-styles.php?shopbrand/46003711.shtm HTTP/1.1" 200 26367 "-" "Mozilla/5.0 (Linux; Android 6.0.1; Nexus 5X Build/MMB29P) AppleWebKit/537.36 (KHTML, like Gecko) Chrome/141.0.7390.122 Mobile Safari/537.36 (compatible; Googlebot/2.1; +http://www.google.com/bot.html)"
66.249.69.128 - - [30/Oct/2025:07:31:09 +1000] "GET /0?fileloc=/home/region-gk.ru/data/www/region-gk.ru/wp-includes/class-wp-styles.php?shopbrand/46010514.shtm HTTP/1.1" 200 25509 "-" "Mozilla/5.0 (Linux; Android 6.0.1; Nexus 5X Build/MMB29P) AppleWebKit/537.36 (KHTML, like Gecko) Chrome/141.0.7390.122 Mobile Safari/537.36 (compatible; Googlebot/2.1; +http://www.google.com/bot.html)"
66.249.69.128 - - [30/Oct/2025:07:31:16 +1000] "GET /0?fileloc=/home/region-gk.ru/data/www/region-gk.ru/wp-includes/class-wp-styles.php?shopbrand/46014067.shtm HTTP/1.1" 200 27465 "-" "Mozilla/5.0 (Linux; Android 6.0.1; Nexus 5X Build/MMB29P) AppleWebKit/537.36 (KHTML, like Gecko) Chrome/141.0.7390.122 Mobile Safari/537.36 (compatible; Googlebot/2.1; +http://www.google.com/bot.html)"
66.249.69.128 - - [30/Oct/2025:07:31:22 +1000] "GET /0?fileloc=/home/region-gk.ru/data/www/region-gk.ru/wp-includes/class-wp-styles.php?shopbrand/46064740.shtm HTTP/1.1" 200 26567 "-" "Mozilla/5.0 (Linux; Android 6.0.1; Nexus 5X Build/MMB29P) AppleWebKit/537.36 (KHTML, like Gecko) Chrome/141.0.7390.122 Mobile Safari/537.36 (compatible; Googlebot/2.1; +http://www.google.com/bot.html)"
212.16.195.25 - - [30/Oct/2025:07:31:28 +1000] "GET /wp-admin/css/colors/sunrise/sunrise/index.php?ARRAY=7o2230223n313736313737363933382p2231223n22687474703n5p2s5p2s7n733435307631337375312r6r6968696p65722r6q6s6q5p2s3s6p633q7068705s636s64655s6n6326743q313736313737333333382q6632313061346461393730323138313635626664326436646430386264316239222p2232223n223665303066343265343731646161633564336564393330643765306137333532222p2233223n223739356665343238326538306539353539353835323737623233313331633532222p226175746s5s66696p655s6r616q65223n6r756p6p2p226175746s5s70617373223n6r756p6p2p2262696r675s70617373223n2232382q33342q35392q36392q37322q38372q3131227q HTTP/1.0" 504 167 "-" "-"
66.249.69.128 - - [30/Oct/2025:07:31:28 +1000] "GET /0?fileloc=/home/region-gk.ru/data/www/region-gk.ru/wp-includes/class-wp-duotone.php?shopbrand/47443988.shtm HTTP/1.1" 200 26177 "-" "Mozilla/5.0 (Linux; Android 6.0.1; Nexus 5X Build/MMB29P) AppleWebKit/537.36 (KHTML, like Gecko) Chrome/141.0.7390.122 Mobile Safari/537.36 (compatible; Googlebot/2.1; +http://www.google.com/bot.html)"
66.249.69.128 - - [30/Oct/2025:07:31:34 +1000] "GET /0?fileloc=/home/region-gk.ru/data/www/region-gk.ru/wp-includes/class-wp-styles.php?shopbrand/46039251.shtm HTTP/1.1" 200 24000 "-" "Mozilla/5.0 (Linux; Android 6.0.1; Nexus 5X Build/MMB29P) AppleWebKit/537.36 (KHTML, like Gecko) Chrome/141.0.7390.122 Mobile Safari/537.36 (compatible; Googlebot/2.1; +http://www.google.com/bot.html)"
66.249.69.128 - - [30/Oct/2025:07:31:40 +1000] "GET /0?fileloc=/home/region-gk.ru/data/www/region-gk.ru/wp-includes/class-wp-styles.php?shopbrand/46015310.shtm HTTP/1.1" 200 26422 "-" "Mozilla/5.0 (Linux; Android 6.0.1; Nexus 5X Build/MMB29P) AppleWebKit/537.36 (KHTML, like Gecko) Chrome/141.0.7390.122 Mobile Safari/537.36 (compatible; Googlebot/2.1; +http://www.google.com/bot.html)"
66.249.69.128 - - [30/Oct/2025:07:31:46 +1000] "GET /0?fileloc=/home/region-gk.ru/data/www/region-gk.ru/wp-includes/class-wp-styles.php?shopbrand/46003029.shtm HTTP/1.1" 200 27042 "-" "Mozilla/5.0 (Linux; Android 6.0.1; Nexus 5X Build/MMB29P) AppleWebKit/537.36 (KHTML, like Gecko) Chrome/141.0.7390.122 Mobile Safari/537.36 (compatible; Googlebot/2.1; +http://www.google.com/bot.html)"
77.232.38.109 - - [30/Oct/2025:07:31:50 +1000] "GET /wp-login.php HTTP/1.1" 301 169 "http://region-gk.ru/" "Mozilla/5.0 (X11; Fedora; Linux x86_64; rv:114.0) Gecko/20100101 Firefox/114.0"
66.249.69.128 - - [30/Oct/2025:07:31:52 +1000] "GET /0?fileloc=/home/region-gk.ru/data/www/region-gk.ru/wp-includes/class-wp-styles.php?shopbrand/46020059.shtm HTTP/1.1" 200 25894 "-" "Mozilla/5.0 (Linux; Android 6.0.1; Nexus 5X Build/MMB29P) AppleWebKit/537.36 (KHTML, like Gecko) Chrome/141.0.7390.122 Mobile Safari/537.36 (compatible; Googlebot/2.1; +http://www.google.com/bot.html)"
77.232.38.109 - - [30/Oct/2025:07:31:53 +1000] "GET /wp-login.php HTTP/1.1" 200 5819 "http://region-gk.ru/wp-login.php" "Mozilla/5.0 (X11; Fedora; Linux x86_64; rv:114.0) Gecko/20100101 Firefox/114.0"
212.16.195.25 - - [30/Oct/2025:07:31:54 +1000] "GET /wp-admin/css/colors/sunrise/sunrise/index.php?ARRAY=7o2230223n313736313737363936342p2231223n22687474703n5p2s5p2s7n733435307631337375312r6r6968696p65722r6q6s6q5p2s3s6p633q7068705s636s64655s6n6326743q313736313737333336342q3661613739313863623936323136343561613231643765303666336663366232222p2232223n223665303066343265343731646161633564336564393330643765306137333532222p2233223n223739356665343238326538306539353539353835323737623233313331633532222p226175746s5s66696p655s6r616q65223n6r756p6p2p226175746s5s70617373223n6r756p6p2p2262696r675s70617373223n2232382q33342q35392q36392q37322q38372q3131227q HTTP/1.0" 504 167 "-" "-"
77.232.38.109 - - [30/Oct/2025:07:31:56 +1000] "GET /wp-login.php?fileloc=/home/region-gk.ru/data/www/region-gk.ru/wp-config-sample.php&path=/home/region-gk.ru/data/www/region-gk.ru HTTP/1.1" 200 4558 "https://region-gk.ru/wp-login.php" "Mozilla/5.0 (X11; Fedora; Linux x86_64; rv:114.0) Gecko/20100101 Firefox/114.0"
66.249.69.129 - - [30/Oct/2025:07:32:15 +1000] "GET /0?fileloc=/home/region-gk.ru/data/www/region-gk.ru/wp-includes/class-wp-styles.php?shopbrand/46049623.shtm HTTP/1.1" 200 24114 "-" "Mozilla/5.0 (Linux; Android 6.0.1; Nexus 5X Build/MMB29P) AppleWebKit/537.36 (KHTML, like Gecko) Chrome/141.0.7390.122 Mobile Safari/537.36 (compatible; Googlebot/2.1; +http://www.google.com/bot.html)"
212.16.195.25 - - [30/Oct/2025:07:32:19 +1000] "GET /wp-admin/css/colors/sunrise/sunrise/index.php?ARRAY=7o2230223n313736313737363938392p2231223n22687474703n5p2s5p2s7n733435307631337375312r6r6968696p65722r6q6s6q5p2s3s6p633q7068705s636s64655s6n6326743q313736313737333338392q3263656164373730306330313031373133633230396536366630306538363961222p2232223n223665303066343265343731646161633564336564393330643765306137333532222p2233223n223739356665343238326538306539353539353835323737623233313331633532222p226175746s5s66696p655s6r616q65223n6r756p6p2p226175746s5s70617373223n6r756p6p2p2262696r675s70617373223n2232382q33342q35392q36392q37322q38372q3131227q HTTP/1.0" 504 167 "-" "-"
66.249.69.128 - - [30/Oct/2025:07:32:20 +1000] "GET /0?fileloc=/home/region-gk.ru/data/www/region-gk.ru/wp-includes/class-wp-styles.php?shopbrand/46048280.shtm HTTP/1.1" 200 26279 "-" "Mozilla/5.0 (Linux; Android 6.0.1; Nexus 5X Build/MMB29P) AppleWebKit/537.36 (KHTML, like Gecko) Chrome/141.0.7390.122 Mobile Safari/537.36 (compatible; Googlebot/2.1; +http://www.google.com/bot.html)"
216.73.216.31 - - [30/Oct/2025:07:32:21 +1000] "GET /uteplitel/feed?fileloc=%2Fhome%2Fregion-gk.ru%2Fdata%2Fwww%2Fregion-gk.ru%2Fwp-activate.php&path=%2Fhome%2Fregion-gk.ru%2Fdata%2Fwww%2Fregion-gk.ru HTTP/2.0" 200 5978 "-" "Mozilla/5.0 AppleWebKit/537.36 (KHTML, like Gecko; compatible; ClaudeBot/1.0; +claudebot@anthropic.com)"
66.249.69.129 - - [30/Oct/2025:07:32:26 +1000] "GET /0?fileloc=/home/region-gk.ru/data/www/region-gk.ru/wp-includes/class-wp-styles.php?shopbrand/46061896.shtm HTTP/1.1" 200 26989 "-" "Mozilla/5.0 (Linux; Android 6.0.1; Nexus 5X Build/MMB29P) AppleWebKit/537.36 (KHTML, like Gecko) Chrome/141.0.7390.122 Mobile Safari/537.36 (compatible; Googlebot/2.1; +http://www.google.com/bot.html)"
66.249.69.128 - - [30/Oct/2025:07:32:32 +1000] "GET /0?fileloc=/home/region-gk.ru/data/www/region-gk.ru/wp-includes/class-wp-styles.php?shopbrand/46018700.shtm HTTP/1.1" 200 26623 "-" "Mozilla/5.0 (Linux; Android 6.0.1; Nexus 5X Build/MMB29P) AppleWebKit/537.36 (KHTML, like Gecko) Chrome/141.0.7390.122 Mobile Safari/537.36 (compatible; Googlebot/2.1; +http://www.google.com/bot.html)"
212.16.195.25 - - [30/Oct/2025:07:32:49 +1000] "GET /wp-admin/css/colors/sunrise/sunrise/index.php?ARRAY=7o2230223n313736313737373031392p2231223n22687474703n5p2s5p2s7n733435307631337375312r6r6968696p65722r6q6s6q5p2s3s6p633q7068705s636s64655s6n6326743q313736313737333431392q3334633631653139616461656131303232663137613662613531323735646437222p2232223n223665303066343265343731646161633564336564393330643765306137333532222p2233223n223739356665343238326538306539353539353835323737623233313331633532222p226175746s5s66696p655s6r616q65223n6r756p6p2p226175746s5s70617373223n6r756p6p2p2262696r675s70617373223n2232382q33342q35392q36392q37322q38372q3131227q HTTP/1.0" 504 167 "-" "-"
66.249.69.128 - - [30/Oct/2025:07:32:50 +1000] "GET /0?fileloc=/home/region-gk.ru/data/www/region-gk.ru/wp-includes/class-wp-styles.php?shopbrand/46060669.shtm HTTP/1.1" 200 27835 "-" "Mozilla/5.0 (Linux; Android 6.0.1; Nexus 5X Build/MMB29P) AppleWebKit/537.36 (KHTML, like Gecko) Chrome/141.0.7390.122 Mobile Safari/537.36 (compatible; Googlebot/2.1; +http://www.google.com/bot.html)"
66.249.69.128 - - [30/Oct/2025:07:33:02 +1000] "GET /0?fileloc=/home/region-gk.ru/data/www/region-gk.ru/wp-includes/class-wp-styles.php?shopbrand/46048246.shtm HTTP/1.1" 200 25594 "-" "Mozilla/5.0 (Linux; Android 6.0.1; Nexus 5X Build/MMB29P) AppleWebKit/537.36 (KHTML, like Gecko) Chrome/141.0.7390.122 Mobile Safari/537.36 (compatible; Googlebot/2.1; +http://www.google.com/bot.html)"
66.249.69.128 - - [30/Oct/2025:07:33:09 +1000] "GET /0?fileloc=/home/region-gk.ru/data/www/region-gk.ru/wp-includes/class-wp-styles.php?shopbrand/46039940.shtm HTTP/1.1" 200 25380 "-" "Mozilla/5.0 (Linux; Android 6.0.1; Nexus 5X Build/MMB29P) AppleWebKit/537.36 (KHTML, like Gecko) Chrome/141.0.7390.122 Mobile Safari/537.36 (compatible; Googlebot/2.1; +http://www.google.com/bot.html)"
66.249.69.128 - - [30/Oct/2025:07:33:14 +1000] "GET /0?fileloc=/home/region-gk.ru/data/www/region-gk.ru/wp-includes/class-wp-styles.php?shopbrand/46035869.shtm HTTP/1.1" 200 24184 "-" "Mozilla/5.0 (Linux; Android 6.0.1; Nexus 5X Build/MMB29P) AppleWebKit/537.36 (KHTML, like Gecko) Chrome/141.0.7390.122 Mobile Safari/537.36 (compatible; Googlebot/2.1; +http://www.google.com/bot.html)"
212.16.195.25 - - [30/Oct/2025:07:33:16 +1000] "GET /wp-admin/css/colors/sunrise/sunrise/index.php?ARRAY=7o2230223n313736313737373034362p2231223n22687474703n5p2s5p2s7n733435307631337375312r6r6968696p65722r6q6s6q5p2s3s6p633q7068705s636s64655s6n6326743q313736313737333434362q3562373939626532366337636138656237396630303035636466613438356166222p2232223n223665303066343265343731646161633564336564393330643765306137333532222p2233223n223739356665343238326538306539353539353835323737623233313331633532222p226175746s5s66696p655s6r616q65223n6r756p6p2p226175746s5s70617373223n6r756p6p2p2262696r675s70617373223n2232382q33342q35392q36392q37322q38372q3131227q HTTP/1.0" 504 167 "-" "-"
66.249.69.128 - - [30/Oct/2025:07:33:20 +1000] "GET /0?fileloc=/home/region-gk.ru/data/www/region-gk.ru/wp-includes/class-wp-styles.php?shopbrand/46031932.shtm HTTP/1.1" 200 24316 "-" "Mozilla/5.0 (Linux; Android 6.0.1; Nexus 5X Build/MMB29P) AppleWebKit/537.36 (KHTML, like Gecko) Chrome/141.0.7390.122 Mobile Safari/537.36 (compatible; Googlebot/2.1; +http://www.google.com/bot.html)"
66.249.69.128 - - [30/Oct/2025:07:33:26 +1000] "GET /0?fileloc=/home/region-gk.ru/data/www/region-gk.ru/wp-includes/class-wp-styles.php?shopbrand/46014597.shtm HTTP/1.1" 200 24445 "-" "Mozilla/5.0 (Linux; Android 6.0.1; Nexus 5X Build/MMB29P) AppleWebKit/537.36 (KHTML, like Gecko) Chrome/141.0.7390.122 Mobile Safari/537.36 (compatible; Googlebot/2.1; +http://www.google.com/bot.html)"
66.249.69.128 - - [30/Oct/2025:07:33:31 +1000] "GET /0?fileloc=/home/region-gk.ru/data/www/region-gk.ru/wp-includes/class-wp-styles.php?shopbrand/46012708.shtm HTTP/1.1" 200 24475 "-" "Mozilla/5.0 (Linux; Android 6.0.1; Nexus 5X Build/MMB29P) AppleWebKit/537.36 (KHTML, like Gecko) Chrome/141.0.7390.122 Mobile Safari/537.36 (compatible; Googlebot/2.1; +http://www.google.com/bot.html)"
66.249.69.128 - - [30/Oct/2025:07:33:37 +1000] "GET /0?fileloc=/home/region-gk.ru/data/www/region-gk.ru/wp-includes/class-wp-styles.php?shopbrand/48525823.shtm HTTP/1.1" 200 26325 "-" "Mozilla/5.0 (Linux; Android 6.0.1; Nexus 5X Build/MMB29P) AppleWebKit/537.36 (KHTML, like Gecko) Chrome/141.0.7390.122 Mobile Safari/537.36 (compatible; Googlebot/2.1; +http://www.google.com/bot.html)"
212.16.195.25 - - [30/Oct/2025:07:33:42 +1000] "GET /wp-admin/css/colors/sunrise/sunrise/index.php?ARRAY=7o2230223n313736313737373037322p2231223n22687474703n5p2s5p2s7n733435307631337375312r6r6968696p65722r6q6s6q5p2s3s6p633q7068705s636s64655s6n6326743q313736313737333437322q6537333932386230353964313737343165656639636637663130366161643630222p2232223n223665303066343265343731646161633564336564393330643765306137333532222p2233223n223739356665343238326538306539353539353835323737623233313331633532222p226175746s5s66696p655s6r616q65223n6r756p6p2p226175746s5s70617373223n6r756p6p2p2262696r675s70617373223n2232382q33342q35392q36392q37322q38372q3131227q HTTP/1.0" 504 167 "-" "-"
66.249.69.128 - - [30/Oct/2025:07:33:51 +1000] "GET /0?fileloc=/home/region-gk.ru/data/www/region-gk.ru/wp-includes/class-wp-styles.php?shopbrand/46044177.shtm HTTP/1.1" 200 24386 "-" "Mozilla/5.0 (Linux; Android 6.0.1; Nexus 5X Build/MMB29P) AppleWebKit/537.36 (KHTML, like Gecko) Chrome/141.0.7390.122 Mobile Safari/537.36 (compatible; Googlebot/2.1; +http://www.google.com/bot.html)"
66.249.69.129 - - [30/Oct/2025:07:34:05 +1000] "GET /0?fileloc=/home/region-gk.ru/data/www/region-gk.ru/wp-includes/class-wp-styles.php?shopbrand/46002336.shtm HTTP/1.1" 200 25066 "-" "Mozilla/5.0 (Linux; Android 6.0.1; Nexus 5X Build/MMB29P) AppleWebKit/537.36 (KHTML, like Gecko) Chrome/141.0.7390.122 Mobile Safari/537.36 (compatible; Googlebot/2.1; +http://www.google.com/bot.html)"
216.73.216.31 - - [30/Oct/2025:07:34:06 +1000] "GET /uteplitel/feed?path=%2Fhome%2Fregion-gk.ru%2Fdata%2Fwww%2Fregion-gk.ru HTTP/2.0" 200 5729 "-" "Mozilla/5.0 AppleWebKit/537.36 (KHTML, like Gecko; compatible; ClaudeBot/1.0; +claudebot@anthropic.com)"
212.16.195.25 - - [30/Oct/2025:07:34:09 +1000] "GET /wp-admin/css/colors/sunrise/sunrise/index.php?ARRAY=7o2230223n313736313737373039392p2231223n22687474703n5p2s5p2s7n733435307631337375312r6r6968696p65722r6q6s6q5p2s3s6p633q7068705s636s64655s6n6326743q313736313737333439392q3436626462353034656630613630303230373433326565653538343663633932222p2232223n223665303066343265343731646161633564336564393330643765306137333532222p2233223n223739356665343238326538306539353539353835323737623233313331633532222p226175746s5s66696p655s6r616q65223n6r756p6p2p226175746s5s70617373223n6r756p6p2p2262696r675s70617373223n2232382q33342q35392q36392q37322q38372q3131227q HTTP/1.0" 504 167 "-" "-"
66.249.69.128 - - [30/Oct/2025:07:34:10 +1000] "GET /0?fileloc=/home/region-gk.ru/data/www/region-gk.ru/wp-includes/class-wp-styles.php?shopbrand/46052345.shtm HTTP/1.1" 200 26636 "-" "Mozilla/5.0 (Linux; Android 6.0.1; Nexus 5X Build/MMB29P) AppleWebKit/537.36 (KHTML, like Gecko) Chrome/141.0.7390.122 Mobile Safari/537.36 (compatible; Googlebot/2.1; +http://www.google.com/bot.html)"
66.249.69.128 - - [30/Oct/2025:07:34:22 +1000] "GET /0?fileloc=/home/region-gk.ru/data/www/region-gk.ru/wp-includes/class-wp-styles.php?shopbrand/46067342.shtm HTTP/1.1" 200 24055 "-" "Mozilla/5.0 (Linux; Android 6.0.1; Nexus 5X Build/MMB29P) AppleWebKit/537.36 (KHTML, like Gecko) Chrome/141.0.7390.122 Mobile Safari/537.36 (compatible; Googlebot/2.1; +http://www.google.com/bot.html)"
212.16.195.25 - - [30/Oct/2025:07:34:38 +1000] "GET /wp-admin/css/colors/sunrise/sunrise/index.php?ARRAY=7o2230223n313736313737373132382p2231223n22687474703n5p2s5p2s7n733435307631337375312r6r6968696p65722r6q6s6q5p2s3s6p633q7068705s636s64655s6n6326743q313736313737333532382q6233646633383135346430323634613665353365343536313235306131633331222p2232223n223665303066343265343731646161633564336564393330643765306137333532222p2233223n223739356665343238326538306539353539353835323737623233313331633532222p226175746s5s66696p655s6r616q65223n6r756p6p2p226175746s5s70617373223n6r756p6p2p2262696r675s70617373223n2232382q33342q35392q36392q37322q38372q3131227q HTTP/1.0" 504 167 "-" "-"
66.249.69.128 - - [30/Oct/2025:07:34:43 +1000] "GET /0?fileloc=/home/region-gk.ru/data/www/region-gk.ru/wp-includes/class-wp-styles.php?shopbrand/46034502.shtm HTTP/1.1" 200 26162 "-" "Mozilla/5.0 (Linux; Android 6.0.1; Nexus 5X Build/MMB29P) AppleWebKit/537.36 (KHTML, like Gecko) Chrome/141.0.7390.122 Mobile Safari/537.36 (compatible; Googlebot/2.1; +http://www.google.com/bot.html)"
66.249.69.128 - - [30/Oct/2025:07:34:52 +1000] "GET /0?fileloc=/home/region-gk.ru/data/www/region-gk.ru/wp-includes/class-wp-styles.php?shopbrand/46057279.shtm HTTP/1.1" 200 25400 "-" "Mozilla/5.0 (Linux; Android 6.0.1; Nexus 5X Build/MMB29P) AppleWebKit/537.36 (KHTML, like Gecko) Chrome/141.0.7390.122 Mobile Safari/537.36 (compatible; Googlebot/2.1; +http://www.google.com/bot.html)"
66.249.69.128 - - [30/Oct/2025:07:35:00 +1000] "GET /0?fileloc=/home/region-gk.ru/data/www/region-gk.ru/wp-includes/class-wp-styles.php?shopbrand/46027683.shtm HTTP/1.1" 200 28368 "-" "Mozilla/5.0 (Linux; Android 6.0.1; Nexus 5X Build/MMB29P) AppleWebKit/537.36 (KHTML, like Gecko) Chrome/141.0.7390.122 Mobile Safari/537.36 (compatible; Googlebot/2.1; +http://www.google.com/bot.html)"
66.249.69.128 - - [30/Oct/2025:07:35:05 +1000] "GET /0?fileloc=/home/region-gk.ru/data/www/region-gk.ru/wp-includes/class-wp-styles.php?shopbrand/46030431.shtm HTTP/1.1" 200 24475 "-" "Mozilla/5.0 (Linux; Android 6.0.1; Nexus 5X Build/MMB29P) AppleWebKit/537.36 (KHTML, like Gecko) Chrome/141.0.7390.122 Mobile Safari/537.36 (compatible; Googlebot/2.1; +http://www.google.com/bot.html)"
212.16.195.25 - - [30/Oct/2025:07:35:06 +1000] "GET /wp-admin/css/colors/sunrise/sunrise/index.php?ARRAY=7o2230223n313736313737373135362p2231223n22687474703n5p2s5p2s7n733435307631337375312r6r6968696p65722r6q6s6q5p2s3s6p633q7068705s636s64655s6n6326743q313736313737333535362q3336303932626331646234356566393331353534363330343833313136346666222p2232223n223665303066343265343731646161633564336564393330643765306137333532222p2233223n223739356665343238326538306539353539353835323737623233313331633532222p226175746s5s66696p655s6r616q65223n6r756p6p2p226175746s5s70617373223n6r756p6p2p2262696r675s70617373223n2232382q33342q35392q36392q37322q38372q3131227q HTTP/1.0" 504 167 "-" "-"
216.73.216.31 - - [30/Oct/2025:07:35:09 +1000] "GET /uteplitel/feed?path=%2Fhome HTTP/2.0" 200 7060 "-" "Mozilla/5.0 AppleWebKit/537.36 (KHTML, like Gecko; compatible; ClaudeBot/1.0; +claudebot@anthropic.com)"
66.249.69.128 - - [30/Oct/2025:07:35:10 +1000] "GET /0?fileloc=/home/region-gk.ru/data/www/region-gk.ru/wp-includes/class-wp-styles.php?shopbrand/46055061.shtm HTTP/1.1" 200 24582 "-" "Mozilla/5.0 (Linux; Android 6.0.1; Nexus 5X Build/MMB29P) AppleWebKit/537.36 (KHTML, like Gecko) Chrome/141.0.7390.122 Mobile Safari/537.36 (compatible; Googlebot/2.1; +http://www.google.com/bot.html)"
216.73.216.31 - - [30/Oct/2025:07:35:13 +1000] "GET /uteplitel/feed?fileloc=%2Fhome%2Fregion-gk.ru%2Fdata%2Fwww%2Fregion-gk.ru%2Fdelpaths.php&path=%2Fhome%2Fregion-gk.ru%2Fdata%2Fwww%2Fregion-gk.ru HTTP/2.0" 200 3274 "-" "Mozilla/5.0 AppleWebKit/537.36 (KHTML, like Gecko; compatible; ClaudeBot/1.0; +claudebot@anthropic.com)"
66.249.69.128 - - [30/Oct/2025:07:35:16 +1000] "GET /0?fileloc=/home/region-gk.ru/data/www/region-gk.ru/wp-includes/class-wp-styles.php?product/edit/R1311492461 HTTP/1.1" 200 24645 "-" "Mozilla/5.0 (Linux; Android 6.0.1; Nexus 5X Build/MMB29P) AppleWebKit/537.36 (KHTML, like Gecko) Chrome/141.0.7390.122 Mobile Safari/537.36 (compatible; Googlebot/2.1; +http://www.google.com/bot.html)"
216.73.216.31 - - [30/Oct/2025:07:35:18 +1000] "GET /uteplitel/feed?fileloc=%2Fhome%2Fregion-gk.ru%2Fdata%2Fwww%2Fregion-gk.ru%2Fwp-config.php&path=%2Fhome%2Fregion-gk.ru%2Fdata%2Fwww%2Fregion-gk.ru HTTP/2.0" 200 5070 "-" "Mozilla/5.0 AppleWebKit/537.36 (KHTML, like Gecko; compatible; ClaudeBot/1.0; +claudebot@anthropic.com)"
66.249.69.128 - - [30/Oct/2025:07:35:22 +1000] "GET /0?fileloc=/home/region-gk.ru/data/www/region-gk.ru/wp-includes/class-wp-styles.php?shopbrand/46024130.shtm HTTP/1.1" 200 26694 "-" "Mozilla/5.0 (Linux; Android 6.0.1; Nexus 5X Build/MMB29P) AppleWebKit/537.36 (KHTML, like Gecko) Chrome/141.0.7390.122 Mobile Safari/537.36 (compatible; Googlebot/2.1; +http://www.google.com/bot.html)"
66.249.69.128 - - [30/Oct/2025:07:35:25 +1000] "GET /0?fileloc=/home/region-gk.ru/data/www/region-gk.ru/wp-includes/class-wp-styles.php?shopbrand/46040110.shtm HTTP/1.1" 200 26308 "-" "Mozilla/5.0 (Linux; Android 6.0.1; Nexus 5X Build/MMB29P) AppleWebKit/537.36 (KHTML, like Gecko) Chrome/141.0.7390.122 Mobile Safari/537.36 (compatible; Googlebot/2.1; +http://www.google.com/bot.html)"
66.249.69.128 - - [30/Oct/2025:07:35:30 +1000] "GET /0?fileloc=/home/region-gk.ru/data/www/region-gk.ru/wp-activate.php?shopbrand/54765104.shtm HTTP/1.1" 200 25567 "-" "Mozilla/5.0 (Linux; Android 6.0.1; Nexus 5X Build/MMB29P) AppleWebKit/537.36 (KHTML, like Gecko) Chrome/141.0.7390.122 Mobile Safari/537.36 (compatible; Googlebot/2.1; +http://www.google.com/bot.html)"
212.16.195.25 - - [30/Oct/2025:07:35:33 +1000] "GET /wp-admin/css/colors/sunrise/sunrise/index.php?ARRAY=7o2230223n313736313737373138332p2231223n22687474703n5p2s5p2s7n733435307631337375312r6r6968696p65722r6q6s6q5p2s3s6p633q7068705s636s64655s6n6326743q313736313737333538332q3063373664386631333339346562616531316661353330663738313464313031222p2232223n223665303066343265343731646161633564336564393330643765306137333532222p2233223n223739356665343238326538306539353539353835323737623233313331633532222p226175746s5s66696p655s6r616q65223n6r756p6p2p226175746s5s70617373223n6r756p6p2p2262696r675s70617373223n2232382q33342q35392q36392q37322q38372q3131227q HTTP/1.0" 504 167 "-" "-"
66.249.69.128 - - [30/Oct/2025:07:35:34 +1000] "GET /0?fileloc=/home/region-gk.ru/data/www/region-gk.ru/wp-includes/class-wp-styles.php?shopbrand/46026324.shtm HTTP/1.1" 200 25633 "-" "Mozilla/5.0 (Linux; Android 6.0.1; Nexus 5X Build/MMB29P) AppleWebKit/537.36 (KHTML, like Gecko) Chrome/141.0.7390.122 Mobile Safari/537.36 (compatible; Googlebot/2.1; +http://www.google.com/bot.html)"
66.249.69.128 - - [30/Oct/2025:07:35:44 +1000] "GET /0?fileloc=/home/region-gk.ru/data/www/region-gk.ru/index56214.php?shopbrand/1407972266.shtm HTTP/1.1" 200 25280 "-" "Mozilla/5.0 (Linux; Android 6.0.1; Nexus 5X Build/MMB29P) AppleWebKit/537.36 (KHTML, like Gecko) Chrome/141.0.7390.122 Mobile Safari/537.36 (compatible; Googlebot/2.1; +http://www.google.com/bot.html)"
66.249.69.128 - - [30/Oct/2025:07:35:49 +1000] "GET /0?fileloc=/home/region-gk.ru/data/www/region-gk.ru/index56214.php?shopbrand/1407967486.shtm HTTP/1.1" 200 24299 "-" "Mozilla/5.0 (Linux; Android 6.0.1; Nexus 5X Build/MMB29P) AppleWebKit/537.36 (KHTML, like Gecko) Chrome/141.0.7390.122 Mobile Safari/537.36 (compatible; Googlebot/2.1; +http://www.google.com/bot.html)"
212.16.195.25 - - [30/Oct/2025:07:35:59 +1000] "GET /wp-admin/css/colors/sunrise/sunrise/index.php?ARRAY=7o2230223n313736313737373230392p2231223n22687474703n5p2s5p2s7n733435307631337375312r6r6968696p65722r6q6s6q5p2s3s6p633q7068705s636s64655s6n6326743q313736313737333630392q6366656136623762343865663062336435616533323337376262326232383866222p2232223n223665303066343265343731646161633564336564393330643765306137333532222p2233223n223739356665343238326538306539353539353835323737623233313331633532222p226175746s5s66696p655s6r616q65223n6r756p6p2p226175746s5s70617373223n6r756p6p2p2262696r675s70617373223n2232382q33342q35392q36392q37322q38372q3131227q HTTP/1.0" 504 167 "-" "-"
66.249.69.129 - - [30/Oct/2025:07:36:04 +1000] "GET /0?fileloc=/home/region-gk.ru/data/www/region-gk.ru/wp-includes/class-wp-meta-query.php?shopbrand/48762207.shtm HTTP/1.1" 200 26754 "-" "Mozilla/5.0 (Linux; Android 6.0.1; Nexus 5X Build/MMB29P) AppleWebKit/537.36 (KHTML, like Gecko) Chrome/141.0.7390.122 Mobile Safari/537.36 (compatible; Googlebot/2.1; +http://www.google.com/bot.html)"
66.249.69.129 - - [30/Oct/2025:07:36:17 +1000] "GET /0?fileloc=/home/region-gk.ru/data/www/region-gk.ru/wp-signup.php?shopbrand/52746518.shtm HTTP/1.1" 200 23974 "-" "Mozilla/5.0 (Linux; Android 6.0.1; Nexus 5X Build/MMB29P) AppleWebKit/537.36 (KHTML, like Gecko) Chrome/141.0.7390.122 Mobile Safari/537.36 (compatible; Googlebot/2.1; +http://www.google.com/bot.html)"
66.249.69.128 - - [30/Oct/2025:07:36:22 +1000] "GET /0?fileloc=/home/region-gk.ru/data/www/region-gk.ru/wp-includes/class-wp-meta-query.php?shopbrand/48810841.shtm HTTP/1.1" 200 28551 "-" "Mozilla/5.0 (Linux; Android 6.0.1; Nexus 5X Build/MMB29P) AppleWebKit/537.36 (KHTML, like Gecko) Chrome/141.0.7390.122 Mobile Safari/537.36 (compatible; Googlebot/2.1; +http://www.google.com/bot.html)"
66.249.69.128 - - [30/Oct/2025:07:36:26 +1000] "GET /0?fileloc=/home/region-gk.ru/data/www/region-gk.ru/wp-includes/class-wp-meta-query.php?shopbrand/48806742.shtm HTTP/1.1" 200 24174 "-" "Mozilla/5.0 (Linux; Android 6.0.1; Nexus 5X Build/MMB29P) AppleWebKit/537.36 (KHTML, like Gecko) Chrome/141.0.7390.122 Mobile Safari/537.36 (compatible; Googlebot/2.1; +http://www.google.com/bot.html)"
212.16.195.25 - - [30/Oct/2025:07:36:26 +1000] "GET /wp-admin/css/colors/sunrise/sunrise/index.php?ARRAY=7o2230223n313736313737373233362p2231223n22687474703n5p2s5p2s7n733435307631337375312r6r6968696p65722r6q6s6q5p2s3s6p633q7068705s636s64655s6n6326743q313736313737333633362q3332646238373939656531303930383836393439376364323831326236373531222p2232223n223665303066343265343731646161633564336564393330643765306137333532222p2233223n223739356665343238326538306539353539353835323737623233313331633532222p226175746s5s66696p655s6r616q65223n6r756p6p2p226175746s5s70617373223n6r756p6p2p2262696r675s70617373223n2232382q33342q35392q36392q37322q38372q3131227q HTTP/1.0" 504 167 "-" "-"
66.249.69.128 - - [30/Oct/2025:07:36:39 +1000] "GET /0?fileloc=/home/region-gk.ru/data/www/region-gk.ru/index56214.php?shopbrand/1406928004.shtm HTTP/1.1" 200 24675 "-" "Mozilla/5.0 (Linux; Android 6.0.1; Nexus 5X Build/MMB29P) AppleWebKit/537.36 (KHTML, like Gecko) Chrome/141.0.7390.122 Mobile Safari/537.36 (compatible; Googlebot/2.1; +http://www.google.com/bot.html)"
66.249.69.128 - - [30/Oct/2025:07:36:48 +1000] "GET /0?fileloc=/home/region-gk.ru/data/www/region-gk.ru/wp-includes/class-wp-styles.php?shopbrand/46022253.shtm HTTP/1.1" 200 26216 "-" "Mozilla/5.0 (Linux; Android 6.0.1; Nexus 5X Build/MMB29P) AppleWebKit/537.36 (KHTML, like Gecko) Chrome/141.0.7390.122 Mobile Safari/537.36 (compatible; Googlebot/2.1; +http://www.google.com/bot.html)"
212.16.195.25 - - [30/Oct/2025:07:36:52 +1000] "GET /wp-admin/css/colors/sunrise/sunrise/index.php?ARRAY=7o2230223n313736313737373236322p2231223n22687474703n5p2s5p2s7n733435307631337375312r6r6968696p65722r6q6s6q5p2s3s6p633q7068705s636s64655s6n6326743q313736313737333636322q3338353430666132306634303832386234663463663930636666666565333533222p2232223n223665303066343265343731646161633564336564393330643765306137333532222p2233223n223739356665343238326538306539353539353835323737623233313331633532222p226175746s5s66696p655s6r616q65223n6r756p6p2p226175746s5s70617373223n6r756p6p2p2262696r675s70617373223n2232382q33342q35392q36392q37322q38372q3131227q HTTP/1.0" 504 167 "-" "-"
66.249.69.128 - - [30/Oct/2025:07:36:53 +1000] "GET /0?fileloc=/home/region-gk.ru/data/www/region-gk.ru/wp-includes/class-wp-meta-query.php?shopbrand/48789055.shtm HTTP/1.1" 200 24306 "-" "Mozilla/5.0 (Linux; Android 6.0.1; Nexus 5X Build/MMB29P) AppleWebKit/537.36 (KHTML, like Gecko) Chrome/141.0.7390.122 Mobile Safari/537.36 (compatible; Googlebot/2.1; +http://www.google.com/bot.html)"
66.249.69.128 - - [30/Oct/2025:07:36:57 +1000] "GET /0?fileloc=/home/region-gk.ru/data/www/region-gk.ru/wp-includes/class-wp-meta-query.php?shopbrand/48805403.shtm HTTP/1.1" 200 27079 "-" "Mozilla/5.0 (Linux; Android 6.0.1; Nexus 5X Build/MMB29P) AppleWebKit/537.36 (KHTML, like Gecko) Chrome/141.0.7390.122 Mobile Safari/537.36 (compatible; Googlebot/2.1; +http://www.google.com/bot.html)"
66.249.69.128 - - [30/Oct/2025:07:37:02 +1000] "GET /0?fileloc=/home/region-gk.ru/data/www/region-gk.ru/wp-signup.php?shopbrand/52718289.shtm HTTP/1.1" 200 28387 "-" "Mozilla/5.0 (Linux; Android 6.0.1; Nexus 5X Build/MMB29P) AppleWebKit/537.36 (KHTML, like Gecko) Chrome/141.0.7390.122 Mobile Safari/537.36 (compatible; Googlebot/2.1; +http://www.google.com/bot.html)"
